{"text_format":"1","workbook":"xlsx","n_sheets":16,"sheets":["Own Source Revenue tables","18 Own Source Rev - S&L","17 Own Source Rev - S&L","16 Own Source Rev - S&L","15 Own Source Rev - S&L","14 Own Source Rev - S&L","13 Own Source Rev - S&L","12 Own Source Rev - S&L","11 Own Source Rev - S&L","10 Own Source Rev - S&L","09 Own Source Rev - S&L","08 Own Source Rev - S&L","07 Own Source Rev - S&L","06 Own Source Rev - S&L","05 Own Source Rev - S&L","04 Own Source Rev - S&L"],"not_rendered":{"charts":0,"images":48,"macros":1,"external_links":0,"defined_names":16,"comments":0,"pivot_tables":0},"unopened":[],"bounds":{"document_bytes":16777216,"sheet_cells":100000,"rows_first":2000,"rows_last":500,"rows_between":2000,"halvings":0,"cell_chars":16384,"cell_head_chars":4096},"cells_cut":0,"cells_raw":0,"read":"whole","date_system":"1900"}

{"sheet":"Own Source Revenue tables","index":0,"n_rows":69,"n_cols":12,"rows_kept":69,"cut":false,"hidden":false,"merged":[[68,0,68,7],[4,1,4,5],[3,1,3,2],[3,3,3,5],[2,1,2,5],[67,1,67,5],[66,1,66,5],[65,1,65,5],[64,1,64,5],[63,1,63,5],[62,1,62,5],[61,1,61,5],[60,1,60,5],[1,1,1,5],[0,0,67,0],[0,2,0,5],[0,6,67,7],[58,1,59,1],[58,2,59,2],[58,3,59,3],[58,4,59,4],[58,5,59,5]]}
["This cell intentionally left blank","Select Year","This cell intentionally left blank",null,null,null,"This cell intentionally left blank",null,null,null,null,"Select Year"]
[null,"This cell intentionally left blank",null,null,null,null,null,null,null,null,null,2018]
[null,"Own Source Revenue - State and Local",null,null,null,null,null,null,null,null,null,2017]
[null,"FY",null,{"$f":"IF(B1=2018,'18 Own Source Rev - S&L'!D3,0)+IF(B1=2017,'17 Own Source Rev - S&L'!D3,0)+IF(B1=2016,'16 Own Source Rev - S&L'!D3,0)+IF(B1=2015,'15 Own Source Rev - S&L'!D3,0)+IF(B1=2014,'14 Own Source Rev - S&L'!D3,0)+IF(B1=2013,'13 Own Source Rev - S&L'!D3,0)+IF(B1=2012,'12 Own Source Rev - S&L'!D3,0)+IF(B1=2011,'11 Own Source Rev - S&L'!D3,0)+IF(B1=2010,'10 Own Source Rev - S&L'!D3,0)+IF(B1=2009,'09 Own Source Rev - S&L'!D3,0)+IF(B1=2008,'08 Own Source Rev - S&L'!D3,0)+IF(B1=2007,'07 Own Source Rev - S&L'!D3,0)+IF(B1=2006,'06 Own Source Rev - S&L'!D3,0)+IF(B1=2005,'05 Own Source Rev - S&L'!D3)+IF(B1=2004,'04 Own Source Rev - S&L'!D3,0)","v":0},null,null,null,null,null,null,null,2016]
[null,"This cell intentionally left blank",null,null,null,null,null,null,null,null,null,2015]
[null,"This cell intentionally left blank","Dollars Per Capita",null,"% of Income",null,null,null,null,null,null,2014]
[null,"State","Amount","Rank","Amount","Rank",null,null,null,null,null,2013]
[null,"Alabama",{"$f":"IF($B$1=2018,'18 Own Source Rev - S&L'!C7,0)+IF($B$1=2017,'17 Own Source Rev - S&L'!C7,0)+IF($B$1=2016,'16 Own Source Rev - S&L'!C7,0)+IF($B$1=2015,'15 Own Source Rev - S&L'!C7,0)+IF($B$1=2014,'14 Own Source Rev - S&L'!C7,0)+IF($B$1=2013,'13 Own Source Rev - S&L'!C7,0)+IF($B$1=2012,'12 Own Source Rev - S&L'!C7,0)+IF($B$1=2011,'11 Own Source Rev - S&L'!C7,0)+IF($B$1=2010,'10 Own Source Rev - S&L'!C7,0)+IF($B$1=2009,'09 Own Source Rev - S&L'!C7,0)+IF($B$1=2008,'08 Own Source Rev - S&L'!C7,0)+IF($B$1=2007,'07 Own Source Rev - S&L'!C7,0)+IF($B$1=2006,'06 Own Source Rev - S&L'!C7,0)+IF($B$1=2005,'05 Own Source Rev - S&L'!C7,0)+IF($B$1=2004,'04 Own Source Rev - S&L'!C7,0)","v":0},{"$f":"IF($B$1=2018,'18 Own Source Rev - S&L'!D7,0)+IF($B$1=2017,'17 Own Source Rev - S&L'!D7,0)+IF($B$1=2016,'16 Own Source Rev - S&L'!D7,0)+IF($B$1=2015,'15 Own Source Rev - S&L'!D7,0)+IF($B$1=2014,'14 Own Source Rev - S&L'!D7,0)+IF($B$1=2013,'13 Own Source Rev - S&L'!D7,0)+IF($B$1=2012,'12 Own Source Rev - S&L'!D7,0)+IF($B$1=2011,'11 Own Source Rev - S&L'!D7,0)+IF($B$1=2010,'10 Own Source Rev - S&L'!D7,0)+IF($B$1=2009,'09 Own Source Rev - S&L'!D7,0)+IF($B$1=2008,'08 Own Source Rev - S&L'!D7,0)+IF($B$1=2007,'07 Own Source Rev - S&L'!D7,0)+IF($B$1=2006,'06 Own Source Rev - S&L'!D7,0)+IF($B$1=2005,'05 Own Source Rev - S&L'!D7,0)+IF($B$1=2004,'04 Own Source Rev - S&L'!D7,0)","v":0},{"$f":"IF($B$1=2018,'18 Own Source Rev - S&L'!E7,0)+IF($B$1=2017,'17 Own Source Rev - S&L'!E7,0)+IF($B$1=2016,'16 Own Source Rev - S&L'!E7,0)+IF($B$1=2015,'15 Own Source Rev - S&L'!E7,0)+IF($B$1=2014,'14 Own Source Rev - S&L'!E7,0)+IF($B$1=2013,'13 Own Source Rev - S&L'!E7,0)+IF($B$1=2012,'12 Own Source Rev - S&L'!E7,0)+IF($B$1=2011,'11 Own Source Rev - S&L'!E7,0)+IF($B$1=2010,'10 Own Source Rev - S&L'!E7,0)+IF($B$1=2009,'09 Own Source Rev - S&L'!E7,0)+IF($B$1=2008,'08 Own Source Rev - S&L'!E7,0)+IF($B$1=2007,'07 Own Source Rev - S&L'!E7,0)+IF($B$1=2006,'06 Own Source Rev - S&L'!E7,0)+IF($B$1=2005,'05 Own Source Rev - S&L'!E7,0)+IF($B$1=2004,'04 Own Source Rev - S&L'!E7,0)","v":0},{"$f":"IF($B$1=2018,'18 Own Source Rev - S&L'!F7,0)+IF($B$1=2017,'17 Own Source Rev - S&L'!F7,0)+IF($B$1=2016,'16 Own Source Rev - S&L'!F7,0)+IF($B$1=2015,'15 Own Source Rev - S&L'!F7,0)+IF($B$1=2014,'14 Own Source Rev - S&L'!F7,0)+IF($B$1=2013,'13 Own Source Rev - S&L'!F7,0)+IF($B$1=2012,'12 Own Source Rev - S&L'!F7,0)+IF($B$1=2011,'11 Own Source Rev - S&L'!F7,0)+IF($B$1=2010,'10 Own Source Rev - S&L'!F7,0)+IF($B$1=2009,'09 Own Source Rev - S&L'!F7,0)+IF($B$1=2008,'08 Own Source Rev - S&L'!F7,0)+IF($B$1=2007,'07 Own Source Rev - S&L'!F7,0)+IF($B$1=2006,'06 Own Source Rev - S&L'!F7,0)+IF($B$1=2005,'05 Own Source Rev - S&L'!F7,0)+IF($B$1=2004,'04 Own Source Rev - S&L'!F7,0)","v":0},null,null,null,null,null,2012]
[null,"Alaska",{"$f":"IF($B$1=2018,'18 Own Source Rev - S&L'!C8,0)+IF($B$1=2017,'17 Own Source Rev - S&L'!C8,0)+IF($B$1=2016,'16 Own Source Rev - S&L'!C8,0)+IF($B$1=2015,'15 Own Source Rev - S&L'!C8,0)+IF($B$1=2014,'14 Own Source Rev - S&L'!C8,0)+IF($B$1=2013,'13 Own Source Rev - S&L'!C8,0)+IF($B$1=2012,'12 Own Source Rev - S&L'!C8,0)+IF($B$1=2011,'11 Own Source Rev - S&L'!C8,0)+IF($B$1=2010,'10 Own Source Rev - S&L'!C8,0)+IF($B$1=2009,'09 Own Source Rev - S&L'!C8,0)+IF($B$1=2008,'08 Own Source Rev - S&L'!C8,0)+IF($B$1=2007,'07 Own Source Rev - S&L'!C8,0)+IF($B$1=2006,'06 Own Source Rev - S&L'!C8,0)+IF($B$1=2005,'05 Own Source Rev - S&L'!C8,0)+IF($B$1=2004,'04 Own Source Rev - S&L'!C8,0)","v":0},{"$f":"IF($B$1=2018,'18 Own Source Rev - S&L'!D8,0)+IF($B$1=2017,'17 Own Source Rev - S&L'!D8,0)+IF($B$1=2016,'16 Own Source Rev - S&L'!D8,0)+IF($B$1=2015,'15 Own Source Rev - S&L'!D8,0)+IF($B$1=2014,'14 Own Source Rev - S&L'!D8,0)+IF($B$1=2013,'13 Own Source Rev - S&L'!D8,0)+IF($B$1=2012,'12 Own Source Rev - S&L'!D8,0)+IF($B$1=2011,'11 Own Source Rev - S&L'!D8,0)+IF($B$1=2010,'10 Own Source Rev - S&L'!D8,0)+IF($B$1=2009,'09 Own Source Rev - S&L'!D8,0)+IF($B$1=2008,'08 Own Source Rev - S&L'!D8,0)+IF($B$1=2007,'07 Own Source Rev - S&L'!D8,0)+IF($B$1=2006,'06 Own Source Rev - S&L'!D8,0)+IF($B$1=2005,'05 Own Source Rev - S&L'!D8,0)+IF($B$1=2004,'04 Own Source Rev - S&L'!D8,0)","v":0},{"$f":"IF($B$1=2018,'18 Own Source Rev - S&L'!E8,0)+IF($B$1=2017,'17 Own Source Rev - S&L'!E8,0)+IF($B$1=2016,'16 Own Source Rev - S&L'!E8,0)+IF($B$1=2015,'15 Own Source Rev - S&L'!E8,0)+IF($B$1=2014,'14 Own Source Rev - S&L'!E8,0)+IF($B$1=2013,'13 Own Source Rev - S&L'!E8,0)+IF($B$1=2012,'12 Own Source Rev - S&L'!E8,0)+IF($B$1=2011,'11 Own Source Rev - S&L'!E8,0)+IF($B$1=2010,'10 Own Source Rev - S&L'!E8,0)+IF($B$1=2009,'09 Own Source Rev - S&L'!E8,0)+IF($B$1=2008,'08 Own Source Rev - S&L'!E8,0)+IF($B$1=2007,'07 Own Source Rev - S&L'!E8,0)+IF($B$1=2006,'06 Own Source Rev - S&L'!E8,0)+IF($B$1=2005,'05 Own Source Rev - S&L'!E8,0)+IF($B$1=2004,'04 Own Source Rev - S&L'!E8,0)","v":0},{"$f":"IF($B$1=2018,'18 Own Source Rev - S&L'!F8,0)+IF($B$1=2017,'17 Own Source Rev - S&L'!F8,0)+IF($B$1=2016,'16 Own Source Rev - S&L'!F8,0)+IF($B$1=2015,'15 Own Source Rev - S&L'!F8,0)+IF($B$1=2014,'14 Own Source Rev - S&L'!F8,0)+IF($B$1=2013,'13 Own Source Rev - S&L'!F8,0)+IF($B$1=2012,'12 Own Source Rev - S&L'!F8,0)+IF($B$1=2011,'11 Own Source Rev - S&L'!F8,0)+IF($B$1=2010,'10 Own Source Rev - S&L'!F8,0)+IF($B$1=2009,'09 Own Source Rev - S&L'!F8,0)+IF($B$1=2008,'08 Own Source Rev - S&L'!F8,0)+IF($B$1=2007,'07 Own Source Rev - S&L'!F8,0)+IF($B$1=2006,'06 Own Source Rev - S&L'!F8,0)+IF($B$1=2005,'05 Own Source Rev - S&L'!F8,0)+IF($B$1=2004,'04 Own Source Rev - S&L'!F8,0)","v":0},null,null,null,null,null,2011]
[null,"Arizona",{"$f":"IF($B$1=2018,'18 Own Source Rev - S&L'!C9,0)+IF($B$1=2017,'17 Own Source Rev - S&L'!C9,0)+IF($B$1=2016,'16 Own Source Rev - S&L'!C9,0)+IF($B$1=2015,'15 Own Source Rev - S&L'!C9,0)+IF($B$1=2014,'14 Own Source Rev - S&L'!C9,0)+IF($B$1=2013,'13 Own Source Rev - S&L'!C9,0)+IF($B$1=2012,'12 Own Source Rev - S&L'!C9,0)+IF($B$1=2011,'11 Own Source Rev - S&L'!C9,0)+IF($B$1=2010,'10 Own Source Rev - S&L'!C9,0)+IF($B$1=2009,'09 Own Source Rev - S&L'!C9,0)+IF($B$1=2008,'08 Own Source Rev - S&L'!C9,0)+IF($B$1=2007,'07 Own Source Rev - S&L'!C9,0)+IF($B$1=2006,'06 Own Source Rev - S&L'!C9,0)+IF($B$1=2005,'05 Own Source Rev - S&L'!C9,0)+IF($B$1=2004,'04 Own Source Rev - S&L'!C9,0)","v":0},{"$f":"IF($B$1=2018,'18 Own Source Rev - S&L'!D9,0)+IF($B$1=2017,'17 Own Source Rev - S&L'!D9,0)+IF($B$1=2016,'16 Own Source Rev - S&L'!D9,0)+IF($B$1=2015,'15 Own Source Rev - S&L'!D9,0)+IF($B$1=2014,'14 Own Source Rev - S&L'!D9,0)+IF($B$1=2013,'13 Own Source Rev - S&L'!D9,0)+IF($B$1=2012,'12 Own Source Rev - S&L'!D9,0)+IF($B$1=2011,'11 Own Source Rev - S&L'!D9,0)+IF($B$1=2010,'10 Own Source Rev - S&L'!D9,0)+IF($B$1=2009,'09 Own Source Rev - S&L'!D9,0)+IF($B$1=2008,'08 Own Source Rev - S&L'!D9,0)+IF($B$1=2007,'07 Own Source Rev - S&L'!D9,0)+IF($B$1=2006,'06 Own Source Rev - S&L'!D9,0)+IF($B$1=2005,'05 Own Source Rev - S&L'!D9,0)+IF($B$1=2004,'04 Own Source Rev - S&L'!D9,0)","v":0},{"$f":"IF($B$1=2018,'18 Own Source Rev - S&L'!E9,0)+IF($B$1=2017,'17 Own Source Rev - S&L'!E9,0)+IF($B$1=2016,'16 Own Source Rev - S&L'!E9,0)+IF($B$1=2015,'15 Own Source Rev - S&L'!E9,0)+IF($B$1=2014,'14 Own Source Rev - S&L'!E9,0)+IF($B$1=2013,'13 Own Source Rev - S&L'!E9,0)+IF($B$1=2012,'12 Own Source Rev - S&L'!E9,0)+IF($B$1=2011,'11 Own Source Rev - S&L'!E9,0)+IF($B$1=2010,'10 Own Source Rev - S&L'!E9,0)+IF($B$1=2009,'09 Own Source Rev - S&L'!E9,0)+IF($B$1=2008,'08 Own Source Rev - S&L'!E9,0)+IF($B$1=2007,'07 Own Source Rev - S&L'!E9,0)+IF($B$1=2006,'06 Own Source Rev - S&L'!E9,0)+IF($B$1=2005,'05 Own Source Rev - S&L'!E9,0)+IF($B$1=2004,'04 Own Source Rev - S&L'!E9,0)","v":0},{"$f":"IF($B$1=2018,'18 Own Source Rev - S&L'!F9,0)+IF($B$1=2017,'17 Own Source Rev - S&L'!F9,0)+IF($B$1=2016,'16 Own Source Rev - S&L'!F9,0)+IF($B$1=2015,'15 Own Source Rev - S&L'!F9,0)+IF($B$1=2014,'14 Own Source Rev - S&L'!F9,0)+IF($B$1=2013,'13 Own Source Rev - S&L'!F9,0)+IF($B$1=2012,'12 Own Source Rev - S&L'!F9,0)+IF($B$1=2011,'11 Own Source Rev - S&L'!F9,0)+IF($B$1=2010,'10 Own Source Rev - S&L'!F9,0)+IF($B$1=2009,'09 Own Source Rev - S&L'!F9,0)+IF($B$1=2008,'08 Own Source Rev - S&L'!F9,0)+IF($B$1=2007,'07 Own Source Rev - S&L'!F9,0)+IF($B$1=2006,'06 Own Source Rev - S&L'!F9,0)+IF($B$1=2005,'05 Own Source Rev - S&L'!F9,0)+IF($B$1=2004,'04 Own Source Rev - S&L'!F9,0)","v":0},null,null,null,null,null,2010]
[null,"Arkansas",{"$f":"IF($B$1=2018,'18 Own Source Rev - S&L'!C10,0)+IF($B$1=2017,'17 Own Source Rev - S&L'!C10,0)+IF($B$1=2016,'16 Own Source Rev - S&L'!C10,0)+IF($B$1=2015,'15 Own Source Rev - S&L'!C10,0)+IF($B$1=2014,'14 Own Source Rev - S&L'!C10,0)+IF($B$1=2013,'13 Own Source Rev - S&L'!C10,0)+IF($B$1=2012,'12 Own Source Rev - S&L'!C10,0)+IF($B$1=2011,'11 Own Source Rev - S&L'!C10,0)+IF($B$1=2010,'10 Own Source Rev - S&L'!C10,0)+IF($B$1=2009,'09 Own Source Rev - S&L'!C10,0)+IF($B$1=2008,'08 Own Source Rev - S&L'!C10,0)+IF($B$1=2007,'07 Own Source Rev - S&L'!C10,0)+IF($B$1=2006,'06 Own Source Rev - S&L'!C10,0)+IF($B$1=2005,'05 Own Source Rev - S&L'!C10,0)+IF($B$1=2004,'04 Own Source Rev - S&L'!C10,0)","v":0},{"$f":"IF($B$1=2018,'18 Own Source Rev - S&L'!D10,0)+IF($B$1=2017,'17 Own Source Rev - S&L'!D10,0)+IF($B$1=2016,'16 Own Source Rev - S&L'!D10,0)+IF($B$1=2015,'15 Own Source Rev - S&L'!D10,0)+IF($B$1=2014,'14 Own Source Rev - S&L'!D10,0)+IF($B$1=2013,'13 Own Source Rev - S&L'!D10,0)+IF($B$1=2012,'12 Own Source Rev - S&L'!D10,0)+IF($B$1=2011,'11 Own Source Rev - S&L'!D10,0)+IF($B$1=2010,'10 Own Source Rev - S&L'!D10,0)+IF($B$1=2009,'09 Own Source Rev - S&L'!D10,0)+IF($B$1=2008,'08 Own Source Rev - S&L'!D10,0)+IF($B$1=2007,'07 Own Source Rev - S&L'!D10,0)+IF($B$1=2006,'06 Own Source Rev - S&L'!D10,0)+IF($B$1=2005,'05 Own Source Rev - S&L'!D10,0)+IF($B$1=2004,'04 Own Source Rev - S&L'!D10,0)","v":0},{"$f":"IF($B$1=2018,'18 Own Source Rev - S&L'!E10,0)+IF($B$1=2017,'17 Own Source Rev - S&L'!E10,0)+IF($B$1=2016,'16 Own Source Rev - S&L'!E10,0)+IF($B$1=2015,'15 Own Source Rev - S&L'!E10,0)+IF($B$1=2014,'14 Own Source Rev - S&L'!E10,0)+IF($B$1=2013,'13 Own Source Rev - S&L'!E10,0)+IF($B$1=2012,'12 Own Source Rev - S&L'!E10,0)+IF($B$1=2011,'11 Own Source Rev - S&L'!E10,0)+IF($B$1=2010,'10 Own Source Rev - S&L'!E10,0)+IF($B$1=2009,'09 Own Source Rev - S&L'!E10,0)+IF($B$1=2008,'08 Own Source Rev - S&L'!E10,0)+IF($B$1=2007,'07 Own Source Rev - S&L'!E10,0)+IF($B$1=2006,'06 Own Source Rev - S&L'!E10,0)+IF($B$1=2005,'05 Own Source Rev - S&L'!E10,0)+IF($B$1=2004,'04 Own Source Rev - S&L'!E10,0)","v":0},{"$f":"IF($B$1=2018,'18 Own Source Rev - S&L'!F10,0)+IF($B$1=2017,'17 Own Source Rev - S&L'!F10,0)+IF($B$1=2016,'16 Own Source Rev - S&L'!F10,0)+IF($B$1=2015,'15 Own Source Rev - S&L'!F10,0)+IF($B$1=2014,'14 Own Source Rev - S&L'!F10,0)+IF($B$1=2013,'13 Own Source Rev - S&L'!F10,0)+IF($B$1=2012,'12 Own Source Rev - S&L'!F10,0)+IF($B$1=2011,'11 Own Source Rev - S&L'!F10,0)+IF($B$1=2010,'10 Own Source Rev - S&L'!F10,0)+IF($B$1=2009,'09 Own Source Rev - S&L'!F10,0)+IF($B$1=2008,'08 Own Source Rev - S&L'!F10,0)+IF($B$1=2007,'07 Own Source Rev - S&L'!F10,0)+IF($B$1=2006,'06 Own Source Rev - S&L'!F10,0)+IF($B$1=2005,'05 Own Source Rev - S&L'!F10,0)+IF($B$1=2004,'04 Own Source Rev - S&L'!F10,0)","v":0},null,null,null,null,null,2009]
[null,"California",{"$f":"IF($B$1=2018,'18 Own Source Rev - S&L'!C11,0)+IF($B$1=2017,'17 Own Source Rev - S&L'!C11,0)+IF($B$1=2016,'16 Own Source Rev - S&L'!C11,0)+IF($B$1=2015,'15 Own Source Rev - S&L'!C11,0)+IF($B$1=2014,'14 Own Source Rev - S&L'!C11,0)+IF($B$1=2013,'13 Own Source Rev - S&L'!C11,0)+IF($B$1=2012,'12 Own Source Rev - S&L'!C11,0)+IF($B$1=2011,'11 Own Source Rev - S&L'!C11,0)+IF($B$1=2010,'10 Own Source Rev - S&L'!C11,0)+IF($B$1=2009,'09 Own Source Rev - S&L'!C11,0)+IF($B$1=2008,'08 Own Source Rev - S&L'!C11,0)+IF($B$1=2007,'07 Own Source Rev - S&L'!C11,0)+IF($B$1=2006,'06 Own Source Rev - S&L'!C11,0)+IF($B$1=2005,'05 Own Source Rev - S&L'!C11,0)+IF($B$1=2004,'04 Own Source Rev - S&L'!C11,0)","v":0},{"$f":"IF($B$1=2018,'18 Own Source Rev - S&L'!D11,0)+IF($B$1=2017,'17 Own Source Rev - S&L'!D11,0)+IF($B$1=2016,'16 Own Source Rev - S&L'!D11,0)+IF($B$1=2015,'15 Own Source Rev - S&L'!D11,0)+IF($B$1=2014,'14 Own Source Rev - S&L'!D11,0)+IF($B$1=2013,'13 Own Source Rev - S&L'!D11,0)+IF($B$1=2012,'12 Own Source Rev - S&L'!D11,0)+IF($B$1=2011,'11 Own Source Rev - S&L'!D11,0)+IF($B$1=2010,'10 Own Source Rev - S&L'!D11,0)+IF($B$1=2009,'09 Own Source Rev - S&L'!D11,0)+IF($B$1=2008,'08 Own Source Rev - S&L'!D11,0)+IF($B$1=2007,'07 Own Source Rev - S&L'!D11,0)+IF($B$1=2006,'06 Own Source Rev - S&L'!D11,0)+IF($B$1=2005,'05 Own Source Rev - S&L'!D11,0)+IF($B$1=2004,'04 Own Source Rev - S&L'!D11,0)","v":0},{"$f":"IF($B$1=2018,'18 Own Source Rev - S&L'!E11,0)+IF($B$1=2017,'17 Own Source Rev - S&L'!E11,0)+IF($B$1=2016,'16 Own Source Rev - S&L'!E11,0)+IF($B$1=2015,'15 Own Source Rev - S&L'!E11,0)+IF($B$1=2014,'14 Own Source Rev - S&L'!E11,0)+IF($B$1=2013,'13 Own Source Rev - S&L'!E11,0)+IF($B$1=2012,'12 Own Source Rev - S&L'!E11,0)+IF($B$1=2011,'11 Own Source Rev - S&L'!E11,0)+IF($B$1=2010,'10 Own Source Rev - S&L'!E11,0)+IF($B$1=2009,'09 Own Source Rev - S&L'!E11,0)+IF($B$1=2008,'08 Own Source Rev - S&L'!E11,0)+IF($B$1=2007,'07 Own Source Rev - S&L'!E11,0)+IF($B$1=2006,'06 Own Source Rev - S&L'!E11,0)+IF($B$1=2005,'05 Own Source Rev - S&L'!E11,0)+IF($B$1=2004,'04 Own Source Rev - S&L'!E11,0)","v":0},{"$f":"IF($B$1=2018,'18 Own Source Rev - S&L'!F11,0)+IF($B$1=2017,'17 Own Source Rev - S&L'!F11,0)+IF($B$1=2016,'16 Own Source Rev - S&L'!F11,0)+IF($B$1=2015,'15 Own Source Rev - S&L'!F11,0)+IF($B$1=2014,'14 Own Source Rev - S&L'!F11,0)+IF($B$1=2013,'13 Own Source Rev - S&L'!F11,0)+IF($B$1=2012,'12 Own Source Rev - S&L'!F11,0)+IF($B$1=2011,'11 Own Source Rev - S&L'!F11,0)+IF($B$1=2010,'10 Own Source Rev - S&L'!F11,0)+IF($B$1=2009,'09 Own Source Rev - S&L'!F11,0)+IF($B$1=2008,'08 Own Source Rev - S&L'!F11,0)+IF($B$1=2007,'07 Own Source Rev - S&L'!F11,0)+IF($B$1=2006,'06 Own Source Rev - S&L'!F11,0)+IF($B$1=2005,'05 Own Source Rev - S&L'!F11,0)+IF($B$1=2004,'04 Own Source Rev - S&L'!F11,0)","v":0},null,null,null,null,null,2008]
[null,"Colorado",{"$f":"IF($B$1=2018,'18 Own Source Rev - S&L'!C12,0)+IF($B$1=2017,'17 Own Source Rev - S&L'!C12,0)+IF($B$1=2016,'16 Own Source Rev - S&L'!C12,0)+IF($B$1=2015,'15 Own Source Rev - S&L'!C12,0)+IF($B$1=2014,'14 Own Source Rev - S&L'!C12,0)+IF($B$1=2013,'13 Own Source Rev - S&L'!C12,0)+IF($B$1=2012,'12 Own Source Rev - S&L'!C12,0)+IF($B$1=2011,'11 Own Source Rev - S&L'!C12,0)+IF($B$1=2010,'10 Own Source Rev - S&L'!C12,0)+IF($B$1=2009,'09 Own Source Rev - S&L'!C12,0)+IF($B$1=2008,'08 Own Source Rev - S&L'!C12,0)+IF($B$1=2007,'07 Own Source Rev - S&L'!C12,0)+IF($B$1=2006,'06 Own Source Rev - S&L'!C12,0)+IF($B$1=2005,'05 Own Source Rev - S&L'!C12,0)+IF($B$1=2004,'04 Own Source Rev - S&L'!C12,0)","v":0},{"$f":"IF($B$1=2018,'18 Own Source Rev - S&L'!D12,0)+IF($B$1=2017,'17 Own Source Rev - S&L'!D12,0)+IF($B$1=2016,'16 Own Source Rev - S&L'!D12,0)+IF($B$1=2015,'15 Own Source Rev - S&L'!D12,0)+IF($B$1=2014,'14 Own Source Rev - S&L'!D12,0)+IF($B$1=2013,'13 Own Source Rev - S&L'!D12,0)+IF($B$1=2012,'12 Own Source Rev - S&L'!D12,0)+IF($B$1=2011,'11 Own Source Rev - S&L'!D12,0)+IF($B$1=2010,'10 Own Source Rev - S&L'!D12,0)+IF($B$1=2009,'09 Own Source Rev - S&L'!D12,0)+IF($B$1=2008,'08 Own Source Rev - S&L'!D12,0)+IF($B$1=2007,'07 Own Source Rev - S&L'!D12,0)+IF($B$1=2006,'06 Own Source Rev - S&L'!D12,0)+IF($B$1=2005,'05 Own Source Rev - S&L'!D12,0)+IF($B$1=2004,'04 Own Source Rev - S&L'!D12,0)","v":0},{"$f":"IF($B$1=2018,'18 Own Source Rev - S&L'!E12,0)+IF($B$1=2017,'17 Own Source Rev - S&L'!E12,0)+IF($B$1=2016,'16 Own Source Rev - S&L'!E12,0)+IF($B$1=2015,'15 Own Source Rev - S&L'!E12,0)+IF($B$1=2014,'14 Own Source Rev - S&L'!E12,0)+IF($B$1=2013,'13 Own Source Rev - S&L'!E12,0)+IF($B$1=2012,'12 Own Source Rev - S&L'!E12,0)+IF($B$1=2011,'11 Own Source Rev - S&L'!E12,0)+IF($B$1=2010,'10 Own Source Rev - S&L'!E12,0)+IF($B$1=2009,'09 Own Source Rev - S&L'!E12,0)+IF($B$1=2008,'08 Own Source Rev - S&L'!E12,0)+IF($B$1=2007,'07 Own Source Rev - S&L'!E12,0)+IF($B$1=2006,'06 Own Source Rev - S&L'!E12,0)+IF($B$1=2005,'05 Own Source Rev - S&L'!E12,0)+IF($B$1=2004,'04 Own Source Rev - S&L'!E12,0)","v":0},{"$f":"IF($B$1=2018,'18 Own Source Rev - S&L'!F12,0)+IF($B$1=2017,'17 Own Source Rev - S&L'!F12,0)+IF($B$1=2016,'16 Own Source Rev - S&L'!F12,0)+IF($B$1=2015,'15 Own Source Rev - S&L'!F12,0)+IF($B$1=2014,'14 Own Source Rev - S&L'!F12,0)+IF($B$1=2013,'13 Own Source Rev - S&L'!F12,0)+IF($B$1=2012,'12 Own Source Rev - S&L'!F12,0)+IF($B$1=2011,'11 Own Source Rev - S&L'!F12,0)+IF($B$1=2010,'10 Own Source Rev - S&L'!F12,0)+IF($B$1=2009,'09 Own Source Rev - S&L'!F12,0)+IF($B$1=2008,'08 Own Source Rev - S&L'!F12,0)+IF($B$1=2007,'07 Own Source Rev - S&L'!F12,0)+IF($B$1=2006,'06 Own Source Rev - S&L'!F12,0)+IF($B$1=2005,'05 Own Source Rev - S&L'!F12,0)+IF($B$1=2004,'04 Own Source Rev - S&L'!F12,0)","v":0},null,null,null,null,null,2007]
[null,"Connecticut",{"$f":"IF($B$1=2018,'18 Own Source Rev - S&L'!C13,0)+IF($B$1=2017,'17 Own Source Rev - S&L'!C13,0)+IF($B$1=2016,'16 Own Source Rev - S&L'!C13,0)+IF($B$1=2015,'15 Own Source Rev - S&L'!C13,0)+IF($B$1=2014,'14 Own Source Rev - S&L'!C13,0)+IF($B$1=2013,'13 Own Source Rev - S&L'!C13,0)+IF($B$1=2012,'12 Own Source Rev - S&L'!C13,0)+IF($B$1=2011,'11 Own Source Rev - S&L'!C13,0)+IF($B$1=2010,'10 Own Source Rev - S&L'!C13,0)+IF($B$1=2009,'09 Own Source Rev - S&L'!C13,0)+IF($B$1=2008,'08 Own Source Rev - S&L'!C13,0)+IF($B$1=2007,'07 Own Source Rev - S&L'!C13,0)+IF($B$1=2006,'06 Own Source Rev - S&L'!C13,0)+IF($B$1=2005,'05 Own Source Rev - S&L'!C13,0)+IF($B$1=2004,'04 Own Source Rev - S&L'!C13,0)","v":0},{"$f":"IF($B$1=2018,'18 Own Source Rev - S&L'!D13,0)+IF($B$1=2017,'17 Own Source Rev - S&L'!D13,0)+IF($B$1=2016,'16 Own Source Rev - S&L'!D13,0)+IF($B$1=2015,'15 Own Source Rev - S&L'!D13,0)+IF($B$1=2014,'14 Own Source Rev - S&L'!D13,0)+IF($B$1=2013,'13 Own Source Rev - S&L'!D13,0)+IF($B$1=2012,'12 Own Source Rev - S&L'!D13,0)+IF($B$1=2011,'11 Own Source Rev - S&L'!D13,0)+IF($B$1=2010,'10 Own Source Rev - S&L'!D13,0)+IF($B$1=2009,'09 Own Source Rev - S&L'!D13,0)+IF($B$1=2008,'08 Own Source Rev - S&L'!D13,0)+IF($B$1=2007,'07 Own Source Rev - S&L'!D13,0)+IF($B$1=2006,'06 Own Source Rev - S&L'!D13,0)+IF($B$1=2005,'05 Own Source Rev - S&L'!D13,0)+IF($B$1=2004,'04 Own Source Rev - S&L'!D13,0)","v":0},{"$f":"IF($B$1=2018,'18 Own Source Rev - S&L'!E13,0)+IF($B$1=2017,'17 Own Source Rev - S&L'!E13,0)+IF($B$1=2016,'16 Own Source Rev - S&L'!E13,0)+IF($B$1=2015,'15 Own Source Rev - S&L'!E13,0)+IF($B$1=2014,'14 Own Source Rev - S&L'!E13,0)+IF($B$1=2013,'13 Own Source Rev - S&L'!E13,0)+IF($B$1=2012,'12 Own Source Rev - S&L'!E13,0)+IF($B$1=2011,'11 Own Source Rev - S&L'!E13,0)+IF($B$1=2010,'10 Own Source Rev - S&L'!E13,0)+IF($B$1=2009,'09 Own Source Rev - S&L'!E13,0)+IF($B$1=2008,'08 Own Source Rev - S&L'!E13,0)+IF($B$1=2007,'07 Own Source Rev - S&L'!E13,0)+IF($B$1=2006,'06 Own Source Rev - S&L'!E13,0)+IF($B$1=2005,'05 Own Source Rev - S&L'!E13,0)+IF($B$1=2004,'04 Own Source Rev - S&L'!E13,0)","v":0},{"$f":"IF($B$1=2018,'18 Own Source Rev - S&L'!F13,0)+IF($B$1=2017,'17 Own Source Rev - S&L'!F13,0)+IF($B$1=2016,'16 Own Source Rev - S&L'!F13,0)+IF($B$1=2015,'15 Own Source Rev - S&L'!F13,0)+IF($B$1=2014,'14 Own Source Rev - S&L'!F13,0)+IF($B$1=2013,'13 Own Source Rev - S&L'!F13,0)+IF($B$1=2012,'12 Own Source Rev - S&L'!F13,0)+IF($B$1=2011,'11 Own Source Rev - S&L'!F13,0)+IF($B$1=2010,'10 Own Source Rev - S&L'!F13,0)+IF($B$1=2009,'09 Own Source Rev - S&L'!F13,0)+IF($B$1=2008,'08 Own Source Rev - S&L'!F13,0)+IF($B$1=2007,'07 Own Source Rev - S&L'!F13,0)+IF($B$1=2006,'06 Own Source Rev - S&L'!F13,0)+IF($B$1=2005,'05 Own Source Rev - S&L'!F13,0)+IF($B$1=2004,'04 Own Source Rev - S&L'!F13,0)","v":0},null,null,null,null,null,2006]
[null,"Delaware",{"$f":"IF($B$1=2018,'18 Own Source Rev - S&L'!C14,0)+IF($B$1=2017,'17 Own Source Rev - S&L'!C14,0)+IF($B$1=2016,'16 Own Source Rev - S&L'!C14,0)+IF($B$1=2015,'15 Own Source Rev - S&L'!C14,0)+IF($B$1=2014,'14 Own Source Rev - S&L'!C14,0)+IF($B$1=2013,'13 Own Source Rev - S&L'!C14,0)+IF($B$1=2012,'12 Own Source Rev - S&L'!C14,0)+IF($B$1=2011,'11 Own Source Rev - S&L'!C14,0)+IF($B$1=2010,'10 Own Source Rev - S&L'!C14,0)+IF($B$1=2009,'09 Own Source Rev - S&L'!C14,0)+IF($B$1=2008,'08 Own Source Rev - S&L'!C14,0)+IF($B$1=2007,'07 Own Source Rev - S&L'!C14,0)+IF($B$1=2006,'06 Own Source Rev - S&L'!C14,0)+IF($B$1=2005,'05 Own Source Rev - S&L'!C14,0)+IF($B$1=2004,'04 Own Source Rev - S&L'!C14,0)","v":0},{"$f":"IF($B$1=2018,'18 Own Source Rev - S&L'!D14,0)+IF($B$1=2017,'17 Own Source Rev - S&L'!D14,0)+IF($B$1=2016,'16 Own Source Rev - S&L'!D14,0)+IF($B$1=2015,'15 Own Source Rev - S&L'!D14,0)+IF($B$1=2014,'14 Own Source Rev - S&L'!D14,0)+IF($B$1=2013,'13 Own Source Rev - S&L'!D14,0)+IF($B$1=2012,'12 Own Source Rev - S&L'!D14,0)+IF($B$1=2011,'11 Own Source Rev - S&L'!D14,0)+IF($B$1=2010,'10 Own Source Rev - S&L'!D14,0)+IF($B$1=2009,'09 Own Source Rev - S&L'!D14,0)+IF($B$1=2008,'08 Own Source Rev - S&L'!D14,0)+IF($B$1=2007,'07 Own Source Rev - S&L'!D14,0)+IF($B$1=2006,'06 Own Source Rev - S&L'!D14,0)+IF($B$1=2005,'05 Own Source Rev - S&L'!D14,0)+IF($B$1=2004,'04 Own Source Rev - S&L'!D14,0)","v":0},{"$f":"IF($B$1=2018,'18 Own Source Rev - S&L'!E14,0)+IF($B$1=2017,'17 Own Source Rev - S&L'!E14,0)+IF($B$1=2016,'16 Own Source Rev - S&L'!E14,0)+IF($B$1=2015,'15 Own Source Rev - S&L'!E14,0)+IF($B$1=2014,'14 Own Source Rev - S&L'!E14,0)+IF($B$1=2013,'13 Own Source Rev - S&L'!E14,0)+IF($B$1=2012,'12 Own Source Rev - S&L'!E14,0)+IF($B$1=2011,'11 Own Source Rev - S&L'!E14,0)+IF($B$1=2010,'10 Own Source Rev - S&L'!E14,0)+IF($B$1=2009,'09 Own Source Rev - S&L'!E14,0)+IF($B$1=2008,'08 Own Source Rev - S&L'!E14,0)+IF($B$1=2007,'07 Own Source Rev - S&L'!E14,0)+IF($B$1=2006,'06 Own Source Rev - S&L'!E14,0)+IF($B$1=2005,'05 Own Source Rev - S&L'!E14,0)+IF($B$1=2004,'04 Own Source Rev - S&L'!E14,0)","v":0},{"$f":"IF($B$1=2018,'18 Own Source Rev - S&L'!F14,0)+IF($B$1=2017,'17 Own Source Rev - S&L'!F14,0)+IF($B$1=2016,'16 Own Source Rev - S&L'!F14,0)+IF($B$1=2015,'15 Own Source Rev - S&L'!F14,0)+IF($B$1=2014,'14 Own Source Rev - S&L'!F14,0)+IF($B$1=2013,'13 Own Source Rev - S&L'!F14,0)+IF($B$1=2012,'12 Own Source Rev - S&L'!F14,0)+IF($B$1=2011,'11 Own Source Rev - S&L'!F14,0)+IF($B$1=2010,'10 Own Source Rev - S&L'!F14,0)+IF($B$1=2009,'09 Own Source Rev - S&L'!F14,0)+IF($B$1=2008,'08 Own Source Rev - S&L'!F14,0)+IF($B$1=2007,'07 Own Source Rev - S&L'!F14,0)+IF($B$1=2006,'06 Own Source Rev - S&L'!F14,0)+IF($B$1=2005,'05 Own Source Rev - S&L'!F14,0)+IF($B$1=2004,'04 Own Source Rev - S&L'!F14,0)","v":0},null,null,null,null,null,2005]
[null,"District of Columbia",{"$f":"IF($B$1=2018,'18 Own Source Rev - S&L'!C15,0)+IF($B$1=2017,'17 Own Source Rev - S&L'!C15,0)+IF($B$1=2016,'16 Own Source Rev - S&L'!C15,0)+IF($B$1=2015,'15 Own Source Rev - S&L'!C15,0)+IF($B$1=2014,'14 Own Source Rev - S&L'!C15,0)+IF($B$1=2013,'13 Own Source Rev - S&L'!C15,0)+IF($B$1=2012,'12 Own Source Rev - S&L'!C15,0)+IF($B$1=2011,'11 Own Source Rev - S&L'!C15,0)+IF($B$1=2010,'10 Own Source Rev - S&L'!C15,0)+IF($B$1=2009,'09 Own Source Rev - S&L'!C15,0)+IF($B$1=2008,'08 Own Source Rev - S&L'!C15,0)+IF($B$1=2007,'07 Own Source Rev - S&L'!C15,0)+IF($B$1=2006,'06 Own Source Rev - S&L'!C15,0)+IF($B$1=2005,'05 Own Source Rev - S&L'!C15,0)+IF($B$1=2004,'04 Own Source Rev - S&L'!C15,0)","v":0},{"$f":"IF($B$1=2018,'18 Own Source Rev - S&L'!D15,0)+IF($B$1=2017,'17 Own Source Rev - S&L'!D15,0)+IF($B$1=2016,'16 Own Source Rev - S&L'!D15,0)+IF($B$1=2015,'15 Own Source Rev - S&L'!D15,0)+IF($B$1=2014,'14 Own Source Rev - S&L'!D15,0)+IF($B$1=2013,'13 Own Source Rev - S&L'!D15,0)+IF($B$1=2012,'12 Own Source Rev - S&L'!D15,0)+IF($B$1=2011,'11 Own Source Rev - S&L'!D15,0)+IF($B$1=2010,'10 Own Source Rev - S&L'!D15,0)+IF($B$1=2009,'09 Own Source Rev - S&L'!D15,0)+IF($B$1=2008,'08 Own Source Rev - S&L'!D15,0)+IF($B$1=2007,'07 Own Source Rev - S&L'!D15,0)+IF($B$1=2006,'06 Own Source Rev - S&L'!D15,0)+IF($B$1=2005,'05 Own Source Rev - S&L'!D15,0)+IF($B$1=2004,'04 Own Source Rev - S&L'!D15,0)","v":0},{"$f":"IF($B$1=2018,'18 Own Source Rev - S&L'!E15,0)+IF($B$1=2017,'17 Own Source Rev - S&L'!E15,0)+IF($B$1=2016,'16 Own Source Rev - S&L'!E15,0)+IF($B$1=2015,'15 Own Source Rev - S&L'!E15,0)+IF($B$1=2014,'14 Own Source Rev - S&L'!E15,0)+IF($B$1=2013,'13 Own Source Rev - S&L'!E15,0)+IF($B$1=2012,'12 Own Source Rev - S&L'!E15,0)+IF($B$1=2011,'11 Own Source Rev - S&L'!E15,0)+IF($B$1=2010,'10 Own Source Rev - S&L'!E15,0)+IF($B$1=2009,'09 Own Source Rev - S&L'!E15,0)+IF($B$1=2008,'08 Own Source Rev - S&L'!E15,0)+IF($B$1=2007,'07 Own Source Rev - S&L'!E15,0)+IF($B$1=2006,'06 Own Source Rev - S&L'!E15,0)+IF($B$1=2005,'05 Own Source Rev - S&L'!E15,0)+IF($B$1=2004,'04 Own Source Rev - S&L'!E15,0)","v":0},{"$f":"IF($B$1=2018,'18 Own Source Rev - S&L'!F15,0)+IF($B$1=2017,'17 Own Source Rev - S&L'!F15,0)+IF($B$1=2016,'16 Own Source Rev - S&L'!F15,0)+IF($B$1=2015,'15 Own Source Rev - S&L'!F15,0)+IF($B$1=2014,'14 Own Source Rev - S&L'!F15,0)+IF($B$1=2013,'13 Own Source Rev - S&L'!F15,0)+IF($B$1=2012,'12 Own Source Rev - S&L'!F15,0)+IF($B$1=2011,'11 Own Source Rev - S&L'!F15,0)+IF($B$1=2010,'10 Own Source Rev - S&L'!F15,0)+IF($B$1=2009,'09 Own Source Rev - S&L'!F15,0)+IF($B$1=2008,'08 Own Source Rev - S&L'!F15,0)+IF($B$1=2007,'07 Own Source Rev - S&L'!F15,0)+IF($B$1=2006,'06 Own Source Rev - S&L'!F15,0)+IF($B$1=2005,'05 Own Source Rev - S&L'!F15,0)+IF($B$1=2004,'04 Own Source Rev - S&L'!F15,0)","v":0},null,null,null,null,null,2004]
[null,"Florida",{"$f":"IF($B$1=2018,'18 Own Source Rev - S&L'!C16,0)+IF($B$1=2017,'17 Own Source Rev - S&L'!C16,0)+IF($B$1=2016,'16 Own Source Rev - S&L'!C16,0)+IF($B$1=2015,'15 Own Source Rev - S&L'!C16,0)+IF($B$1=2014,'14 Own Source Rev - S&L'!C16,0)+IF($B$1=2013,'13 Own Source Rev - S&L'!C16,0)+IF($B$1=2012,'12 Own Source Rev - S&L'!C16,0)+IF($B$1=2011,'11 Own Source Rev - S&L'!C16,0)+IF($B$1=2010,'10 Own Source Rev - S&L'!C16,0)+IF($B$1=2009,'09 Own Source Rev - S&L'!C16,0)+IF($B$1=2008,'08 Own Source Rev - S&L'!C16,0)+IF($B$1=2007,'07 Own Source Rev - S&L'!C16,0)+IF($B$1=2006,'06 Own Source Rev - S&L'!C16,0)+IF($B$1=2005,'05 Own Source Rev - S&L'!C16,0)+IF($B$1=2004,'04 Own Source Rev - S&L'!C16,0)","v":0},{"$f":"IF($B$1=2018,'18 Own Source Rev - S&L'!D16,0)+IF($B$1=2017,'17 Own Source Rev - S&L'!D16,0)+IF($B$1=2016,'16 Own Source Rev - S&L'!D16,0)+IF($B$1=2015,'15 Own Source Rev - S&L'!D16,0)+IF($B$1=2014,'14 Own Source Rev - S&L'!D16,0)+IF($B$1=2013,'13 Own Source Rev - S&L'!D16,0)+IF($B$1=2012,'12 Own Source Rev - S&L'!D16,0)+IF($B$1=2011,'11 Own Source Rev - S&L'!D16,0)+IF($B$1=2010,'10 Own Source Rev - S&L'!D16,0)+IF($B$1=2009,'09 Own Source Rev - S&L'!D16,0)+IF($B$1=2008,'08 Own Source Rev - S&L'!D16,0)+IF($B$1=2007,'07 Own Source Rev - S&L'!D16,0)+IF($B$1=2006,'06 Own Source Rev - S&L'!D16,0)+IF($B$1=2005,'05 Own Source Rev - S&L'!D16,0)+IF($B$1=2004,'04 Own Source Rev - S&L'!D16,0)","v":0},{"$f":"IF($B$1=2018,'18 Own Source Rev - S&L'!E16,0)+IF($B$1=2017,'17 Own Source Rev - S&L'!E16,0)+IF($B$1=2016,'16 Own Source Rev - S&L'!E16,0)+IF($B$1=2015,'15 Own Source Rev - S&L'!E16,0)+IF($B$1=2014,'14 Own Source Rev - S&L'!E16,0)+IF($B$1=2013,'13 Own Source Rev - S&L'!E16,0)+IF($B$1=2012,'12 Own Source Rev - S&L'!E16,0)+IF($B$1=2011,'11 Own Source Rev - S&L'!E16,0)+IF($B$1=2010,'10 Own Source Rev - S&L'!E16,0)+IF($B$1=2009,'09 Own Source Rev - S&L'!E16,0)+IF($B$1=2008,'08 Own Source Rev - S&L'!E16,0)+IF($B$1=2007,'07 Own Source Rev - S&L'!E16,0)+IF($B$1=2006,'06 Own Source Rev - S&L'!E16,0)+IF($B$1=2005,'05 Own Source Rev - S&L'!E16,0)+IF($B$1=2004,'04 Own Source Rev - S&L'!E16,0)","v":0},{"$f":"IF($B$1=2018,'18 Own Source Rev - S&L'!F16,0)+IF($B$1=2017,'17 Own Source Rev - S&L'!F16,0)+IF($B$1=2016,'16 Own Source Rev - S&L'!F16,0)+IF($B$1=2015,'15 Own Source Rev - S&L'!F16,0)+IF($B$1=2014,'14 Own Source Rev - S&L'!F16,0)+IF($B$1=2013,'13 Own Source Rev - S&L'!F16,0)+IF($B$1=2012,'12 Own Source Rev - S&L'!F16,0)+IF($B$1=2011,'11 Own Source Rev - S&L'!F16,0)+IF($B$1=2010,'10 Own Source Rev - S&L'!F16,0)+IF($B$1=2009,'09 Own Source Rev - S&L'!F16,0)+IF($B$1=2008,'08 Own Source Rev - S&L'!F16,0)+IF($B$1=2007,'07 Own Source Rev - S&L'!F16,0)+IF($B$1=2006,'06 Own Source Rev - S&L'!F16,0)+IF($B$1=2005,'05 Own Source Rev - S&L'!F16,0)+IF($B$1=2004,'04 Own Source Rev - S&L'!F16,0)","v":0}]
[null,"Georgia",{"$f":"IF($B$1=2018,'18 Own Source Rev - S&L'!C17,0)+IF($B$1=2017,'17 Own Source Rev - S&L'!C17,0)+IF($B$1=2016,'16 Own Source Rev - S&L'!C17,0)+IF($B$1=2015,'15 Own Source Rev - S&L'!C17,0)+IF($B$1=2014,'14 Own Source Rev - S&L'!C17,0)+IF($B$1=2013,'13 Own Source Rev - S&L'!C17,0)+IF($B$1=2012,'12 Own Source Rev - S&L'!C17,0)+IF($B$1=2011,'11 Own Source Rev - S&L'!C17,0)+IF($B$1=2010,'10 Own Source Rev - S&L'!C17,0)+IF($B$1=2009,'09 Own Source Rev - S&L'!C17,0)+IF($B$1=2008,'08 Own Source Rev - S&L'!C17,0)+IF($B$1=2007,'07 Own Source Rev - S&L'!C17,0)+IF($B$1=2006,'06 Own Source Rev - S&L'!C17,0)+IF($B$1=2005,'05 Own Source Rev - S&L'!C17,0)+IF($B$1=2004,'04 Own Source Rev - S&L'!C17,0)","v":0},{"$f":"IF($B$1=2018,'18 Own Source Rev - S&L'!D17,0)+IF($B$1=2017,'17 Own Source Rev - S&L'!D17,0)+IF($B$1=2016,'16 Own Source Rev - S&L'!D17,0)+IF($B$1=2015,'15 Own Source Rev - S&L'!D17,0)+IF($B$1=2014,'14 Own Source Rev - S&L'!D17,0)+IF($B$1=2013,'13 Own Source Rev - S&L'!D17,0)+IF($B$1=2012,'12 Own Source Rev - S&L'!D17,0)+IF($B$1=2011,'11 Own Source Rev - S&L'!D17,0)+IF($B$1=2010,'10 Own Source Rev - S&L'!D17,0)+IF($B$1=2009,'09 Own Source Rev - S&L'!D17,0)+IF($B$1=2008,'08 Own Source Rev - S&L'!D17,0)+IF($B$1=2007,'07 Own Source Rev - S&L'!D17,0)+IF($B$1=2006,'06 Own Source Rev - S&L'!D17,0)+IF($B$1=2005,'05 Own Source Rev - S&L'!D17,0)+IF($B$1=2004,'04 Own Source Rev - S&L'!D17,0)","v":0},{"$f":"IF($B$1=2018,'18 Own Source Rev - S&L'!E17,0)+IF($B$1=2017,'17 Own Source Rev - S&L'!E17,0)+IF($B$1=2016,'16 Own Source Rev - S&L'!E17,0)+IF($B$1=2015,'15 Own Source Rev - S&L'!E17,0)+IF($B$1=2014,'14 Own Source Rev - S&L'!E17,0)+IF($B$1=2013,'13 Own Source Rev - S&L'!E17,0)+IF($B$1=2012,'12 Own Source Rev - S&L'!E17,0)+IF($B$1=2011,'11 Own Source Rev - S&L'!E17,0)+IF($B$1=2010,'10 Own Source Rev - S&L'!E17,0)+IF($B$1=2009,'09 Own Source Rev - S&L'!E17,0)+IF($B$1=2008,'08 Own Source Rev - S&L'!E17,0)+IF($B$1=2007,'07 Own Source Rev - S&L'!E17,0)+IF($B$1=2006,'06 Own Source Rev - S&L'!E17,0)+IF($B$1=2005,'05 Own Source Rev - S&L'!E17,0)+IF($B$1=2004,'04 Own Source Rev - S&L'!E17,0)","v":0},{"$f":"IF($B$1=2018,'18 Own Source Rev - S&L'!F17,0)+IF($B$1=2017,'17 Own Source Rev - S&L'!F17,0)+IF($B$1=2016,'16 Own Source Rev - S&L'!F17,0)+IF($B$1=2015,'15 Own Source Rev - S&L'!F17,0)+IF($B$1=2014,'14 Own Source Rev - S&L'!F17,0)+IF($B$1=2013,'13 Own Source Rev - S&L'!F17,0)+IF($B$1=2012,'12 Own Source Rev - S&L'!F17,0)+IF($B$1=2011,'11 Own Source Rev - S&L'!F17,0)+IF($B$1=2010,'10 Own Source Rev - S&L'!F17,0)+IF($B$1=2009,'09 Own Source Rev - S&L'!F17,0)+IF($B$1=2008,'08 Own Source Rev - S&L'!F17,0)+IF($B$1=2007,'07 Own Source Rev - S&L'!F17,0)+IF($B$1=2006,'06 Own Source Rev - S&L'!F17,0)+IF($B$1=2005,'05 Own Source Rev - S&L'!F17,0)+IF($B$1=2004,'04 Own Source Rev - S&L'!F17,0)","v":0}]
[null,"Hawaii",{"$f":"IF($B$1=2018,'18 Own Source Rev - S&L'!C18,0)+IF($B$1=2017,'17 Own Source Rev - S&L'!C18,0)+IF($B$1=2016,'16 Own Source Rev - S&L'!C18,0)+IF($B$1=2015,'15 Own Source Rev - S&L'!C18,0)+IF($B$1=2014,'14 Own Source Rev - S&L'!C18,0)+IF($B$1=2013,'13 Own Source Rev - S&L'!C18,0)+IF($B$1=2012,'12 Own Source Rev - S&L'!C18,0)+IF($B$1=2011,'11 Own Source Rev - S&L'!C18,0)+IF($B$1=2010,'10 Own Source Rev - S&L'!C18,0)+IF($B$1=2009,'09 Own Source Rev - S&L'!C18,0)+IF($B$1=2008,'08 Own Source Rev - S&L'!C18,0)+IF($B$1=2007,'07 Own Source Rev - S&L'!C18,0)+IF($B$1=2006,'06 Own Source Rev - S&L'!C18,0)+IF($B$1=2005,'05 Own Source Rev - S&L'!C18,0)+IF($B$1=2004,'04 Own Source Rev - S&L'!C18,0)","v":0},{"$f":"IF($B$1=2018,'18 Own Source Rev - S&L'!D18,0)+IF($B$1=2017,'17 Own Source Rev - S&L'!D18,0)+IF($B$1=2016,'16 Own Source Rev - S&L'!D18,0)+IF($B$1=2015,'15 Own Source Rev - S&L'!D18,0)+IF($B$1=2014,'14 Own Source Rev - S&L'!D18,0)+IF($B$1=2013,'13 Own Source Rev - S&L'!D18,0)+IF($B$1=2012,'12 Own Source Rev - S&L'!D18,0)+IF($B$1=2011,'11 Own Source Rev - S&L'!D18,0)+IF($B$1=2010,'10 Own Source Rev - S&L'!D18,0)+IF($B$1=2009,'09 Own Source Rev - S&L'!D18,0)+IF($B$1=2008,'08 Own Source Rev - S&L'!D18,0)+IF($B$1=2007,'07 Own Source Rev - S&L'!D18,0)+IF($B$1=2006,'06 Own Source Rev - S&L'!D18,0)+IF($B$1=2005,'05 Own Source Rev - S&L'!D18,0)+IF($B$1=2004,'04 Own Source Rev - S&L'!D18,0)","v":0},{"$f":"IF($B$1=2018,'18 Own Source Rev - S&L'!E18,0)+IF($B$1=2017,'17 Own Source Rev - S&L'!E18,0)+IF($B$1=2016,'16 Own Source Rev - S&L'!E18,0)+IF($B$1=2015,'15 Own Source Rev - S&L'!E18,0)+IF($B$1=2014,'14 Own Source Rev - S&L'!E18,0)+IF($B$1=2013,'13 Own Source Rev - S&L'!E18,0)+IF($B$1=2012,'12 Own Source Rev - S&L'!E18,0)+IF($B$1=2011,'11 Own Source Rev - S&L'!E18,0)+IF($B$1=2010,'10 Own Source Rev - S&L'!E18,0)+IF($B$1=2009,'09 Own Source Rev - S&L'!E18,0)+IF($B$1=2008,'08 Own Source Rev - S&L'!E18,0)+IF($B$1=2007,'07 Own Source Rev - S&L'!E18,0)+IF($B$1=2006,'06 Own Source Rev - S&L'!E18,0)+IF($B$1=2005,'05 Own Source Rev - S&L'!E18,0)+IF($B$1=2004,'04 Own Source Rev - S&L'!E18,0)","v":0},{"$f":"IF($B$1=2018,'18 Own Source Rev - S&L'!F18,0)+IF($B$1=2017,'17 Own Source Rev - S&L'!F18,0)+IF($B$1=2016,'16 Own Source Rev - S&L'!F18,0)+IF($B$1=2015,'15 Own Source Rev - S&L'!F18,0)+IF($B$1=2014,'14 Own Source Rev - S&L'!F18,0)+IF($B$1=2013,'13 Own Source Rev - S&L'!F18,0)+IF($B$1=2012,'12 Own Source Rev - S&L'!F18,0)+IF($B$1=2011,'11 Own Source Rev - S&L'!F18,0)+IF($B$1=2010,'10 Own Source Rev - S&L'!F18,0)+IF($B$1=2009,'09 Own Source Rev - S&L'!F18,0)+IF($B$1=2008,'08 Own Source Rev - S&L'!F18,0)+IF($B$1=2007,'07 Own Source Rev - S&L'!F18,0)+IF($B$1=2006,'06 Own Source Rev - S&L'!F18,0)+IF($B$1=2005,'05 Own Source Rev - S&L'!F18,0)+IF($B$1=2004,'04 Own Source Rev - S&L'!F18,0)","v":0}]
[null,"Idaho",{"$f":"IF($B$1=2018,'18 Own Source Rev - S&L'!C19,0)+IF($B$1=2017,'17 Own Source Rev - S&L'!C19,0)+IF($B$1=2016,'16 Own Source Rev - S&L'!C19,0)+IF($B$1=2015,'15 Own Source Rev - S&L'!C19,0)+IF($B$1=2014,'14 Own Source Rev - S&L'!C19,0)+IF($B$1=2013,'13 Own Source Rev - S&L'!C19,0)+IF($B$1=2012,'12 Own Source Rev - S&L'!C19,0)+IF($B$1=2011,'11 Own Source Rev - S&L'!C19,0)+IF($B$1=2010,'10 Own Source Rev - S&L'!C19,0)+IF($B$1=2009,'09 Own Source Rev - S&L'!C19,0)+IF($B$1=2008,'08 Own Source Rev - S&L'!C19,0)+IF($B$1=2007,'07 Own Source Rev - S&L'!C19,0)+IF($B$1=2006,'06 Own Source Rev - S&L'!C19,0)+IF($B$1=2005,'05 Own Source Rev - S&L'!C19,0)+IF($B$1=2004,'04 Own Source Rev - S&L'!C19,0)","v":0},{"$f":"IF($B$1=2018,'18 Own Source Rev - S&L'!D19,0)+IF($B$1=2017,'17 Own Source Rev - S&L'!D19,0)+IF($B$1=2016,'16 Own Source Rev - S&L'!D19,0)+IF($B$1=2015,'15 Own Source Rev - S&L'!D19,0)+IF($B$1=2014,'14 Own Source Rev - S&L'!D19,0)+IF($B$1=2013,'13 Own Source Rev - S&L'!D19,0)+IF($B$1=2012,'12 Own Source Rev - S&L'!D19,0)+IF($B$1=2011,'11 Own Source Rev - S&L'!D19,0)+IF($B$1=2010,'10 Own Source Rev - S&L'!D19,0)+IF($B$1=2009,'09 Own Source Rev - S&L'!D19,0)+IF($B$1=2008,'08 Own Source Rev - S&L'!D19,0)+IF($B$1=2007,'07 Own Source Rev - S&L'!D19,0)+IF($B$1=2006,'06 Own Source Rev - S&L'!D19,0)+IF($B$1=2005,'05 Own Source Rev - S&L'!D19,0)+IF($B$1=2004,'04 Own Source Rev - S&L'!D19,0)","v":0},{"$f":"IF($B$1=2018,'18 Own Source Rev - S&L'!E19,0)+IF($B$1=2017,'17 Own Source Rev - S&L'!E19,0)+IF($B$1=2016,'16 Own Source Rev - S&L'!E19,0)+IF($B$1=2015,'15 Own Source Rev - S&L'!E19,0)+IF($B$1=2014,'14 Own Source Rev - S&L'!E19,0)+IF($B$1=2013,'13 Own Source Rev - S&L'!E19,0)+IF($B$1=2012,'12 Own Source Rev - S&L'!E19,0)+IF($B$1=2011,'11 Own Source Rev - S&L'!E19,0)+IF($B$1=2010,'10 Own Source Rev - S&L'!E19,0)+IF($B$1=2009,'09 Own Source Rev - S&L'!E19,0)+IF($B$1=2008,'08 Own Source Rev - S&L'!E19,0)+IF($B$1=2007,'07 Own Source Rev - S&L'!E19,0)+IF($B$1=2006,'06 Own Source Rev - S&L'!E19,0)+IF($B$1=2005,'05 Own Source Rev - S&L'!E19,0)+IF($B$1=2004,'04 Own Source Rev - S&L'!E19,0)","v":0},{"$f":"IF($B$1=2018,'18 Own Source Rev - S&L'!F19,0)+IF($B$1=2017,'17 Own Source Rev - S&L'!F19,0)+IF($B$1=2016,'16 Own Source Rev - S&L'!F19,0)+IF($B$1=2015,'15 Own Source Rev - S&L'!F19,0)+IF($B$1=2014,'14 Own Source Rev - S&L'!F19,0)+IF($B$1=2013,'13 Own Source Rev - S&L'!F19,0)+IF($B$1=2012,'12 Own Source Rev - S&L'!F19,0)+IF($B$1=2011,'11 Own Source Rev - S&L'!F19,0)+IF($B$1=2010,'10 Own Source Rev - S&L'!F19,0)+IF($B$1=2009,'09 Own Source Rev - S&L'!F19,0)+IF($B$1=2008,'08 Own Source Rev - S&L'!F19,0)+IF($B$1=2007,'07 Own Source Rev - S&L'!F19,0)+IF($B$1=2006,'06 Own Source Rev - S&L'!F19,0)+IF($B$1=2005,'05 Own Source Rev - S&L'!F19,0)+IF($B$1=2004,'04 Own Source Rev - S&L'!F19,0)","v":0}]
[null,"Illinois",{"$f":"IF($B$1=2018,'18 Own Source Rev - S&L'!C20,0)+IF($B$1=2017,'17 Own Source Rev - S&L'!C20,0)+IF($B$1=2016,'16 Own Source Rev - S&L'!C20,0)+IF($B$1=2015,'15 Own Source Rev - S&L'!C20,0)+IF($B$1=2014,'14 Own Source Rev - S&L'!C20,0)+IF($B$1=2013,'13 Own Source Rev - S&L'!C20,0)+IF($B$1=2012,'12 Own Source Rev - S&L'!C20,0)+IF($B$1=2011,'11 Own Source Rev - S&L'!C20,0)+IF($B$1=2010,'10 Own Source Rev - S&L'!C20,0)+IF($B$1=2009,'09 Own Source Rev - S&L'!C20,0)+IF($B$1=2008,'08 Own Source Rev - S&L'!C20,0)+IF($B$1=2007,'07 Own Source Rev - S&L'!C20,0)+IF($B$1=2006,'06 Own Source Rev - S&L'!C20,0)+IF($B$1=2005,'05 Own Source Rev - S&L'!C20,0)+IF($B$1=2004,'04 Own Source Rev - S&L'!C20,0)","v":0},{"$f":"IF($B$1=2018,'18 Own Source Rev - S&L'!D20,0)+IF($B$1=2017,'17 Own Source Rev - S&L'!D20,0)+IF($B$1=2016,'16 Own Source Rev - S&L'!D20,0)+IF($B$1=2015,'15 Own Source Rev - S&L'!D20,0)+IF($B$1=2014,'14 Own Source Rev - S&L'!D20,0)+IF($B$1=2013,'13 Own Source Rev - S&L'!D20,0)+IF($B$1=2012,'12 Own Source Rev - S&L'!D20,0)+IF($B$1=2011,'11 Own Source Rev - S&L'!D20,0)+IF($B$1=2010,'10 Own Source Rev - S&L'!D20,0)+IF($B$1=2009,'09 Own Source Rev - S&L'!D20,0)+IF($B$1=2008,'08 Own Source Rev - S&L'!D20,0)+IF($B$1=2007,'07 Own Source Rev - S&L'!D20,0)+IF($B$1=2006,'06 Own Source Rev - S&L'!D20,0)+IF($B$1=2005,'05 Own Source Rev - S&L'!D20,0)+IF($B$1=2004,'04 Own Source Rev - S&L'!D20,0)","v":0},{"$f":"IF($B$1=2018,'18 Own Source Rev - S&L'!E20,0)+IF($B$1=2017,'17 Own Source Rev - S&L'!E20,0)+IF($B$1=2016,'16 Own Source Rev - S&L'!E20,0)+IF($B$1=2015,'15 Own Source Rev - S&L'!E20,0)+IF($B$1=2014,'14 Own Source Rev - S&L'!E20,0)+IF($B$1=2013,'13 Own Source Rev - S&L'!E20,0)+IF($B$1=2012,'12 Own Source Rev - S&L'!E20,0)+IF($B$1=2011,'11 Own Source Rev - S&L'!E20,0)+IF($B$1=2010,'10 Own Source Rev - S&L'!E20,0)+IF($B$1=2009,'09 Own Source Rev - S&L'!E20,0)+IF($B$1=2008,'08 Own Source Rev - S&L'!E20,0)+IF($B$1=2007,'07 Own Source Rev - S&L'!E20,0)+IF($B$1=2006,'06 Own Source Rev - S&L'!E20,0)+IF($B$1=2005,'05 Own Source Rev - S&L'!E20,0)+IF($B$1=2004,'04 Own Source Rev - S&L'!E20,0)","v":0},{"$f":"IF($B$1=2018,'18 Own Source Rev - S&L'!F20,0)+IF($B$1=2017,'17 Own Source Rev - S&L'!F20,0)+IF($B$1=2016,'16 Own Source Rev - S&L'!F20,0)+IF($B$1=2015,'15 Own Source Rev - S&L'!F20,0)+IF($B$1=2014,'14 Own Source Rev - S&L'!F20,0)+IF($B$1=2013,'13 Own Source Rev - S&L'!F20,0)+IF($B$1=2012,'12 Own Source Rev - S&L'!F20,0)+IF($B$1=2011,'11 Own Source Rev - S&L'!F20,0)+IF($B$1=2010,'10 Own Source Rev - S&L'!F20,0)+IF($B$1=2009,'09 Own Source Rev - S&L'!F20,0)+IF($B$1=2008,'08 Own Source Rev - S&L'!F20,0)+IF($B$1=2007,'07 Own Source Rev - S&L'!F20,0)+IF($B$1=2006,'06 Own Source Rev - S&L'!F20,0)+IF($B$1=2005,'05 Own Source Rev - S&L'!F20,0)+IF($B$1=2004,'04 Own Source Rev - S&L'!F20,0)","v":0}]
[null,"Indiana",{"$f":"IF($B$1=2018,'18 Own Source Rev - S&L'!C21,0)+IF($B$1=2017,'17 Own Source Rev - S&L'!C21,0)+IF($B$1=2016,'16 Own Source Rev - S&L'!C21,0)+IF($B$1=2015,'15 Own Source Rev - S&L'!C21,0)+IF($B$1=2014,'14 Own Source Rev - S&L'!C21,0)+IF($B$1=2013,'13 Own Source Rev - S&L'!C21,0)+IF($B$1=2012,'12 Own Source Rev - S&L'!C21,0)+IF($B$1=2011,'11 Own Source Rev - S&L'!C21,0)+IF($B$1=2010,'10 Own Source Rev - S&L'!C21,0)+IF($B$1=2009,'09 Own Source Rev - S&L'!C21,0)+IF($B$1=2008,'08 Own Source Rev - S&L'!C21,0)+IF($B$1=2007,'07 Own Source Rev - S&L'!C21,0)+IF($B$1=2006,'06 Own Source Rev - S&L'!C21,0)+IF($B$1=2005,'05 Own Source Rev - S&L'!C21,0)+IF($B$1=2004,'04 Own Source Rev - S&L'!C21,0)","v":0},{"$f":"IF($B$1=2018,'18 Own Source Rev - S&L'!D21,0)+IF($B$1=2017,'17 Own Source Rev - S&L'!D21,0)+IF($B$1=2016,'16 Own Source Rev - S&L'!D21,0)+IF($B$1=2015,'15 Own Source Rev - S&L'!D21,0)+IF($B$1=2014,'14 Own Source Rev - S&L'!D21,0)+IF($B$1=2013,'13 Own Source Rev - S&L'!D21,0)+IF($B$1=2012,'12 Own Source Rev - S&L'!D21,0)+IF($B$1=2011,'11 Own Source Rev - S&L'!D21,0)+IF($B$1=2010,'10 Own Source Rev - S&L'!D21,0)+IF($B$1=2009,'09 Own Source Rev - S&L'!D21,0)+IF($B$1=2008,'08 Own Source Rev - S&L'!D21,0)+IF($B$1=2007,'07 Own Source Rev - S&L'!D21,0)+IF($B$1=2006,'06 Own Source Rev - S&L'!D21,0)+IF($B$1=2005,'05 Own Source Rev - S&L'!D21,0)+IF($B$1=2004,'04 Own Source Rev - S&L'!D21,0)","v":0},{"$f":"IF($B$1=2018,'18 Own Source Rev - S&L'!E21,0)+IF($B$1=2017,'17 Own Source Rev - S&L'!E21,0)+IF($B$1=2016,'16 Own Source Rev - S&L'!E21,0)+IF($B$1=2015,'15 Own Source Rev - S&L'!E21,0)+IF($B$1=2014,'14 Own Source Rev - S&L'!E21,0)+IF($B$1=2013,'13 Own Source Rev - S&L'!E21,0)+IF($B$1=2012,'12 Own Source Rev - S&L'!E21,0)+IF($B$1=2011,'11 Own Source Rev - S&L'!E21,0)+IF($B$1=2010,'10 Own Source Rev - S&L'!E21,0)+IF($B$1=2009,'09 Own Source Rev - S&L'!E21,0)+IF($B$1=2008,'08 Own Source Rev - S&L'!E21,0)+IF($B$1=2007,'07 Own Source Rev - S&L'!E21,0)+IF($B$1=2006,'06 Own Source Rev - S&L'!E21,0)+IF($B$1=2005,'05 Own Source Rev - S&L'!E21,0)+IF($B$1=2004,'04 Own Source Rev - S&L'!E21,0)","v":0},{"$f":"IF($B$1=2018,'18 Own Source Rev - S&L'!F21,0)+IF($B$1=2017,'17 Own Source Rev - S&L'!F21,0)+IF($B$1=2016,'16 Own Source Rev - S&L'!F21,0)+IF($B$1=2015,'15 Own Source Rev - S&L'!F21,0)+IF($B$1=2014,'14 Own Source Rev - S&L'!F21,0)+IF($B$1=2013,'13 Own Source Rev - S&L'!F21,0)+IF($B$1=2012,'12 Own Source Rev - S&L'!F21,0)+IF($B$1=2011,'11 Own Source Rev - S&L'!F21,0)+IF($B$1=2010,'10 Own Source Rev - S&L'!F21,0)+IF($B$1=2009,'09 Own Source Rev - S&L'!F21,0)+IF($B$1=2008,'08 Own Source Rev - S&L'!F21,0)+IF($B$1=2007,'07 Own Source Rev - S&L'!F21,0)+IF($B$1=2006,'06 Own Source Rev - S&L'!F21,0)+IF($B$1=2005,'05 Own Source Rev - S&L'!F21,0)+IF($B$1=2004,'04 Own Source Rev - S&L'!F21,0)","v":0}]
[null,"Iowa",{"$f":"IF($B$1=2018,'18 Own Source Rev - S&L'!C22,0)+IF($B$1=2017,'17 Own Source Rev - S&L'!C22,0)+IF($B$1=2016,'16 Own Source Rev - S&L'!C22,0)+IF($B$1=2015,'15 Own Source Rev - S&L'!C22,0)+IF($B$1=2014,'14 Own Source Rev - S&L'!C22,0)+IF($B$1=2013,'13 Own Source Rev - S&L'!C22,0)+IF($B$1=2012,'12 Own Source Rev - S&L'!C22,0)+IF($B$1=2011,'11 Own Source Rev - S&L'!C22,0)+IF($B$1=2010,'10 Own Source Rev - S&L'!C22,0)+IF($B$1=2009,'09 Own Source Rev - S&L'!C22,0)+IF($B$1=2008,'08 Own Source Rev - S&L'!C22,0)+IF($B$1=2007,'07 Own Source Rev - S&L'!C22,0)+IF($B$1=2006,'06 Own Source Rev - S&L'!C22,0)+IF($B$1=2005,'05 Own Source Rev - S&L'!C22,0)+IF($B$1=2004,'04 Own Source Rev - S&L'!C22,0)","v":0},{"$f":"IF($B$1=2018,'18 Own Source Rev - S&L'!D22,0)+IF($B$1=2017,'17 Own Source Rev - S&L'!D22,0)+IF($B$1=2016,'16 Own Source Rev - S&L'!D22,0)+IF($B$1=2015,'15 Own Source Rev - S&L'!D22,0)+IF($B$1=2014,'14 Own Source Rev - S&L'!D22,0)+IF($B$1=2013,'13 Own Source Rev - S&L'!D22,0)+IF($B$1=2012,'12 Own Source Rev - S&L'!D22,0)+IF($B$1=2011,'11 Own Source Rev - S&L'!D22,0)+IF($B$1=2010,'10 Own Source Rev - S&L'!D22,0)+IF($B$1=2009,'09 Own Source Rev - S&L'!D22,0)+IF($B$1=2008,'08 Own Source Rev - S&L'!D22,0)+IF($B$1=2007,'07 Own Source Rev - S&L'!D22,0)+IF($B$1=2006,'06 Own Source Rev - S&L'!D22,0)+IF($B$1=2005,'05 Own Source Rev - S&L'!D22,0)+IF($B$1=2004,'04 Own Source Rev - S&L'!D22,0)","v":0},{"$f":"IF($B$1=2018,'18 Own Source Rev - S&L'!E22,0)+IF($B$1=2017,'17 Own Source Rev - S&L'!E22,0)+IF($B$1=2016,'16 Own Source Rev - S&L'!E22,0)+IF($B$1=2015,'15 Own Source Rev - S&L'!E22,0)+IF($B$1=2014,'14 Own Source Rev - S&L'!E22,0)+IF($B$1=2013,'13 Own Source Rev - S&L'!E22,0)+IF($B$1=2012,'12 Own Source Rev - S&L'!E22,0)+IF($B$1=2011,'11 Own Source Rev - S&L'!E22,0)+IF($B$1=2010,'10 Own Source Rev - S&L'!E22,0)+IF($B$1=2009,'09 Own Source Rev - S&L'!E22,0)+IF($B$1=2008,'08 Own Source Rev - S&L'!E22,0)+IF($B$1=2007,'07 Own Source Rev - S&L'!E22,0)+IF($B$1=2006,'06 Own Source Rev - S&L'!E22,0)+IF($B$1=2005,'05 Own Source Rev - S&L'!E22,0)+IF($B$1=2004,'04 Own Source Rev - S&L'!E22,0)","v":0},{"$f":"IF($B$1=2018,'18 Own Source Rev - S&L'!F22,0)+IF($B$1=2017,'17 Own Source Rev - S&L'!F22,0)+IF($B$1=2016,'16 Own Source Rev - S&L'!F22,0)+IF($B$1=2015,'15 Own Source Rev - S&L'!F22,0)+IF($B$1=2014,'14 Own Source Rev - S&L'!F22,0)+IF($B$1=2013,'13 Own Source Rev - S&L'!F22,0)+IF($B$1=2012,'12 Own Source Rev - S&L'!F22,0)+IF($B$1=2011,'11 Own Source Rev - S&L'!F22,0)+IF($B$1=2010,'10 Own Source Rev - S&L'!F22,0)+IF($B$1=2009,'09 Own Source Rev - S&L'!F22,0)+IF($B$1=2008,'08 Own Source Rev - S&L'!F22,0)+IF($B$1=2007,'07 Own Source Rev - S&L'!F22,0)+IF($B$1=2006,'06 Own Source Rev - S&L'!F22,0)+IF($B$1=2005,'05 Own Source Rev - S&L'!F22,0)+IF($B$1=2004,'04 Own Source Rev - S&L'!F22,0)","v":0}]
[null,"Kansas",{"$f":"IF($B$1=2018,'18 Own Source Rev - S&L'!C23,0)+IF($B$1=2017,'17 Own Source Rev - S&L'!C23,0)+IF($B$1=2016,'16 Own Source Rev - S&L'!C23,0)+IF($B$1=2015,'15 Own Source Rev - S&L'!C23,0)+IF($B$1=2014,'14 Own Source Rev - S&L'!C23,0)+IF($B$1=2013,'13 Own Source Rev - S&L'!C23,0)+IF($B$1=2012,'12 Own Source Rev - S&L'!C23,0)+IF($B$1=2011,'11 Own Source Rev - S&L'!C23,0)+IF($B$1=2010,'10 Own Source Rev - S&L'!C23,0)+IF($B$1=2009,'09 Own Source Rev - S&L'!C23,0)+IF($B$1=2008,'08 Own Source Rev - S&L'!C23,0)+IF($B$1=2007,'07 Own Source Rev - S&L'!C23,0)+IF($B$1=2006,'06 Own Source Rev - S&L'!C23,0)+IF($B$1=2005,'05 Own Source Rev - S&L'!C23,0)+IF($B$1=2004,'04 Own Source Rev - S&L'!C23,0)","v":0},{"$f":"IF($B$1=2018,'18 Own Source Rev - S&L'!D23,0)+IF($B$1=2017,'17 Own Source Rev - S&L'!D23,0)+IF($B$1=2016,'16 Own Source Rev - S&L'!D23,0)+IF($B$1=2015,'15 Own Source Rev - S&L'!D23,0)+IF($B$1=2014,'14 Own Source Rev - S&L'!D23,0)+IF($B$1=2013,'13 Own Source Rev - S&L'!D23,0)+IF($B$1=2012,'12 Own Source Rev - S&L'!D23,0)+IF($B$1=2011,'11 Own Source Rev - S&L'!D23,0)+IF($B$1=2010,'10 Own Source Rev - S&L'!D23,0)+IF($B$1=2009,'09 Own Source Rev - S&L'!D23,0)+IF($B$1=2008,'08 Own Source Rev - S&L'!D23,0)+IF($B$1=2007,'07 Own Source Rev - S&L'!D23,0)+IF($B$1=2006,'06 Own Source Rev - S&L'!D23,0)+IF($B$1=2005,'05 Own Source Rev - S&L'!D23,0)+IF($B$1=2004,'04 Own Source Rev - S&L'!D23,0)","v":0},{"$f":"IF($B$1=2018,'18 Own Source Rev - S&L'!E23,0)+IF($B$1=2017,'17 Own Source Rev - S&L'!E23,0)+IF($B$1=2016,'16 Own Source Rev - S&L'!E23,0)+IF($B$1=2015,'15 Own Source Rev - S&L'!E23,0)+IF($B$1=2014,'14 Own Source Rev - S&L'!E23,0)+IF($B$1=2013,'13 Own Source Rev - S&L'!E23,0)+IF($B$1=2012,'12 Own Source Rev - S&L'!E23,0)+IF($B$1=2011,'11 Own Source Rev - S&L'!E23,0)+IF($B$1=2010,'10 Own Source Rev - S&L'!E23,0)+IF($B$1=2009,'09 Own Source Rev - S&L'!E23,0)+IF($B$1=2008,'08 Own Source Rev - S&L'!E23,0)+IF($B$1=2007,'07 Own Source Rev - S&L'!E23,0)+IF($B$1=2006,'06 Own Source Rev - S&L'!E23,0)+IF($B$1=2005,'05 Own Source Rev - S&L'!E23,0)+IF($B$1=2004,'04 Own Source Rev - S&L'!E23,0)","v":0},{"$f":"IF($B$1=2018,'18 Own Source Rev - S&L'!F23,0)+IF($B$1=2017,'17 Own Source Rev - S&L'!F23,0)+IF($B$1=2016,'16 Own Source Rev - S&L'!F23,0)+IF($B$1=2015,'15 Own Source Rev - S&L'!F23,0)+IF($B$1=2014,'14 Own Source Rev - S&L'!F23,0)+IF($B$1=2013,'13 Own Source Rev - S&L'!F23,0)+IF($B$1=2012,'12 Own Source Rev - S&L'!F23,0)+IF($B$1=2011,'11 Own Source Rev - S&L'!F23,0)+IF($B$1=2010,'10 Own Source Rev - S&L'!F23,0)+IF($B$1=2009,'09 Own Source Rev - S&L'!F23,0)+IF($B$1=2008,'08 Own Source Rev - S&L'!F23,0)+IF($B$1=2007,'07 Own Source Rev - S&L'!F23,0)+IF($B$1=2006,'06 Own Source Rev - S&L'!F23,0)+IF($B$1=2005,'05 Own Source Rev - S&L'!F23,0)+IF($B$1=2004,'04 Own Source Rev - S&L'!F23,0)","v":0}]
[null,"Kentucky",{"$f":"IF($B$1=2018,'18 Own Source Rev - S&L'!C24,0)+IF($B$1=2017,'17 Own Source Rev - S&L'!C24,0)+IF($B$1=2016,'16 Own Source Rev - S&L'!C24,0)+IF($B$1=2015,'15 Own Source Rev - S&L'!C24,0)+IF($B$1=2014,'14 Own Source Rev - S&L'!C24,0)+IF($B$1=2013,'13 Own Source Rev - S&L'!C24,0)+IF($B$1=2012,'12 Own Source Rev - S&L'!C24,0)+IF($B$1=2011,'11 Own Source Rev - S&L'!C24,0)+IF($B$1=2010,'10 Own Source Rev - S&L'!C24,0)+IF($B$1=2009,'09 Own Source Rev - S&L'!C24,0)+IF($B$1=2008,'08 Own Source Rev - S&L'!C24,0)+IF($B$1=2007,'07 Own Source Rev - S&L'!C24,0)+IF($B$1=2006,'06 Own Source Rev - S&L'!C24,0)+IF($B$1=2005,'05 Own Source Rev - S&L'!C24,0)+IF($B$1=2004,'04 Own Source Rev - S&L'!C24,0)","v":0},{"$f":"IF($B$1=2018,'18 Own Source Rev - S&L'!D24,0)+IF($B$1=2017,'17 Own Source Rev - S&L'!D24,0)+IF($B$1=2016,'16 Own Source Rev - S&L'!D24,0)+IF($B$1=2015,'15 Own Source Rev - S&L'!D24,0)+IF($B$1=2014,'14 Own Source Rev - S&L'!D24,0)+IF($B$1=2013,'13 Own Source Rev - S&L'!D24,0)+IF($B$1=2012,'12 Own Source Rev - S&L'!D24,0)+IF($B$1=2011,'11 Own Source Rev - S&L'!D24,0)+IF($B$1=2010,'10 Own Source Rev - S&L'!D24,0)+IF($B$1=2009,'09 Own Source Rev - S&L'!D24,0)+IF($B$1=2008,'08 Own Source Rev - S&L'!D24,0)+IF($B$1=2007,'07 Own Source Rev - S&L'!D24,0)+IF($B$1=2006,'06 Own Source Rev - S&L'!D24,0)+IF($B$1=2005,'05 Own Source Rev - S&L'!D24,0)+IF($B$1=2004,'04 Own Source Rev - S&L'!D24,0)","v":0},{"$f":"IF($B$1=2018,'18 Own Source Rev - S&L'!E24,0)+IF($B$1=2017,'17 Own Source Rev - S&L'!E24,0)+IF($B$1=2016,'16 Own Source Rev - S&L'!E24,0)+IF($B$1=2015,'15 Own Source Rev - S&L'!E24,0)+IF($B$1=2014,'14 Own Source Rev - S&L'!E24,0)+IF($B$1=2013,'13 Own Source Rev - S&L'!E24,0)+IF($B$1=2012,'12 Own Source Rev - S&L'!E24,0)+IF($B$1=2011,'11 Own Source Rev - S&L'!E24,0)+IF($B$1=2010,'10 Own Source Rev - S&L'!E24,0)+IF($B$1=2009,'09 Own Source Rev - S&L'!E24,0)+IF($B$1=2008,'08 Own Source Rev - S&L'!E24,0)+IF($B$1=2007,'07 Own Source Rev - S&L'!E24,0)+IF($B$1=2006,'06 Own Source Rev - S&L'!E24,0)+IF($B$1=2005,'05 Own Source Rev - S&L'!E24,0)+IF($B$1=2004,'04 Own Source Rev - S&L'!E24,0)","v":0},{"$f":"IF($B$1=2018,'18 Own Source Rev - S&L'!F24,0)+IF($B$1=2017,'17 Own Source Rev - S&L'!F24,0)+IF($B$1=2016,'16 Own Source Rev - S&L'!F24,0)+IF($B$1=2015,'15 Own Source Rev - S&L'!F24,0)+IF($B$1=2014,'14 Own Source Rev - S&L'!F24,0)+IF($B$1=2013,'13 Own Source Rev - S&L'!F24,0)+IF($B$1=2012,'12 Own Source Rev - S&L'!F24,0)+IF($B$1=2011,'11 Own Source Rev - S&L'!F24,0)+IF($B$1=2010,'10 Own Source Rev - S&L'!F24,0)+IF($B$1=2009,'09 Own Source Rev - S&L'!F24,0)+IF($B$1=2008,'08 Own Source Rev - S&L'!F24,0)+IF($B$1=2007,'07 Own Source Rev - S&L'!F24,0)+IF($B$1=2006,'06 Own Source Rev - S&L'!F24,0)+IF($B$1=2005,'05 Own Source Rev - S&L'!F24,0)+IF($B$1=2004,'04 Own Source Rev - S&L'!F24,0)","v":0}]
[null,"Louisiana",{"$f":"IF($B$1=2018,'18 Own Source Rev - S&L'!C25,0)+IF($B$1=2017,'17 Own Source Rev - S&L'!C25,0)+IF($B$1=2016,'16 Own Source Rev - S&L'!C25,0)+IF($B$1=2015,'15 Own Source Rev - S&L'!C25,0)+IF($B$1=2014,'14 Own Source Rev - S&L'!C25,0)+IF($B$1=2013,'13 Own Source Rev - S&L'!C25,0)+IF($B$1=2012,'12 Own Source Rev - S&L'!C25,0)+IF($B$1=2011,'11 Own Source Rev - S&L'!C25,0)+IF($B$1=2010,'10 Own Source Rev - S&L'!C25,0)+IF($B$1=2009,'09 Own Source Rev - S&L'!C25,0)+IF($B$1=2008,'08 Own Source Rev - S&L'!C25,0)+IF($B$1=2007,'07 Own Source Rev - S&L'!C25,0)+IF($B$1=2006,'06 Own Source Rev - S&L'!C25,0)+IF($B$1=2005,'05 Own Source Rev - S&L'!C25,0)+IF($B$1=2004,'04 Own Source Rev - S&L'!C25,0)","v":0},{"$f":"IF($B$1=2018,'18 Own Source Rev - S&L'!D25,0)+IF($B$1=2017,'17 Own Source Rev - S&L'!D25,0)+IF($B$1=2016,'16 Own Source Rev - S&L'!D25,0)+IF($B$1=2015,'15 Own Source Rev - S&L'!D25,0)+IF($B$1=2014,'14 Own Source Rev - S&L'!D25,0)+IF($B$1=2013,'13 Own Source Rev - S&L'!D25,0)+IF($B$1=2012,'12 Own Source Rev - S&L'!D25,0)+IF($B$1=2011,'11 Own Source Rev - S&L'!D25,0)+IF($B$1=2010,'10 Own Source Rev - S&L'!D25,0)+IF($B$1=2009,'09 Own Source Rev - S&L'!D25,0)+IF($B$1=2008,'08 Own Source Rev - S&L'!D25,0)+IF($B$1=2007,'07 Own Source Rev - S&L'!D25,0)+IF($B$1=2006,'06 Own Source Rev - S&L'!D25,0)+IF($B$1=2005,'05 Own Source Rev - S&L'!D25,0)+IF($B$1=2004,'04 Own Source Rev - S&L'!D25,0)","v":0},{"$f":"IF($B$1=2018,'18 Own Source Rev - S&L'!E25,0)+IF($B$1=2017,'17 Own Source Rev - S&L'!E25,0)+IF($B$1=2016,'16 Own Source Rev - S&L'!E25,0)+IF($B$1=2015,'15 Own Source Rev - S&L'!E25,0)+IF($B$1=2014,'14 Own Source Rev - S&L'!E25,0)+IF($B$1=2013,'13 Own Source Rev - S&L'!E25,0)+IF($B$1=2012,'12 Own Source Rev - S&L'!E25,0)+IF($B$1=2011,'11 Own Source Rev - S&L'!E25,0)+IF($B$1=2010,'10 Own Source Rev - S&L'!E25,0)+IF($B$1=2009,'09 Own Source Rev - S&L'!E25,0)+IF($B$1=2008,'08 Own Source Rev - S&L'!E25,0)+IF($B$1=2007,'07 Own Source Rev - S&L'!E25,0)+IF($B$1=2006,'06 Own Source Rev - S&L'!E25,0)+IF($B$1=2005,'05 Own Source Rev - S&L'!E25,0)+IF($B$1=2004,'04 Own Source Rev - S&L'!E25,0)","v":0},{"$f":"IF($B$1=2018,'18 Own Source Rev - S&L'!F25,0)+IF($B$1=2017,'17 Own Source Rev - S&L'!F25,0)+IF($B$1=2016,'16 Own Source Rev - S&L'!F25,0)+IF($B$1=2015,'15 Own Source Rev - S&L'!F25,0)+IF($B$1=2014,'14 Own Source Rev - S&L'!F25,0)+IF($B$1=2013,'13 Own Source Rev - S&L'!F25,0)+IF($B$1=2012,'12 Own Source Rev - S&L'!F25,0)+IF($B$1=2011,'11 Own Source Rev - S&L'!F25,0)+IF($B$1=2010,'10 Own Source Rev - S&L'!F25,0)+IF($B$1=2009,'09 Own Source Rev - S&L'!F25,0)+IF($B$1=2008,'08 Own Source Rev - S&L'!F25,0)+IF($B$1=2007,'07 Own Source Rev - S&L'!F25,0)+IF($B$1=2006,'06 Own Source Rev - S&L'!F25,0)+IF($B$1=2005,'05 Own Source Rev - S&L'!F25,0)+IF($B$1=2004,'04 Own Source Rev - S&L'!F25,0)","v":0}]
[null,"Maine",{"$f":"IF($B$1=2018,'18 Own Source Rev - S&L'!C26,0)+IF($B$1=2017,'17 Own Source Rev - S&L'!C26,0)+IF($B$1=2016,'16 Own Source Rev - S&L'!C26,0)+IF($B$1=2015,'15 Own Source Rev - S&L'!C26,0)+IF($B$1=2014,'14 Own Source Rev - S&L'!C26,0)+IF($B$1=2013,'13 Own Source Rev - S&L'!C26,0)+IF($B$1=2012,'12 Own Source Rev - S&L'!C26,0)+IF($B$1=2011,'11 Own Source Rev - S&L'!C26,0)+IF($B$1=2010,'10 Own Source Rev - S&L'!C26,0)+IF($B$1=2009,'09 Own Source Rev - S&L'!C26,0)+IF($B$1=2008,'08 Own Source Rev - S&L'!C26,0)+IF($B$1=2007,'07 Own Source Rev - S&L'!C26,0)+IF($B$1=2006,'06 Own Source Rev - S&L'!C26,0)+IF($B$1=2005,'05 Own Source Rev - S&L'!C26,0)+IF($B$1=2004,'04 Own Source Rev - S&L'!C26,0)","v":0},{"$f":"IF($B$1=2018,'18 Own Source Rev - S&L'!D26,0)+IF($B$1=2017,'17 Own Source Rev - S&L'!D26,0)+IF($B$1=2016,'16 Own Source Rev - S&L'!D26,0)+IF($B$1=2015,'15 Own Source Rev - S&L'!D26,0)+IF($B$1=2014,'14 Own Source Rev - S&L'!D26,0)+IF($B$1=2013,'13 Own Source Rev - S&L'!D26,0)+IF($B$1=2012,'12 Own Source Rev - S&L'!D26,0)+IF($B$1=2011,'11 Own Source Rev - S&L'!D26,0)+IF($B$1=2010,'10 Own Source Rev - S&L'!D26,0)+IF($B$1=2009,'09 Own Source Rev - S&L'!D26,0)+IF($B$1=2008,'08 Own Source Rev - S&L'!D26,0)+IF($B$1=2007,'07 Own Source Rev - S&L'!D26,0)+IF($B$1=2006,'06 Own Source Rev - S&L'!D26,0)+IF($B$1=2005,'05 Own Source Rev - S&L'!D26,0)+IF($B$1=2004,'04 Own Source Rev - S&L'!D26,0)","v":0},{"$f":"IF($B$1=2018,'18 Own Source Rev - S&L'!E26,0)+IF($B$1=2017,'17 Own Source Rev - S&L'!E26,0)+IF($B$1=2016,'16 Own Source Rev - S&L'!E26,0)+IF($B$1=2015,'15 Own Source Rev - S&L'!E26,0)+IF($B$1=2014,'14 Own Source Rev - S&L'!E26,0)+IF($B$1=2013,'13 Own Source Rev - S&L'!E26,0)+IF($B$1=2012,'12 Own Source Rev - S&L'!E26,0)+IF($B$1=2011,'11 Own Source Rev - S&L'!E26,0)+IF($B$1=2010,'10 Own Source Rev - S&L'!E26,0)+IF($B$1=2009,'09 Own Source Rev - S&L'!E26,0)+IF($B$1=2008,'08 Own Source Rev - S&L'!E26,0)+IF($B$1=2007,'07 Own Source Rev - S&L'!E26,0)+IF($B$1=2006,'06 Own Source Rev - S&L'!E26,0)+IF($B$1=2005,'05 Own Source Rev - S&L'!E26,0)+IF($B$1=2004,'04 Own Source Rev - S&L'!E26,0)","v":0},{"$f":"IF($B$1=2018,'18 Own Source Rev - S&L'!F26,0)+IF($B$1=2017,'17 Own Source Rev - S&L'!F26,0)+IF($B$1=2016,'16 Own Source Rev - S&L'!F26,0)+IF($B$1=2015,'15 Own Source Rev - S&L'!F26,0)+IF($B$1=2014,'14 Own Source Rev - S&L'!F26,0)+IF($B$1=2013,'13 Own Source Rev - S&L'!F26,0)+IF($B$1=2012,'12 Own Source Rev - S&L'!F26,0)+IF($B$1=2011,'11 Own Source Rev - S&L'!F26,0)+IF($B$1=2010,'10 Own Source Rev - S&L'!F26,0)+IF($B$1=2009,'09 Own Source Rev - S&L'!F26,0)+IF($B$1=2008,'08 Own Source Rev - S&L'!F26,0)+IF($B$1=2007,'07 Own Source Rev - S&L'!F26,0)+IF($B$1=2006,'06 Own Source Rev - S&L'!F26,0)+IF($B$1=2005,'05 Own Source Rev - S&L'!F26,0)+IF($B$1=2004,'04 Own Source Rev - S&L'!F26,0)","v":0}]
[null,"Maryland",{"$f":"IF($B$1=2018,'18 Own Source Rev - S&L'!C27,0)+IF($B$1=2017,'17 Own Source Rev - S&L'!C27,0)+IF($B$1=2016,'16 Own Source Rev - S&L'!C27,0)+IF($B$1=2015,'15 Own Source Rev - S&L'!C27,0)+IF($B$1=2014,'14 Own Source Rev - S&L'!C27,0)+IF($B$1=2013,'13 Own Source Rev - S&L'!C27,0)+IF($B$1=2012,'12 Own Source Rev - S&L'!C27,0)+IF($B$1=2011,'11 Own Source Rev - S&L'!C27,0)+IF($B$1=2010,'10 Own Source Rev - S&L'!C27,0)+IF($B$1=2009,'09 Own Source Rev - S&L'!C27,0)+IF($B$1=2008,'08 Own Source Rev - S&L'!C27,0)+IF($B$1=2007,'07 Own Source Rev - S&L'!C27,0)+IF($B$1=2006,'06 Own Source Rev - S&L'!C27,0)+IF($B$1=2005,'05 Own Source Rev - S&L'!C27,0)+IF($B$1=2004,'04 Own Source Rev - S&L'!C27,0)","v":0},{"$f":"IF($B$1=2018,'18 Own Source Rev - S&L'!D27,0)+IF($B$1=2017,'17 Own Source Rev - S&L'!D27,0)+IF($B$1=2016,'16 Own Source Rev - S&L'!D27,0)+IF($B$1=2015,'15 Own Source Rev - S&L'!D27,0)+IF($B$1=2014,'14 Own Source Rev - S&L'!D27,0)+IF($B$1=2013,'13 Own Source Rev - S&L'!D27,0)+IF($B$1=2012,'12 Own Source Rev - S&L'!D27,0)+IF($B$1=2011,'11 Own Source Rev - S&L'!D27,0)+IF($B$1=2010,'10 Own Source Rev - S&L'!D27,0)+IF($B$1=2009,'09 Own Source Rev - S&L'!D27,0)+IF($B$1=2008,'08 Own Source Rev - S&L'!D27,0)+IF($B$1=2007,'07 Own Source Rev - S&L'!D27,0)+IF($B$1=2006,'06 Own Source Rev - S&L'!D27,0)+IF($B$1=2005,'05 Own Source Rev - S&L'!D27,0)+IF($B$1=2004,'04 Own Source Rev - S&L'!D27,0)","v":0},{"$f":"IF($B$1=2018,'18 Own Source Rev - S&L'!E27,0)+IF($B$1=2017,'17 Own Source Rev - S&L'!E27,0)+IF($B$1=2016,'16 Own Source Rev - S&L'!E27,0)+IF($B$1=2015,'15 Own Source Rev - S&L'!E27,0)+IF($B$1=2014,'14 Own Source Rev - S&L'!E27,0)+IF($B$1=2013,'13 Own Source Rev - S&L'!E27,0)+IF($B$1=2012,'12 Own Source Rev - S&L'!E27,0)+IF($B$1=2011,'11 Own Source Rev - S&L'!E27,0)+IF($B$1=2010,'10 Own Source Rev - S&L'!E27,0)+IF($B$1=2009,'09 Own Source Rev - S&L'!E27,0)+IF($B$1=2008,'08 Own Source Rev - S&L'!E27,0)+IF($B$1=2007,'07 Own Source Rev - S&L'!E27,0)+IF($B$1=2006,'06 Own Source Rev - S&L'!E27,0)+IF($B$1=2005,'05 Own Source Rev - S&L'!E27,0)+IF($B$1=2004,'04 Own Source Rev - S&L'!E27,0)","v":0},{"$f":"IF($B$1=2018,'18 Own Source Rev - S&L'!F27,0)+IF($B$1=2017,'17 Own Source Rev - S&L'!F27,0)+IF($B$1=2016,'16 Own Source Rev - S&L'!F27,0)+IF($B$1=2015,'15 Own Source Rev - S&L'!F27,0)+IF($B$1=2014,'14 Own Source Rev - S&L'!F27,0)+IF($B$1=2013,'13 Own Source Rev - S&L'!F27,0)+IF($B$1=2012,'12 Own Source Rev - S&L'!F27,0)+IF($B$1=2011,'11 Own Source Rev - S&L'!F27,0)+IF($B$1=2010,'10 Own Source Rev - S&L'!F27,0)+IF($B$1=2009,'09 Own Source Rev - S&L'!F27,0)+IF($B$1=2008,'08 Own Source Rev - S&L'!F27,0)+IF($B$1=2007,'07 Own Source Rev - S&L'!F27,0)+IF($B$1=2006,'06 Own Source Rev - S&L'!F27,0)+IF($B$1=2005,'05 Own Source Rev - S&L'!F27,0)+IF($B$1=2004,'04 Own Source Rev - S&L'!F27,0)","v":0}]
[null,"Massachusetts",{"$f":"IF($B$1=2018,'18 Own Source Rev - S&L'!C28,0)+IF($B$1=2017,'17 Own Source Rev - S&L'!C28,0)+IF($B$1=2016,'16 Own Source Rev - S&L'!C28,0)+IF($B$1=2015,'15 Own Source Rev - S&L'!C28,0)+IF($B$1=2014,'14 Own Source Rev - S&L'!C28,0)+IF($B$1=2013,'13 Own Source Rev - S&L'!C28,0)+IF($B$1=2012,'12 Own Source Rev - S&L'!C28,0)+IF($B$1=2011,'11 Own Source Rev - S&L'!C28,0)+IF($B$1=2010,'10 Own Source Rev - S&L'!C28,0)+IF($B$1=2009,'09 Own Source Rev - S&L'!C28,0)+IF($B$1=2008,'08 Own Source Rev - S&L'!C28,0)+IF($B$1=2007,'07 Own Source Rev - S&L'!C28,0)+IF($B$1=2006,'06 Own Source Rev - S&L'!C28,0)+IF($B$1=2005,'05 Own Source Rev - S&L'!C28,0)+IF($B$1=2004,'04 Own Source Rev - S&L'!C28,0)","v":0},{"$f":"IF($B$1=2018,'18 Own Source Rev - S&L'!D28,0)+IF($B$1=2017,'17 Own Source Rev - S&L'!D28,0)+IF($B$1=2016,'16 Own Source Rev - S&L'!D28,0)+IF($B$1=2015,'15 Own Source Rev - S&L'!D28,0)+IF($B$1=2014,'14 Own Source Rev - S&L'!D28,0)+IF($B$1=2013,'13 Own Source Rev - S&L'!D28,0)+IF($B$1=2012,'12 Own Source Rev - S&L'!D28,0)+IF($B$1=2011,'11 Own Source Rev - S&L'!D28,0)+IF($B$1=2010,'10 Own Source Rev - S&L'!D28,0)+IF($B$1=2009,'09 Own Source Rev - S&L'!D28,0)+IF($B$1=2008,'08 Own Source Rev - S&L'!D28,0)+IF($B$1=2007,'07 Own Source Rev - S&L'!D28,0)+IF($B$1=2006,'06 Own Source Rev - S&L'!D28,0)+IF($B$1=2005,'05 Own Source Rev - S&L'!D28,0)+IF($B$1=2004,'04 Own Source Rev - S&L'!D28,0)","v":0},{"$f":"IF($B$1=2018,'18 Own Source Rev - S&L'!E28,0)+IF($B$1=2017,'17 Own Source Rev - S&L'!E28,0)+IF($B$1=2016,'16 Own Source Rev - S&L'!E28,0)+IF($B$1=2015,'15 Own Source Rev - S&L'!E28,0)+IF($B$1=2014,'14 Own Source Rev - S&L'!E28,0)+IF($B$1=2013,'13 Own Source Rev - S&L'!E28,0)+IF($B$1=2012,'12 Own Source Rev - S&L'!E28,0)+IF($B$1=2011,'11 Own Source Rev - S&L'!E28,0)+IF($B$1=2010,'10 Own Source Rev - S&L'!E28,0)+IF($B$1=2009,'09 Own Source Rev - S&L'!E28,0)+IF($B$1=2008,'08 Own Source Rev - S&L'!E28,0)+IF($B$1=2007,'07 Own Source Rev - S&L'!E28,0)+IF($B$1=2006,'06 Own Source Rev - S&L'!E28,0)+IF($B$1=2005,'05 Own Source Rev - S&L'!E28,0)+IF($B$1=2004,'04 Own Source Rev - S&L'!E28,0)","v":0},{"$f":"IF($B$1=2018,'18 Own Source Rev - S&L'!F28,0)+IF($B$1=2017,'17 Own Source Rev - S&L'!F28,0)+IF($B$1=2016,'16 Own Source Rev - S&L'!F28,0)+IF($B$1=2015,'15 Own Source Rev - S&L'!F28,0)+IF($B$1=2014,'14 Own Source Rev - S&L'!F28,0)+IF($B$1=2013,'13 Own Source Rev - S&L'!F28,0)+IF($B$1=2012,'12 Own Source Rev - S&L'!F28,0)+IF($B$1=2011,'11 Own Source Rev - S&L'!F28,0)+IF($B$1=2010,'10 Own Source Rev - S&L'!F28,0)+IF($B$1=2009,'09 Own Source Rev - S&L'!F28,0)+IF($B$1=2008,'08 Own Source Rev - S&L'!F28,0)+IF($B$1=2007,'07 Own Source Rev - S&L'!F28,0)+IF($B$1=2006,'06 Own Source Rev - S&L'!F28,0)+IF($B$1=2005,'05 Own Source Rev - S&L'!F28,0)+IF($B$1=2004,'04 Own Source Rev - S&L'!F28,0)","v":0}]
[null,"Michigan",{"$f":"IF($B$1=2018,'18 Own Source Rev - S&L'!C29,0)+IF($B$1=2017,'17 Own Source Rev - S&L'!C29,0)+IF($B$1=2016,'16 Own Source Rev - S&L'!C29,0)+IF($B$1=2015,'15 Own Source Rev - S&L'!C29,0)+IF($B$1=2014,'14 Own Source Rev - S&L'!C29,0)+IF($B$1=2013,'13 Own Source Rev - S&L'!C29,0)+IF($B$1=2012,'12 Own Source Rev - S&L'!C29,0)+IF($B$1=2011,'11 Own Source Rev - S&L'!C29,0)+IF($B$1=2010,'10 Own Source Rev - S&L'!C29,0)+IF($B$1=2009,'09 Own Source Rev - S&L'!C29,0)+IF($B$1=2008,'08 Own Source Rev - S&L'!C29,0)+IF($B$1=2007,'07 Own Source Rev - S&L'!C29,0)+IF($B$1=2006,'06 Own Source Rev - S&L'!C29,0)+IF($B$1=2005,'05 Own Source Rev - S&L'!C29,0)+IF($B$1=2004,'04 Own Source Rev - S&L'!C29,0)","v":0},{"$f":"IF($B$1=2018,'18 Own Source Rev - S&L'!D29,0)+IF($B$1=2017,'17 Own Source Rev - S&L'!D29,0)+IF($B$1=2016,'16 Own Source Rev - S&L'!D29,0)+IF($B$1=2015,'15 Own Source Rev - S&L'!D29,0)+IF($B$1=2014,'14 Own Source Rev - S&L'!D29,0)+IF($B$1=2013,'13 Own Source Rev - S&L'!D29,0)+IF($B$1=2012,'12 Own Source Rev - S&L'!D29,0)+IF($B$1=2011,'11 Own Source Rev - S&L'!D29,0)+IF($B$1=2010,'10 Own Source Rev - S&L'!D29,0)+IF($B$1=2009,'09 Own Source Rev - S&L'!D29,0)+IF($B$1=2008,'08 Own Source Rev - S&L'!D29,0)+IF($B$1=2007,'07 Own Source Rev - S&L'!D29,0)+IF($B$1=2006,'06 Own Source Rev - S&L'!D29,0)+IF($B$1=2005,'05 Own Source Rev - S&L'!D29,0)+IF($B$1=2004,'04 Own Source Rev - S&L'!D29,0)","v":0},{"$f":"IF($B$1=2018,'18 Own Source Rev - S&L'!E29,0)+IF($B$1=2017,'17 Own Source Rev - S&L'!E29,0)+IF($B$1=2016,'16 Own Source Rev - S&L'!E29,0)+IF($B$1=2015,'15 Own Source Rev - S&L'!E29,0)+IF($B$1=2014,'14 Own Source Rev - S&L'!E29,0)+IF($B$1=2013,'13 Own Source Rev - S&L'!E29,0)+IF($B$1=2012,'12 Own Source Rev - S&L'!E29,0)+IF($B$1=2011,'11 Own Source Rev - S&L'!E29,0)+IF($B$1=2010,'10 Own Source Rev - S&L'!E29,0)+IF($B$1=2009,'09 Own Source Rev - S&L'!E29,0)+IF($B$1=2008,'08 Own Source Rev - S&L'!E29,0)+IF($B$1=2007,'07 Own Source Rev - S&L'!E29,0)+IF($B$1=2006,'06 Own Source Rev - S&L'!E29,0)+IF($B$1=2005,'05 Own Source Rev - S&L'!E29,0)+IF($B$1=2004,'04 Own Source Rev - S&L'!E29,0)","v":0},{"$f":"IF($B$1=2018,'18 Own Source Rev - S&L'!F29,0)+IF($B$1=2017,'17 Own Source Rev - S&L'!F29,0)+IF($B$1=2016,'16 Own Source Rev - S&L'!F29,0)+IF($B$1=2015,'15 Own Source Rev - S&L'!F29,0)+IF($B$1=2014,'14 Own Source Rev - S&L'!F29,0)+IF($B$1=2013,'13 Own Source Rev - S&L'!F29,0)+IF($B$1=2012,'12 Own Source Rev - S&L'!F29,0)+IF($B$1=2011,'11 Own Source Rev - S&L'!F29,0)+IF($B$1=2010,'10 Own Source Rev - S&L'!F29,0)+IF($B$1=2009,'09 Own Source Rev - S&L'!F29,0)+IF($B$1=2008,'08 Own Source Rev - S&L'!F29,0)+IF($B$1=2007,'07 Own Source Rev - S&L'!F29,0)+IF($B$1=2006,'06 Own Source Rev - S&L'!F29,0)+IF($B$1=2005,'05 Own Source Rev - S&L'!F29,0)+IF($B$1=2004,'04 Own Source Rev - S&L'!F29,0)","v":0}]
[null,"MINNESOTA",{"$f":"IF($B$1=2018,'18 Own Source Rev - S&L'!C30,0)+IF($B$1=2017,'17 Own Source Rev - S&L'!C30,0)+IF($B$1=2016,'16 Own Source Rev - S&L'!C30,0)+IF($B$1=2015,'15 Own Source Rev - S&L'!C30,0)+IF($B$1=2014,'14 Own Source Rev - S&L'!C30,0)+IF($B$1=2013,'13 Own Source Rev - S&L'!C30,0)+IF($B$1=2012,'12 Own Source Rev - S&L'!C30,0)+IF($B$1=2011,'11 Own Source Rev - S&L'!C30,0)+IF($B$1=2010,'10 Own Source Rev - S&L'!C30,0)+IF($B$1=2009,'09 Own Source Rev - S&L'!C30,0)+IF($B$1=2008,'08 Own Source Rev - S&L'!C30,0)+IF($B$1=2007,'07 Own Source Rev - S&L'!C30,0)+IF($B$1=2006,'06 Own Source Rev - S&L'!C30,0)+IF($B$1=2005,'05 Own Source Rev - S&L'!C30,0)+IF($B$1=2004,'04 Own Source Rev - S&L'!C30,0)","v":0},{"$f":"IF($B$1=2018,'18 Own Source Rev - S&L'!D30,0)+IF($B$1=2017,'17 Own Source Rev - S&L'!D30,0)+IF($B$1=2016,'16 Own Source Rev - S&L'!D30,0)+IF($B$1=2015,'15 Own Source Rev - S&L'!D30,0)+IF($B$1=2014,'14 Own Source Rev - S&L'!D30,0)+IF($B$1=2013,'13 Own Source Rev - S&L'!D30,0)+IF($B$1=2012,'12 Own Source Rev - S&L'!D30,0)+IF($B$1=2011,'11 Own Source Rev - S&L'!D30,0)+IF($B$1=2010,'10 Own Source Rev - S&L'!D30,0)+IF($B$1=2009,'09 Own Source Rev - S&L'!D30,0)+IF($B$1=2008,'08 Own Source Rev - S&L'!D30,0)+IF($B$1=2007,'07 Own Source Rev - S&L'!D30,0)+IF($B$1=2006,'06 Own Source Rev - S&L'!D30,0)+IF($B$1=2005,'05 Own Source Rev - S&L'!D30,0)+IF($B$1=2004,'04 Own Source Rev - S&L'!D30,0)","v":0},{"$f":"IF($B$1=2018,'18 Own Source Rev - S&L'!E30,0)+IF($B$1=2017,'17 Own Source Rev - S&L'!E30,0)+IF($B$1=2016,'16 Own Source Rev - S&L'!E30,0)+IF($B$1=2015,'15 Own Source Rev - S&L'!E30,0)+IF($B$1=2014,'14 Own Source Rev - S&L'!E30,0)+IF($B$1=2013,'13 Own Source Rev - S&L'!E30,0)+IF($B$1=2012,'12 Own Source Rev - S&L'!E30,0)+IF($B$1=2011,'11 Own Source Rev - S&L'!E30,0)+IF($B$1=2010,'10 Own Source Rev - S&L'!E30,0)+IF($B$1=2009,'09 Own Source Rev - S&L'!E30,0)+IF($B$1=2008,'08 Own Source Rev - S&L'!E30,0)+IF($B$1=2007,'07 Own Source Rev - S&L'!E30,0)+IF($B$1=2006,'06 Own Source Rev - S&L'!E30,0)+IF($B$1=2005,'05 Own Source Rev - S&L'!E30,0)+IF($B$1=2004,'04 Own Source Rev - S&L'!E30,0)","v":0},{"$f":"IF($B$1=2018,'18 Own Source Rev - S&L'!F30,0)+IF($B$1=2017,'17 Own Source Rev - S&L'!F30,0)+IF($B$1=2016,'16 Own Source Rev - S&L'!F30,0)+IF($B$1=2015,'15 Own Source Rev - S&L'!F30,0)+IF($B$1=2014,'14 Own Source Rev - S&L'!F30,0)+IF($B$1=2013,'13 Own Source Rev - S&L'!F30,0)+IF($B$1=2012,'12 Own Source Rev - S&L'!F30,0)+IF($B$1=2011,'11 Own Source Rev - S&L'!F30,0)+IF($B$1=2010,'10 Own Source Rev - S&L'!F30,0)+IF($B$1=2009,'09 Own Source Rev - S&L'!F30,0)+IF($B$1=2008,'08 Own Source Rev - S&L'!F30,0)+IF($B$1=2007,'07 Own Source Rev - S&L'!F30,0)+IF($B$1=2006,'06 Own Source Rev - S&L'!F30,0)+IF($B$1=2005,'05 Own Source Rev - S&L'!F30,0)+IF($B$1=2004,'04 Own Source Rev - S&L'!F30,0)","v":0}]
[null,"Mississippi",{"$f":"IF($B$1=2018,'18 Own Source Rev - S&L'!C31,0)+IF($B$1=2017,'17 Own Source Rev - S&L'!C31,0)+IF($B$1=2016,'16 Own Source Rev - S&L'!C31,0)+IF($B$1=2015,'15 Own Source Rev - S&L'!C31,0)+IF($B$1=2014,'14 Own Source Rev - S&L'!C31,0)+IF($B$1=2013,'13 Own Source Rev - S&L'!C31,0)+IF($B$1=2012,'12 Own Source Rev - S&L'!C31,0)+IF($B$1=2011,'11 Own Source Rev - S&L'!C31,0)+IF($B$1=2010,'10 Own Source Rev - S&L'!C31,0)+IF($B$1=2009,'09 Own Source Rev - S&L'!C31,0)+IF($B$1=2008,'08 Own Source Rev - S&L'!C31,0)+IF($B$1=2007,'07 Own Source Rev - S&L'!C31,0)+IF($B$1=2006,'06 Own Source Rev - S&L'!C31,0)+IF($B$1=2005,'05 Own Source Rev - S&L'!C31,0)+IF($B$1=2004,'04 Own Source Rev - S&L'!C31,0)","v":0},{"$f":"IF($B$1=2018,'18 Own Source Rev - S&L'!D31,0)+IF($B$1=2017,'17 Own Source Rev - S&L'!D31,0)+IF($B$1=2016,'16 Own Source Rev - S&L'!D31,0)+IF($B$1=2015,'15 Own Source Rev - S&L'!D31,0)+IF($B$1=2014,'14 Own Source Rev - S&L'!D31,0)+IF($B$1=2013,'13 Own Source Rev - S&L'!D31,0)+IF($B$1=2012,'12 Own Source Rev - S&L'!D31,0)+IF($B$1=2011,'11 Own Source Rev - S&L'!D31,0)+IF($B$1=2010,'10 Own Source Rev - S&L'!D31,0)+IF($B$1=2009,'09 Own Source Rev - S&L'!D31,0)+IF($B$1=2008,'08 Own Source Rev - S&L'!D31,0)+IF($B$1=2007,'07 Own Source Rev - S&L'!D31,0)+IF($B$1=2006,'06 Own Source Rev - S&L'!D31,0)+IF($B$1=2005,'05 Own Source Rev - S&L'!D31,0)+IF($B$1=2004,'04 Own Source Rev - S&L'!D31,0)","v":0},{"$f":"IF($B$1=2018,'18 Own Source Rev - S&L'!E31,0)+IF($B$1=2017,'17 Own Source Rev - S&L'!E31,0)+IF($B$1=2016,'16 Own Source Rev - S&L'!E31,0)+IF($B$1=2015,'15 Own Source Rev - S&L'!E31,0)+IF($B$1=2014,'14 Own Source Rev - S&L'!E31,0)+IF($B$1=2013,'13 Own Source Rev - S&L'!E31,0)+IF($B$1=2012,'12 Own Source Rev - S&L'!E31,0)+IF($B$1=2011,'11 Own Source Rev - S&L'!E31,0)+IF($B$1=2010,'10 Own Source Rev - S&L'!E31,0)+IF($B$1=2009,'09 Own Source Rev - S&L'!E31,0)+IF($B$1=2008,'08 Own Source Rev - S&L'!E31,0)+IF($B$1=2007,'07 Own Source Rev - S&L'!E31,0)+IF($B$1=2006,'06 Own Source Rev - S&L'!E31,0)+IF($B$1=2005,'05 Own Source Rev - S&L'!E31,0)+IF($B$1=2004,'04 Own Source Rev - S&L'!E31,0)","v":0},{"$f":"IF($B$1=2018,'18 Own Source Rev - S&L'!F31,0)+IF($B$1=2017,'17 Own Source Rev - S&L'!F31,0)+IF($B$1=2016,'16 Own Source Rev - S&L'!F31,0)+IF($B$1=2015,'15 Own Source Rev - S&L'!F31,0)+IF($B$1=2014,'14 Own Source Rev - S&L'!F31,0)+IF($B$1=2013,'13 Own Source Rev - S&L'!F31,0)+IF($B$1=2012,'12 Own Source Rev - S&L'!F31,0)+IF($B$1=2011,'11 Own Source Rev - S&L'!F31,0)+IF($B$1=2010,'10 Own Source Rev - S&L'!F31,0)+IF($B$1=2009,'09 Own Source Rev - S&L'!F31,0)+IF($B$1=2008,'08 Own Source Rev - S&L'!F31,0)+IF($B$1=2007,'07 Own Source Rev - S&L'!F31,0)+IF($B$1=2006,'06 Own Source Rev - S&L'!F31,0)+IF($B$1=2005,'05 Own Source Rev - S&L'!F31,0)+IF($B$1=2004,'04 Own Source Rev - S&L'!F31,0)","v":0}]
[null,"Missouri",{"$f":"IF($B$1=2018,'18 Own Source Rev - S&L'!C32,0)+IF($B$1=2017,'17 Own Source Rev - S&L'!C32,0)+IF($B$1=2016,'16 Own Source Rev - S&L'!C32,0)+IF($B$1=2015,'15 Own Source Rev - S&L'!C32,0)+IF($B$1=2014,'14 Own Source Rev - S&L'!C32,0)+IF($B$1=2013,'13 Own Source Rev - S&L'!C32,0)+IF($B$1=2012,'12 Own Source Rev - S&L'!C32,0)+IF($B$1=2011,'11 Own Source Rev - S&L'!C32,0)+IF($B$1=2010,'10 Own Source Rev - S&L'!C32,0)+IF($B$1=2009,'09 Own Source Rev - S&L'!C32,0)+IF($B$1=2008,'08 Own Source Rev - S&L'!C32,0)+IF($B$1=2007,'07 Own Source Rev - S&L'!C32,0)+IF($B$1=2006,'06 Own Source Rev - S&L'!C32,0)+IF($B$1=2005,'05 Own Source Rev - S&L'!C32,0)+IF($B$1=2004,'04 Own Source Rev - S&L'!C32,0)","v":0},{"$f":"IF($B$1=2018,'18 Own Source Rev - S&L'!D32,0)+IF($B$1=2017,'17 Own Source Rev - S&L'!D32,0)+IF($B$1=2016,'16 Own Source Rev - S&L'!D32,0)+IF($B$1=2015,'15 Own Source Rev - S&L'!D32,0)+IF($B$1=2014,'14 Own Source Rev - S&L'!D32,0)+IF($B$1=2013,'13 Own Source Rev - S&L'!D32,0)+IF($B$1=2012,'12 Own Source Rev - S&L'!D32,0)+IF($B$1=2011,'11 Own Source Rev - S&L'!D32,0)+IF($B$1=2010,'10 Own Source Rev - S&L'!D32,0)+IF($B$1=2009,'09 Own Source Rev - S&L'!D32,0)+IF($B$1=2008,'08 Own Source Rev - S&L'!D32,0)+IF($B$1=2007,'07 Own Source Rev - S&L'!D32,0)+IF($B$1=2006,'06 Own Source Rev - S&L'!D32,0)+IF($B$1=2005,'05 Own Source Rev - S&L'!D32,0)+IF($B$1=2004,'04 Own Source Rev - S&L'!D32,0)","v":0},{"$f":"IF($B$1=2018,'18 Own Source Rev - S&L'!E32,0)+IF($B$1=2017,'17 Own Source Rev - S&L'!E32,0)+IF($B$1=2016,'16 Own Source Rev - S&L'!E32,0)+IF($B$1=2015,'15 Own Source Rev - S&L'!E32,0)+IF($B$1=2014,'14 Own Source Rev - S&L'!E32,0)+IF($B$1=2013,'13 Own Source Rev - S&L'!E32,0)+IF($B$1=2012,'12 Own Source Rev - S&L'!E32,0)+IF($B$1=2011,'11 Own Source Rev - S&L'!E32,0)+IF($B$1=2010,'10 Own Source Rev - S&L'!E32,0)+IF($B$1=2009,'09 Own Source Rev - S&L'!E32,0)+IF($B$1=2008,'08 Own Source Rev - S&L'!E32,0)+IF($B$1=2007,'07 Own Source Rev - S&L'!E32,0)+IF($B$1=2006,'06 Own Source Rev - S&L'!E32,0)+IF($B$1=2005,'05 Own Source Rev - S&L'!E32,0)+IF($B$1=2004,'04 Own Source Rev - S&L'!E32,0)","v":0},{"$f":"IF($B$1=2018,'18 Own Source Rev - S&L'!F32,0)+IF($B$1=2017,'17 Own Source Rev - S&L'!F32,0)+IF($B$1=2016,'16 Own Source Rev - S&L'!F32,0)+IF($B$1=2015,'15 Own Source Rev - S&L'!F32,0)+IF($B$1=2014,'14 Own Source Rev - S&L'!F32,0)+IF($B$1=2013,'13 Own Source Rev - S&L'!F32,0)+IF($B$1=2012,'12 Own Source Rev - S&L'!F32,0)+IF($B$1=2011,'11 Own Source Rev - S&L'!F32,0)+IF($B$1=2010,'10 Own Source Rev - S&L'!F32,0)+IF($B$1=2009,'09 Own Source Rev - S&L'!F32,0)+IF($B$1=2008,'08 Own Source Rev - S&L'!F32,0)+IF($B$1=2007,'07 Own Source Rev - S&L'!F32,0)+IF($B$1=2006,'06 Own Source Rev - S&L'!F32,0)+IF($B$1=2005,'05 Own Source Rev - S&L'!F32,0)+IF($B$1=2004,'04 Own Source Rev - S&L'!F32,0)","v":0}]
[null,"Montana",{"$f":"IF($B$1=2018,'18 Own Source Rev - S&L'!C33,0)+IF($B$1=2017,'17 Own Source Rev - S&L'!C33,0)+IF($B$1=2016,'16 Own Source Rev - S&L'!C33,0)+IF($B$1=2015,'15 Own Source Rev - S&L'!C33,0)+IF($B$1=2014,'14 Own Source Rev - S&L'!C33,0)+IF($B$1=2013,'13 Own Source Rev - S&L'!C33,0)+IF($B$1=2012,'12 Own Source Rev - S&L'!C33,0)+IF($B$1=2011,'11 Own Source Rev - S&L'!C33,0)+IF($B$1=2010,'10 Own Source Rev - S&L'!C33,0)+IF($B$1=2009,'09 Own Source Rev - S&L'!C33,0)+IF($B$1=2008,'08 Own Source Rev - S&L'!C33,0)+IF($B$1=2007,'07 Own Source Rev - S&L'!C33,0)+IF($B$1=2006,'06 Own Source Rev - S&L'!C33,0)+IF($B$1=2005,'05 Own Source Rev - S&L'!C33,0)+IF($B$1=2004,'04 Own Source Rev - S&L'!C33,0)","v":0},{"$f":"IF($B$1=2018,'18 Own Source Rev - S&L'!D33,0)+IF($B$1=2017,'17 Own Source Rev - S&L'!D33,0)+IF($B$1=2016,'16 Own Source Rev - S&L'!D33,0)+IF($B$1=2015,'15 Own Source Rev - S&L'!D33,0)+IF($B$1=2014,'14 Own Source Rev - S&L'!D33,0)+IF($B$1=2013,'13 Own Source Rev - S&L'!D33,0)+IF($B$1=2012,'12 Own Source Rev - S&L'!D33,0)+IF($B$1=2011,'11 Own Source Rev - S&L'!D33,0)+IF($B$1=2010,'10 Own Source Rev - S&L'!D33,0)+IF($B$1=2009,'09 Own Source Rev - S&L'!D33,0)+IF($B$1=2008,'08 Own Source Rev - S&L'!D33,0)+IF($B$1=2007,'07 Own Source Rev - S&L'!D33,0)+IF($B$1=2006,'06 Own Source Rev - S&L'!D33,0)+IF($B$1=2005,'05 Own Source Rev - S&L'!D33,0)+IF($B$1=2004,'04 Own Source Rev - S&L'!D33,0)","v":0},{"$f":"IF($B$1=2018,'18 Own Source Rev - S&L'!E33,0)+IF($B$1=2017,'17 Own Source Rev - S&L'!E33,0)+IF($B$1=2016,'16 Own Source Rev - S&L'!E33,0)+IF($B$1=2015,'15 Own Source Rev - S&L'!E33,0)+IF($B$1=2014,'14 Own Source Rev - S&L'!E33,0)+IF($B$1=2013,'13 Own Source Rev - S&L'!E33,0)+IF($B$1=2012,'12 Own Source Rev - S&L'!E33,0)+IF($B$1=2011,'11 Own Source Rev - S&L'!E33,0)+IF($B$1=2010,'10 Own Source Rev - S&L'!E33,0)+IF($B$1=2009,'09 Own Source Rev - S&L'!E33,0)+IF($B$1=2008,'08 Own Source Rev - S&L'!E33,0)+IF($B$1=2007,'07 Own Source Rev - S&L'!E33,0)+IF($B$1=2006,'06 Own Source Rev - S&L'!E33,0)+IF($B$1=2005,'05 Own Source Rev - S&L'!E33,0)+IF($B$1=2004,'04 Own Source Rev - S&L'!E33,0)","v":0},{"$f":"IF($B$1=2018,'18 Own Source Rev - S&L'!F33,0)+IF($B$1=2017,'17 Own Source Rev - S&L'!F33,0)+IF($B$1=2016,'16 Own Source Rev - S&L'!F33,0)+IF($B$1=2015,'15 Own Source Rev - S&L'!F33,0)+IF($B$1=2014,'14 Own Source Rev - S&L'!F33,0)+IF($B$1=2013,'13 Own Source Rev - S&L'!F33,0)+IF($B$1=2012,'12 Own Source Rev - S&L'!F33,0)+IF($B$1=2011,'11 Own Source Rev - S&L'!F33,0)+IF($B$1=2010,'10 Own Source Rev - S&L'!F33,0)+IF($B$1=2009,'09 Own Source Rev - S&L'!F33,0)+IF($B$1=2008,'08 Own Source Rev - S&L'!F33,0)+IF($B$1=2007,'07 Own Source Rev - S&L'!F33,0)+IF($B$1=2006,'06 Own Source Rev - S&L'!F33,0)+IF($B$1=2005,'05 Own Source Rev - S&L'!F33,0)+IF($B$1=2004,'04 Own Source Rev - S&L'!F33,0)","v":0}]
[null,"Nebraska",{"$f":"IF($B$1=2018,'18 Own Source Rev - S&L'!C34,0)+IF($B$1=2017,'17 Own Source Rev - S&L'!C34,0)+IF($B$1=2016,'16 Own Source Rev - S&L'!C34,0)+IF($B$1=2015,'15 Own Source Rev - S&L'!C34,0)+IF($B$1=2014,'14 Own Source Rev - S&L'!C34,0)+IF($B$1=2013,'13 Own Source Rev - S&L'!C34,0)+IF($B$1=2012,'12 Own Source Rev - S&L'!C34,0)+IF($B$1=2011,'11 Own Source Rev - S&L'!C34,0)+IF($B$1=2010,'10 Own Source Rev - S&L'!C34,0)+IF($B$1=2009,'09 Own Source Rev - S&L'!C34,0)+IF($B$1=2008,'08 Own Source Rev - S&L'!C34,0)+IF($B$1=2007,'07 Own Source Rev - S&L'!C34,0)+IF($B$1=2006,'06 Own Source Rev - S&L'!C34,0)+IF($B$1=2005,'05 Own Source Rev - S&L'!C34,0)+IF($B$1=2004,'04 Own Source Rev - S&L'!C34,0)","v":0},{"$f":"IF($B$1=2018,'18 Own Source Rev - S&L'!D34,0)+IF($B$1=2017,'17 Own Source Rev - S&L'!D34,0)+IF($B$1=2016,'16 Own Source Rev - S&L'!D34,0)+IF($B$1=2015,'15 Own Source Rev - S&L'!D34,0)+IF($B$1=2014,'14 Own Source Rev - S&L'!D34,0)+IF($B$1=2013,'13 Own Source Rev - S&L'!D34,0)+IF($B$1=2012,'12 Own Source Rev - S&L'!D34,0)+IF($B$1=2011,'11 Own Source Rev - S&L'!D34,0)+IF($B$1=2010,'10 Own Source Rev - S&L'!D34,0)+IF($B$1=2009,'09 Own Source Rev - S&L'!D34,0)+IF($B$1=2008,'08 Own Source Rev - S&L'!D34,0)+IF($B$1=2007,'07 Own Source Rev - S&L'!D34,0)+IF($B$1=2006,'06 Own Source Rev - S&L'!D34,0)+IF($B$1=2005,'05 Own Source Rev - S&L'!D34,0)+IF($B$1=2004,'04 Own Source Rev - S&L'!D34,0)","v":0},{"$f":"IF($B$1=2018,'18 Own Source Rev - S&L'!E34,0)+IF($B$1=2017,'17 Own Source Rev - S&L'!E34,0)+IF($B$1=2016,'16 Own Source Rev - S&L'!E34,0)+IF($B$1=2015,'15 Own Source Rev - S&L'!E34,0)+IF($B$1=2014,'14 Own Source Rev - S&L'!E34,0)+IF($B$1=2013,'13 Own Source Rev - S&L'!E34,0)+IF($B$1=2012,'12 Own Source Rev - S&L'!E34,0)+IF($B$1=2011,'11 Own Source Rev - S&L'!E34,0)+IF($B$1=2010,'10 Own Source Rev - S&L'!E34,0)+IF($B$1=2009,'09 Own Source Rev - S&L'!E34,0)+IF($B$1=2008,'08 Own Source Rev - S&L'!E34,0)+IF($B$1=2007,'07 Own Source Rev - S&L'!E34,0)+IF($B$1=2006,'06 Own Source Rev - S&L'!E34,0)+IF($B$1=2005,'05 Own Source Rev - S&L'!E34,0)+IF($B$1=2004,'04 Own Source Rev - S&L'!E34,0)","v":0},{"$f":"IF($B$1=2018,'18 Own Source Rev - S&L'!F34,0)+IF($B$1=2017,'17 Own Source Rev - S&L'!F34,0)+IF($B$1=2016,'16 Own Source Rev - S&L'!F34,0)+IF($B$1=2015,'15 Own Source Rev - S&L'!F34,0)+IF($B$1=2014,'14 Own Source Rev - S&L'!F34,0)+IF($B$1=2013,'13 Own Source Rev - S&L'!F34,0)+IF($B$1=2012,'12 Own Source Rev - S&L'!F34,0)+IF($B$1=2011,'11 Own Source Rev - S&L'!F34,0)+IF($B$1=2010,'10 Own Source Rev - S&L'!F34,0)+IF($B$1=2009,'09 Own Source Rev - S&L'!F34,0)+IF($B$1=2008,'08 Own Source Rev - S&L'!F34,0)+IF($B$1=2007,'07 Own Source Rev - S&L'!F34,0)+IF($B$1=2006,'06 Own Source Rev - S&L'!F34,0)+IF($B$1=2005,'05 Own Source Rev - S&L'!F34,0)+IF($B$1=2004,'04 Own Source Rev - S&L'!F34,0)","v":0}]
[null,"Nevada",{"$f":"IF($B$1=2018,'18 Own Source Rev - S&L'!C35,0)+IF($B$1=2017,'17 Own Source Rev - S&L'!C35,0)+IF($B$1=2016,'16 Own Source Rev - S&L'!C35,0)+IF($B$1=2015,'15 Own Source Rev - S&L'!C35,0)+IF($B$1=2014,'14 Own Source Rev - S&L'!C35,0)+IF($B$1=2013,'13 Own Source Rev - S&L'!C35,0)+IF($B$1=2012,'12 Own Source Rev - S&L'!C35,0)+IF($B$1=2011,'11 Own Source Rev - S&L'!C35,0)+IF($B$1=2010,'10 Own Source Rev - S&L'!C35,0)+IF($B$1=2009,'09 Own Source Rev - S&L'!C35,0)+IF($B$1=2008,'08 Own Source Rev - S&L'!C35,0)+IF($B$1=2007,'07 Own Source Rev - S&L'!C35,0)+IF($B$1=2006,'06 Own Source Rev - S&L'!C35,0)+IF($B$1=2005,'05 Own Source Rev - S&L'!C35,0)+IF($B$1=2004,'04 Own Source Rev - S&L'!C35,0)","v":0},{"$f":"IF($B$1=2018,'18 Own Source Rev - S&L'!D35,0)+IF($B$1=2017,'17 Own Source Rev - S&L'!D35,0)+IF($B$1=2016,'16 Own Source Rev - S&L'!D35,0)+IF($B$1=2015,'15 Own Source Rev - S&L'!D35,0)+IF($B$1=2014,'14 Own Source Rev - S&L'!D35,0)+IF($B$1=2013,'13 Own Source Rev - S&L'!D35,0)+IF($B$1=2012,'12 Own Source Rev - S&L'!D35,0)+IF($B$1=2011,'11 Own Source Rev - S&L'!D35,0)+IF($B$1=2010,'10 Own Source Rev - S&L'!D35,0)+IF($B$1=2009,'09 Own Source Rev - S&L'!D35,0)+IF($B$1=2008,'08 Own Source Rev - S&L'!D35,0)+IF($B$1=2007,'07 Own Source Rev - S&L'!D35,0)+IF($B$1=2006,'06 Own Source Rev - S&L'!D35,0)+IF($B$1=2005,'05 Own Source Rev - S&L'!D35,0)+IF($B$1=2004,'04 Own Source Rev - S&L'!D35,0)","v":0},{"$f":"IF($B$1=2018,'18 Own Source Rev - S&L'!E35,0)+IF($B$1=2017,'17 Own Source Rev - S&L'!E35,0)+IF($B$1=2016,'16 Own Source Rev - S&L'!E35,0)+IF($B$1=2015,'15 Own Source Rev - S&L'!E35,0)+IF($B$1=2014,'14 Own Source Rev - S&L'!E35,0)+IF($B$1=2013,'13 Own Source Rev - S&L'!E35,0)+IF($B$1=2012,'12 Own Source Rev - S&L'!E35,0)+IF($B$1=2011,'11 Own Source Rev - S&L'!E35,0)+IF($B$1=2010,'10 Own Source Rev - S&L'!E35,0)+IF($B$1=2009,'09 Own Source Rev - S&L'!E35,0)+IF($B$1=2008,'08 Own Source Rev - S&L'!E35,0)+IF($B$1=2007,'07 Own Source Rev - S&L'!E35,0)+IF($B$1=2006,'06 Own Source Rev - S&L'!E35,0)+IF($B$1=2005,'05 Own Source Rev - S&L'!E35,0)+IF($B$1=2004,'04 Own Source Rev - S&L'!E35,0)","v":0},{"$f":"IF($B$1=2018,'18 Own Source Rev - S&L'!F35,0)+IF($B$1=2017,'17 Own Source Rev - S&L'!F35,0)+IF($B$1=2016,'16 Own Source Rev - S&L'!F35,0)+IF($B$1=2015,'15 Own Source Rev - S&L'!F35,0)+IF($B$1=2014,'14 Own Source Rev - S&L'!F35,0)+IF($B$1=2013,'13 Own Source Rev - S&L'!F35,0)+IF($B$1=2012,'12 Own Source Rev - S&L'!F35,0)+IF($B$1=2011,'11 Own Source Rev - S&L'!F35,0)+IF($B$1=2010,'10 Own Source Rev - S&L'!F35,0)+IF($B$1=2009,'09 Own Source Rev - S&L'!F35,0)+IF($B$1=2008,'08 Own Source Rev - S&L'!F35,0)+IF($B$1=2007,'07 Own Source Rev - S&L'!F35,0)+IF($B$1=2006,'06 Own Source Rev - S&L'!F35,0)+IF($B$1=2005,'05 Own Source Rev - S&L'!F35,0)+IF($B$1=2004,'04 Own Source Rev - S&L'!F35,0)","v":0}]
[null,"New Hampshire",{"$f":"IF($B$1=2018,'18 Own Source Rev - S&L'!C36,0)+IF($B$1=2017,'17 Own Source Rev - S&L'!C36,0)+IF($B$1=2016,'16 Own Source Rev - S&L'!C36,0)+IF($B$1=2015,'15 Own Source Rev - S&L'!C36,0)+IF($B$1=2014,'14 Own Source Rev - S&L'!C36,0)+IF($B$1=2013,'13 Own Source Rev - S&L'!C36,0)+IF($B$1=2012,'12 Own Source Rev - S&L'!C36,0)+IF($B$1=2011,'11 Own Source Rev - S&L'!C36,0)+IF($B$1=2010,'10 Own Source Rev - S&L'!C36,0)+IF($B$1=2009,'09 Own Source Rev - S&L'!C36,0)+IF($B$1=2008,'08 Own Source Rev - S&L'!C36,0)+IF($B$1=2007,'07 Own Source Rev - S&L'!C36,0)+IF($B$1=2006,'06 Own Source Rev - S&L'!C36,0)+IF($B$1=2005,'05 Own Source Rev - S&L'!C36,0)+IF($B$1=2004,'04 Own Source Rev - S&L'!C36,0)","v":0},{"$f":"IF($B$1=2018,'18 Own Source Rev - S&L'!D36,0)+IF($B$1=2017,'17 Own Source Rev - S&L'!D36,0)+IF($B$1=2016,'16 Own Source Rev - S&L'!D36,0)+IF($B$1=2015,'15 Own Source Rev - S&L'!D36,0)+IF($B$1=2014,'14 Own Source Rev - S&L'!D36,0)+IF($B$1=2013,'13 Own Source Rev - S&L'!D36,0)+IF($B$1=2012,'12 Own Source Rev - S&L'!D36,0)+IF($B$1=2011,'11 Own Source Rev - S&L'!D36,0)+IF($B$1=2010,'10 Own Source Rev - S&L'!D36,0)+IF($B$1=2009,'09 Own Source Rev - S&L'!D36,0)+IF($B$1=2008,'08 Own Source Rev - S&L'!D36,0)+IF($B$1=2007,'07 Own Source Rev - S&L'!D36,0)+IF($B$1=2006,'06 Own Source Rev - S&L'!D36,0)+IF($B$1=2005,'05 Own Source Rev - S&L'!D36,0)+IF($B$1=2004,'04 Own Source Rev - S&L'!D36,0)","v":0},{"$f":"IF($B$1=2018,'18 Own Source Rev - S&L'!E36,0)+IF($B$1=2017,'17 Own Source Rev - S&L'!E36,0)+IF($B$1=2016,'16 Own Source Rev - S&L'!E36,0)+IF($B$1=2015,'15 Own Source Rev - S&L'!E36,0)+IF($B$1=2014,'14 Own Source Rev - S&L'!E36,0)+IF($B$1=2013,'13 Own Source Rev - S&L'!E36,0)+IF($B$1=2012,'12 Own Source Rev - S&L'!E36,0)+IF($B$1=2011,'11 Own Source Rev - S&L'!E36,0)+IF($B$1=2010,'10 Own Source Rev - S&L'!E36,0)+IF($B$1=2009,'09 Own Source Rev - S&L'!E36,0)+IF($B$1=2008,'08 Own Source Rev - S&L'!E36,0)+IF($B$1=2007,'07 Own Source Rev - S&L'!E36,0)+IF($B$1=2006,'06 Own Source Rev - S&L'!E36,0)+IF($B$1=2005,'05 Own Source Rev - S&L'!E36,0)+IF($B$1=2004,'04 Own Source Rev - S&L'!E36,0)","v":0},{"$f":"IF($B$1=2018,'18 Own Source Rev - S&L'!F36,0)+IF($B$1=2017,'17 Own Source Rev - S&L'!F36,0)+IF($B$1=2016,'16 Own Source Rev - S&L'!F36,0)+IF($B$1=2015,'15 Own Source Rev - S&L'!F36,0)+IF($B$1=2014,'14 Own Source Rev - S&L'!F36,0)+IF($B$1=2013,'13 Own Source Rev - S&L'!F36,0)+IF($B$1=2012,'12 Own Source Rev - S&L'!F36,0)+IF($B$1=2011,'11 Own Source Rev - S&L'!F36,0)+IF($B$1=2010,'10 Own Source Rev - S&L'!F36,0)+IF($B$1=2009,'09 Own Source Rev - S&L'!F36,0)+IF($B$1=2008,'08 Own Source Rev - S&L'!F36,0)+IF($B$1=2007,'07 Own Source Rev - S&L'!F36,0)+IF($B$1=2006,'06 Own Source Rev - S&L'!F36,0)+IF($B$1=2005,'05 Own Source Rev - S&L'!F36,0)+IF($B$1=2004,'04 Own Source Rev - S&L'!F36,0)","v":0}]
[null,"New Jersey",{"$f":"IF($B$1=2018,'18 Own Source Rev - S&L'!C37,0)+IF($B$1=2017,'17 Own Source Rev - S&L'!C37,0)+IF($B$1=2016,'16 Own Source Rev - S&L'!C37,0)+IF($B$1=2015,'15 Own Source Rev - S&L'!C37,0)+IF($B$1=2014,'14 Own Source Rev - S&L'!C37,0)+IF($B$1=2013,'13 Own Source Rev - S&L'!C37,0)+IF($B$1=2012,'12 Own Source Rev - S&L'!C37,0)+IF($B$1=2011,'11 Own Source Rev - S&L'!C37,0)+IF($B$1=2010,'10 Own Source Rev - S&L'!C37,0)+IF($B$1=2009,'09 Own Source Rev - S&L'!C37,0)+IF($B$1=2008,'08 Own Source Rev - S&L'!C37,0)+IF($B$1=2007,'07 Own Source Rev - S&L'!C37,0)+IF($B$1=2006,'06 Own Source Rev - S&L'!C37,0)+IF($B$1=2005,'05 Own Source Rev - S&L'!C37,0)+IF($B$1=2004,'04 Own Source Rev - S&L'!C37,0)","v":0},{"$f":"IF($B$1=2018,'18 Own Source Rev - S&L'!D37,0)+IF($B$1=2017,'17 Own Source Rev - S&L'!D37,0)+IF($B$1=2016,'16 Own Source Rev - S&L'!D37,0)+IF($B$1=2015,'15 Own Source Rev - S&L'!D37,0)+IF($B$1=2014,'14 Own Source Rev - S&L'!D37,0)+IF($B$1=2013,'13 Own Source Rev - S&L'!D37,0)+IF($B$1=2012,'12 Own Source Rev - S&L'!D37,0)+IF($B$1=2011,'11 Own Source Rev - S&L'!D37,0)+IF($B$1=2010,'10 Own Source Rev - S&L'!D37,0)+IF($B$1=2009,'09 Own Source Rev - S&L'!D37,0)+IF($B$1=2008,'08 Own Source Rev - S&L'!D37,0)+IF($B$1=2007,'07 Own Source Rev - S&L'!D37,0)+IF($B$1=2006,'06 Own Source Rev - S&L'!D37,0)+IF($B$1=2005,'05 Own Source Rev - S&L'!D37,0)+IF($B$1=2004,'04 Own Source Rev - S&L'!D37,0)","v":0},{"$f":"IF($B$1=2018,'18 Own Source Rev - S&L'!E37,0)+IF($B$1=2017,'17 Own Source Rev - S&L'!E37,0)+IF($B$1=2016,'16 Own Source Rev - S&L'!E37,0)+IF($B$1=2015,'15 Own Source Rev - S&L'!E37,0)+IF($B$1=2014,'14 Own Source Rev - S&L'!E37,0)+IF($B$1=2013,'13 Own Source Rev - S&L'!E37,0)+IF($B$1=2012,'12 Own Source Rev - S&L'!E37,0)+IF($B$1=2011,'11 Own Source Rev - S&L'!E37,0)+IF($B$1=2010,'10 Own Source Rev - S&L'!E37,0)+IF($B$1=2009,'09 Own Source Rev - S&L'!E37,0)+IF($B$1=2008,'08 Own Source Rev - S&L'!E37,0)+IF($B$1=2007,'07 Own Source Rev - S&L'!E37,0)+IF($B$1=2006,'06 Own Source Rev - S&L'!E37,0)+IF($B$1=2005,'05 Own Source Rev - S&L'!E37,0)+IF($B$1=2004,'04 Own Source Rev - S&L'!E37,0)","v":0},{"$f":"IF($B$1=2018,'18 Own Source Rev - S&L'!F37,0)+IF($B$1=2017,'17 Own Source Rev - S&L'!F37,0)+IF($B$1=2016,'16 Own Source Rev - S&L'!F37,0)+IF($B$1=2015,'15 Own Source Rev - S&L'!F37,0)+IF($B$1=2014,'14 Own Source Rev - S&L'!F37,0)+IF($B$1=2013,'13 Own Source Rev - S&L'!F37,0)+IF($B$1=2012,'12 Own Source Rev - S&L'!F37,0)+IF($B$1=2011,'11 Own Source Rev - S&L'!F37,0)+IF($B$1=2010,'10 Own Source Rev - S&L'!F37,0)+IF($B$1=2009,'09 Own Source Rev - S&L'!F37,0)+IF($B$1=2008,'08 Own Source Rev - S&L'!F37,0)+IF($B$1=2007,'07 Own Source Rev - S&L'!F37,0)+IF($B$1=2006,'06 Own Source Rev - S&L'!F37,0)+IF($B$1=2005,'05 Own Source Rev - S&L'!F37,0)+IF($B$1=2004,'04 Own Source Rev - S&L'!F37,0)","v":0}]
[null,"New Mexico",{"$f":"IF($B$1=2018,'18 Own Source Rev - S&L'!C38,0)+IF($B$1=2017,'17 Own Source Rev - S&L'!C38,0)+IF($B$1=2016,'16 Own Source Rev - S&L'!C38,0)+IF($B$1=2015,'15 Own Source Rev - S&L'!C38,0)+IF($B$1=2014,'14 Own Source Rev - S&L'!C38,0)+IF($B$1=2013,'13 Own Source Rev - S&L'!C38,0)+IF($B$1=2012,'12 Own Source Rev - S&L'!C38,0)+IF($B$1=2011,'11 Own Source Rev - S&L'!C38,0)+IF($B$1=2010,'10 Own Source Rev - S&L'!C38,0)+IF($B$1=2009,'09 Own Source Rev - S&L'!C38,0)+IF($B$1=2008,'08 Own Source Rev - S&L'!C38,0)+IF($B$1=2007,'07 Own Source Rev - S&L'!C38,0)+IF($B$1=2006,'06 Own Source Rev - S&L'!C38,0)+IF($B$1=2005,'05 Own Source Rev - S&L'!C38,0)+IF($B$1=2004,'04 Own Source Rev - S&L'!C38,0)","v":0},{"$f":"IF($B$1=2018,'18 Own Source Rev - S&L'!D38,0)+IF($B$1=2017,'17 Own Source Rev - S&L'!D38,0)+IF($B$1=2016,'16 Own Source Rev - S&L'!D38,0)+IF($B$1=2015,'15 Own Source Rev - S&L'!D38,0)+IF($B$1=2014,'14 Own Source Rev - S&L'!D38,0)+IF($B$1=2013,'13 Own Source Rev - S&L'!D38,0)+IF($B$1=2012,'12 Own Source Rev - S&L'!D38,0)+IF($B$1=2011,'11 Own Source Rev - S&L'!D38,0)+IF($B$1=2010,'10 Own Source Rev - S&L'!D38,0)+IF($B$1=2009,'09 Own Source Rev - S&L'!D38,0)+IF($B$1=2008,'08 Own Source Rev - S&L'!D38,0)+IF($B$1=2007,'07 Own Source Rev - S&L'!D38,0)+IF($B$1=2006,'06 Own Source Rev - S&L'!D38,0)+IF($B$1=2005,'05 Own Source Rev - S&L'!D38,0)+IF($B$1=2004,'04 Own Source Rev - S&L'!D38,0)","v":0},{"$f":"IF($B$1=2018,'18 Own Source Rev - S&L'!E38,0)+IF($B$1=2017,'17 Own Source Rev - S&L'!E38,0)+IF($B$1=2016,'16 Own Source Rev - S&L'!E38,0)+IF($B$1=2015,'15 Own Source Rev - S&L'!E38,0)+IF($B$1=2014,'14 Own Source Rev - S&L'!E38,0)+IF($B$1=2013,'13 Own Source Rev - S&L'!E38,0)+IF($B$1=2012,'12 Own Source Rev - S&L'!E38,0)+IF($B$1=2011,'11 Own Source Rev - S&L'!E38,0)+IF($B$1=2010,'10 Own Source Rev - S&L'!E38,0)+IF($B$1=2009,'09 Own Source Rev - S&L'!E38,0)+IF($B$1=2008,'08 Own Source Rev - S&L'!E38,0)+IF($B$1=2007,'07 Own Source Rev - S&L'!E38,0)+IF($B$1=2006,'06 Own Source Rev - S&L'!E38,0)+IF($B$1=2005,'05 Own Source Rev - S&L'!E38,0)+IF($B$1=2004,'04 Own Source Rev - S&L'!E38,0)","v":0},{"$f":"IF($B$1=2018,'18 Own Source Rev - S&L'!F38,0)+IF($B$1=2017,'17 Own Source Rev - S&L'!F38,0)+IF($B$1=2016,'16 Own Source Rev - S&L'!F38,0)+IF($B$1=2015,'15 Own Source Rev - S&L'!F38,0)+IF($B$1=2014,'14 Own Source Rev - S&L'!F38,0)+IF($B$1=2013,'13 Own Source Rev - S&L'!F38,0)+IF($B$1=2012,'12 Own Source Rev - S&L'!F38,0)+IF($B$1=2011,'11 Own Source Rev - S&L'!F38,0)+IF($B$1=2010,'10 Own Source Rev - S&L'!F38,0)+IF($B$1=2009,'09 Own Source Rev - S&L'!F38,0)+IF($B$1=2008,'08 Own Source Rev - S&L'!F38,0)+IF($B$1=2007,'07 Own Source Rev - S&L'!F38,0)+IF($B$1=2006,'06 Own Source Rev - S&L'!F38,0)+IF($B$1=2005,'05 Own Source Rev - S&L'!F38,0)+IF($B$1=2004,'04 Own Source Rev - S&L'!F38,0)","v":0}]
[null,"New York",{"$f":"IF($B$1=2018,'18 Own Source Rev - S&L'!C39,0)+IF($B$1=2017,'17 Own Source Rev - S&L'!C39,0)+IF($B$1=2016,'16 Own Source Rev - S&L'!C39,0)+IF($B$1=2015,'15 Own Source Rev - S&L'!C39,0)+IF($B$1=2014,'14 Own Source Rev - S&L'!C39,0)+IF($B$1=2013,'13 Own Source Rev - S&L'!C39,0)+IF($B$1=2012,'12 Own Source Rev - S&L'!C39,0)+IF($B$1=2011,'11 Own Source Rev - S&L'!C39,0)+IF($B$1=2010,'10 Own Source Rev - S&L'!C39,0)+IF($B$1=2009,'09 Own Source Rev - S&L'!C39,0)+IF($B$1=2008,'08 Own Source Rev - S&L'!C39,0)+IF($B$1=2007,'07 Own Source Rev - S&L'!C39,0)+IF($B$1=2006,'06 Own Source Rev - S&L'!C39,0)+IF($B$1=2005,'05 Own Source Rev - S&L'!C39,0)+IF($B$1=2004,'04 Own Source Rev - S&L'!C39,0)","v":0},{"$f":"IF($B$1=2018,'18 Own Source Rev - S&L'!D39,0)+IF($B$1=2017,'17 Own Source Rev - S&L'!D39,0)+IF($B$1=2016,'16 Own Source Rev - S&L'!D39,0)+IF($B$1=2015,'15 Own Source Rev - S&L'!D39,0)+IF($B$1=2014,'14 Own Source Rev - S&L'!D39,0)+IF($B$1=2013,'13 Own Source Rev - S&L'!D39,0)+IF($B$1=2012,'12 Own Source Rev - S&L'!D39,0)+IF($B$1=2011,'11 Own Source Rev - S&L'!D39,0)+IF($B$1=2010,'10 Own Source Rev - S&L'!D39,0)+IF($B$1=2009,'09 Own Source Rev - S&L'!D39,0)+IF($B$1=2008,'08 Own Source Rev - S&L'!D39,0)+IF($B$1=2007,'07 Own Source Rev - S&L'!D39,0)+IF($B$1=2006,'06 Own Source Rev - S&L'!D39,0)+IF($B$1=2005,'05 Own Source Rev - S&L'!D39,0)+IF($B$1=2004,'04 Own Source Rev - S&L'!D39,0)","v":0},{"$f":"IF($B$1=2018,'18 Own Source Rev - S&L'!E39,0)+IF($B$1=2017,'17 Own Source Rev - S&L'!E39,0)+IF($B$1=2016,'16 Own Source Rev - S&L'!E39,0)+IF($B$1=2015,'15 Own Source Rev - S&L'!E39,0)+IF($B$1=2014,'14 Own Source Rev - S&L'!E39,0)+IF($B$1=2013,'13 Own Source Rev - S&L'!E39,0)+IF($B$1=2012,'12 Own Source Rev - S&L'!E39,0)+IF($B$1=2011,'11 Own Source Rev - S&L'!E39,0)+IF($B$1=2010,'10 Own Source Rev - S&L'!E39,0)+IF($B$1=2009,'09 Own Source Rev - S&L'!E39,0)+IF($B$1=2008,'08 Own Source Rev - S&L'!E39,0)+IF($B$1=2007,'07 Own Source Rev - S&L'!E39,0)+IF($B$1=2006,'06 Own Source Rev - S&L'!E39,0)+IF($B$1=2005,'05 Own Source Rev - S&L'!E39,0)+IF($B$1=2004,'04 Own Source Rev - S&L'!E39,0)","v":0},{"$f":"IF($B$1=2018,'18 Own Source Rev - S&L'!F39,0)+IF($B$1=2017,'17 Own Source Rev - S&L'!F39,0)+IF($B$1=2016,'16 Own Source Rev - S&L'!F39,0)+IF($B$1=2015,'15 Own Source Rev - S&L'!F39,0)+IF($B$1=2014,'14 Own Source Rev - S&L'!F39,0)+IF($B$1=2013,'13 Own Source Rev - S&L'!F39,0)+IF($B$1=2012,'12 Own Source Rev - S&L'!F39,0)+IF($B$1=2011,'11 Own Source Rev - S&L'!F39,0)+IF($B$1=2010,'10 Own Source Rev - S&L'!F39,0)+IF($B$1=2009,'09 Own Source Rev - S&L'!F39,0)+IF($B$1=2008,'08 Own Source Rev - S&L'!F39,0)+IF($B$1=2007,'07 Own Source Rev - S&L'!F39,0)+IF($B$1=2006,'06 Own Source Rev - S&L'!F39,0)+IF($B$1=2005,'05 Own Source Rev - S&L'!F39,0)+IF($B$1=2004,'04 Own Source Rev - S&L'!F39,0)","v":0}]
[null,"North Carolina",{"$f":"IF($B$1=2018,'18 Own Source Rev - S&L'!C40,0)+IF($B$1=2017,'17 Own Source Rev - S&L'!C40,0)+IF($B$1=2016,'16 Own Source Rev - S&L'!C40,0)+IF($B$1=2015,'15 Own Source Rev - S&L'!C40,0)+IF($B$1=2014,'14 Own Source Rev - S&L'!C40,0)+IF($B$1=2013,'13 Own Source Rev - S&L'!C40,0)+IF($B$1=2012,'12 Own Source Rev - S&L'!C40,0)+IF($B$1=2011,'11 Own Source Rev - S&L'!C40,0)+IF($B$1=2010,'10 Own Source Rev - S&L'!C40,0)+IF($B$1=2009,'09 Own Source Rev - S&L'!C40,0)+IF($B$1=2008,'08 Own Source Rev - S&L'!C40,0)+IF($B$1=2007,'07 Own Source Rev - S&L'!C40,0)+IF($B$1=2006,'06 Own Source Rev - S&L'!C40,0)+IF($B$1=2005,'05 Own Source Rev - S&L'!C40,0)+IF($B$1=2004,'04 Own Source Rev - S&L'!C40,0)","v":0},{"$f":"IF($B$1=2018,'18 Own Source Rev - S&L'!D40,0)+IF($B$1=2017,'17 Own Source Rev - S&L'!D40,0)+IF($B$1=2016,'16 Own Source Rev - S&L'!D40,0)+IF($B$1=2015,'15 Own Source Rev - S&L'!D40,0)+IF($B$1=2014,'14 Own Source Rev - S&L'!D40,0)+IF($B$1=2013,'13 Own Source Rev - S&L'!D40,0)+IF($B$1=2012,'12 Own Source Rev - S&L'!D40,0)+IF($B$1=2011,'11 Own Source Rev - S&L'!D40,0)+IF($B$1=2010,'10 Own Source Rev - S&L'!D40,0)+IF($B$1=2009,'09 Own Source Rev - S&L'!D40,0)+IF($B$1=2008,'08 Own Source Rev - S&L'!D40,0)+IF($B$1=2007,'07 Own Source Rev - S&L'!D40,0)+IF($B$1=2006,'06 Own Source Rev - S&L'!D40,0)+IF($B$1=2005,'05 Own Source Rev - S&L'!D40,0)+IF($B$1=2004,'04 Own Source Rev - S&L'!D40,0)","v":0},{"$f":"IF($B$1=2018,'18 Own Source Rev - S&L'!E40,0)+IF($B$1=2017,'17 Own Source Rev - S&L'!E40,0)+IF($B$1=2016,'16 Own Source Rev - S&L'!E40,0)+IF($B$1=2015,'15 Own Source Rev - S&L'!E40,0)+IF($B$1=2014,'14 Own Source Rev - S&L'!E40,0)+IF($B$1=2013,'13 Own Source Rev - S&L'!E40,0)+IF($B$1=2012,'12 Own Source Rev - S&L'!E40,0)+IF($B$1=2011,'11 Own Source Rev - S&L'!E40,0)+IF($B$1=2010,'10 Own Source Rev - S&L'!E40,0)+IF($B$1=2009,'09 Own Source Rev - S&L'!E40,0)+IF($B$1=2008,'08 Own Source Rev - S&L'!E40,0)+IF($B$1=2007,'07 Own Source Rev - S&L'!E40,0)+IF($B$1=2006,'06 Own Source Rev - S&L'!E40,0)+IF($B$1=2005,'05 Own Source Rev - S&L'!E40,0)+IF($B$1=2004,'04 Own Source Rev - S&L'!E40,0)","v":0},{"$f":"IF($B$1=2018,'18 Own Source Rev - S&L'!F40,0)+IF($B$1=2017,'17 Own Source Rev - S&L'!F40,0)+IF($B$1=2016,'16 Own Source Rev - S&L'!F40,0)+IF($B$1=2015,'15 Own Source Rev - S&L'!F40,0)+IF($B$1=2014,'14 Own Source Rev - S&L'!F40,0)+IF($B$1=2013,'13 Own Source Rev - S&L'!F40,0)+IF($B$1=2012,'12 Own Source Rev - S&L'!F40,0)+IF($B$1=2011,'11 Own Source Rev - S&L'!F40,0)+IF($B$1=2010,'10 Own Source Rev - S&L'!F40,0)+IF($B$1=2009,'09 Own Source Rev - S&L'!F40,0)+IF($B$1=2008,'08 Own Source Rev - S&L'!F40,0)+IF($B$1=2007,'07 Own Source Rev - S&L'!F40,0)+IF($B$1=2006,'06 Own Source Rev - S&L'!F40,0)+IF($B$1=2005,'05 Own Source Rev - S&L'!F40,0)+IF($B$1=2004,'04 Own Source Rev - S&L'!F40,0)","v":0}]
[null,"North Dakota",{"$f":"IF($B$1=2018,'18 Own Source Rev - S&L'!C41,0)+IF($B$1=2017,'17 Own Source Rev - S&L'!C41,0)+IF($B$1=2016,'16 Own Source Rev - S&L'!C41,0)+IF($B$1=2015,'15 Own Source Rev - S&L'!C41,0)+IF($B$1=2014,'14 Own Source Rev - S&L'!C41,0)+IF($B$1=2013,'13 Own Source Rev - S&L'!C41,0)+IF($B$1=2012,'12 Own Source Rev - S&L'!C41,0)+IF($B$1=2011,'11 Own Source Rev - S&L'!C41,0)+IF($B$1=2010,'10 Own Source Rev - S&L'!C41,0)+IF($B$1=2009,'09 Own Source Rev - S&L'!C41,0)+IF($B$1=2008,'08 Own Source Rev - S&L'!C41,0)+IF($B$1=2007,'07 Own Source Rev - S&L'!C41,0)+IF($B$1=2006,'06 Own Source Rev - S&L'!C41,0)+IF($B$1=2005,'05 Own Source Rev - S&L'!C41,0)+IF($B$1=2004,'04 Own Source Rev - S&L'!C41,0)","v":0},{"$f":"IF($B$1=2018,'18 Own Source Rev - S&L'!D41,0)+IF($B$1=2017,'17 Own Source Rev - S&L'!D41,0)+IF($B$1=2016,'16 Own Source Rev - S&L'!D41,0)+IF($B$1=2015,'15 Own Source Rev - S&L'!D41,0)+IF($B$1=2014,'14 Own Source Rev - S&L'!D41,0)+IF($B$1=2013,'13 Own Source Rev - S&L'!D41,0)+IF($B$1=2012,'12 Own Source Rev - S&L'!D41,0)+IF($B$1=2011,'11 Own Source Rev - S&L'!D41,0)+IF($B$1=2010,'10 Own Source Rev - S&L'!D41,0)+IF($B$1=2009,'09 Own Source Rev - S&L'!D41,0)+IF($B$1=2008,'08 Own Source Rev - S&L'!D41,0)+IF($B$1=2007,'07 Own Source Rev - S&L'!D41,0)+IF($B$1=2006,'06 Own Source Rev - S&L'!D41,0)+IF($B$1=2005,'05 Own Source Rev - S&L'!D41,0)+IF($B$1=2004,'04 Own Source Rev - S&L'!D41,0)","v":0},{"$f":"IF($B$1=2018,'18 Own Source Rev - S&L'!E41,0)+IF($B$1=2017,'17 Own Source Rev - S&L'!E41,0)+IF($B$1=2016,'16 Own Source Rev - S&L'!E41,0)+IF($B$1=2015,'15 Own Source Rev - S&L'!E41,0)+IF($B$1=2014,'14 Own Source Rev - S&L'!E41,0)+IF($B$1=2013,'13 Own Source Rev - S&L'!E41,0)+IF($B$1=2012,'12 Own Source Rev - S&L'!E41,0)+IF($B$1=2011,'11 Own Source Rev - S&L'!E41,0)+IF($B$1=2010,'10 Own Source Rev - S&L'!E41,0)+IF($B$1=2009,'09 Own Source Rev - S&L'!E41,0)+IF($B$1=2008,'08 Own Source Rev - S&L'!E41,0)+IF($B$1=2007,'07 Own Source Rev - S&L'!E41,0)+IF($B$1=2006,'06 Own Source Rev - S&L'!E41,0)+IF($B$1=2005,'05 Own Source Rev - S&L'!E41,0)+IF($B$1=2004,'04 Own Source Rev - S&L'!E41,0)","v":0},{"$f":"IF($B$1=2018,'18 Own Source Rev - S&L'!F41,0)+IF($B$1=2017,'17 Own Source Rev - S&L'!F41,0)+IF($B$1=2016,'16 Own Source Rev - S&L'!F41,0)+IF($B$1=2015,'15 Own Source Rev - S&L'!F41,0)+IF($B$1=2014,'14 Own Source Rev - S&L'!F41,0)+IF($B$1=2013,'13 Own Source Rev - S&L'!F41,0)+IF($B$1=2012,'12 Own Source Rev - S&L'!F41,0)+IF($B$1=2011,'11 Own Source Rev - S&L'!F41,0)+IF($B$1=2010,'10 Own Source Rev - S&L'!F41,0)+IF($B$1=2009,'09 Own Source Rev - S&L'!F41,0)+IF($B$1=2008,'08 Own Source Rev - S&L'!F41,0)+IF($B$1=2007,'07 Own Source Rev - S&L'!F41,0)+IF($B$1=2006,'06 Own Source Rev - S&L'!F41,0)+IF($B$1=2005,'05 Own Source Rev - S&L'!F41,0)+IF($B$1=2004,'04 Own Source Rev - S&L'!F41,0)","v":0}]
[null,"Ohio",{"$f":"IF($B$1=2018,'18 Own Source Rev - S&L'!C42,0)+IF($B$1=2017,'17 Own Source Rev - S&L'!C42,0)+IF($B$1=2016,'16 Own Source Rev - S&L'!C42,0)+IF($B$1=2015,'15 Own Source Rev - S&L'!C42,0)+IF($B$1=2014,'14 Own Source Rev - S&L'!C42,0)+IF($B$1=2013,'13 Own Source Rev - S&L'!C42,0)+IF($B$1=2012,'12 Own Source Rev - S&L'!C42,0)+IF($B$1=2011,'11 Own Source Rev - S&L'!C42,0)+IF($B$1=2010,'10 Own Source Rev - S&L'!C42,0)+IF($B$1=2009,'09 Own Source Rev - S&L'!C42,0)+IF($B$1=2008,'08 Own Source Rev - S&L'!C42,0)+IF($B$1=2007,'07 Own Source Rev - S&L'!C42,0)+IF($B$1=2006,'06 Own Source Rev - S&L'!C42,0)+IF($B$1=2005,'05 Own Source Rev - S&L'!C42,0)+IF($B$1=2004,'04 Own Source Rev - S&L'!C42,0)","v":0},{"$f":"IF($B$1=2018,'18 Own Source Rev - S&L'!D42,0)+IF($B$1=2017,'17 Own Source Rev - S&L'!D42,0)+IF($B$1=2016,'16 Own Source Rev - S&L'!D42,0)+IF($B$1=2015,'15 Own Source Rev - S&L'!D42,0)+IF($B$1=2014,'14 Own Source Rev - S&L'!D42,0)+IF($B$1=2013,'13 Own Source Rev - S&L'!D42,0)+IF($B$1=2012,'12 Own Source Rev - S&L'!D42,0)+IF($B$1=2011,'11 Own Source Rev - S&L'!D42,0)+IF($B$1=2010,'10 Own Source Rev - S&L'!D42,0)+IF($B$1=2009,'09 Own Source Rev - S&L'!D42,0)+IF($B$1=2008,'08 Own Source Rev - S&L'!D42,0)+IF($B$1=2007,'07 Own Source Rev - S&L'!D42,0)+IF($B$1=2006,'06 Own Source Rev - S&L'!D42,0)+IF($B$1=2005,'05 Own Source Rev - S&L'!D42,0)+IF($B$1=2004,'04 Own Source Rev - S&L'!D42,0)","v":0},{"$f":"IF($B$1=2018,'18 Own Source Rev - S&L'!E42,0)+IF($B$1=2017,'17 Own Source Rev - S&L'!E42,0)+IF($B$1=2016,'16 Own Source Rev - S&L'!E42,0)+IF($B$1=2015,'15 Own Source Rev - S&L'!E42,0)+IF($B$1=2014,'14 Own Source Rev - S&L'!E42,0)+IF($B$1=2013,'13 Own Source Rev - S&L'!E42,0)+IF($B$1=2012,'12 Own Source Rev - S&L'!E42,0)+IF($B$1=2011,'11 Own Source Rev - S&L'!E42,0)+IF($B$1=2010,'10 Own Source Rev - S&L'!E42,0)+IF($B$1=2009,'09 Own Source Rev - S&L'!E42,0)+IF($B$1=2008,'08 Own Source Rev - S&L'!E42,0)+IF($B$1=2007,'07 Own Source Rev - S&L'!E42,0)+IF($B$1=2006,'06 Own Source Rev - S&L'!E42,0)+IF($B$1=2005,'05 Own Source Rev - S&L'!E42,0)+IF($B$1=2004,'04 Own Source Rev - S&L'!E42,0)","v":0},{"$f":"IF($B$1=2018,'18 Own Source Rev - S&L'!F42,0)+IF($B$1=2017,'17 Own Source Rev - S&L'!F42,0)+IF($B$1=2016,'16 Own Source Rev - S&L'!F42,0)+IF($B$1=2015,'15 Own Source Rev - S&L'!F42,0)+IF($B$1=2014,'14 Own Source Rev - S&L'!F42,0)+IF($B$1=2013,'13 Own Source Rev - S&L'!F42,0)+IF($B$1=2012,'12 Own Source Rev - S&L'!F42,0)+IF($B$1=2011,'11 Own Source Rev - S&L'!F42,0)+IF($B$1=2010,'10 Own Source Rev - S&L'!F42,0)+IF($B$1=2009,'09 Own Source Rev - S&L'!F42,0)+IF($B$1=2008,'08 Own Source Rev - S&L'!F42,0)+IF($B$1=2007,'07 Own Source Rev - S&L'!F42,0)+IF($B$1=2006,'06 Own Source Rev - S&L'!F42,0)+IF($B$1=2005,'05 Own Source Rev - S&L'!F42,0)+IF($B$1=2004,'04 Own Source Rev - S&L'!F42,0)","v":0}]
[null,"Oklahoma",{"$f":"IF($B$1=2018,'18 Own Source Rev - S&L'!C43,0)+IF($B$1=2017,'17 Own Source Rev - S&L'!C43,0)+IF($B$1=2016,'16 Own Source Rev - S&L'!C43,0)+IF($B$1=2015,'15 Own Source Rev - S&L'!C43,0)+IF($B$1=2014,'14 Own Source Rev - S&L'!C43,0)+IF($B$1=2013,'13 Own Source Rev - S&L'!C43,0)+IF($B$1=2012,'12 Own Source Rev - S&L'!C43,0)+IF($B$1=2011,'11 Own Source Rev - S&L'!C43,0)+IF($B$1=2010,'10 Own Source Rev - S&L'!C43,0)+IF($B$1=2009,'09 Own Source Rev - S&L'!C43,0)+IF($B$1=2008,'08 Own Source Rev - S&L'!C43,0)+IF($B$1=2007,'07 Own Source Rev - S&L'!C43,0)+IF($B$1=2006,'06 Own Source Rev - S&L'!C43,0)+IF($B$1=2005,'05 Own Source Rev - S&L'!C43,0)+IF($B$1=2004,'04 Own Source Rev - S&L'!C43,0)","v":0},{"$f":"IF($B$1=2018,'18 Own Source Rev - S&L'!D43,0)+IF($B$1=2017,'17 Own Source Rev - S&L'!D43,0)+IF($B$1=2016,'16 Own Source Rev - S&L'!D43,0)+IF($B$1=2015,'15 Own Source Rev - S&L'!D43,0)+IF($B$1=2014,'14 Own Source Rev - S&L'!D43,0)+IF($B$1=2013,'13 Own Source Rev - S&L'!D43,0)+IF($B$1=2012,'12 Own Source Rev - S&L'!D43,0)+IF($B$1=2011,'11 Own Source Rev - S&L'!D43,0)+IF($B$1=2010,'10 Own Source Rev - S&L'!D43,0)+IF($B$1=2009,'09 Own Source Rev - S&L'!D43,0)+IF($B$1=2008,'08 Own Source Rev - S&L'!D43,0)+IF($B$1=2007,'07 Own Source Rev - S&L'!D43,0)+IF($B$1=2006,'06 Own Source Rev - S&L'!D43,0)+IF($B$1=2005,'05 Own Source Rev - S&L'!D43,0)+IF($B$1=2004,'04 Own Source Rev - S&L'!D43,0)","v":0},{"$f":"IF($B$1=2018,'18 Own Source Rev - S&L'!E43,0)+IF($B$1=2017,'17 Own Source Rev - S&L'!E43,0)+IF($B$1=2016,'16 Own Source Rev - S&L'!E43,0)+IF($B$1=2015,'15 Own Source Rev - S&L'!E43,0)+IF($B$1=2014,'14 Own Source Rev - S&L'!E43,0)+IF($B$1=2013,'13 Own Source Rev - S&L'!E43,0)+IF($B$1=2012,'12 Own Source Rev - S&L'!E43,0)+IF($B$1=2011,'11 Own Source Rev - S&L'!E43,0)+IF($B$1=2010,'10 Own Source Rev - S&L'!E43,0)+IF($B$1=2009,'09 Own Source Rev - S&L'!E43,0)+IF($B$1=2008,'08 Own Source Rev - S&L'!E43,0)+IF($B$1=2007,'07 Own Source Rev - S&L'!E43,0)+IF($B$1=2006,'06 Own Source Rev - S&L'!E43,0)+IF($B$1=2005,'05 Own Source Rev - S&L'!E43,0)+IF($B$1=2004,'04 Own Source Rev - S&L'!E43,0)","v":0},{"$f":"IF($B$1=2018,'18 Own Source Rev - S&L'!F43,0)+IF($B$1=2017,'17 Own Source Rev - S&L'!F43,0)+IF($B$1=2016,'16 Own Source Rev - S&L'!F43,0)+IF($B$1=2015,'15 Own Source Rev - S&L'!F43,0)+IF($B$1=2014,'14 Own Source Rev - S&L'!F43,0)+IF($B$1=2013,'13 Own Source Rev - S&L'!F43,0)+IF($B$1=2012,'12 Own Source Rev - S&L'!F43,0)+IF($B$1=2011,'11 Own Source Rev - S&L'!F43,0)+IF($B$1=2010,'10 Own Source Rev - S&L'!F43,0)+IF($B$1=2009,'09 Own Source Rev - S&L'!F43,0)+IF($B$1=2008,'08 Own Source Rev - S&L'!F43,0)+IF($B$1=2007,'07 Own Source Rev - S&L'!F43,0)+IF($B$1=2006,'06 Own Source Rev - S&L'!F43,0)+IF($B$1=2005,'05 Own Source Rev - S&L'!F43,0)+IF($B$1=2004,'04 Own Source Rev - S&L'!F43,0)","v":0}]
[null,"Oregon",{"$f":"IF($B$1=2018,'18 Own Source Rev - S&L'!C44,0)+IF($B$1=2017,'17 Own Source Rev - S&L'!C44,0)+IF($B$1=2016,'16 Own Source Rev - S&L'!C44,0)+IF($B$1=2015,'15 Own Source Rev - S&L'!C44,0)+IF($B$1=2014,'14 Own Source Rev - S&L'!C44,0)+IF($B$1=2013,'13 Own Source Rev - S&L'!C44,0)+IF($B$1=2012,'12 Own Source Rev - S&L'!C44,0)+IF($B$1=2011,'11 Own Source Rev - S&L'!C44,0)+IF($B$1=2010,'10 Own Source Rev - S&L'!C44,0)+IF($B$1=2009,'09 Own Source Rev - S&L'!C44,0)+IF($B$1=2008,'08 Own Source Rev - S&L'!C44,0)+IF($B$1=2007,'07 Own Source Rev - S&L'!C44,0)+IF($B$1=2006,'06 Own Source Rev - S&L'!C44,0)+IF($B$1=2005,'05 Own Source Rev - S&L'!C44,0)+IF($B$1=2004,'04 Own Source Rev - S&L'!C44,0)","v":0},{"$f":"IF($B$1=2018,'18 Own Source Rev - S&L'!D44,0)+IF($B$1=2017,'17 Own Source Rev - S&L'!D44,0)+IF($B$1=2016,'16 Own Source Rev - S&L'!D44,0)+IF($B$1=2015,'15 Own Source Rev - S&L'!D44,0)+IF($B$1=2014,'14 Own Source Rev - S&L'!D44,0)+IF($B$1=2013,'13 Own Source Rev - S&L'!D44,0)+IF($B$1=2012,'12 Own Source Rev - S&L'!D44,0)+IF($B$1=2011,'11 Own Source Rev - S&L'!D44,0)+IF($B$1=2010,'10 Own Source Rev - S&L'!D44,0)+IF($B$1=2009,'09 Own Source Rev - S&L'!D44,0)+IF($B$1=2008,'08 Own Source Rev - S&L'!D44,0)+IF($B$1=2007,'07 Own Source Rev - S&L'!D44,0)+IF($B$1=2006,'06 Own Source Rev - S&L'!D44,0)+IF($B$1=2005,'05 Own Source Rev - S&L'!D44,0)+IF($B$1=2004,'04 Own Source Rev - S&L'!D44,0)","v":0},{"$f":"IF($B$1=2018,'18 Own Source Rev - S&L'!E44,0)+IF($B$1=2017,'17 Own Source Rev - S&L'!E44,0)+IF($B$1=2016,'16 Own Source Rev - S&L'!E44,0)+IF($B$1=2015,'15 Own Source Rev - S&L'!E44,0)+IF($B$1=2014,'14 Own Source Rev - S&L'!E44,0)+IF($B$1=2013,'13 Own Source Rev - S&L'!E44,0)+IF($B$1=2012,'12 Own Source Rev - S&L'!E44,0)+IF($B$1=2011,'11 Own Source Rev - S&L'!E44,0)+IF($B$1=2010,'10 Own Source Rev - S&L'!E44,0)+IF($B$1=2009,'09 Own Source Rev - S&L'!E44,0)+IF($B$1=2008,'08 Own Source Rev - S&L'!E44,0)+IF($B$1=2007,'07 Own Source Rev - S&L'!E44,0)+IF($B$1=2006,'06 Own Source Rev - S&L'!E44,0)+IF($B$1=2005,'05 Own Source Rev - S&L'!E44,0)+IF($B$1=2004,'04 Own Source Rev - S&L'!E44,0)","v":0},{"$f":"IF($B$1=2018,'18 Own Source Rev - S&L'!F44,0)+IF($B$1=2017,'17 Own Source Rev - S&L'!F44,0)+IF($B$1=2016,'16 Own Source Rev - S&L'!F44,0)+IF($B$1=2015,'15 Own Source Rev - S&L'!F44,0)+IF($B$1=2014,'14 Own Source Rev - S&L'!F44,0)+IF($B$1=2013,'13 Own Source Rev - S&L'!F44,0)+IF($B$1=2012,'12 Own Source Rev - S&L'!F44,0)+IF($B$1=2011,'11 Own Source Rev - S&L'!F44,0)+IF($B$1=2010,'10 Own Source Rev - S&L'!F44,0)+IF($B$1=2009,'09 Own Source Rev - S&L'!F44,0)+IF($B$1=2008,'08 Own Source Rev - S&L'!F44,0)+IF($B$1=2007,'07 Own Source Rev - S&L'!F44,0)+IF($B$1=2006,'06 Own Source Rev - S&L'!F44,0)+IF($B$1=2005,'05 Own Source Rev - S&L'!F44,0)+IF($B$1=2004,'04 Own Source Rev - S&L'!F44,0)","v":0}]
[null,"Pennsylvania",{"$f":"IF($B$1=2018,'18 Own Source Rev - S&L'!C45,0)+IF($B$1=2017,'17 Own Source Rev - S&L'!C45,0)+IF($B$1=2016,'16 Own Source Rev - S&L'!C45,0)+IF($B$1=2015,'15 Own Source Rev - S&L'!C45,0)+IF($B$1=2014,'14 Own Source Rev - S&L'!C45,0)+IF($B$1=2013,'13 Own Source Rev - S&L'!C45,0)+IF($B$1=2012,'12 Own Source Rev - S&L'!C45,0)+IF($B$1=2011,'11 Own Source Rev - S&L'!C45,0)+IF($B$1=2010,'10 Own Source Rev - S&L'!C45,0)+IF($B$1=2009,'09 Own Source Rev - S&L'!C45,0)+IF($B$1=2008,'08 Own Source Rev - S&L'!C45,0)+IF($B$1=2007,'07 Own Source Rev - S&L'!C45,0)+IF($B$1=2006,'06 Own Source Rev - S&L'!C45,0)+IF($B$1=2005,'05 Own Source Rev - S&L'!C45,0)+IF($B$1=2004,'04 Own Source Rev - S&L'!C45,0)","v":0},{"$f":"IF($B$1=2018,'18 Own Source Rev - S&L'!D45,0)+IF($B$1=2017,'17 Own Source Rev - S&L'!D45,0)+IF($B$1=2016,'16 Own Source Rev - S&L'!D45,0)+IF($B$1=2015,'15 Own Source Rev - S&L'!D45,0)+IF($B$1=2014,'14 Own Source Rev - S&L'!D45,0)+IF($B$1=2013,'13 Own Source Rev - S&L'!D45,0)+IF($B$1=2012,'12 Own Source Rev - S&L'!D45,0)+IF($B$1=2011,'11 Own Source Rev - S&L'!D45,0)+IF($B$1=2010,'10 Own Source Rev - S&L'!D45,0)+IF($B$1=2009,'09 Own Source Rev - S&L'!D45,0)+IF($B$1=2008,'08 Own Source Rev - S&L'!D45,0)+IF($B$1=2007,'07 Own Source Rev - S&L'!D45,0)+IF($B$1=2006,'06 Own Source Rev - S&L'!D45,0)+IF($B$1=2005,'05 Own Source Rev - S&L'!D45,0)+IF($B$1=2004,'04 Own Source Rev - S&L'!D45,0)","v":0},{"$f":"IF($B$1=2018,'18 Own Source Rev - S&L'!E45,0)+IF($B$1=2017,'17 Own Source Rev - S&L'!E45,0)+IF($B$1=2016,'16 Own Source Rev - S&L'!E45,0)+IF($B$1=2015,'15 Own Source Rev - S&L'!E45,0)+IF($B$1=2014,'14 Own Source Rev - S&L'!E45,0)+IF($B$1=2013,'13 Own Source Rev - S&L'!E45,0)+IF($B$1=2012,'12 Own Source Rev - S&L'!E45,0)+IF($B$1=2011,'11 Own Source Rev - S&L'!E45,0)+IF($B$1=2010,'10 Own Source Rev - S&L'!E45,0)+IF($B$1=2009,'09 Own Source Rev - S&L'!E45,0)+IF($B$1=2008,'08 Own Source Rev - S&L'!E45,0)+IF($B$1=2007,'07 Own Source Rev - S&L'!E45,0)+IF($B$1=2006,'06 Own Source Rev - S&L'!E45,0)+IF($B$1=2005,'05 Own Source Rev - S&L'!E45,0)+IF($B$1=2004,'04 Own Source Rev - S&L'!E45,0)","v":0},{"$f":"IF($B$1=2018,'18 Own Source Rev - S&L'!F45,0)+IF($B$1=2017,'17 Own Source Rev - S&L'!F45,0)+IF($B$1=2016,'16 Own Source Rev - S&L'!F45,0)+IF($B$1=2015,'15 Own Source Rev - S&L'!F45,0)+IF($B$1=2014,'14 Own Source Rev - S&L'!F45,0)+IF($B$1=2013,'13 Own Source Rev - S&L'!F45,0)+IF($B$1=2012,'12 Own Source Rev - S&L'!F45,0)+IF($B$1=2011,'11 Own Source Rev - S&L'!F45,0)+IF($B$1=2010,'10 Own Source Rev - S&L'!F45,0)+IF($B$1=2009,'09 Own Source Rev - S&L'!F45,0)+IF($B$1=2008,'08 Own Source Rev - S&L'!F45,0)+IF($B$1=2007,'07 Own Source Rev - S&L'!F45,0)+IF($B$1=2006,'06 Own Source Rev - S&L'!F45,0)+IF($B$1=2005,'05 Own Source Rev - S&L'!F45,0)+IF($B$1=2004,'04 Own Source Rev - S&L'!F45,0)","v":0}]
[null,"Rhode Island",{"$f":"IF($B$1=2018,'18 Own Source Rev - S&L'!C46,0)+IF($B$1=2017,'17 Own Source Rev - S&L'!C46,0)+IF($B$1=2016,'16 Own Source Rev - S&L'!C46,0)+IF($B$1=2015,'15 Own Source Rev - S&L'!C46,0)+IF($B$1=2014,'14 Own Source Rev - S&L'!C46,0)+IF($B$1=2013,'13 Own Source Rev - S&L'!C46,0)+IF($B$1=2012,'12 Own Source Rev - S&L'!C46,0)+IF($B$1=2011,'11 Own Source Rev - S&L'!C46,0)+IF($B$1=2010,'10 Own Source Rev - S&L'!C46,0)+IF($B$1=2009,'09 Own Source Rev - S&L'!C46,0)+IF($B$1=2008,'08 Own Source Rev - S&L'!C46,0)+IF($B$1=2007,'07 Own Source Rev - S&L'!C46,0)+IF($B$1=2006,'06 Own Source Rev - S&L'!C46,0)+IF($B$1=2005,'05 Own Source Rev - S&L'!C46,0)+IF($B$1=2004,'04 Own Source Rev - S&L'!C46,0)","v":0},{"$f":"IF($B$1=2018,'18 Own Source Rev - S&L'!D46,0)+IF($B$1=2017,'17 Own Source Rev - S&L'!D46,0)+IF($B$1=2016,'16 Own Source Rev - S&L'!D46,0)+IF($B$1=2015,'15 Own Source Rev - S&L'!D46,0)+IF($B$1=2014,'14 Own Source Rev - S&L'!D46,0)+IF($B$1=2013,'13 Own Source Rev - S&L'!D46,0)+IF($B$1=2012,'12 Own Source Rev - S&L'!D46,0)+IF($B$1=2011,'11 Own Source Rev - S&L'!D46,0)+IF($B$1=2010,'10 Own Source Rev - S&L'!D46,0)+IF($B$1=2009,'09 Own Source Rev - S&L'!D46,0)+IF($B$1=2008,'08 Own Source Rev - S&L'!D46,0)+IF($B$1=2007,'07 Own Source Rev - S&L'!D46,0)+IF($B$1=2006,'06 Own Source Rev - S&L'!D46,0)+IF($B$1=2005,'05 Own Source Rev - S&L'!D46,0)+IF($B$1=2004,'04 Own Source Rev - S&L'!D46,0)","v":0},{"$f":"IF($B$1=2018,'18 Own Source Rev - S&L'!E46,0)+IF($B$1=2017,'17 Own Source Rev - S&L'!E46,0)+IF($B$1=2016,'16 Own Source Rev - S&L'!E46,0)+IF($B$1=2015,'15 Own Source Rev - S&L'!E46,0)+IF($B$1=2014,'14 Own Source Rev - S&L'!E46,0)+IF($B$1=2013,'13 Own Source Rev - S&L'!E46,0)+IF($B$1=2012,'12 Own Source Rev - S&L'!E46,0)+IF($B$1=2011,'11 Own Source Rev - S&L'!E46,0)+IF($B$1=2010,'10 Own Source Rev - S&L'!E46,0)+IF($B$1=2009,'09 Own Source Rev - S&L'!E46,0)+IF($B$1=2008,'08 Own Source Rev - S&L'!E46,0)+IF($B$1=2007,'07 Own Source Rev - S&L'!E46,0)+IF($B$1=2006,'06 Own Source Rev - S&L'!E46,0)+IF($B$1=2005,'05 Own Source Rev - S&L'!E46,0)+IF($B$1=2004,'04 Own Source Rev - S&L'!E46,0)","v":0},{"$f":"IF($B$1=2018,'18 Own Source Rev - S&L'!F46,0)+IF($B$1=2017,'17 Own Source Rev - S&L'!F46,0)+IF($B$1=2016,'16 Own Source Rev - S&L'!F46,0)+IF($B$1=2015,'15 Own Source Rev - S&L'!F46,0)+IF($B$1=2014,'14 Own Source Rev - S&L'!F46,0)+IF($B$1=2013,'13 Own Source Rev - S&L'!F46,0)+IF($B$1=2012,'12 Own Source Rev - S&L'!F46,0)+IF($B$1=2011,'11 Own Source Rev - S&L'!F46,0)+IF($B$1=2010,'10 Own Source Rev - S&L'!F46,0)+IF($B$1=2009,'09 Own Source Rev - S&L'!F46,0)+IF($B$1=2008,'08 Own Source Rev - S&L'!F46,0)+IF($B$1=2007,'07 Own Source Rev - S&L'!F46,0)+IF($B$1=2006,'06 Own Source Rev - S&L'!F46,0)+IF($B$1=2005,'05 Own Source Rev - S&L'!F46,0)+IF($B$1=2004,'04 Own Source Rev - S&L'!F46,0)","v":0}]
[null,"South Carolina",{"$f":"IF($B$1=2018,'18 Own Source Rev - S&L'!C47,0)+IF($B$1=2017,'17 Own Source Rev - S&L'!C47,0)+IF($B$1=2016,'16 Own Source Rev - S&L'!C47,0)+IF($B$1=2015,'15 Own Source Rev - S&L'!C47,0)+IF($B$1=2014,'14 Own Source Rev - S&L'!C47,0)+IF($B$1=2013,'13 Own Source Rev - S&L'!C47,0)+IF($B$1=2012,'12 Own Source Rev - S&L'!C47,0)+IF($B$1=2011,'11 Own Source Rev - S&L'!C47,0)+IF($B$1=2010,'10 Own Source Rev - S&L'!C47,0)+IF($B$1=2009,'09 Own Source Rev - S&L'!C47,0)+IF($B$1=2008,'08 Own Source Rev - S&L'!C47,0)+IF($B$1=2007,'07 Own Source Rev - S&L'!C47,0)+IF($B$1=2006,'06 Own Source Rev - S&L'!C47,0)+IF($B$1=2005,'05 Own Source Rev - S&L'!C47,0)+IF($B$1=2004,'04 Own Source Rev - S&L'!C47,0)","v":0},{"$f":"IF($B$1=2018,'18 Own Source Rev - S&L'!D47,0)+IF($B$1=2017,'17 Own Source Rev - S&L'!D47,0)+IF($B$1=2016,'16 Own Source Rev - S&L'!D47,0)+IF($B$1=2015,'15 Own Source Rev - S&L'!D47,0)+IF($B$1=2014,'14 Own Source Rev - S&L'!D47,0)+IF($B$1=2013,'13 Own Source Rev - S&L'!D47,0)+IF($B$1=2012,'12 Own Source Rev - S&L'!D47,0)+IF($B$1=2011,'11 Own Source Rev - S&L'!D47,0)+IF($B$1=2010,'10 Own Source Rev - S&L'!D47,0)+IF($B$1=2009,'09 Own Source Rev - S&L'!D47,0)+IF($B$1=2008,'08 Own Source Rev - S&L'!D47,0)+IF($B$1=2007,'07 Own Source Rev - S&L'!D47,0)+IF($B$1=2006,'06 Own Source Rev - S&L'!D47,0)+IF($B$1=2005,'05 Own Source Rev - S&L'!D47,0)+IF($B$1=2004,'04 Own Source Rev - S&L'!D47,0)","v":0},{"$f":"IF($B$1=2018,'18 Own Source Rev - S&L'!E47,0)+IF($B$1=2017,'17 Own Source Rev - S&L'!E47,0)+IF($B$1=2016,'16 Own Source Rev - S&L'!E47,0)+IF($B$1=2015,'15 Own Source Rev - S&L'!E47,0)+IF($B$1=2014,'14 Own Source Rev - S&L'!E47,0)+IF($B$1=2013,'13 Own Source Rev - S&L'!E47,0)+IF($B$1=2012,'12 Own Source Rev - S&L'!E47,0)+IF($B$1=2011,'11 Own Source Rev - S&L'!E47,0)+IF($B$1=2010,'10 Own Source Rev - S&L'!E47,0)+IF($B$1=2009,'09 Own Source Rev - S&L'!E47,0)+IF($B$1=2008,'08 Own Source Rev - S&L'!E47,0)+IF($B$1=2007,'07 Own Source Rev - S&L'!E47,0)+IF($B$1=2006,'06 Own Source Rev - S&L'!E47,0)+IF($B$1=2005,'05 Own Source Rev - S&L'!E47,0)+IF($B$1=2004,'04 Own Source Rev - S&L'!E47,0)","v":0},{"$f":"IF($B$1=2018,'18 Own Source Rev - S&L'!F47,0)+IF($B$1=2017,'17 Own Source Rev - S&L'!F47,0)+IF($B$1=2016,'16 Own Source Rev - S&L'!F47,0)+IF($B$1=2015,'15 Own Source Rev - S&L'!F47,0)+IF($B$1=2014,'14 Own Source Rev - S&L'!F47,0)+IF($B$1=2013,'13 Own Source Rev - S&L'!F47,0)+IF($B$1=2012,'12 Own Source Rev - S&L'!F47,0)+IF($B$1=2011,'11 Own Source Rev - S&L'!F47,0)+IF($B$1=2010,'10 Own Source Rev - S&L'!F47,0)+IF($B$1=2009,'09 Own Source Rev - S&L'!F47,0)+IF($B$1=2008,'08 Own Source Rev - S&L'!F47,0)+IF($B$1=2007,'07 Own Source Rev - S&L'!F47,0)+IF($B$1=2006,'06 Own Source Rev - S&L'!F47,0)+IF($B$1=2005,'05 Own Source Rev - S&L'!F47,0)+IF($B$1=2004,'04 Own Source Rev - S&L'!F47,0)","v":0}]
[null,"South Dakota",{"$f":"IF($B$1=2018,'18 Own Source Rev - S&L'!C48,0)+IF($B$1=2017,'17 Own Source Rev - S&L'!C48,0)+IF($B$1=2016,'16 Own Source Rev - S&L'!C48,0)+IF($B$1=2015,'15 Own Source Rev - S&L'!C48,0)+IF($B$1=2014,'14 Own Source Rev - S&L'!C48,0)+IF($B$1=2013,'13 Own Source Rev - S&L'!C48,0)+IF($B$1=2012,'12 Own Source Rev - S&L'!C48,0)+IF($B$1=2011,'11 Own Source Rev - S&L'!C48,0)+IF($B$1=2010,'10 Own Source Rev - S&L'!C48,0)+IF($B$1=2009,'09 Own Source Rev - S&L'!C48,0)+IF($B$1=2008,'08 Own Source Rev - S&L'!C48,0)+IF($B$1=2007,'07 Own Source Rev - S&L'!C48,0)+IF($B$1=2006,'06 Own Source Rev - S&L'!C48,0)+IF($B$1=2005,'05 Own Source Rev - S&L'!C48,0)+IF($B$1=2004,'04 Own Source Rev - S&L'!C48,0)","v":0},{"$f":"IF($B$1=2018,'18 Own Source Rev - S&L'!D48,0)+IF($B$1=2017,'17 Own Source Rev - S&L'!D48,0)+IF($B$1=2016,'16 Own Source Rev - S&L'!D48,0)+IF($B$1=2015,'15 Own Source Rev - S&L'!D48,0)+IF($B$1=2014,'14 Own Source Rev - S&L'!D48,0)+IF($B$1=2013,'13 Own Source Rev - S&L'!D48,0)+IF($B$1=2012,'12 Own Source Rev - S&L'!D48,0)+IF($B$1=2011,'11 Own Source Rev - S&L'!D48,0)+IF($B$1=2010,'10 Own Source Rev - S&L'!D48,0)+IF($B$1=2009,'09 Own Source Rev - S&L'!D48,0)+IF($B$1=2008,'08 Own Source Rev - S&L'!D48,0)+IF($B$1=2007,'07 Own Source Rev - S&L'!D48,0)+IF($B$1=2006,'06 Own Source Rev - S&L'!D48,0)+IF($B$1=2005,'05 Own Source Rev - S&L'!D48,0)+IF($B$1=2004,'04 Own Source Rev - S&L'!D48,0)","v":0},{"$f":"IF($B$1=2018,'18 Own Source Rev - S&L'!E48,0)+IF($B$1=2017,'17 Own Source Rev - S&L'!E48,0)+IF($B$1=2016,'16 Own Source Rev - S&L'!E48,0)+IF($B$1=2015,'15 Own Source Rev - S&L'!E48,0)+IF($B$1=2014,'14 Own Source Rev - S&L'!E48,0)+IF($B$1=2013,'13 Own Source Rev - S&L'!E48,0)+IF($B$1=2012,'12 Own Source Rev - S&L'!E48,0)+IF($B$1=2011,'11 Own Source Rev - S&L'!E48,0)+IF($B$1=2010,'10 Own Source Rev - S&L'!E48,0)+IF($B$1=2009,'09 Own Source Rev - S&L'!E48,0)+IF($B$1=2008,'08 Own Source Rev - S&L'!E48,0)+IF($B$1=2007,'07 Own Source Rev - S&L'!E48,0)+IF($B$1=2006,'06 Own Source Rev - S&L'!E48,0)+IF($B$1=2005,'05 Own Source Rev - S&L'!E48,0)+IF($B$1=2004,'04 Own Source Rev - S&L'!E48,0)","v":0},{"$f":"IF($B$1=2018,'18 Own Source Rev - S&L'!F48,0)+IF($B$1=2017,'17 Own Source Rev - S&L'!F48,0)+IF($B$1=2016,'16 Own Source Rev - S&L'!F48,0)+IF($B$1=2015,'15 Own Source Rev - S&L'!F48,0)+IF($B$1=2014,'14 Own Source Rev - S&L'!F48,0)+IF($B$1=2013,'13 Own Source Rev - S&L'!F48,0)+IF($B$1=2012,'12 Own Source Rev - S&L'!F48,0)+IF($B$1=2011,'11 Own Source Rev - S&L'!F48,0)+IF($B$1=2010,'10 Own Source Rev - S&L'!F48,0)+IF($B$1=2009,'09 Own Source Rev - S&L'!F48,0)+IF($B$1=2008,'08 Own Source Rev - S&L'!F48,0)+IF($B$1=2007,'07 Own Source Rev - S&L'!F48,0)+IF($B$1=2006,'06 Own Source Rev - S&L'!F48,0)+IF($B$1=2005,'05 Own Source Rev - S&L'!F48,0)+IF($B$1=2004,'04 Own Source Rev - S&L'!F48,0)","v":0}]
[null,"Tennessee",{"$f":"IF($B$1=2018,'18 Own Source Rev - S&L'!C49,0)+IF($B$1=2017,'17 Own Source Rev - S&L'!C49,0)+IF($B$1=2016,'16 Own Source Rev - S&L'!C49,0)+IF($B$1=2015,'15 Own Source Rev - S&L'!C49,0)+IF($B$1=2014,'14 Own Source Rev - S&L'!C49,0)+IF($B$1=2013,'13 Own Source Rev - S&L'!C49,0)+IF($B$1=2012,'12 Own Source Rev - S&L'!C49,0)+IF($B$1=2011,'11 Own Source Rev - S&L'!C49,0)+IF($B$1=2010,'10 Own Source Rev - S&L'!C49,0)+IF($B$1=2009,'09 Own Source Rev - S&L'!C49,0)+IF($B$1=2008,'08 Own Source Rev - S&L'!C49,0)+IF($B$1=2007,'07 Own Source Rev - S&L'!C49,0)+IF($B$1=2006,'06 Own Source Rev - S&L'!C49,0)+IF($B$1=2005,'05 Own Source Rev - S&L'!C49,0)+IF($B$1=2004,'04 Own Source Rev - S&L'!C49,0)","v":0},{"$f":"IF($B$1=2018,'18 Own Source Rev - S&L'!D49,0)+IF($B$1=2017,'17 Own Source Rev - S&L'!D49,0)+IF($B$1=2016,'16 Own Source Rev - S&L'!D49,0)+IF($B$1=2015,'15 Own Source Rev - S&L'!D49,0)+IF($B$1=2014,'14 Own Source Rev - S&L'!D49,0)+IF($B$1=2013,'13 Own Source Rev - S&L'!D49,0)+IF($B$1=2012,'12 Own Source Rev - S&L'!D49,0)+IF($B$1=2011,'11 Own Source Rev - S&L'!D49,0)+IF($B$1=2010,'10 Own Source Rev - S&L'!D49,0)+IF($B$1=2009,'09 Own Source Rev - S&L'!D49,0)+IF($B$1=2008,'08 Own Source Rev - S&L'!D49,0)+IF($B$1=2007,'07 Own Source Rev - S&L'!D49,0)+IF($B$1=2006,'06 Own Source Rev - S&L'!D49,0)+IF($B$1=2005,'05 Own Source Rev - S&L'!D49,0)+IF($B$1=2004,'04 Own Source Rev - S&L'!D49,0)","v":0},{"$f":"IF($B$1=2018,'18 Own Source Rev - S&L'!E49,0)+IF($B$1=2017,'17 Own Source Rev - S&L'!E49,0)+IF($B$1=2016,'16 Own Source Rev - S&L'!E49,0)+IF($B$1=2015,'15 Own Source Rev - S&L'!E49,0)+IF($B$1=2014,'14 Own Source Rev - S&L'!E49,0)+IF($B$1=2013,'13 Own Source Rev - S&L'!E49,0)+IF($B$1=2012,'12 Own Source Rev - S&L'!E49,0)+IF($B$1=2011,'11 Own Source Rev - S&L'!E49,0)+IF($B$1=2010,'10 Own Source Rev - S&L'!E49,0)+IF($B$1=2009,'09 Own Source Rev - S&L'!E49,0)+IF($B$1=2008,'08 Own Source Rev - S&L'!E49,0)+IF($B$1=2007,'07 Own Source Rev - S&L'!E49,0)+IF($B$1=2006,'06 Own Source Rev - S&L'!E49,0)+IF($B$1=2005,'05 Own Source Rev - S&L'!E49,0)+IF($B$1=2004,'04 Own Source Rev - S&L'!E49,0)","v":0},{"$f":"IF($B$1=2018,'18 Own Source Rev - S&L'!F49,0)+IF($B$1=2017,'17 Own Source Rev - S&L'!F49,0)+IF($B$1=2016,'16 Own Source Rev - S&L'!F49,0)+IF($B$1=2015,'15 Own Source Rev - S&L'!F49,0)+IF($B$1=2014,'14 Own Source Rev - S&L'!F49,0)+IF($B$1=2013,'13 Own Source Rev - S&L'!F49,0)+IF($B$1=2012,'12 Own Source Rev - S&L'!F49,0)+IF($B$1=2011,'11 Own Source Rev - S&L'!F49,0)+IF($B$1=2010,'10 Own Source Rev - S&L'!F49,0)+IF($B$1=2009,'09 Own Source Rev - S&L'!F49,0)+IF($B$1=2008,'08 Own Source Rev - S&L'!F49,0)+IF($B$1=2007,'07 Own Source Rev - S&L'!F49,0)+IF($B$1=2006,'06 Own Source Rev - S&L'!F49,0)+IF($B$1=2005,'05 Own Source Rev - S&L'!F49,0)+IF($B$1=2004,'04 Own Source Rev - S&L'!F49,0)","v":0}]
[null,"Texas",{"$f":"IF($B$1=2018,'18 Own Source Rev - S&L'!C50,0)+IF($B$1=2017,'17 Own Source Rev - S&L'!C50,0)+IF($B$1=2016,'16 Own Source Rev - S&L'!C50,0)+IF($B$1=2015,'15 Own Source Rev - S&L'!C50,0)+IF($B$1=2014,'14 Own Source Rev - S&L'!C50,0)+IF($B$1=2013,'13 Own Source Rev - S&L'!C50,0)+IF($B$1=2012,'12 Own Source Rev - S&L'!C50,0)+IF($B$1=2011,'11 Own Source Rev - S&L'!C50,0)+IF($B$1=2010,'10 Own Source Rev - S&L'!C50,0)+IF($B$1=2009,'09 Own Source Rev - S&L'!C50,0)+IF($B$1=2008,'08 Own Source Rev - S&L'!C50,0)+IF($B$1=2007,'07 Own Source Rev - S&L'!C50,0)+IF($B$1=2006,'06 Own Source Rev - S&L'!C50,0)+IF($B$1=2005,'05 Own Source Rev - S&L'!C50,0)+IF($B$1=2004,'04 Own Source Rev - S&L'!C50,0)","v":0},{"$f":"IF($B$1=2018,'18 Own Source Rev - S&L'!D50,0)+IF($B$1=2017,'17 Own Source Rev - S&L'!D50,0)+IF($B$1=2016,'16 Own Source Rev - S&L'!D50,0)+IF($B$1=2015,'15 Own Source Rev - S&L'!D50,0)+IF($B$1=2014,'14 Own Source Rev - S&L'!D50,0)+IF($B$1=2013,'13 Own Source Rev - S&L'!D50,0)+IF($B$1=2012,'12 Own Source Rev - S&L'!D50,0)+IF($B$1=2011,'11 Own Source Rev - S&L'!D50,0)+IF($B$1=2010,'10 Own Source Rev - S&L'!D50,0)+IF($B$1=2009,'09 Own Source Rev - S&L'!D50,0)+IF($B$1=2008,'08 Own Source Rev - S&L'!D50,0)+IF($B$1=2007,'07 Own Source Rev - S&L'!D50,0)+IF($B$1=2006,'06 Own Source Rev - S&L'!D50,0)+IF($B$1=2005,'05 Own Source Rev - S&L'!D50,0)+IF($B$1=2004,'04 Own Source Rev - S&L'!D50,0)","v":0},{"$f":"IF($B$1=2018,'18 Own Source Rev - S&L'!E50,0)+IF($B$1=2017,'17 Own Source Rev - S&L'!E50,0)+IF($B$1=2016,'16 Own Source Rev - S&L'!E50,0)+IF($B$1=2015,'15 Own Source Rev - S&L'!E50,0)+IF($B$1=2014,'14 Own Source Rev - S&L'!E50,0)+IF($B$1=2013,'13 Own Source Rev - S&L'!E50,0)+IF($B$1=2012,'12 Own Source Rev - S&L'!E50,0)+IF($B$1=2011,'11 Own Source Rev - S&L'!E50,0)+IF($B$1=2010,'10 Own Source Rev - S&L'!E50,0)+IF($B$1=2009,'09 Own Source Rev - S&L'!E50,0)+IF($B$1=2008,'08 Own Source Rev - S&L'!E50,0)+IF($B$1=2007,'07 Own Source Rev - S&L'!E50,0)+IF($B$1=2006,'06 Own Source Rev - S&L'!E50,0)+IF($B$1=2005,'05 Own Source Rev - S&L'!E50,0)+IF($B$1=2004,'04 Own Source Rev - S&L'!E50,0)","v":0},{"$f":"IF($B$1=2018,'18 Own Source Rev - S&L'!F50,0)+IF($B$1=2017,'17 Own Source Rev - S&L'!F50,0)+IF($B$1=2016,'16 Own Source Rev - S&L'!F50,0)+IF($B$1=2015,'15 Own Source Rev - S&L'!F50,0)+IF($B$1=2014,'14 Own Source Rev - S&L'!F50,0)+IF($B$1=2013,'13 Own Source Rev - S&L'!F50,0)+IF($B$1=2012,'12 Own Source Rev - S&L'!F50,0)+IF($B$1=2011,'11 Own Source Rev - S&L'!F50,0)+IF($B$1=2010,'10 Own Source Rev - S&L'!F50,0)+IF($B$1=2009,'09 Own Source Rev - S&L'!F50,0)+IF($B$1=2008,'08 Own Source Rev - S&L'!F50,0)+IF($B$1=2007,'07 Own Source Rev - S&L'!F50,0)+IF($B$1=2006,'06 Own Source Rev - S&L'!F50,0)+IF($B$1=2005,'05 Own Source Rev - S&L'!F50,0)+IF($B$1=2004,'04 Own Source Rev - S&L'!F50,0)","v":0}]
[null,"Utah",{"$f":"IF($B$1=2018,'18 Own Source Rev - S&L'!C51,0)+IF($B$1=2017,'17 Own Source Rev - S&L'!C51,0)+IF($B$1=2016,'16 Own Source Rev - S&L'!C51,0)+IF($B$1=2015,'15 Own Source Rev - S&L'!C51,0)+IF($B$1=2014,'14 Own Source Rev - S&L'!C51,0)+IF($B$1=2013,'13 Own Source Rev - S&L'!C51,0)+IF($B$1=2012,'12 Own Source Rev - S&L'!C51,0)+IF($B$1=2011,'11 Own Source Rev - S&L'!C51,0)+IF($B$1=2010,'10 Own Source Rev - S&L'!C51,0)+IF($B$1=2009,'09 Own Source Rev - S&L'!C51,0)+IF($B$1=2008,'08 Own Source Rev - S&L'!C51,0)+IF($B$1=2007,'07 Own Source Rev - S&L'!C51,0)+IF($B$1=2006,'06 Own Source Rev - S&L'!C51,0)+IF($B$1=2005,'05 Own Source Rev - S&L'!C51,0)+IF($B$1=2004,'04 Own Source Rev - S&L'!C51,0)","v":0},{"$f":"IF($B$1=2018,'18 Own Source Rev - S&L'!D51,0)+IF($B$1=2017,'17 Own Source Rev - S&L'!D51,0)+IF($B$1=2016,'16 Own Source Rev - S&L'!D51,0)+IF($B$1=2015,'15 Own Source Rev - S&L'!D51,0)+IF($B$1=2014,'14 Own Source Rev - S&L'!D51,0)+IF($B$1=2013,'13 Own Source Rev - S&L'!D51,0)+IF($B$1=2012,'12 Own Source Rev - S&L'!D51,0)+IF($B$1=2011,'11 Own Source Rev - S&L'!D51,0)+IF($B$1=2010,'10 Own Source Rev - S&L'!D51,0)+IF($B$1=2009,'09 Own Source Rev - S&L'!D51,0)+IF($B$1=2008,'08 Own Source Rev - S&L'!D51,0)+IF($B$1=2007,'07 Own Source Rev - S&L'!D51,0)+IF($B$1=2006,'06 Own Source Rev - S&L'!D51,0)+IF($B$1=2005,'05 Own Source Rev - S&L'!D51,0)+IF($B$1=2004,'04 Own Source Rev - S&L'!D51,0)","v":0},{"$f":"IF($B$1=2018,'18 Own Source Rev - S&L'!E51,0)+IF($B$1=2017,'17 Own Source Rev - S&L'!E51,0)+IF($B$1=2016,'16 Own Source Rev - S&L'!E51,0)+IF($B$1=2015,'15 Own Source Rev - S&L'!E51,0)+IF($B$1=2014,'14 Own Source Rev - S&L'!E51,0)+IF($B$1=2013,'13 Own Source Rev - S&L'!E51,0)+IF($B$1=2012,'12 Own Source Rev - S&L'!E51,0)+IF($B$1=2011,'11 Own Source Rev - S&L'!E51,0)+IF($B$1=2010,'10 Own Source Rev - S&L'!E51,0)+IF($B$1=2009,'09 Own Source Rev - S&L'!E51,0)+IF($B$1=2008,'08 Own Source Rev - S&L'!E51,0)+IF($B$1=2007,'07 Own Source Rev - S&L'!E51,0)+IF($B$1=2006,'06 Own Source Rev - S&L'!E51,0)+IF($B$1=2005,'05 Own Source Rev - S&L'!E51,0)+IF($B$1=2004,'04 Own Source Rev - S&L'!E51,0)","v":0},{"$f":"IF($B$1=2018,'18 Own Source Rev - S&L'!F51,0)+IF($B$1=2017,'17 Own Source Rev - S&L'!F51,0)+IF($B$1=2016,'16 Own Source Rev - S&L'!F51,0)+IF($B$1=2015,'15 Own Source Rev - S&L'!F51,0)+IF($B$1=2014,'14 Own Source Rev - S&L'!F51,0)+IF($B$1=2013,'13 Own Source Rev - S&L'!F51,0)+IF($B$1=2012,'12 Own Source Rev - S&L'!F51,0)+IF($B$1=2011,'11 Own Source Rev - S&L'!F51,0)+IF($B$1=2010,'10 Own Source Rev - S&L'!F51,0)+IF($B$1=2009,'09 Own Source Rev - S&L'!F51,0)+IF($B$1=2008,'08 Own Source Rev - S&L'!F51,0)+IF($B$1=2007,'07 Own Source Rev - S&L'!F51,0)+IF($B$1=2006,'06 Own Source Rev - S&L'!F51,0)+IF($B$1=2005,'05 Own Source Rev - S&L'!F51,0)+IF($B$1=2004,'04 Own Source Rev - S&L'!F51,0)","v":0}]
[null,"Vermont",{"$f":"IF($B$1=2018,'18 Own Source Rev - S&L'!C52,0)+IF($B$1=2017,'17 Own Source Rev - S&L'!C52,0)+IF($B$1=2016,'16 Own Source Rev - S&L'!C52,0)+IF($B$1=2015,'15 Own Source Rev - S&L'!C52,0)+IF($B$1=2014,'14 Own Source Rev - S&L'!C52,0)+IF($B$1=2013,'13 Own Source Rev - S&L'!C52,0)+IF($B$1=2012,'12 Own Source Rev - S&L'!C52,0)+IF($B$1=2011,'11 Own Source Rev - S&L'!C52,0)+IF($B$1=2010,'10 Own Source Rev - S&L'!C52,0)+IF($B$1=2009,'09 Own Source Rev - S&L'!C52,0)+IF($B$1=2008,'08 Own Source Rev - S&L'!C52,0)+IF($B$1=2007,'07 Own Source Rev - S&L'!C52,0)+IF($B$1=2006,'06 Own Source Rev - S&L'!C52,0)+IF($B$1=2005,'05 Own Source Rev - S&L'!C52,0)+IF($B$1=2004,'04 Own Source Rev - S&L'!C52,0)","v":0},{"$f":"IF($B$1=2018,'18 Own Source Rev - S&L'!D52,0)+IF($B$1=2017,'17 Own Source Rev - S&L'!D52,0)+IF($B$1=2016,'16 Own Source Rev - S&L'!D52,0)+IF($B$1=2015,'15 Own Source Rev - S&L'!D52,0)+IF($B$1=2014,'14 Own Source Rev - S&L'!D52,0)+IF($B$1=2013,'13 Own Source Rev - S&L'!D52,0)+IF($B$1=2012,'12 Own Source Rev - S&L'!D52,0)+IF($B$1=2011,'11 Own Source Rev - S&L'!D52,0)+IF($B$1=2010,'10 Own Source Rev - S&L'!D52,0)+IF($B$1=2009,'09 Own Source Rev - S&L'!D52,0)+IF($B$1=2008,'08 Own Source Rev - S&L'!D52,0)+IF($B$1=2007,'07 Own Source Rev - S&L'!D52,0)+IF($B$1=2006,'06 Own Source Rev - S&L'!D52,0)+IF($B$1=2005,'05 Own Source Rev - S&L'!D52,0)+IF($B$1=2004,'04 Own Source Rev - S&L'!D52,0)","v":0},{"$f":"IF($B$1=2018,'18 Own Source Rev - S&L'!E52,0)+IF($B$1=2017,'17 Own Source Rev - S&L'!E52,0)+IF($B$1=2016,'16 Own Source Rev - S&L'!E52,0)+IF($B$1=2015,'15 Own Source Rev - S&L'!E52,0)+IF($B$1=2014,'14 Own Source Rev - S&L'!E52,0)+IF($B$1=2013,'13 Own Source Rev - S&L'!E52,0)+IF($B$1=2012,'12 Own Source Rev - S&L'!E52,0)+IF($B$1=2011,'11 Own Source Rev - S&L'!E52,0)+IF($B$1=2010,'10 Own Source Rev - S&L'!E52,0)+IF($B$1=2009,'09 Own Source Rev - S&L'!E52,0)+IF($B$1=2008,'08 Own Source Rev - S&L'!E52,0)+IF($B$1=2007,'07 Own Source Rev - S&L'!E52,0)+IF($B$1=2006,'06 Own Source Rev - S&L'!E52,0)+IF($B$1=2005,'05 Own Source Rev - S&L'!E52,0)+IF($B$1=2004,'04 Own Source Rev - S&L'!E52,0)","v":0},{"$f":"IF($B$1=2018,'18 Own Source Rev - S&L'!F52,0)+IF($B$1=2017,'17 Own Source Rev - S&L'!F52,0)+IF($B$1=2016,'16 Own Source Rev - S&L'!F52,0)+IF($B$1=2015,'15 Own Source Rev - S&L'!F52,0)+IF($B$1=2014,'14 Own Source Rev - S&L'!F52,0)+IF($B$1=2013,'13 Own Source Rev - S&L'!F52,0)+IF($B$1=2012,'12 Own Source Rev - S&L'!F52,0)+IF($B$1=2011,'11 Own Source Rev - S&L'!F52,0)+IF($B$1=2010,'10 Own Source Rev - S&L'!F52,0)+IF($B$1=2009,'09 Own Source Rev - S&L'!F52,0)+IF($B$1=2008,'08 Own Source Rev - S&L'!F52,0)+IF($B$1=2007,'07 Own Source Rev - S&L'!F52,0)+IF($B$1=2006,'06 Own Source Rev - S&L'!F52,0)+IF($B$1=2005,'05 Own Source Rev - S&L'!F52,0)+IF($B$1=2004,'04 Own Source Rev - S&L'!F52,0)","v":0}]
[null,"Virginia",{"$f":"IF($B$1=2018,'18 Own Source Rev - S&L'!C53,0)+IF($B$1=2017,'17 Own Source Rev - S&L'!C53,0)+IF($B$1=2016,'16 Own Source Rev - S&L'!C53,0)+IF($B$1=2015,'15 Own Source Rev - S&L'!C53,0)+IF($B$1=2014,'14 Own Source Rev - S&L'!C53,0)+IF($B$1=2013,'13 Own Source Rev - S&L'!C53,0)+IF($B$1=2012,'12 Own Source Rev - S&L'!C53,0)+IF($B$1=2011,'11 Own Source Rev - S&L'!C53,0)+IF($B$1=2010,'10 Own Source Rev - S&L'!C53,0)+IF($B$1=2009,'09 Own Source Rev - S&L'!C53,0)+IF($B$1=2008,'08 Own Source Rev - S&L'!C53,0)+IF($B$1=2007,'07 Own Source Rev - S&L'!C53,0)+IF($B$1=2006,'06 Own Source Rev - S&L'!C53,0)+IF($B$1=2005,'05 Own Source Rev - S&L'!C53,0)+IF($B$1=2004,'04 Own Source Rev - S&L'!C53,0)","v":0},{"$f":"IF($B$1=2018,'18 Own Source Rev - S&L'!D53,0)+IF($B$1=2017,'17 Own Source Rev - S&L'!D53,0)+IF($B$1=2016,'16 Own Source Rev - S&L'!D53,0)+IF($B$1=2015,'15 Own Source Rev - S&L'!D53,0)+IF($B$1=2014,'14 Own Source Rev - S&L'!D53,0)+IF($B$1=2013,'13 Own Source Rev - S&L'!D53,0)+IF($B$1=2012,'12 Own Source Rev - S&L'!D53,0)+IF($B$1=2011,'11 Own Source Rev - S&L'!D53,0)+IF($B$1=2010,'10 Own Source Rev - S&L'!D53,0)+IF($B$1=2009,'09 Own Source Rev - S&L'!D53,0)+IF($B$1=2008,'08 Own Source Rev - S&L'!D53,0)+IF($B$1=2007,'07 Own Source Rev - S&L'!D53,0)+IF($B$1=2006,'06 Own Source Rev - S&L'!D53,0)+IF($B$1=2005,'05 Own Source Rev - S&L'!D53,0)+IF($B$1=2004,'04 Own Source Rev - S&L'!D53,0)","v":0},{"$f":"IF($B$1=2018,'18 Own Source Rev - S&L'!E53,0)+IF($B$1=2017,'17 Own Source Rev - S&L'!E53,0)+IF($B$1=2016,'16 Own Source Rev - S&L'!E53,0)+IF($B$1=2015,'15 Own Source Rev - S&L'!E53,0)+IF($B$1=2014,'14 Own Source Rev - S&L'!E53,0)+IF($B$1=2013,'13 Own Source Rev - S&L'!E53,0)+IF($B$1=2012,'12 Own Source Rev - S&L'!E53,0)+IF($B$1=2011,'11 Own Source Rev - S&L'!E53,0)+IF($B$1=2010,'10 Own Source Rev - S&L'!E53,0)+IF($B$1=2009,'09 Own Source Rev - S&L'!E53,0)+IF($B$1=2008,'08 Own Source Rev - S&L'!E53,0)+IF($B$1=2007,'07 Own Source Rev - S&L'!E53,0)+IF($B$1=2006,'06 Own Source Rev - S&L'!E53,0)+IF($B$1=2005,'05 Own Source Rev - S&L'!E53,0)+IF($B$1=2004,'04 Own Source Rev - S&L'!E53,0)","v":0},{"$f":"IF($B$1=2018,'18 Own Source Rev - S&L'!F53,0)+IF($B$1=2017,'17 Own Source Rev - S&L'!F53,0)+IF($B$1=2016,'16 Own Source Rev - S&L'!F53,0)+IF($B$1=2015,'15 Own Source Rev - S&L'!F53,0)+IF($B$1=2014,'14 Own Source Rev - S&L'!F53,0)+IF($B$1=2013,'13 Own Source Rev - S&L'!F53,0)+IF($B$1=2012,'12 Own Source Rev - S&L'!F53,0)+IF($B$1=2011,'11 Own Source Rev - S&L'!F53,0)+IF($B$1=2010,'10 Own Source Rev - S&L'!F53,0)+IF($B$1=2009,'09 Own Source Rev - S&L'!F53,0)+IF($B$1=2008,'08 Own Source Rev - S&L'!F53,0)+IF($B$1=2007,'07 Own Source Rev - S&L'!F53,0)+IF($B$1=2006,'06 Own Source Rev - S&L'!F53,0)+IF($B$1=2005,'05 Own Source Rev - S&L'!F53,0)+IF($B$1=2004,'04 Own Source Rev - S&L'!F53,0)","v":0}]
[null,"Washington",{"$f":"IF($B$1=2018,'18 Own Source Rev - S&L'!C54,0)+IF($B$1=2017,'17 Own Source Rev - S&L'!C54,0)+IF($B$1=2016,'16 Own Source Rev - S&L'!C54,0)+IF($B$1=2015,'15 Own Source Rev - S&L'!C54,0)+IF($B$1=2014,'14 Own Source Rev - S&L'!C54,0)+IF($B$1=2013,'13 Own Source Rev - S&L'!C54,0)+IF($B$1=2012,'12 Own Source Rev - S&L'!C54,0)+IF($B$1=2011,'11 Own Source Rev - S&L'!C54,0)+IF($B$1=2010,'10 Own Source Rev - S&L'!C54,0)+IF($B$1=2009,'09 Own Source Rev - S&L'!C54,0)+IF($B$1=2008,'08 Own Source Rev - S&L'!C54,0)+IF($B$1=2007,'07 Own Source Rev - S&L'!C54,0)+IF($B$1=2006,'06 Own Source Rev - S&L'!C54,0)+IF($B$1=2005,'05 Own Source Rev - S&L'!C54,0)+IF($B$1=2004,'04 Own Source Rev - S&L'!C54,0)","v":0},{"$f":"IF($B$1=2018,'18 Own Source Rev - S&L'!D54,0)+IF($B$1=2017,'17 Own Source Rev - S&L'!D54,0)+IF($B$1=2016,'16 Own Source Rev - S&L'!D54,0)+IF($B$1=2015,'15 Own Source Rev - S&L'!D54,0)+IF($B$1=2014,'14 Own Source Rev - S&L'!D54,0)+IF($B$1=2013,'13 Own Source Rev - S&L'!D54,0)+IF($B$1=2012,'12 Own Source Rev - S&L'!D54,0)+IF($B$1=2011,'11 Own Source Rev - S&L'!D54,0)+IF($B$1=2010,'10 Own Source Rev - S&L'!D54,0)+IF($B$1=2009,'09 Own Source Rev - S&L'!D54,0)+IF($B$1=2008,'08 Own Source Rev - S&L'!D54,0)+IF($B$1=2007,'07 Own Source Rev - S&L'!D54,0)+IF($B$1=2006,'06 Own Source Rev - S&L'!D54,0)+IF($B$1=2005,'05 Own Source Rev - S&L'!D54,0)+IF($B$1=2004,'04 Own Source Rev - S&L'!D54,0)","v":0},{"$f":"IF($B$1=2018,'18 Own Source Rev - S&L'!E54,0)+IF($B$1=2017,'17 Own Source Rev - S&L'!E54,0)+IF($B$1=2016,'16 Own Source Rev - S&L'!E54,0)+IF($B$1=2015,'15 Own Source Rev - S&L'!E54,0)+IF($B$1=2014,'14 Own Source Rev - S&L'!E54,0)+IF($B$1=2013,'13 Own Source Rev - S&L'!E54,0)+IF($B$1=2012,'12 Own Source Rev - S&L'!E54,0)+IF($B$1=2011,'11 Own Source Rev - S&L'!E54,0)+IF($B$1=2010,'10 Own Source Rev - S&L'!E54,0)+IF($B$1=2009,'09 Own Source Rev - S&L'!E54,0)+IF($B$1=2008,'08 Own Source Rev - S&L'!E54,0)+IF($B$1=2007,'07 Own Source Rev - S&L'!E54,0)+IF($B$1=2006,'06 Own Source Rev - S&L'!E54,0)+IF($B$1=2005,'05 Own Source Rev - S&L'!E54,0)+IF($B$1=2004,'04 Own Source Rev - S&L'!E54,0)","v":0},{"$f":"IF($B$1=2018,'18 Own Source Rev - S&L'!F54,0)+IF($B$1=2017,'17 Own Source Rev - S&L'!F54,0)+IF($B$1=2016,'16 Own Source Rev - S&L'!F54,0)+IF($B$1=2015,'15 Own Source Rev - S&L'!F54,0)+IF($B$1=2014,'14 Own Source Rev - S&L'!F54,0)+IF($B$1=2013,'13 Own Source Rev - S&L'!F54,0)+IF($B$1=2012,'12 Own Source Rev - S&L'!F54,0)+IF($B$1=2011,'11 Own Source Rev - S&L'!F54,0)+IF($B$1=2010,'10 Own Source Rev - S&L'!F54,0)+IF($B$1=2009,'09 Own Source Rev - S&L'!F54,0)+IF($B$1=2008,'08 Own Source Rev - S&L'!F54,0)+IF($B$1=2007,'07 Own Source Rev - S&L'!F54,0)+IF($B$1=2006,'06 Own Source Rev - S&L'!F54,0)+IF($B$1=2005,'05 Own Source Rev - S&L'!F54,0)+IF($B$1=2004,'04 Own Source Rev - S&L'!F54,0)","v":0}]
[null,"West Virginia",{"$f":"IF($B$1=2018,'18 Own Source Rev - S&L'!C55,0)+IF($B$1=2017,'17 Own Source Rev - S&L'!C55,0)+IF($B$1=2016,'16 Own Source Rev - S&L'!C55,0)+IF($B$1=2015,'15 Own Source Rev - S&L'!C55,0)+IF($B$1=2014,'14 Own Source Rev - S&L'!C55,0)+IF($B$1=2013,'13 Own Source Rev - S&L'!C55,0)+IF($B$1=2012,'12 Own Source Rev - S&L'!C55,0)+IF($B$1=2011,'11 Own Source Rev - S&L'!C55,0)+IF($B$1=2010,'10 Own Source Rev - S&L'!C55,0)+IF($B$1=2009,'09 Own Source Rev - S&L'!C55,0)+IF($B$1=2008,'08 Own Source Rev - S&L'!C55,0)+IF($B$1=2007,'07 Own Source Rev - S&L'!C55,0)+IF($B$1=2006,'06 Own Source Rev - S&L'!C55,0)+IF($B$1=2005,'05 Own Source Rev - S&L'!C55,0)+IF($B$1=2004,'04 Own Source Rev - S&L'!C55,0)","v":0},{"$f":"IF($B$1=2018,'18 Own Source Rev - S&L'!D55,0)+IF($B$1=2017,'17 Own Source Rev - S&L'!D55,0)+IF($B$1=2016,'16 Own Source Rev - S&L'!D55,0)+IF($B$1=2015,'15 Own Source Rev - S&L'!D55,0)+IF($B$1=2014,'14 Own Source Rev - S&L'!D55,0)+IF($B$1=2013,'13 Own Source Rev - S&L'!D55,0)+IF($B$1=2012,'12 Own Source Rev - S&L'!D55,0)+IF($B$1=2011,'11 Own Source Rev - S&L'!D55,0)+IF($B$1=2010,'10 Own Source Rev - S&L'!D55,0)+IF($B$1=2009,'09 Own Source Rev - S&L'!D55,0)+IF($B$1=2008,'08 Own Source Rev - S&L'!D55,0)+IF($B$1=2007,'07 Own Source Rev - S&L'!D55,0)+IF($B$1=2006,'06 Own Source Rev - S&L'!D55,0)+IF($B$1=2005,'05 Own Source Rev - S&L'!D55,0)+IF($B$1=2004,'04 Own Source Rev - S&L'!D55,0)","v":0},{"$f":"IF($B$1=2018,'18 Own Source Rev - S&L'!E55,0)+IF($B$1=2017,'17 Own Source Rev - S&L'!E55,0)+IF($B$1=2016,'16 Own Source Rev - S&L'!E55,0)+IF($B$1=2015,'15 Own Source Rev - S&L'!E55,0)+IF($B$1=2014,'14 Own Source Rev - S&L'!E55,0)+IF($B$1=2013,'13 Own Source Rev - S&L'!E55,0)+IF($B$1=2012,'12 Own Source Rev - S&L'!E55,0)+IF($B$1=2011,'11 Own Source Rev - S&L'!E55,0)+IF($B$1=2010,'10 Own Source Rev - S&L'!E55,0)+IF($B$1=2009,'09 Own Source Rev - S&L'!E55,0)+IF($B$1=2008,'08 Own Source Rev - S&L'!E55,0)+IF($B$1=2007,'07 Own Source Rev - S&L'!E55,0)+IF($B$1=2006,'06 Own Source Rev - S&L'!E55,0)+IF($B$1=2005,'05 Own Source Rev - S&L'!E55,0)+IF($B$1=2004,'04 Own Source Rev - S&L'!E55,0)","v":0},{"$f":"IF($B$1=2018,'18 Own Source Rev - S&L'!F55,0)+IF($B$1=2017,'17 Own Source Rev - S&L'!F55,0)+IF($B$1=2016,'16 Own Source Rev - S&L'!F55,0)+IF($B$1=2015,'15 Own Source Rev - S&L'!F55,0)+IF($B$1=2014,'14 Own Source Rev - S&L'!F55,0)+IF($B$1=2013,'13 Own Source Rev - S&L'!F55,0)+IF($B$1=2012,'12 Own Source Rev - S&L'!F55,0)+IF($B$1=2011,'11 Own Source Rev - S&L'!F55,0)+IF($B$1=2010,'10 Own Source Rev - S&L'!F55,0)+IF($B$1=2009,'09 Own Source Rev - S&L'!F55,0)+IF($B$1=2008,'08 Own Source Rev - S&L'!F55,0)+IF($B$1=2007,'07 Own Source Rev - S&L'!F55,0)+IF($B$1=2006,'06 Own Source Rev - S&L'!F55,0)+IF($B$1=2005,'05 Own Source Rev - S&L'!F55,0)+IF($B$1=2004,'04 Own Source Rev - S&L'!F55,0)","v":0}]
[null,"Wisconsin",{"$f":"IF($B$1=2018,'18 Own Source Rev - S&L'!C56,0)+IF($B$1=2017,'17 Own Source Rev - S&L'!C56,0)+IF($B$1=2016,'16 Own Source Rev - S&L'!C56,0)+IF($B$1=2015,'15 Own Source Rev - S&L'!C56,0)+IF($B$1=2014,'14 Own Source Rev - S&L'!C56,0)+IF($B$1=2013,'13 Own Source Rev - S&L'!C56,0)+IF($B$1=2012,'12 Own Source Rev - S&L'!C56,0)+IF($B$1=2011,'11 Own Source Rev - S&L'!C56,0)+IF($B$1=2010,'10 Own Source Rev - S&L'!C56,0)+IF($B$1=2009,'09 Own Source Rev - S&L'!C56,0)+IF($B$1=2008,'08 Own Source Rev - S&L'!C56,0)+IF($B$1=2007,'07 Own Source Rev - S&L'!C56,0)+IF($B$1=2006,'06 Own Source Rev - S&L'!C56,0)+IF($B$1=2005,'05 Own Source Rev - S&L'!C56,0)+IF($B$1=2004,'04 Own Source Rev - S&L'!C56,0)","v":0},{"$f":"IF($B$1=2018,'18 Own Source Rev - S&L'!D56,0)+IF($B$1=2017,'17 Own Source Rev - S&L'!D56,0)+IF($B$1=2016,'16 Own Source Rev - S&L'!D56,0)+IF($B$1=2015,'15 Own Source Rev - S&L'!D56,0)+IF($B$1=2014,'14 Own Source Rev - S&L'!D56,0)+IF($B$1=2013,'13 Own Source Rev - S&L'!D56,0)+IF($B$1=2012,'12 Own Source Rev - S&L'!D56,0)+IF($B$1=2011,'11 Own Source Rev - S&L'!D56,0)+IF($B$1=2010,'10 Own Source Rev - S&L'!D56,0)+IF($B$1=2009,'09 Own Source Rev - S&L'!D56,0)+IF($B$1=2008,'08 Own Source Rev - S&L'!D56,0)+IF($B$1=2007,'07 Own Source Rev - S&L'!D56,0)+IF($B$1=2006,'06 Own Source Rev - S&L'!D56,0)+IF($B$1=2005,'05 Own Source Rev - S&L'!D56,0)+IF($B$1=2004,'04 Own Source Rev - S&L'!D56,0)","v":0},{"$f":"IF($B$1=2018,'18 Own Source Rev - S&L'!E56,0)+IF($B$1=2017,'17 Own Source Rev - S&L'!E56,0)+IF($B$1=2016,'16 Own Source Rev - S&L'!E56,0)+IF($B$1=2015,'15 Own Source Rev - S&L'!E56,0)+IF($B$1=2014,'14 Own Source Rev - S&L'!E56,0)+IF($B$1=2013,'13 Own Source Rev - S&L'!E56,0)+IF($B$1=2012,'12 Own Source Rev - S&L'!E56,0)+IF($B$1=2011,'11 Own Source Rev - S&L'!E56,0)+IF($B$1=2010,'10 Own Source Rev - S&L'!E56,0)+IF($B$1=2009,'09 Own Source Rev - S&L'!E56,0)+IF($B$1=2008,'08 Own Source Rev - S&L'!E56,0)+IF($B$1=2007,'07 Own Source Rev - S&L'!E56,0)+IF($B$1=2006,'06 Own Source Rev - S&L'!E56,0)+IF($B$1=2005,'05 Own Source Rev - S&L'!E56,0)+IF($B$1=2004,'04 Own Source Rev - S&L'!E56,0)","v":0},{"$f":"IF($B$1=2018,'18 Own Source Rev - S&L'!F56,0)+IF($B$1=2017,'17 Own Source Rev - S&L'!F56,0)+IF($B$1=2016,'16 Own Source Rev - S&L'!F56,0)+IF($B$1=2015,'15 Own Source Rev - S&L'!F56,0)+IF($B$1=2014,'14 Own Source Rev - S&L'!F56,0)+IF($B$1=2013,'13 Own Source Rev - S&L'!F56,0)+IF($B$1=2012,'12 Own Source Rev - S&L'!F56,0)+IF($B$1=2011,'11 Own Source Rev - S&L'!F56,0)+IF($B$1=2010,'10 Own Source Rev - S&L'!F56,0)+IF($B$1=2009,'09 Own Source Rev - S&L'!F56,0)+IF($B$1=2008,'08 Own Source Rev - S&L'!F56,0)+IF($B$1=2007,'07 Own Source Rev - S&L'!F56,0)+IF($B$1=2006,'06 Own Source Rev - S&L'!F56,0)+IF($B$1=2005,'05 Own Source Rev - S&L'!F56,0)+IF($B$1=2004,'04 Own Source Rev - S&L'!F56,0)","v":0}]
[null,"Wyoming",{"$f":"IF($B$1=2018,'18 Own Source Rev - S&L'!C57,0)+IF($B$1=2017,'17 Own Source Rev - S&L'!C57,0)+IF($B$1=2016,'16 Own Source Rev - S&L'!C57,0)+IF($B$1=2015,'15 Own Source Rev - S&L'!C57,0)+IF($B$1=2014,'14 Own Source Rev - S&L'!C57,0)+IF($B$1=2013,'13 Own Source Rev - S&L'!C57,0)+IF($B$1=2012,'12 Own Source Rev - S&L'!C57,0)+IF($B$1=2011,'11 Own Source Rev - S&L'!C57,0)+IF($B$1=2010,'10 Own Source Rev - S&L'!C57,0)+IF($B$1=2009,'09 Own Source Rev - S&L'!C57,0)+IF($B$1=2008,'08 Own Source Rev - S&L'!C57,0)+IF($B$1=2007,'07 Own Source Rev - S&L'!C57,0)+IF($B$1=2006,'06 Own Source Rev - S&L'!C57,0)+IF($B$1=2005,'05 Own Source Rev - S&L'!C57,0)+IF($B$1=2004,'04 Own Source Rev - S&L'!C57,0)","v":0},{"$f":"IF($B$1=2018,'18 Own Source Rev - S&L'!D57,0)+IF($B$1=2017,'17 Own Source Rev - S&L'!D57,0)+IF($B$1=2016,'16 Own Source Rev - S&L'!D57,0)+IF($B$1=2015,'15 Own Source Rev - S&L'!D57,0)+IF($B$1=2014,'14 Own Source Rev - S&L'!D57,0)+IF($B$1=2013,'13 Own Source Rev - S&L'!D57,0)+IF($B$1=2012,'12 Own Source Rev - S&L'!D57,0)+IF($B$1=2011,'11 Own Source Rev - S&L'!D57,0)+IF($B$1=2010,'10 Own Source Rev - S&L'!D57,0)+IF($B$1=2009,'09 Own Source Rev - S&L'!D57,0)+IF($B$1=2008,'08 Own Source Rev - S&L'!D57,0)+IF($B$1=2007,'07 Own Source Rev - S&L'!D57,0)+IF($B$1=2006,'06 Own Source Rev - S&L'!D57,0)+IF($B$1=2005,'05 Own Source Rev - S&L'!D57,0)+IF($B$1=2004,'04 Own Source Rev - S&L'!D57,0)","v":0},{"$f":"IF($B$1=2018,'18 Own Source Rev - S&L'!E57,0)+IF($B$1=2017,'17 Own Source Rev - S&L'!E57,0)+IF($B$1=2016,'16 Own Source Rev - S&L'!E57,0)+IF($B$1=2015,'15 Own Source Rev - S&L'!E57,0)+IF($B$1=2014,'14 Own Source Rev - S&L'!E57,0)+IF($B$1=2013,'13 Own Source Rev - S&L'!E57,0)+IF($B$1=2012,'12 Own Source Rev - S&L'!E57,0)+IF($B$1=2011,'11 Own Source Rev - S&L'!E57,0)+IF($B$1=2010,'10 Own Source Rev - S&L'!E57,0)+IF($B$1=2009,'09 Own Source Rev - S&L'!E57,0)+IF($B$1=2008,'08 Own Source Rev - S&L'!E57,0)+IF($B$1=2007,'07 Own Source Rev - S&L'!E57,0)+IF($B$1=2006,'06 Own Source Rev - S&L'!E57,0)+IF($B$1=2005,'05 Own Source Rev - S&L'!E57,0)+IF($B$1=2004,'04 Own Source Rev - S&L'!E57,0)","v":0},{"$f":"IF($B$1=2018,'18 Own Source Rev - S&L'!F57,0)+IF($B$1=2017,'17 Own Source Rev - S&L'!F57,0)+IF($B$1=2016,'16 Own Source Rev - S&L'!F57,0)+IF($B$1=2015,'15 Own Source Rev - S&L'!F57,0)+IF($B$1=2014,'14 Own Source Rev - S&L'!F57,0)+IF($B$1=2013,'13 Own Source Rev - S&L'!F57,0)+IF($B$1=2012,'12 Own Source Rev - S&L'!F57,0)+IF($B$1=2011,'11 Own Source Rev - S&L'!F57,0)+IF($B$1=2010,'10 Own Source Rev - S&L'!F57,0)+IF($B$1=2009,'09 Own Source Rev - S&L'!F57,0)+IF($B$1=2008,'08 Own Source Rev - S&L'!F57,0)+IF($B$1=2007,'07 Own Source Rev - S&L'!F57,0)+IF($B$1=2006,'06 Own Source Rev - S&L'!F57,0)+IF($B$1=2005,'05 Own Source Rev - S&L'!F57,0)+IF($B$1=2004,'04 Own Source Rev - S&L'!F57,0)","v":0}]
[null,"U.S. Average",{"$f":"IF($B$1=2018,'18 Own Source Rev - S&L'!C59,0)+IF($B$1=2017,'17 Own Source Rev - S&L'!C59,0)+IF($B$1=2016,'16 Own Source Rev - S&L'!C59,0)+IF($B$1=2015,'15 Own Source Rev - S&L'!C59,0)+IF($B$1=2014,'14 Own Source Rev - S&L'!C59,0)+IF($B$1=2013,'13 Own Source Rev - S&L'!C59,0)+IF($B$1=2012,'12 Own Source Rev - S&L'!C59,0)+IF($B$1=2011,'11 Own Source Rev - S&L'!C59,0)+IF($B$1=2010,'10 Own Source Rev - S&L'!C59,0)+IF($B$1=2009,'09 Own Source Rev - S&L'!C59,0)+IF($B$1=2008,'08 Own Source Rev - S&L'!C59,0)+IF($B$1=2007,'07 Own Source Rev - S&L'!C59,0)+IF($B$1=2006,'06 Own Source Rev - S&L'!C59,0)+IF($B$1=2005,'05 Own Source Rev - S&L'!C59,0)+IF($B$1=2004,'04 Own Source Rev - S&L'!C59,0)","v":0},"This cell intentionally left blank",{"$f":"IF($B$1=2018,'18 Own Source Rev - S&L'!E59,0)+IF($B$1=2017,'17 Own Source Rev - S&L'!E59,0)+IF($B$1=2016,'16 Own Source Rev - S&L'!E59,0)+IF($B$1=2015,'15 Own Source Rev - S&L'!E59,0)+IF($B$1=2014,'14 Own Source Rev - S&L'!E59,0)+IF($B$1=2013,'13 Own Source Rev - S&L'!E59,0)+IF($B$1=2012,'12 Own Source Rev - S&L'!E59,0)+IF($B$1=2011,'11 Own Source Rev - S&L'!E59,0)+IF($B$1=2010,'10 Own Source Rev - S&L'!E59,0)+IF($B$1=2009,'09 Own Source Rev - S&L'!E59,0)+IF($B$1=2008,'08 Own Source Rev - S&L'!E59,0)+IF($B$1=2007,'07 Own Source Rev - S&L'!E59,0)+IF($B$1=2006,'06 Own Source Rev - S&L'!E59,0)+IF($B$1=2005,'05 Own Source Rev - S&L'!E59,0)+IF($B$1=2004,'04 Own Source Rev - S&L'!E59,0)","v":0},"This cell intentionally left blank"]
[]
[null,"Source:  Census Bureau - Fiscal Year data, includes Wash. D.C."]
[null,"Reflects revised BEA State Personal Incomes as of September 2020 and Census"]
[null,"population estimates as of December 2019"]
[null,"Per capita calculations use the latest US Census mid-year population estimates for July 1"]
[null,"of the fiscal year.  Percent of income calculations use the latest US BEA state personal"]
[null,"income estimates for the calendar year that includes the first half of the fiscal year."]
[null,"Minnesota Department of Revenue, Tax Research Division, October 2020"]
[null,"end of worksheet"]
["No further data"]

{"sheet":"18 Own Source Rev - S&L","index":1,"n_rows":65,"n_cols":6,"rows_kept":65,"cut":false,"hidden":true,"merged":[]}
[]
[null,"Own Source Revenue - State and Local"]
[null,null,"FY",2018]
[]
[null,null,"Per Capita",null,"% of Income"]
[null,"State","Amount","Rank","Amount","Rank"]
[null,"Alabama",6210.828407173055,41,0.15178289178289178,23]
[null,"Alaska",10589.764656751988,4,0.18337201797693525,6]
[null,"Arizona",5360.7944035951823,50,0.1279057856886911,47]
[null,"Arkansas",5949.4636235174348,46,0.1432209297768379,32]
[null,"California",9806.4483365443884,8,0.16238222120022383,18]
[null,"Colorado",7915.1826291663028,20,0.1443622035888997,30]
[null,"Connecticut",10066.798449959681,7,0.14025332671734761,36]
[null,"Delaware",8588.3877329284223,14,0.17060029668156931,10]
[null,"District of Columbia",13666.800656263942,1,0.17416369518501901,7]
[null,"Florida",6309.7327158128928,39,0.13182873451420557,46]
[null,"Georgia",5668.8689352268566,49,0.12749550773986787,48]
[null,"Hawaii",10339.675755124796,6,0.19299104186594068,3]
[null,"Idaho",5674.382589104137,48,0.13681166586323254,41]
[null,"Illinois",7755.4596685029892,22,0.14232944939350792,35]
[null,"Indiana",6417.1953179875964,35,0.14263230140390515,33]
[null,"Iowa",9188.3311980049657,11,0.19321512459235585,2]
[null,"Kansas",8241.8149049979747,19,0.16875735042272183,11]
[null,"Kentucky",5822.6128985040414,47,0.14263198730479473,34]
[null,"Louisiana",6376.4939298537029,37,0.14480615338128935,29]
[null,"Maine",7177.5562952137216,26,0.15465497266106479,20]
[null,"Maryland",8413.2865856103308,16,0.13874666357010637,39]
[null,"Massachusetts",9298.0120259173982,10,0.13630399912076807,42]
[null,"Michigan",6875.5076085188484,31,0.14980032170416355,24]
[null,"MINNESOTA",8894.4401149502992,12,0.16299768044842922,16]
[null,"Mississippi",6167.8516078389275,42,0.16839063279894129,12]
[null,"Missouri",6058.8232891832777,45,0.13395266526922839,44]
[null,"Montana",6062.3439068886028,44,0.13224351288374092,45]
[null,"Nebraska",7718.2311719794307,23,0.15316877661482145,22]
[null,"Nevada",6354.0902726187769,38,0.13592817485526362,43]
[null,"New Hampshire",7163.3341091199263,27,0.12233319958512821,50]
[null,"New Jersey",9605.1899471360939,9,0.14781919814730593,27]
[null,"New Mexico",6915.4434304101651,30,0.17406727799320673,8]
[null,"New York",12550.690154006961,2,0.19012361789276233,4]
[null,"North Carolina",6504.7347642924533,34,0.14809228392022669,26]
[null,"North Dakota",11200.19259181089,3,0.21326359044430321,1]
[null,"Ohio",6985.8845335195329,29,0.14939317516657324,25]
[null,"Oklahoma",6123.0132212926383,43,0.14012999398848228,38]
[null,"Oregon",8330.3748595729285,17,0.17241484473018015,9]
[null,"Pennsylvania",7679.6597932555169,24,0.14421697374858525,31]
[null,"Rhode Island",8275.9497187435918,18,0.15759563254502498,19]
[null,"South Carolina",6809.8370703023274,32,0.16328634875239409,14]
[null,"South Dakota",6282.4827187497867,40,0.12703055643125549,49]
[null,"Tennessee",5139.5615029820729,51,0.11468771409279685,51]
[null,"Texas",6611.3726360844057,33,0.13822442224460949,40]
[null,"Utah",7073.7074091103668,28,0.16283073765226636,17]
[null,"Vermont",8459.8547628123615,15,0.16364576523767771,13]
[null,"Virginia",7763.6022361793266,21,0.14017756724904251,37]
[null,"Washington",8893.2313946454942,13,0.15424655563746814,21]
[null,"West Virginia",6398.3703293980852,36,0.16321982641004726,15]
[null,"Wisconsin",7236.1288327353041,25,0.14732043026132524,28]
[null,"Wyoming",10501.243938289581,5,0.185356409441504,5]
[]
[null,"U.S. Average",7806.5433241047076,null,0.15057049642623133]
[null,"Source:  Census Bureau - Fiscal Year data, includes Wash. D.C."]
[null,{"$f":"'Own Source Revenue tables'!B63","v":"population estimates as of December 2019"}]
[]
[null,"Per capita calculations use the latest US Census mid-year population estimates for July 1"]
[null,"of the fiscal year.  Percent of income calculations use the latest US BEA state personal"]
[null,"income estimates for the calendar year that includes the first half of the fiscal year."]

{"sheet":"17 Own Source Rev - S&L","index":2,"n_rows":65,"n_cols":6,"rows_kept":65,"cut":false,"hidden":true,"merged":[]}
[]
[null,"Own Source Revenue - State and Local"]
[null,null,"FY",2017]
[]
[null,null,"Per Capita",null,"% of Income"]
[null,"State","Amount","Rank","Amount","Rank"]
[null,"Alabama",5960.6061028793602,42,0.15110569949641647,22]
[null,"Alaska",10961.295119643099,3,0.19422573876049212,1]
[null,"Arizona",5227.6627170213324,50,0.13002750359905552,46]
[null,"Arkansas",5810.2997156274942,44,0.14442214459511613,30]
[null,"California",9019.3222825556568,9,0.15613722943008917,18]
[null,"Colorado",7477.7856281801924,21,0.14437172996419304,31]
[null,"Connecticut",9288.6689799364558,7,0.13266991261442826,44]
[null,"Delaware",8066.1721133375768,16,0.16654292668821669,11]
[null,"District of Columbia",13343.670942544748,1,0.17372286691721714,7]
[null,"Florida",6024.6227594451393,41,0.13298459121549766,43]
[null,"Georgia",5448.2416983899648,49,0.1283486944606935,48]
[null,"Hawaii",9922.1577191126325,5,0.19347623480451209,3]
[null,"Idaho",5494.6722826545738,48,0.13829307353725512,36]
[null,"Illinois",7506.5795548699771,20,0.14274173874910548,33]
[null,"Indiana",6111.235855152192,38,0.14043726361726758,35]
[null,"Iowa",8997.9379605608683,10,0.19393640347868088,2]
[null,"Kansas",7683.5097111510986,19,0.16201491027952422,15]
[null,"Kentucky",5701.1408567498629,46,0.14386597111345759,32]
[null,"Louisiana",6232.7932838888692,35,0.14631989123004543,29]
[null,"Maine",6895.0324139150553,27,0.15417829150847609,20]
[null,"Maryland",8095.0037417818576,15,0.1376479179451511,39]
[null,"Massachusetts",8773.6640296079077,11,0.13419866415596665,42]
[null,"Michigan",6569.6159694955859,30,0.14751109042819049,27]
[null,"MINNESOTA",8445.6574737299761,12,0.16035636208587389,17]
[null,"Mississippi",6068.1543645495576,40,0.17014329395009245,9]
[null,"Missouri",5832.6177769553615,43,0.1320299275830778,45]
[null,"Montana",5658.9623385483083,47,0.12997885318347974,47]
[null,"Nebraska",7429.8156473013087,22,0.15056064940902722,24]
[null,"Nevada",6142.8513706667381,37,0.13788070135661112,38]
[null,"New Hampshire",6831.3410494021664,28,0.12146378374388003,50]
[null,"New Jersey",9219.5458343766968,8,0.14695265272837479,28]
[null,"New Mexico",6551.009090804786,32,0.16787802980649666,10]
[null,"New York",11738.563098775205,2,0.19075242935089895,4]
[null,"North Carolina",6311.1076657493068,33,0.14904683421153708,26]
[null,"North Dakota",9540.8071083606428,6,0.1841948649754501,6]
[null,"Ohio",6920.9241272250883,26,0.15336193396445152,21]
[null,"Oklahoma",5707.1810050374988,45,0.13642386087117256,41]
[null,"Oregon",7934.6917252405801,17,0.17255897891297203,8]
[null,"Pennsylvania",7300.6089238820514,24,0.14094837661313175,34]
[null,"Rhode Island",7909.9190753197254,18,0.15599209418234941,19]
[null,"South Carolina",6566.1567954548536,31,0.16391881128852315,13]
[null,"South Dakota",6077.6142555346278,39,0.12616126423933982,49]
[null,"Tennessee",5072.6457895071826,51,0.11737542423155455,51]
[null,"Texas",6243.744706050371,34,0.13817853883310657,37]
[null,"Utah",6803.223884100893,29,0.16366939331546942,14]
[null,"Vermont",8136.7467293671434,14,0.1615560184449038,16]
[null,"Virginia",7332.9373231467935,23,0.13718586296876331,40]
[null,"Washington",8274.3812035570936,13,0.15089585476749887,23]
[null,"West Virginia",6147.3386960072739,36,0.16443328077822775,12]
[null,"Wisconsin",7084.7502999040107,25,0.1492987345172069,25]
[null,"Wyoming",10154.011445232678,4,0.18575894987312652,5]
[]
[null,"U.S. Average",7418.6821371150309,null,0.14926833309957319]
[null,"Source:  Census Bureau - Fiscal Year data, includes Wash. D.C."]
[null,{"$f":"'Own Source Revenue tables'!B63","v":"population estimates as of December 2019"}]
[]
[null,"Per capita calculations use the latest US Census mid-year population estimates for July 1"]
[null,"of the fiscal year.  Percent of income calculations use the latest US BEA state personal"]
[null,"income estimates for the calendar year that includes the first half of the fiscal year."]

{"sheet":"16 Own Source Rev - S&L","index":3,"n_rows":65,"n_cols":6,"rows_kept":65,"cut":false,"hidden":true,"merged":[]}
[]
[null,"Own Source Revenue - State and Local"]
[null,null,"FY",2016]
[]
[null,null,"Per Capita",null,"% of Income"]
[null,"State","Amount","Rank","Amount","Rank"]
[null,"Alabama",5680.461154695673,41,0.14898256813064001,25]
[null,"Alaska",10331.636781460384,3,0.18371104292104048,4]
[null,"Arizona",5095.7818152079954,50,0.13095808990924568,43]
[null,"Arkansas",5680.4541852120619,42,0.14615166687915168,28]
[null,"California",8723.0478250637916,8,0.16029846530327291,15]
[null,"Colorado",7047.5247707014769,23,0.13814851438169942,38]
[null,"Connecticut",8706.7472477235988,9,0.12720865053493216,48]
[null,"Delaware",7743.6273724842395,15,0.16540583593127264,13]
[null,"District of Columbia",13297.641189964679,1,0.18380597759976963,3]
[null,"Florida",5676.7461551832666,43,0.12730056457165206,47]
[null,"Georgia",5264.7729986609102,48,0.12967132865060285,44]
[null,"Hawaii",9182.1329664135337,6,0.18830353863261479,2]
[null,"Idaho",5204.6692375796974,49,0.13641475471320455,39]
[null,"Illinois",7287.7421230937025,20,0.14322233222845415,32]
[null,"Indiana",6073.7924944040287,35,0.1455913873645068,30]
[null,"Iowa",7806.4068893618178,13,0.17117367040709233,9]
[null,"Kansas",7191.3942505366231,21,0.15326753520446654,20]
[null,"Kentucky",5556.4120283112925,46,0.14483513152095251,31]
[null,"Louisiana",5971.2193646508331,36,0.13960905473708463,34]
[null,"Maine",6723.943006076448,26,0.15725055518215419,18]
[null,"Maryland",7775.2187789148884,14,0.13845218129159492,36]
[null,"Massachusetts",8680.5372147936232,10,0.13897540995602889,35]
[null,"Michigan",6371.0108331181318,31,0.14841690022255444,26]
[null,"MINNESOTA",8364.6684502270255,11,0.16476610790497984,14]
[null,"Mississippi",5969.34040714815,37,0.17168368813203941,7]
[null,"Missouri",5615.6113078535409,45,0.13274327186709572,41]
[null,"Montana",5554.3476903300434,47,0.13185989318858624,42]
[null,"Nebraska",7341.0414056384197,18,0.1490543233792388,24]
[null,"Nevada",5894.1797510216556,39,0.13840644081148304,37]
[null,"New Hampshire",6593.169707674394,28,0.12199345106713444,50]
[null,"New Jersey",8832.8609695447049,7,0.14564178456388122,29]
[null,"New Mexico",6470.3670556372372,29,0.17141338926267188,8]
[null,"New York",11816.408947361642,2,0.2007833664893611,1]
[null,"North Carolina",6109.3920562026233,34,0.1494362429903732,23]
[null,"North Dakota",9566.6060849496189,5,0.17181218094561293,6]
[null,"Ohio",6682.9585690695567,27,0.15294908803889665,21]
[null,"Oklahoma",5623.3799339864408,44,0.12854041544739808,46]
[null,"Oregon",7340.9186675283108,19,0.16832524605590088,10]
[null,"Pennsylvania",7106.1902424821674,22,0.14256839073381927,33]
[null,"Rhode Island",7660.8546510472879,17,0.15417253237696935,19]
[null,"South Carolina",6392.4785735246514,30,0.16696194852471052,12]
[null,"South Dakota",5877.8384266824278,40,0.12402993859159267,49]
[null,"Tennessee",5045.6145219323189,51,0.12067570665146139,51]
[null,"Texas",5944.4176306162344,38,0.12928717528643643,45]
[null,"Utah",6225.6478231046804,32,0.15954765411576124,17]
[null,"Vermont",7860.2231401248146,12,0.16019887613941566,16]
[null,"Virginia",7002.0122587875376,24,0.13487424523064473,40]
[null,"Washington",7673.508090827836,16,0.14732372375737121,27]
[null,"West Virginia",6174.3459194758507,33,0.16804154617518557,11]
[null,"Wisconsin",6909.0010701619522,25,0.15045741209522559,22]
[null,"Wyoming",10195.45602354995,4,0.18046138911001447,5]
[]
[null,"U.S. Average",7175.0500760912446,null,0.14909336246783364]
[null,"Source:  Census Bureau - Fiscal Year data, includes Wash. D.C."]
[null,{"$f":"'Own Source Revenue tables'!B63","v":"population estimates as of December 2019"}]
[]
[null,"Per capita calculations use the latest US Census mid-year population estimates for July 1"]
[null,"of the fiscal year.  Percent of income calculations use the latest US BEA state personal"]
[null,"income estimates for the calendar year that includes the first half of the fiscal year."]

{"sheet":"15 Own Source Rev - S&L","index":4,"n_rows":65,"n_cols":6,"rows_kept":65,"cut":false,"hidden":true,"merged":[]}
[]
[null,"Own Source Revenue - State and Local"]
[null,null,"FY",2015]
[]
[null,null,"Per Capita",null,"% of Income"]
[null,"State","Amount","Rank","Amount","Rank"]
[null,"Alabama",5594.7127291707984,44,0.15194396025188253,23]
[null,"Alaska",10034.136472718057,5,0.18400909606013824,6]
[null,"Arizona",4889.6790508804279,51,0.1300795887340831,47]
[null,"Arkansas",5502.4331014717573,45,0.14530331303824989,32]
[null,"California",8343.5101418204958,10,0.16397950627811927,15]
[null,"Colorado",7495.1938674134199,17,0.15259470011516529,22]
[null,"Connecticut",8845.3677408871008,6,0.13296980369507452,45]
[null,"Delaware",7618.7635511652816,14,0.17054906988653001,13]
[null,"District of Columbia",13250.096620368169,1,0.19311923320947724,4]
[null,"Florida",5626.75822714676,43,0.13315518998889317,43]
[null,"Georgia",5147.8371062196002,49,0.13302418569874194,44]
[null,"Hawaii",8487.9311795389531,8,0.18309328084213217,7]
[null,"Idaho",5183.1277541586733,48,0.1407314906958578,39]
[null,"Illinois",7359.648112081667,18,0.15054497433952899,27]
[null,"Indiana",6020.0024324584356,33,0.14910263942645391,30]
[null,"Iowa",7544.9638332607019,16,0.1708280197563346,12]
[null,"Kansas",6974.3171303904028,22,0.15009804269380664,29]
[null,"Kentucky",5453.0004927571044,47,0.14768298765525689,31]
[null,"Louisiana",5803.5903323570692,40,0.13883376380319426,40]
[null,"Maine",6518.1862753589239,27,0.15803997383202703,19]
[null,"Maryland",7682.6118424593969,13,0.1428974371169805,36]
[null,"Massachusetts",8350.8555046053862,9,0.14175255398979592,38]
[null,"Michigan",6241.6487114054307,32,0.15290495360069464,21]
[null,"MINNESOTA",8154.8021442804411,11,0.16651670263441196,14]
[null,"Mississippi",5880.8044894695568,37,0.17148103675499249,10]
[null,"Missouri",5470.241443589608,46,0.13328318597382338,42]
[null,"Montana",5856.8311133629022,38,0.14451091282305056,35]
[null,"Nebraska",7302.0991104604855,19,0.15180676449006394,25]
[null,"Nevada",5680.2602237832971,42,0.14196564142274129,37]
[null,"New Hampshire",6406.5838479431395,29,0.12239561123111045,51]
[null,"New Jersey",8617.6647748141986,7,0.15011069208361369,28]
[null,"New Mexico",6894.6180695627445,24,0.18743726921245668,5]
[null,"New York",11500.134817741249,4,0.20542746342977689,3]
[null,"North Carolina",5945.4225699254212,36,0.15192032034643796,24]
[null,"North Dakota",12186.871985364154,2,0.2139814543529088,1]
[null,"Ohio",6495.8609446985747,28,0.15409506448952195,20]
[null,"Oklahoma",5824.815788941215,39,0.1297991330849057,48]
[null,"Oregon",7075.053958173422,21,0.17137743264457342,11]
[null,"Pennsylvania",6952.6821732576973,23,0.14492189220405893,34]
[null,"Rhode Island",7553.8451922312006,15,0.15809717130827747,18]
[null,"South Carolina",6291.4378008606373,31,0.17222709350630466,9]
[null,"South Dakota",5733.6611103044843,41,0.12507452296553806,49]
[null,"Tennessee",4974.7260013540244,50,0.12484436176112565,50]
[null,"Texas",5985.159942421893,34,0.13292819531490879,46]
[null,"Utah",5949.9932493935348,35,0.16019877372895891,17]
[null,"Vermont",7726.4318485719541,12,0.16336796476258988,16]
[null,"Virginia",6843.9669707546536,25,0.13726159349440878,41]
[null,"Washington",7291.877131502577,20,0.1452902198567998,33]
[null,"West Virginia",6324.2492119926055,30,0.17616406506800208,8]
[null,"Wisconsin",6679.4826297835461,26,0.1508267676256993,26]
[null,"Wyoming",11704.490003446499,3,0.2085902947607296,2]
[]
[null,"U.S. Average",7047.2500177602542,null,0.15275057253243252]
[null,"Source:  Census Bureau - Fiscal Year data, includes Wash. D.C."]
[null,{"$f":"'Own Source Revenue tables'!B63","v":"population estimates as of December 2019"}]
[]
[null,"Per capita calculations use the latest US Census mid-year population estimates for July 1"]
[null,"of the fiscal year.  Percent of income calculations use the latest US BEA state personal"]
[null,"income estimates for the calendar year that includes the first half of the fiscal year."]

{"sheet":"14 Own Source Rev - S&L","index":5,"n_rows":65,"n_cols":6,"rows_kept":65,"cut":false,"hidden":true,"merged":[]}
[]
[null,"Own Source Revenue - State and Local"]
[null,null,"FY",2014]
[]
[null,null,"Per Capita",null,"% of Income"]
[null,"State","Amount","Rank","Amount","Rank"]
[null,"Alabama",5298.5042577098593,45,0.14851442774608345,30]
[null,"Alaska",15166.351524694415,1,0.29468094932130789,1]
[null,"Arizona",4937.8892210155573,49,0.13701533953641645,42]
[null,"Arkansas",5331.6761670046162,44,0.14857873165332172,29]
[null,"California",7735.0041532222313,11,0.16068915882317969,17]
[null,"Colorado",6774.7358330865882,21,0.14693988094336724,33]
[null,"Connecticut",8673.9553430758824,6,0.1350986412628272,45]
[null,"Delaware",7505.1532277730958,12,0.17297609848591486,9]
[null,"District of Columbia",12353.247699182859,3,0.18846484800453858,6]
[null,"Florida",5473.5523480344982,43,0.1362673522748036,43]
[null,"Georgia",4994.1098801048574,48,0.13572932121312942,44]
[null,"Hawaii",8028.5664055963616,8,0.18111559958638199,7]
[null,"Idaho",4896.8554028938524,50,0.13891993926970997,41]
[null,"Illinois",7059.6876140466275,18,0.15120416792594071,27]
[null,"Indiana",5739.1919284731866,36,0.14718381760320623,32]
[null,"Iowa",7087.3231596863607,16,0.16495603400385606,14]
[null,"Kansas",6906.3669223552779,20,0.15091567530557773,28]
[null,"Kentucky",5204.6839639732734,47,0.14668026180145546,34]
[null,"Louisiana",6075.9871167069714,30,0.15221208507769149,24]
[null,"Maine",6315.7984518143949,27,0.15940472662712232,18]
[null,"Maryland",7376.1607227395325,14,0.14090916014527177,39]
[null,"Massachusetts",8012.8118726306166,9,0.14102834633473604,38]
[null,"Michigan",5958.4831914666811,33,0.15220692806825573,25]
[null,"MINNESOTA",7797.0229459928269,10,0.16606020099096166,13]
[null,"Mississippi",5663.216147573854,39,0.17003829798151635,11]
[null,"Missouri",5246.8334067544083,46,0.13204872203113036,48]
[null,"Montana",5617.439021886521,40,0.14338142772681634,36]
[null,"Nebraska",7070.4682520486194,17,0.15515785484820352,20]
[null,"Nevada",5486.8710450675662,42,0.14326152612588536,37]
[null,"New Hampshire",6151.7065376826067,29,0.11974567855784898,51]
[null,"New Jersey",8427.8695318913688,7,0.1522522498615948,23]
[null,"New Mexico",6664.9956985613226,22,0.19158531037233553,5]
[null,"New York",10923.926269295634,4,0.20091275075589243,4]
[null,"North Carolina",5675.722607879954,37,0.15151497147573761,26]
[null,"North Dakota",12454.86576636969,2,0.22869028415237544,2]
[null,"Ohio",6268.4827892894582,28,0.15439215227410785,21]
[null,"Oklahoma",5667.8830864946713,38,0.1336510208131933,47]
[null,"Oregon",6616.114269557962,24,0.16922679228333648,12]
[null,"Pennsylvania",6653.4510398876046,23,0.14436405833835242,35]
[null,"Rhode Island",7233.2941354980649,15,0.15638884050026294,19]
[null,"South Carolina",5988.2945388045382,32,0.17183349494268957,10]
[null,"South Dakota",5542.1101833182611,41,0.12530088870264458,49]
[null,"Tennessee",4698.9235351002799,51,0.12199113501979371,50]
[null,"Texas",5936.7768883817107,34,0.13922969844984598,40]
[null,"Utah",5761.3113035532915,35,0.16193501223763609,16]
[null,"Vermont",7436.4943922013954,13,0.16306882534115111,15]
[null,"Virginia",6492.5599095483531,26,0.13478006978952833,46]
[null,"Washington",7010.3335660080893,19,0.14843004736919549,31]
[null,"West Virginia",6017.2278922420928,31,0.17323523533725746,8]
[null,"Wisconsin",6527.4621651204843,25,0.15317958880879207,22]
[null,"Wyoming",10685.399611405621,5,0.20302365010039766,3]
[]
[null,"U.S. Average",6767.5201797157815,null,0.15323695688949296]
[null,"Source:  Census Bureau - Fiscal Year data, includes Wash. D.C."]
[null,{"$f":"'Own Source Revenue tables'!B63","v":"population estimates as of December 2019"}]
[]
[null,"Per capita calculations use the latest US Census mid-year population estimates for July 1"]
[null,"of the fiscal year.  Percent of income calculations use the latest US BEA state personal"]
[null,"income estimates for the calendar year that includes the first half of the fiscal year."]

{"sheet":"13 Own Source Rev - S&L","index":6,"n_rows":65,"n_cols":6,"rows_kept":65,"cut":false,"hidden":true,"merged":[]}
[]
[null,"Own Source Revenue - State and Local"]
[null,null,"FY",2013]
[]
[null,null,"Per Capita",null,"% of Income"]
[null,"State","Amount","Rank","Amount","Rank"]
[null,"Alabama",5340.9658934117615,43,0.14861462920331145,30]
[null,"Alaska",16576.561953346838,1,0.31989768196479895,1]
[null,"Arizona",5001.3450867685779,48,0.13749580593792537,39]
[null,"Arkansas",5203.5381176940709,46,0.14380500648180253,35]
[null,"California",7580.8294021407964,12,0.16068454345099059,16]
[null,"Colorado",6775.4586680811644,20,0.14825044355268188,31]
[null,"Connecticut",8594.4156625434225,6,0.13709571809782581,41]
[null,"Delaware",7839.1856945403542,9,0.17680764876114477,7]
[null,"District of Columbia",12265.518674754443,2,0.18189088097345693,5]
[null,"Florida",5544.8809094934804,39,0.13608539507000361,42]
[null,"Georgia",4961.7950626738839,49,0.1341634006000533,45]
[null,"Hawaii",7936.2775196714847,8,0.18037491381640203,6]
[null,"Idaho",4785.4165310317239,50,0.13881219315210391,38]
[null,"Illinois",6951.4752226216833,18,0.15108626857937013,25]
[null,"Indiana",5693.1934438045828,34,0.15062564423052024,26]
[null,"Iowa",7066.9240003311525,16,0.1634746701028359,14]
[null,"Kansas",6988.6800731008798,17,0.16031135947509631,18]
[null,"Kentucky",5050.1248152779353,47,0.14149275097066416,37]
[null,"Louisiana",6026.5189062496283,30,0.14943887775615533,27]
[null,"Maine",6295.6754250898193,26,0.15904718633108547,19]
[null,"Maryland",7226.6278529120427,14,0.13717369763289119,40]
[null,"Massachusetts",7589.6707463767789,11,0.13479965585325784,43]
[null,"Michigan",5846.7078349328813,33,0.1515067619289934,23]
[null,"MINNESOTA",7643.386887028435,10,0.16281557935305668,15]
[null,"Mississippi",5544.0073741815377,40,0.16762923785508119,11]
[null,"Missouri",5304.1478840473437,44,0.13332471888252709,46]
[null,"Montana",5576.5672780613604,38,0.1439270720915771,34]
[null,"Nebraska",6836.5810731289794,19,0.15111443877548789,24]
[null,"Nevada",5526.7889588677617,42,0.14193126626144248,36]
[null,"New Hampshire",6081.3504604357877,29,0.12043635327176838,50]
[null,"New Jersey",8199.4208400580919,7,0.14922318301175286,28]
[null,"New Mexico",6084.9254153309475,28,0.17118377609768118,8]
[null,"New York",10444.033964294,5,0.19579195142987149,4]
[null,"North Carolina",5694.5688112009711,35,0.1487868779278386,29]
[null,"North Dakota",11604.093827474415,3,0.21604994066169447,2]
[null,"Ohio",6258.7747117410017,27,0.15547872637133628,22]
[null,"Oklahoma",5531.6046457613456,41,0.13440136349502677,44]
[null,"Oregon",6348.1536546309471,25,0.16365137030060795,13]
[null,"Pennsylvania",6591.8829500695265,23,0.1441381889999806,33]
[null,"Rhode Island",7177.9236666742654,15,0.15579098093553292,21]
[null,"South Carolina",5888.8935258020456,32,0.16768069025562005,10]
[null,"South Dakota",5290.4906124670224,45,0.11963718246730787,51]
[null,"Tennessee",4773.3632177927475,51,0.12273950498036978,49]
[null,"Texas",5682.9305171634505,37,0.13266216986995277,47]
[null,"Utah",5680.2266774805121,36,0.16048706029886717,17]
[null,"Vermont",7316.8550649069011,13,0.16547624169334771,12]
[null,"Virginia",6424.6849402053131,24,0.13144777269518698,48]
[null,"Washington",6765.2240028761207,21,0.14449091784238274,32]
[null,"West Virginia",5992.5482397321084,31,0.16910134683325534,9]
[null,"Wisconsin",6709.8914227583036,22,0.15853508636119792,20]
[null,"Wyoming",10708.189069008507,4,0.20753846370650975,3]
[]
[null,"U.S. Average",6654.8438544646242,null,0.15144573171893816]
[null,"Source:  Census Bureau - Fiscal Year data, includes Wash. D.C."]
[null,{"$f":"'Own Source Revenue tables'!B63","v":"population estimates as of December 2019"}]
[]
[null,"Per capita calculations use the latest US Census mid-year population estimates for July 1"]
[null,"of the fiscal year.  Percent of income calculations use the latest US BEA state personal"]
[null,"income estimates for the calendar year that includes the first half of the fiscal year."]

{"sheet":"12 Own Source Rev - S&L","index":7,"n_rows":65,"n_cols":6,"rows_kept":65,"cut":false,"hidden":true,"merged":[]}
[]
[null,"Own Source Revenue - State and Local"]
[null,null,"FY",2012]
[]
[null,null,"Per Capita",null,"% of Income"]
[null,"State","Amount","Rank","Amount","Rank"]
[null,"Alabama",5114.1141702323193,44,0.14699999999999999,35]
[null,"Alaska",19159.913187131784,1,0.40200000000000002,1]
[null,"Arizona",4892.6288922982176,48,0.14000000000000001,41]
[null,"Arkansas",5050.4546704372506,47,0.14899999999999999,28]
[null,"California",7029.009969635581,12,0.159,19]
[null,"Colorado",6390.7245964785161,21,0.14699999999999999,33]
[null,"Connecticut",8268.3946002007488,6,0.14399999999999999,37]
[null,"Delaware",7528.1654434254096,8,0.17799999999999999,5]
[null,"District of Columbia",12068.942396378643,2,0.16700000000000001,9]
[null,"Florida",5483.8089003727309,37,0.13800000000000001,43]
[null,"Georgia",4841.3538746469803,49,0.13400000000000001,45]
[null,"Hawaii",7300.3329644897713,10,0.17199999999999999,8]
[null,"Idaho",4705.378181902478,51,0.14099999999999999,39]
[null,"Illinois",6669.7450992286158,18,0.151,27]
[null,"Indiana",5604.774984502812,33,0.155,24]
[null,"Iowa",6937.8655778584143,14,0.16300000000000001,12]
[null,"Kansas",6675.7377400190762,17,0.16,18]
[null,"Kentucky",5102.2343244421718,45,0.14799999999999999,30]
[null,"Louisiana",5867.8349649280262,29,0.153,25]
[null,"Maine",6124.7328593530838,25,0.158,20]
[null,"Maryland",6771.0223163813034,16,0.13100000000000001,48]
[null,"Massachusetts",7466.4251447179095,9,0.13900000000000001,42]
[null,"Michigan",5667.5819538198048,32,0.153,26]
[null,"MINNESOTA",7191.8321595452271,11,0.16,16]
[null,"Mississippi",5320.3208000911027,42,0.16600000000000001,10]
[null,"Missouri",5087.303923944165,46,0.13400000000000001,46]
[null,"Montana",5396.1251824341871,40,0.14699999999999999,32]
[null,"Nebraska",6363.1717702789856,22,0.14699999999999999,34]
[null,"Nevada",5323.1752159989901,41,0.14399999999999999,36]
[null,"New Hampshire",5731.6748310305866,31,0.121,50]
[null,"New Jersey",7871.8543423565779,7,0.14799999999999999,29]
[null,"New Mexico",5974.3178216340048,28,0.17199999999999999,6]
[null,"New York",10171.904231457152,5,0.19700000000000001,4]
[null,"North Carolina",5591.2942015822064,35,0.155,23]
[null,"North Dakota",12007.146874755257,3,0.25700000000000001,2]
[null,"Ohio",5991.8256774733391,27,0.155,22]
[null,"Oklahoma",5435.3323053090635,39,0.14099999999999999,40]
[null,"Oregon",6092.4660028455337,26,0.16300000000000001,13]
[null,"Pennsylvania",6265.6589723669586,23,0.14299999999999999,38]
[null,"Rhode Island",6995.8893683253309,13,0.157,21]
[null,"South Carolina",5597.0015722228063,34,0.16600000000000001,11]
[null,"South Dakota",5150.2484331399146,43,0.11700000000000001,51]
[null,"Tennessee",4720.880853118495,50,0.128,49]
[null,"Texas",5492.1780940638691,36,0.13600000000000001,44]
[null,"Utah",5466.7681717496816,38,0.16200000000000001,14]
[null,"Vermont",6921.2545378497371,15,0.161,15]
[null,"Virginia",6171.1290122970095,24,0.13300000000000001,47]
[null,"Washington",6513.9924480506261,19,0.14799999999999999,31]
[null,"West Virginia",5846.964067440148,30,0.17199999999999999,7]
[null,"Wisconsin",6485.6049728783528,20,0.16,17]
[null,"Wyoming",11191.507243363138,4,0.23100000000000001,3]
[]
[null,"U.S. Average",6410.4646142990005,null,0.153]
[null,"Source:  Census Bureau - Fiscal Year data, includes Wash. D.C."]
[null,{"$f":"'Own Source Revenue tables'!B63","v":"population estimates as of December 2019"}]
[]
[null,"Per capita calculations use the latest US Census mid-year population estimates for July 1"]
[null,"of the fiscal year.  Percent of income calculations use the latest US BEA state personal"]
[null,"income estimates for the calendar year that includes the first half of the fiscal year."]

{"sheet":"11 Own Source Rev - S&L","index":8,"n_rows":65,"n_cols":6,"rows_kept":65,"cut":false,"hidden":true,"merged":[]}
[]
[null,"Own Source Revenue - State and Local"]
[null,null,"FY",2011]
[]
[null,null,"Per Capita",null,"% of Income"]
[null,"State","Amount","Rank","Amount","Rank"]
[null,"Alabama",5200.87,41,0.154,33]
[null,"Alaska",17211.830000000002,1,0.38200000000000001,1]
[null,"Arizona",4791.43,50,0.14199999999999999,43]
[null,"Arkansas",5043.3999999999996,45,0.158,27]
[null,"California",7117.74,11,0.17,11]
[null,"Colorado",6656.85,15,0.16200000000000001,21]
[null,"Connecticut",7734.04,7,0.14000000000000001,45]
[null,"Delaware",7669.78,8,0.188,5]
[null,"District of Columbia",10754.81,3,0.158,28]
[null,"Florida",5599.5,34,0.14699999999999999,37]
[null,"Georgia",4845.9799999999996,49,0.14299999999999999,42]
[null,"Hawaii",7061.61,12,0.17100000000000001,10]
[null,"Idaho",4907.68,48,0.154,32]
[null,"Illinois",6186.62,23,0.14699999999999999,38]
[null,"Indiana",5487.7,36,0.16,23]
[null,"Iowa",6540.93,17,0.16800000000000001,14]
[null,"Kansas",6403.23,18,0.16600000000000001,17]
[null,"Kentucky",5089.6899999999996,44,0.155,30]
[null,"Louisiana",5884.47,27,0.159,26]
[null,"Maine",6081.78,24,0.16400000000000001,19]
[null,"Maryland",6620.69,16,0.13300000000000001,48]
[null,"Massachusetts",7473.79,9,0.14599999999999999,40]
[null,"Michigan",5705.53,32,0.16200000000000001,20]
[null,"MINNESOTA",7146.71,10,0.16900000000000001,12]
[null,"Mississippi",5188.5,42,0.16900000000000001,13]
[null,"Missouri",4956.8100000000004,47,0.13600000000000001,47]
[null,"Montana",5284.49,39,0.154,34]
[null,"Nebraska",6321.2,21,0.159,25]
[null,"Nevada",5334.9,38,0.14599999999999999,39]
[null,"New Hampshire",5820.44,30,0.13,50]
[null,"New Jersey",7877.01,6,0.155,31]
[null,"New Mexico",5798.72,31,0.17599999999999999,7]
[null,"New York",9788.0499999999993,4,0.19900000000000001,4]
[null,"North Carolina",5493.99,35,0.156,29]
[null,"North Dakota",9416.2099999999991,5,0.221,3]
[null,"Ohio",5861.43,28,0.16200000000000001,22]
[null,"Oklahoma",5168.13,43,0.14499999999999999,41]
[null,"Oregon",5952.43,26,0.16700000000000001,15]
[null,"Pennsylvania",6240.29,22,0.15,36]
[null,"Rhode Island",6892.85,14,0.16,24]
[null,"South Carolina",5693.82,33,0.17599999999999999,8]
[null,"South Dakota",5036.0200000000004,46,0.125,51]
[null,"Tennessee",4630.57,51,0.13200000000000001,49]
[null,"Texas",5275.41,40,0.14099999999999999,44]
[null,"Utah",5354.43,37,0.16700000000000001,16]
[null,"Vermont",6938.78,13,0.17299999999999999,9]
[null,"Virginia",6067.81,25,0.13700000000000001,46]
[null,"Washington",6390.61,19,0.152,35]
[null,"West Virginia",5846.12,29,0.184,6]
[null,"Wisconsin",6345.55,20,0.16400000000000001,18]
[null,"Wyoming",10973.94,2,0.245,2]
[]
[null,"U.S. Average",6312.23,null,0.158]
[null,"Source:  Census Bureau - Fiscal Year data, includes Wash. D.C."]
[null,{"$f":"'Own Source Revenue tables'!B63","v":"population estimates as of December 2019"}]
[]
[null,"Per capita calculations use the latest US Census mid-year population estimates for July 1"]
[null,"of the fiscal year.  Percent of income calculations use the latest US BEA state personal"]
[null,"income estimates for the calendar year that includes the first half of the fiscal year."]

{"sheet":"10 Own Source Rev - S&L","index":9,"n_rows":65,"n_cols":6,"rows_kept":65,"cut":false,"hidden":true,"merged":[]}
[]
[null,"Own Source Revenue - State and Local"]
[null,null,"FY",2010]
[]
[null,null,"Per Capita",null,"% of Income"]
[null,"State","Amount","Rank","Amount","Rank"]
[null,"Alabama",5037.47,41,0.154,30]
[null,"Alaska",15073.22,1,0.34799999999999998,1]
[null,"Arizona",4547.2,50,0.13500000000000001,46]
[null,"Arkansas",4766.5,47,0.152,33]
[null,"California",6740.48,11,0.16400000000000001,12]
[null,"Colorado",6357.37,16,0.155,28]
[null,"Connecticut",7315.36,7,0.13700000000000001,44]
[null,"Delaware",7222.24,8,0.17799999999999999,5]
[null,"District of Columbia",10585.83,2,0.159,24]
[null,"Florida",5723.02,28,0.155,29]
[null,"Georgia",4702.0600000000004,48,0.13800000000000001,43]
[null,"Hawaii",6911.11,10,0.16900000000000001,8]
[null,"Idaho",4570.99,49,0.14599999999999999,38]
[null,"Illinois",5854.31,24,0.14099999999999999,41]
[null,"Indiana",5472.57,33,0.16300000000000001,14]
[null,"Iowa",6220.14,18,0.16200000000000001,18]
[null,"Kansas",6233.92,17,0.16200000000000001,17]
[null,"Kentucky",4867.54,45,0.152,34]
[null,"Louisiana",5782.12,26,0.161,20]
[null,"Maine",5853.21,25,0.159,25]
[null,"Maryland",6441,15,0.13200000000000001,48]
[null,"Massachusetts",7121.82,9,0.14299999999999999,40]
[null,"Michigan",5605.16,31,0.16400000000000001,13]
[null,"MINNESOTA",6675.51,12,0.16300000000000001,16]
[null,"Mississippi",5029.17,42,0.16700000000000001,10]
[null,"Missouri",4799.1499999999996,46,0.13300000000000001,47]
[null,"Montana",5394.82,35,0.161,19]
[null,"Nebraska",6110.23,21,0.156,27]
[null,"Nevada",5319.87,37,0.14499999999999999,39]
[null,"New Hampshire",5682.3,29,0.13,49]
[null,"New Jersey",7649.18,5,0.153,31]
[null,"New Mexico",5346.77,36,0.16700000000000001,11]
[null,"New York",9369.2000000000007,4,0.19700000000000001,3]
[null,"North Carolina",5265.71,38,0.152,32]
[null,"North Dakota",7515.65,6,0.191,4]
[null,"Ohio",5623.89,30,0.158,26]
[null,"Oklahoma",5029.0600000000004,43,0.14699999999999999,36]
[null,"Oregon",5768.15,27,0.16300000000000001,15]
[null,"Pennsylvania",5929.41,23,0.14599999999999999,37]
[null,"Rhode Island",6574.31,14,0.159,22]
[null,"South Carolina",5549.64,32,0.17299999999999999,7]
[null,"South Dakota",4934.2299999999996,44,0.127,51]
[null,"Tennessee",4413.3100000000004,51,0.129,50]
[null,"Texas",5119.2700000000004,39,0.14099999999999999,42]
[null,"Utah",5063.04,40,0.159,23]
[null,"Vermont",6643.22,13,0.16800000000000001,9]
[null,"Virginia",5932.07,22,0.13600000000000001,45]
[null,"Washington",6157.58,19,0.14799999999999999,35]
[null,"West Virginia",5417.77,34,0.17399999999999999,6]
[null,"Wisconsin",6126.49,20,0.16,21]
[null,"Wyoming",10447.379999999999,3,0.24199999999999999,2]
[]
[null,"U.S. Average",6076,null,0.156]
[null,"Source:  Census Bureau - Fiscal Year data, includes Wash. D.C."]
[null,{"$f":"'Own Source Revenue tables'!B63","v":"population estimates as of December 2019"}]
[]
[null,"Per capita calculations use the latest US Census mid-year population estimates for July 1"]
[null,"of the fiscal year.  Percent of income calculations use the latest US BEA state personal"]
[null,"income estimates for the calendar year that includes the first half of the fiscal year."]

{"sheet":"09 Own Source Rev - S&L","index":10,"n_rows":65,"n_cols":6,"rows_kept":65,"cut":false,"hidden":true,"merged":[]}
[]
[null,"Own Source Revenue - State and Local"]
[null,null,"FY",2009]
[]
[null,null,"Per Capita",null,"% of Income"]
[null,"State","Amount","Rank","Amount","Rank"]
[null,"Alabama",5088.22,42,0.151,28]
[null,"Alaska",16783.23,1,0.378,1]
[null,"Arizona",4548.91,51,0.13400000000000001,45]
[null,"Arkansas",4778.59,48,0.14799999999999999,33]
[null,"California",6851.25,11,0.159,17]
[null,"Colorado",6329.73,17,0.15,30]
[null,"Connecticut",7357.81,7,0.13,49]
[null,"Delaware",7273.68,8,0.17599999999999999,7]
[null,"District of Columbia",10477.290000000001,3,0.154,25]
[null,"Florida",5913.75,25,0.14899999999999999,32]
[null,"Georgia",4730.29,49,0.13700000000000001,41]
[null,"Hawaii",7119.44,9,0.16700000000000001,8]
[null,"Idaho",4817.21,47,0.14799999999999999,34]
[null,"Illinois",5832.11,28,0.13600000000000001,42]
[null,"Indiana",5652.31,30,0.16200000000000001,14]
[null,"Iowa",6308.35,18,0.159,15]
[null,"Kansas",6354.51,16,0.157,19]
[null,"Kentucky",5045.1899999999996,43,0.155,24]
[null,"Louisiana",6168,20,0.16500000000000001,10]
[null,"Maine",5838.84,27,0.158,18]
[null,"Maryland",6554.21,14,0.13200000000000001,47]
[null,"Massachusetts",7099.1,10,0.14000000000000001,38]
[null,"Michigan",5559.33,34,0.157,21]
[null,"MINNESOTA",6603.33,12,0.154,27]
[null,"Mississippi",4984.76,45,0.16300000000000001,12]
[null,"Missouri",4885.37,46,0.13200000000000001,46]
[null,"Montana",5647.11,31,0.16300000000000001,13]
[null,"Nebraska",6100.42,22,0.151,29]
[null,"Nevada",5623.46,32,0.14000000000000001,40]
[null,"New Hampshire",5452.71,37,0.124,51]
[null,"New Jersey",7764.33,5,0.15,31]
[null,"New Mexico",5893.3,26,0.17599999999999999,6]
[null,"New York",9305.68,4,0.192,3]
[null,"North Carolina",5179.63,40,0.14599999999999999,35]
[null,"North Dakota",7743.68,6,0.186,4]
[null,"Ohio",5697.16,29,0.157,20]
[null,"Oklahoma",5257.27,38,0.14000000000000001,39]
[null,"Oregon",5575.78,33,0.154,26]
[null,"Pennsylvania",5922.83,24,0.14399999999999999,37]
[null,"Rhode Island",6504.1,15,0.155,23]
[null,"South Carolina",5466.07,36,0.16600000000000001,9]
[null,"South Dakota",4992.3500000000004,44,0.126,50]
[null,"Tennessee",4578.83,50,0.13200000000000001,48]
[null,"Texas",5254.05,39,0.13500000000000001,43]
[null,"Utah",5128.46,41,0.157,22]
[null,"Vermont",6587.95,13,0.16300000000000001,11]
[null,"Virginia",6009.95,23,0.13500000000000001,44]
[null,"Washington",6266.85,19,0.14399999999999999,36]
[null,"West Virginia",5531.43,35,0.17699999999999999,5]
[null,"Wisconsin",6151.41,21,0.159,16]
[null,"Wyoming",11583.72,2,0.23499999999999999,2]
[]
[null,"U.S. Average",6149.85,null,0.152]
[null,"Source:  Census Bureau - Fiscal Year data, includes Wash. D.C."]
[null,{"$f":"'Own Source Revenue tables'!B63","v":"population estimates as of December 2019"}]
[]
[null,"Per capita calculations use the latest US Census mid-year population estimates for July 1"]
[null,"of the fiscal year.  Percent of income calculations use the latest US BEA state personal"]
[null,"income estimates for the calendar year that includes the first half of the fiscal year."]

{"sheet":"08 Own Source Rev - S&L","index":11,"n_rows":65,"n_cols":6,"rows_kept":65,"cut":false,"hidden":true,"merged":[]}
[]
[null,"Own Source Revenue - State and Local"]
[null,null,"FY",2008]
[]
[null,null,"Per Capita",null,"% of Income"]
[null,"State","Amount","Rank","Amount","Rank"]
[null,"Alabama",5195.6499999999996,42,0.159,30]
[null,"Alaska",23566.55,1,0.56999999999999995,1]
[null,"Arizona",5011.7299999999996,46,0.14699999999999999,43]
[null,"Arkansas",4753.99,51,0.153,36]
[null,"California",7332.78,9,0.17100000000000001,14]
[null,"Colorado",6378.84,17,0.155,35]
[null,"Connecticut",7739.7,6,0.13800000000000001,48]
[null,"Delaware",7473.93,8,0.183,8]
[null,"District of Columbia",11882.76,2,0.189,6]
[null,"Florida",6339.83,18,0.16,28]
[null,"Georgia",5137.5200000000004,43,0.15,39]
[null,"Hawaii",7308.62,11,0.17899999999999999,10]
[null,"Idaho",5120.41,44,0.157,31]
[null,"Illinois",5962.47,29,0.14299999999999999,45]
[null,"Indiana",5672.79,33,0.16700000000000001,19]
[null,"Iowa",6117.87,24,0.16600000000000001,22]
[null,"Kansas",6297.68,20,0.16700000000000001,21]
[null,"Kentucky",4938.2299999999996,48,0.157,33]
[null,"Louisiana",6304.86,19,0.17899999999999999,9]
[null,"Maine",5999.78,28,0.16800000000000001,16]
[null,"Maryland",6438.06,16,0.13300000000000001,50]
[null,"Massachusetts",7312.13,10,0.14799999999999999,42]
[null,"Michigan",5830.92,31,0.16700000000000001,17]
[null,"MINNESOTA",6793.95,12,0.16400000000000001,23]
[null,"Mississippi",5047.05,45,0.17199999999999999,13]
[null,"Missouri",4974.17,47,0.14000000000000001,47]
[null,"Montana",5557.24,35,0.16700000000000001,18]
[null,"Nebraska",6197.85,22,0.161,26]
[null,"Nevada",6035.5,27,0.14899999999999999,41]
[null,"New Hampshire",5431.81,39,0.126,51]
[null,"New Jersey",8059.1,5,0.159,29]
[null,"New Mexico",6170.03,23,0.193,5]
[null,"New York",9454.34,4,0.19900000000000001,4]
[null,"North Carolina",5434.18,38,0.157,32]
[null,"North Dakota",7507.93,7,0.20399999999999999,3]
[null,"Ohio",5925.84,30,0.16700000000000001,20]
[null,"Oklahoma",5226.26,41,0.151,38]
[null,"Oregon",5706.88,32,0.16200000000000001,25]
[null,"Pennsylvania",6117.23,25,0.153,37]
[null,"Rhode Island",6554.09,15,0.16,27]
[null,"South Carolina",5518.33,37,0.17299999999999999,11]
[null,"South Dakota",4931.34,49,0.13500000000000001,49]
[null,"Tennessee",4880.25,50,0.14399999999999999,44]
[null,"Texas",5393.18,40,0.14899999999999999,40]
[null,"Utah",5535.61,36,0.17299999999999999,12]
[null,"Vermont",6570.6,13,0.16900000000000001,15]
[null,"Virginia",6220.24,21,0.14199999999999999,46]
[null,"Washington",6570.27,14,0.156,34]
[null,"West Virginia",5576.78,34,0.189,7]
[null,"Wisconsin",6114.76,26,0.16300000000000001,24]
[null,"Wyoming",11341.83,3,0.247,2]
[]
[null,"U.S. Average",6388.62,null,0.16200000000000001]
[null,"Source:  Census Bureau - Fiscal Year data, includes Wash. D.C."]
[null,{"$f":"'Own Source Revenue tables'!B63","v":"population estimates as of December 2019"}]
[]
[null,"Per capita calculations use the latest US Census mid-year population estimates for July 1"]
[null,"of the fiscal year.  Percent of income calculations use the latest US BEA state personal"]
[null,"income estimates for the calendar year that includes the first half of the fiscal year."]

{"sheet":"07 Own Source Rev - S&L","index":12,"n_rows":65,"n_cols":6,"rows_kept":65,"cut":false,"hidden":true,"merged":[]}
[]
[null,"Own Source Revenue - State and Local"]
[null,null,"FY",2007]
[]
[null,null,"Per Capita",null,"% of Income"]
[null,"State","Amount","Rank","Amount","Rank"]
[null,"Alabama",5102.42,41,0.16200000000000001,29]
[null,"Alaska",15290.91,1,0.39400000000000002,1]
[null,"Arizona",5101.99,42,0.155,37]
[null,"Arkansas",4625.17,51,0.158,32]
[null,"California",7158.6,8,0.17299999999999999,15]
[null,"Colorado",6111.54,18,0.154,38]
[null,"Connecticut",7527.15,6,0.14199999999999999,48]
[null,"Delaware",7386.72,7,0.184,9]
[null,"District of Columbia",11506.6,2,0.19500000000000001,5]
[null,"Florida",6064.28,19,0.158,33]
[null,"Georgia",5087.18,43,0.154,39]
[null,"Hawaii",7047.41,9,0.18099999999999999,11]
[null,"Idaho",4930.1899999999996,45,0.157,34]
[null,"Illinois",5849.58,28,0.14699999999999999,44]
[null,"Indiana",5421.92,35,0.16400000000000001,25]
[null,"Iowa",5801.04,29,0.16800000000000001,20]
[null,"Kansas",5982.85,23,0.16700000000000001,21]
[null,"Kentucky",4748.68,49,0.156,35]
[null,"Louisiana",5962.25,24,0.183,10]
[null,"Maine",5954.29,25,0.17399999999999999,14]
[null,"Maryland",6184,16,0.13300000000000001,50]
[null,"Massachusetts",6784.9,10,0.14299999999999999,46]
[null,"Michigan",5713.42,31,0.16900000000000001,18]
[null,"MINNESOTA",6572.75,11,0.16700000000000001,22]
[null,"Mississippi",4810.3900000000003,48,0.17299999999999999,16]
[null,"Missouri",4865.12,46,0.14299999999999999,47]
[null,"Montana",5325.81,38,0.17,17]
[null,"Nebraska",6009.42,21,0.16700000000000001,23]
[null,"Nevada",5982.85,22,0.153,40]
[null,"New Hampshire",5207.3500000000004,39,0.126,51]
[null,"New Jersey",7738.54,5,0.16,30]
[null,"New Mexico",6029.56,20,0.19800000000000001,4]
[null,"New York",9136.99,4,0.20699999999999999,3]
[null,"North Carolina",5385.7,37,0.16200000000000001,27]
[null,"North Dakota",6291.14,15,0.188,7]
[null,"Ohio",5774.39,30,0.16800000000000001,19]
[null,"Oklahoma",5059.17,44,0.151,41]
[null,"Oregon",5629.85,32,0.16500000000000001,24]
[null,"Pennsylvania",5923.4,26,0.156,36]
[null,"Rhode Island",6330.8,14,0.16200000000000001,28]
[null,"South Carolina",5497.07,34,0.17899999999999999,12]
[null,"South Dakota",4631.2299999999996,50,0.13900000000000001,49]
[null,"Tennessee",4851.8599999999997,47,0.14899999999999999,43]
[null,"Texas",5192.59,40,0.14899999999999999,42]
[null,"Utah",5558.41,33,0.184,8]
[null,"Vermont",6521.44,12,0.17699999999999999,13]
[null,"Virginia",6144.63,17,0.14699999999999999,45]
[null,"Washington",6333.51,13,0.16,31]
[null,"West Virginia",5408.34,36,0.19,6]
[null,"Wisconsin",5872.74,27,0.16300000000000001,26]
[null,"Wyoming",10010.68,3,0.22600000000000001,2]
[]
[null,"U.S. Average",6183.34,null,0.16400000000000001]
[null,"Source:  Census Bureau - Fiscal Year data, includes Wash. D.C."]
[null,{"$f":"'Own Source Revenue tables'!B63","v":"population estimates as of December 2019"}]
[]
[null,"Per capita calculations use the latest US Census mid-year population estimates for July 1"]
[null,"of the fiscal year.  Percent of income calculations use the latest US BEA state personal"]
[null,"income estimates for the calendar year that includes the first half of the fiscal year."]

{"sheet":"06 Own Source Rev - S&L","index":13,"n_rows":65,"n_cols":6,"rows_kept":65,"cut":false,"hidden":true,"merged":[]}
[]
[null,"Own Source Revenue - State and Local"]
[null,null,"FY",2006]
[]
[null,null,"Per Capita",null,"% of Income"]
[null,"State","Amount","Rank","Amount","Rank"]
[null,"Alabama",4761.16,43,0.159,33]
[null,"Alaska",12722.15,1,0.34499999999999997,1]
[null,"Arizona",4687.22,45,0.153,39]
[null,"Arkansas",4501.34,48,0.16300000000000001,26]
[null,"California",6741.07,8,0.17399999999999999,16]
[null,"Colorado",5754.3,21,0.154,38]
[null,"Connecticut",6982.79,7,0.14199999999999999,47]
[null,"Delaware",7013.91,6,0.184,8]
[null,"District of Columbia",10536.62,2,0.193,5]
[null,"Florida",5690.86,23,0.159,31]
[null,"Georgia",4776.25,41,0.151,40]
[null,"Hawaii",6630.19,9,0.183,10]
[null,"Idaho",4705.33,44,0.161,29]
[null,"Illinois",5604.8,26,0.15,43]
[null,"Indiana",5982.38,14,0.191,7]
[null,"Iowa",5439.89,31,0.16500000000000001,22]
[null,"Kansas",5373.15,33,0.161,28]
[null,"Kentucky",4583.3,47,0.158,34]
[null,"Louisiana",5567.09,27,0.17599999999999999,14]
[null,"Maine",5799.11,19,0.17899999999999999,11]
[null,"Maryland",6035.93,13,0.13800000000000001,49]
[null,"Massachusetts",6566.28,10,0.14899999999999999,44]
[null,"Michigan",5403.46,32,0.16400000000000001,24]
[null,"MINNESOTA",6236.82,11,0.16600000000000001,21]
[null,"Mississippi",4429.3100000000004,50,0.16500000000000001,23]
[null,"Missouri",4583.62,46,0.14199999999999999,48]
[null,"Montana",4965.1000000000004,38,0.16900000000000001,19]
[null,"Nebraska",5829.75,17,0.16800000000000001,20]
[null,"Nevada",5689.08,24,0.151,41]
[null,"New Hampshire",4908.17,39,0.126,51]
[null,"New Jersey",7155.1,5,0.159,30]
[null,"New Mexico",5810.37,18,0.20100000000000001,4]
[null,"New York",8553.61,4,0.20899999999999999,3]
[null,"North Carolina",5042.01,37,0.159,32]
[null,"North Dakota",5722.31,22,0.17899999999999999,12]
[null,"Ohio",5556.04,29,0.17,18]
[null,"Oklahoma",4764.8,42,0.154,37]
[null,"Oregon",5502.66,30,0.17199999999999999,17]
[null,"Pennsylvania",5564.72,28,0.155,36]
[null,"Rhode Island",5943.96,15,0.16200000000000001,27]
[null,"South Carolina",5101.04,36,0.17699999999999999,13]
[null,"South Dakota",4375.6899999999996,51,0.13300000000000001,50]
[null,"Tennessee",4499.22,49,0.14399999999999999,46]
[null,"Texas",4865.6499999999996,40,0.15,42]
[null,"Utah",5134.8900000000003,34,0.183,9]
[null,"Vermont",6059.55,12,0.17499999999999999,15]
[null,"Virginia",5785.46,20,0.14699999999999999,45]
[null,"Washington",5840.06,16,0.158,35]
[null,"West Virginia",5130.63,35,0.193,6]
[null,"Wisconsin",5606.28,25,0.16400000000000001,25]
[null,"Wyoming",9717.65,3,0.247,2]
[]
[null,"U.S. Average",5842.39,null,0.16400000000000001]
[null,"Source:  Census Bureau - Fiscal Year data, includes Wash. D.C."]
[null,{"$f":"'Own Source Revenue tables'!B63","v":"population estimates as of December 2019"}]
[]
[null,"Per capita calculations use the latest US Census mid-year population estimates for July 1"]
[null,"of the fiscal year.  Percent of income calculations use the latest US BEA state personal"]
[null,"income estimates for the calendar year that includes the first half of the fiscal year."]

{"sheet":"05 Own Source Rev - S&L","index":14,"n_rows":65,"n_cols":6,"rows_kept":65,"cut":false,"hidden":true,"merged":[]}
[]
[null,"Own Source Revenue - State and Local"]
[null,null,"FY",2005]
[]
[null,null,"Per Capita",null,"% of Income"]
[null,"State","Amount","Rank","Amount","Rank"]
[null,"Alabama",4418.79,42,0.154,31]
[null,"Alaska",10861.33,1,0.308,1]
[null,"Arizona",4237.88,47,0.14799999999999999,39]
[null,"Arkansas",4208.68,49,0.158,27]
[null,"California",6033.96,9,0.16300000000000001,17]
[null,"Colorado",5293.24,21,0.14799999999999999,41]
[null,"Connecticut",6660.22,5,0.14199999999999999,45]
[null,"Delaware",6497.34,7,0.17599999999999999,8]
[null,"District of Columbia",9457.76,2,0.186,6]
[null,"Florida",5063.8900000000003,30,0.152,34]
[null,"Georgia",4353.3900000000003,44,0.14299999999999999,44]
[null,"Hawaii",5994.66,10,0.17599999999999999,9]
[null,"Idaho",4504.6000000000004,41,0.159,25]
[null,"Illinois",5094.2299999999996,27,0.14199999999999999,46]
[null,"Indiana",5176.4399999999996,25,0.16800000000000001,14]
[null,"Iowa",5084.3100000000004,29,0.157,28]
[null,"Kansas",4958.1400000000003,32,0.156,30]
[null,"Kentucky",4235.8100000000004,48,0.152,33]
[null,"Louisiana",4899.99,33,0.17599999999999999,11]
[null,"Maine",5594.07,15,0.17599999999999999,10]
[null,"Maryland",5646.72,14,0.13600000000000001,49]
[null,"Massachusetts",6245.11,8,0.14699999999999999,42]
[null,"Michigan",5207.6000000000004,24,0.16300000000000001,19]
[null,"MINNESOTA",5891.32,11,0.16,23]
[null,"Mississippi",4066.57,51,0.16200000000000001,21]
[null,"Missouri",4368.71,43,0.13900000000000001,48]
[null,"Montana",4537.58,39,0.16200000000000001,20]
[null,"Nebraska",5488.75,16,0.16300000000000001,18]
[null,"Nevada",5452.55,17,0.157,29]
[null,"New Hampshire",4667.79,37,0.123,51]
[null,"New Jersey",6625.65,6,0.153,32]
[null,"New Mexico",5090.7299999999996,28,0.187,4]
[null,"New York",7684.69,4,0.19700000000000001,3]
[null,"North Carolina",4592.8,38,0.151,35]
[null,"North Dakota",5154.7,26,0.17,13]
[null,"Ohio",5219.8100000000004,22,0.16500000000000001,16]
[null,"Oklahoma",4314.58,45,0.14799999999999999,40]
[null,"Oregon",4994.53,31,0.16,24]
[null,"Pennsylvania",5210.12,23,0.15,36]
[null,"Rhode Island",5672.52,13,0.158,26]
[null,"South Carolina",4821.59,34,0.17399999999999999,12]
[null,"South Dakota",4067.53,50,0.126,50]
[null,"Tennessee",4298.71,46,0.14099999999999999,47]
[null,"Texas",4526.51,40,0.14799999999999999,38]
[null,"Utah",4727.3,36,0.17899999999999999,7]
[null,"Vermont",5674.56,12,0.16800000000000001,15]
[null,"Virginia",5356.18,19,0.14399999999999999,43]
[null,"Washington",5407.38,18,0.14899999999999999,37]
[null,"West Virginia",4791.2,35,0.186,5]
[null,"Wisconsin",5345.19,20,0.161,22]
[null,"Wyoming",8381.49,3,0.23400000000000001,2]
[]
[null,"U.S. Average",5367.57,null,0.158]
[null,"Source:  Census Bureau - Fiscal Year data, includes Wash. D.C."]
[null,{"$f":"'Own Source Revenue tables'!B63","v":"population estimates as of December 2019"}]
[]
[null,"Per capita calculations use the latest US Census mid-year population estimates for July 1"]
[null,"of the fiscal year.  Percent of income calculations use the latest US BEA state personal"]
[null,"income estimates for the calendar year that includes the first half of the fiscal year."]

{"sheet":"04 Own Source Rev - S&L","index":15,"n_rows":65,"n_cols":6,"rows_kept":65,"cut":false,"hidden":true,"merged":[]}
[]
[null,"Own Source Revenue - State and Local"]
[null,null,"FY",2004]
[]
[null,null,"Per Capita",null,"% of Income"]
[null,"State","Amount","Rank","Amount","Rank"]
[null,"Alabama",4143.45,42,0.153,29]
[null,"Alaska",9223.44,1,0.27,1]
[null,"Arizona",3925.32,47,0.14399999999999999,40]
[null,"Arkansas",3811.76,51,0.151,33]
[null,"California",5545.02,9,0.158,22]
[null,"Colorado",4973.24,20,0.14399999999999999,41]
[null,"Connecticut",6077.39,6,0.13800000000000001,46]
[null,"Delaware",6266.19,5,0.17799999999999999,5]
[null,"District of Columbia",8515.81,2,0.17899999999999999,4]
[null,"Florida",4732.16,29,0.151,32]
[null,"Georgia",4192.01,41,0.14199999999999999,43]
[null,"Hawaii",5237.43,15,0.16500000000000001,12]
[null,"Idaho",4227.1000000000004,39,0.159,21]
[null,"Illinois",4806.62,26,0.13900000000000001,44]
[null,"Indiana",4577.4399999999996,32,0.155,27]
[null,"Iowa",4791.0200000000004,27,0.161,19]
[null,"Kansas",4837.6400000000003,25,0.158,24]
[null,"Kentucky",4035.76,46,0.152,30]
[null,"Louisiana",4520.2,33,0.17,10]
[null,"Maine",5296.84,12,0.17499999999999999,8]
[null,"Maryland",5336.19,11,0.13700000000000001,48]
[null,"Massachusetts",5761.39,8,0.14199999999999999,42]
[null,"Michigan",4980.75,19,0.161,18]
[null,"MINNESOTA",5525.97,10,0.158,23]
[null,"Mississippi",3905.7,48,0.16400000000000001,13]
[null,"Missouri",4142.46,43,0.13800000000000001,47]
[null,"Montana",4115.59,45,0.156,26]
[null,"Nebraska",5260.69,14,0.16200000000000001,15]
[null,"Nevada",4875.8900000000003,23,0.152,31]
[null,"New Hampshire",4207.95,40,0.11799999999999999,51]
[null,"New Jersey",6023.72,7,0.14599999999999999,38]
[null,"New Mexico",4600.6899999999996,31,0.17599999999999999,7]
[null,"New York",7030.37,4,0.191,3]
[null,"North Carolina",4320.38,37,0.15,35]
[null,"North Dakota",4776.88,28,0.161,17]
[null,"Ohio",4871.97,24,0.159,20]
[null,"Oklahoma",4136.99,44,0.15,36]
[null,"Oregon",4710.0600000000004,30,0.157,25]
[null,"Pennsylvania",4883,22,0.14799999999999999,37]
[null,"Rhode Island",5261.4,13,0.155,28]
[null,"South Carolina",4423.26,34,0.16700000000000001,11]
[null,"South Dakota",3903.97,49,0.127,50]
[null,"Tennessee",3890.34,50,0.13300000000000001,49]
[null,"Texas",4291.1899999999996,38,0.14499999999999999,39]
[null,"Utah",4351.2299999999996,36,0.17100000000000001,9]
[null,"Vermont",5176.78,16,0.16300000000000001,14]
[null,"Virginia",4913.01,21,0.13900000000000001,45]
[null,"Washington",5149.8900000000003,17,0.151,34]
[null,"West Virginia",4382.3999999999996,35,0.17699999999999999,6]
[null,"Wisconsin",5148.5200000000004,18,0.16200000000000001,16]
[null,"Wyoming",7319.95,3,0.219,2]
[]
[null,"U.S. Average",4996.78,null,0.154]
[null,"Source:  Census Bureau - Fiscal Year data, includes Wash. D.C."]
[null,{"$f":"'Own Source Revenue tables'!B63","v":"population estimates as of December 2019"}]
[]
[null,"Per capita calculations use the latest US Census mid-year population estimates for July 1"]
[null,"of the fiscal year.  Percent of income calculations use the latest US BEA state personal"]
[null,"income estimates for the calendar year that includes the first half of the fiscal year."]