{"text_format":"1","workbook":"xlsx","n_sheets":20,"sheets":["22 Total Revenue - S&L","Total Revenue tables","21 Total Revenue - S&L","20 Total Revenue - S&L","19 Total Revenue - S&L","18 Total Revenue - S&L","17 Total Revenue - S&L","16 Total Revenue - S&L","15 Total Revenue - S&L","14 Total Revenue - S&L","13 Total Revenue - S&L","12 Total Revenue - S&L","11 Total Revenue - S&L","10 Total Revenue - S&L","09 Total Revenue - S&L","08 Total Revenue - S&L","07 Total Revenue - S&L","06 Total Revenue - S&L","05 Total Revenue - S&L","04 Total Revenue - S&L"],"not_rendered":{"charts":0,"images":57,"macros":1,"external_links":1,"defined_names":19,"comments":0,"pivot_tables":0},"unopened":[],"bounds":{"document_bytes":16777216,"sheet_cells":100000,"rows_first":2000,"rows_last":500,"rows_between":2000,"halvings":0,"cell_chars":16384,"cell_head_chars":4096},"cells_cut":0,"cells_raw":0,"read":"whole","date_system":"1900"}

{"sheet":"22 Total Revenue - S&L","index":0,"n_rows":66,"n_cols":6,"rows_kept":66,"cut":false,"hidden":true,"merged":[]}
[]
[null,"Total Revenue Tax - State and Local"]
[null,null,"FY",2022]
[]
[null,null,"Per Capita",null,"% of Income"]
[null,"State","Amount","Rank","Amount","Rank"]
[null,"Alabama",13736.22182821119,34,0.26588668985188912,13]
[null,"Alaska",23120.580381471391,3,0.33533910328610667,2]
[null,"Arizona",13000.628896719978,42,0.22083819320853065,35]
[null,"Arkansas",13683.510498687665,37,0.24746990239416145,20]
[null,"California",21659.007741045425,6,0.28223235333870872,9]
[null,"Colorado",15071.40095710135,21,0.1969007020144958,46]
[null,"Connecticut",16190.99309010503,17,0.19098655116426164,47]
[null,"Delaware",16793.220372184132,14,0.26294132621764199,14]
[null,"District of Columbia",29155.47119645495,1,0.29122777974504249,7]
[null,"Florida",11534.558112516199,49,0.17974418062163891,49]
[null,"Georgia",11338.98582144164,50,0.19826299744569503,45]
[null,"Hawaii",17458.323611111111,11,0.27916567837075534,10]
[null,"Idaho",12179.605452674898,47,0.21370428904092278,40]
[null,"Illinois",16541.051576612263,16,0.24200085194771476,23]
[null,"Indiana",14062.988604821037,30,0.2389094507829117,25]
[null,"Iowa",15963.147361848267,18,0.25951528517264655,16]
[null,"Kansas",14895.990466462377,23,0.23902402832260672,24]
[null,"Kentucky",13702.027218411153,36,0.26040541927235566,15]
[null,"Louisiana",14369.890291684806,26,0.25818784685963697,17]
[null,"Maine",14365.106398274622,27,0.23313883184766884,28]
[null,"Maryland",15807.770833333334,20,0.22258947198464551,34]
[null,"Massachusetts",17557.704500142409,10,0.20483162100646277,41]
[null,"Michigan",14075.061386926674,29,0.24306415404255172,21]
[null,"MINNESOTA",16964.985669346381,12,0.24302070367458931,22]
[null,"Mississippi",13606.013936097892,39,0.28896929029836199,8]
[null,"Missouri",11856.199708690727,48,0.20098671875643007,43]
[null,"Montana",13500.427807486631,40,0.21910952959555632,37]
[null,"Nebraska",14538.38032454361,24,0.2172126919667548,38]
[null,"Nevada",14286.015743073049,28,0.22859352595914048,30]
[null,"New Hampshire",12221.55905511811,46,0.16309577394826336,51]
[null,"New Jersey",16648.459279182356,15,0.21493474625472586,39]
[null,"New Mexico",22065.197729422896,5,0.41580863069503748,1]
[null,"New York",24036.530196914333,2,0.31062741300459695,4]
[null,"North Carolina",13212.659508916067,41,0.22443704078444682,31]
[null,"North Dakota",21354.211267605635,7,0.3005629865916955,5]
[null,"Ohio",13792.025471217525,32,0.23656969845250475,27]
[null,"Oklahoma",12780.508445106805,43,0.22055950533670537,36]
[null,"Oregon",17786.831881327995,9,0.27795503968385382,11]
[null,"Pennsylvania",15029.792221794378,22,0.23003979570547736,29]
[null,"Rhode Island",15887.621474067333,19,0.24784238466997871,19]
[null,"South Carolina",13720.804462934948,35,0.25232522570144811,18]
[null,"South Dakota",12388.663736263736,45,0.17770624211853719,50]
[null,"Tennessee",10756.573491928631,51,0.18200422647585229,48]
[null,"Texas",12560.042307309135,44,0.19995810412799583,44]
[null,"Utah",14436.398997345916,25,0.23819612298619591,26]
[null,"Vermont",20188.743827160495,8,0.31774764402992323,3]
[null,"Virginia",14011.194748358863,31,0.20109092291519282,42]
[null,"Washington",16950.734154477803,13,0.22427292527122938,32]
[null,"West Virginia",13661.125704622322,38,0.272488300970328,12]
[null,"Wisconsin",13790.75406504065,33,0.22296937548779319,33]
[null,"Wyoming",22302.359106529209,4,0.29194721097615833,6]
[]
[null,"U.S. Average",{"$f":"AVERAGE(C7:C57)","v":15698.001194512266},null,0.23650974671685474]
[null,"43 State Avg.",{"$f":"AVERAGE(C55:C56,C51:C53,C49,C36:C47,C17:C34,C9:C14,C7)","v":15309.293864698371},null,0.19688515184582267]
[null,"Source:  Census Bureau - Fiscal Year data, includes Wash. D.C."]
[null,{"$f":"'[1]Individual Income Tax tables'!B63","v":"Reflects revised BEA State Personal Incomes as of October 2020 and Census population estimates as of October 2020"}]
[]
[null,"Per capita calculations use the latest US Census mid-year population estimates for July 1"]
[null,"of the fiscal year.  Percent of income calculations use the latest US BEA state personal"]
[null,"income estimates for the calendar year that includes the first half of the fiscal year."]

{"sheet":"Total Revenue tables","index":1,"n_rows":69,"n_cols":12,"rows_kept":69,"cut":false,"hidden":false,"merged":[[58,4,59,4],[61,1,62,5],[63,1,65,5],[3,1,4,2],[3,3,4,5],[0,6,67,7],[0,2,0,5],[1,1,1,5],[68,0,68,7],[2,1,2,5],[5,2,5,3],[5,4,5,5],[60,1,60,5],[66,1,66,5],[67,1,67,5],[58,5,59,5],[0,0,67,0],[58,1,59,1],[58,2,59,2],[58,3,59,3]]}
["This cell intentionally left blank","Select Year","This cell intentionally left blank",null,null,null,"This cell intentionally left blank",null,null,null,null,"Select Year"]
[null,"This cell intentionally left blank",null,null,null,null,null,null,null,null,null,2022]
[null,"Total Revenue - State and Local",null,null,null,null,null,null,null,null,null,2021]
[null,"FY",null,{"$f":"IF(B1=2022,'22 Total Revenue - S&L'!D3,0)+IF(B1=2021,'21 Total Revenue - S&L'!D3,0)+IF(B1=2020,'20 Total Revenue - S&L'!D3,0)+IF(B1=2019,'19 Total Revenue - S&L'!D3,0)+IF(B1=2018,'18 Total Revenue - S&L'!D3,0)+IF(B1=2017,'17 Total Revenue - S&L'!D3,0)+IF(B1=2016,'16 Total Revenue - S&L'!D3,0)+IF(B1=2015,'15 Total Revenue - S&L'!D3,0)+IF(B1=2014,'14 Total Revenue - S&L'!D3,0)+IF(B1=2013,'13 Total Revenue - S&L'!D3,0)+IF(B1=2012,'12 Total Revenue - S&L'!D3,0)+IF(B1=2011,'11 Total Revenue - S&L'!D3,0)+IF(B1=2010,'10 Total Revenue - S&L'!D3,0)+IF(B1=2009,'09 Total Revenue - S&L'!D3,0)+IF(B1=2008,'08 Total Revenue - S&L'!D3,0)+IF(B1=2007,'07 Total Revenue - S&L'!D3,0)+IF(B1=2006,'06 Total Revenue - S&L'!D3,0)+IF(B1=2005,'05 Total Revenue - S&L'!D3)+IF(B1=2004,'04 Total Revenue - S&L'!D3,0)","v":0},null,null,null,null,null,null,null,2020]
[null,null,null,null,null,null,null,null,null,null,null,2019]
[null,"This cell intentionally left blank","Dollars Per Capita",null,"% of Income",null,null,null,null,null,null,2018]
[null,"State","Amount","Rank","Amount","Rank",null,null,null,null,null,2017]
[null,"Alabama",{"$f":"IF($B$1=2022,'22 Total Revenue - S&L'!C7,0)+IF($B$1=2021,'21 Total Revenue - S&L'!C7,0)+IF($B$1=2020,'20 Total Revenue - S&L'!C7,0)+IF($B$1=2019,'19 Total Revenue - S&L'!C7,0)+IF($B$1=2018,'18 Total Revenue - S&L'!C7,0)+IF($B$1=2017,'17 Total Revenue - S&L'!C7,0)+IF($B$1=2016,'16 Total Revenue - S&L'!C7,0)+IF($B$1=2015,'15 Total Revenue - S&L'!C7,0)+IF($B$1=2014,'14 Total Revenue - S&L'!C7,0)+IF($B$1=2013,'13 Total Revenue - S&L'!C7,0)+IF($B$1=2012,'12 Total Revenue - S&L'!C7,0)+IF($B$1=2011,'11 Total Revenue - S&L'!C7,0)+IF($B$1=2010,'10 Total Revenue - S&L'!C7,0)+IF($B$1=2009,'09 Total Revenue - S&L'!C7,0)+IF($B$1=2008,'08 Total Revenue - S&L'!C7,0)+IF($B$1=2007,'07 Total Revenue - S&L'!C7,0)+IF($B$1=2006,'06 Total Revenue - S&L'!C7,0)+IF($B$1=2005,'05 Total Revenue - S&L'!C7,0)+IF($B$1=2004,'04 Total Revenue - S&L'!C7,0)","v":0},{"$f":"IF($B$1=2022,'22 Total Revenue - S&L'!D7,0)+IF($B$1=2021,'21 Total Revenue - S&L'!D7,0)+IF($B$1=2020,'20 Total Revenue - S&L'!D7,0)+IF($B$1=2019,'19 Total Revenue - S&L'!D7,0)+IF($B$1=2018,'18 Total Revenue - S&L'!D7,0)+IF($B$1=2017,'17 Total Revenue - S&L'!D7,0)+IF($B$1=2016,'16 Total Revenue - S&L'!D7,0)+IF($B$1=2015,'15 Total Revenue - S&L'!D7,0)+IF($B$1=2014,'14 Total Revenue - S&L'!D7,0)+IF($B$1=2013,'13 Total Revenue - S&L'!D7,0)+IF($B$1=2012,'12 Total Revenue - S&L'!D7,0)+IF($B$1=2011,'11 Total Revenue - S&L'!D7,0)+IF($B$1=2010,'10 Total Revenue - S&L'!D7,0)+IF($B$1=2009,'09 Total Revenue - S&L'!D7,0)+IF($B$1=2008,'08 Total Revenue - S&L'!D7,0)+IF($B$1=2007,'07 Total Revenue - S&L'!D7,0)+IF($B$1=2006,'06 Total Revenue - S&L'!D7,0)+IF($B$1=2005,'05 Total Revenue - S&L'!D7,0)+IF($B$1=2004,'04 Total Revenue - S&L'!D7,0)","v":0},{"$f":"IF($B$1=2022,'22 Total Revenue - S&L'!E7,0)+IF($B$1=2021,'21 Total Revenue - S&L'!E7,0)+IF($B$1=2020,'20 Total Revenue - S&L'!E7,0)+IF($B$1=2019,'19 Total Revenue - S&L'!E7,0)+IF($B$1=2018,'18 Total Revenue - S&L'!E7,0)+IF($B$1=2017,'17 Total Revenue - S&L'!E7,0)+IF($B$1=2016,'16 Total Revenue - S&L'!E7,0)+IF($B$1=2015,'15 Total Revenue - S&L'!E7,0)+IF($B$1=2014,'14 Total Revenue - S&L'!E7,0)+IF($B$1=2013,'13 Total Revenue - S&L'!E7,0)+IF($B$1=2012,'12 Total Revenue - S&L'!E7,0)+IF($B$1=2011,'11 Total Revenue - S&L'!E7,0)+IF($B$1=2010,'10 Total Revenue - S&L'!E7,0)+IF($B$1=2009,'09 Total Revenue - S&L'!E7,0)+IF($B$1=2008,'08 Total Revenue - S&L'!E7,0)+IF($B$1=2007,'07 Total Revenue - S&L'!E7,0)+IF($B$1=2006,'06 Total Revenue - S&L'!E7,0)+IF($B$1=2005,'05 Total Revenue - S&L'!E7,0)+IF($B$1=2004,'04 Total Revenue - S&L'!E7,0)","v":0},{"$f":"IF($B$1=2022,'22 Total Revenue - S&L'!F7,0)+IF($B$1=2021,'21 Total Revenue - S&L'!F7,0)+IF($B$1=2020,'20 Total Revenue - S&L'!F7,0)+IF($B$1=2019,'19 Total Revenue - S&L'!F7,0)+IF($B$1=2018,'18 Total Revenue - S&L'!F7,0)+IF($B$1=2017,'17 Total Revenue - S&L'!F7,0)+IF($B$1=2016,'16 Total Revenue - S&L'!F7,0)+IF($B$1=2015,'15 Total Revenue - S&L'!F7,0)+IF($B$1=2014,'14 Total Revenue - S&L'!F7,0)+IF($B$1=2013,'13 Total Revenue - S&L'!F7,0)+IF($B$1=2012,'12 Total Revenue - S&L'!F7,0)+IF($B$1=2011,'11 Total Revenue - S&L'!F7,0)+IF($B$1=2010,'10 Total Revenue - S&L'!F7,0)+IF($B$1=2009,'09 Total Revenue - S&L'!F7,0)+IF($B$1=2008,'08 Total Revenue - S&L'!F7,0)+IF($B$1=2007,'07 Total Revenue - S&L'!F7,0)+IF($B$1=2006,'06 Total Revenue - S&L'!F7,0)+IF($B$1=2005,'05 Total Revenue - S&L'!F7,0)+IF($B$1=2004,'04 Total Revenue - S&L'!F7,0)","v":0},null,null,null,null,null,2016]
[null,"Alaska",{"$f":"IF($B$1=2022,'22 Total Revenue - S&L'!C8,0)+IF($B$1=2021,'21 Total Revenue - S&L'!C8,0)+IF($B$1=2020,'20 Total Revenue - S&L'!C8,0)+IF($B$1=2019,'19 Total Revenue - S&L'!C8,0)+IF($B$1=2018,'18 Total Revenue - S&L'!C8,0)+IF($B$1=2017,'17 Total Revenue - S&L'!C8,0)+IF($B$1=2016,'16 Total Revenue - S&L'!C8,0)+IF($B$1=2015,'15 Total Revenue - S&L'!C8,0)+IF($B$1=2014,'14 Total Revenue - S&L'!C8,0)+IF($B$1=2013,'13 Total Revenue - S&L'!C8,0)+IF($B$1=2012,'12 Total Revenue - S&L'!C8,0)+IF($B$1=2011,'11 Total Revenue - S&L'!C8,0)+IF($B$1=2010,'10 Total Revenue - S&L'!C8,0)+IF($B$1=2009,'09 Total Revenue - S&L'!C8,0)+IF($B$1=2008,'08 Total Revenue - S&L'!C8,0)+IF($B$1=2007,'07 Total Revenue - S&L'!C8,0)+IF($B$1=2006,'06 Total Revenue - S&L'!C8,0)+IF($B$1=2005,'05 Total Revenue - S&L'!C8,0)+IF($B$1=2004,'04 Total Revenue - S&L'!C8,0)","v":0},{"$f":"IF($B$1=2022,'22 Total Revenue - S&L'!D8,0)+IF($B$1=2021,'21 Total Revenue - S&L'!D8,0)+IF($B$1=2020,'20 Total Revenue - S&L'!D8,0)+IF($B$1=2019,'19 Total Revenue - S&L'!D8,0)+IF($B$1=2018,'18 Total Revenue - S&L'!D8,0)+IF($B$1=2017,'17 Total Revenue - S&L'!D8,0)+IF($B$1=2016,'16 Total Revenue - S&L'!D8,0)+IF($B$1=2015,'15 Total Revenue - S&L'!D8,0)+IF($B$1=2014,'14 Total Revenue - S&L'!D8,0)+IF($B$1=2013,'13 Total Revenue - S&L'!D8,0)+IF($B$1=2012,'12 Total Revenue - S&L'!D8,0)+IF($B$1=2011,'11 Total Revenue - S&L'!D8,0)+IF($B$1=2010,'10 Total Revenue - S&L'!D8,0)+IF($B$1=2009,'09 Total Revenue - S&L'!D8,0)+IF($B$1=2008,'08 Total Revenue - S&L'!D8,0)+IF($B$1=2007,'07 Total Revenue - S&L'!D8,0)+IF($B$1=2006,'06 Total Revenue - S&L'!D8,0)+IF($B$1=2005,'05 Total Revenue - S&L'!D8,0)+IF($B$1=2004,'04 Total Revenue - S&L'!D8,0)","v":0},{"$f":"IF($B$1=2022,'22 Total Revenue - S&L'!E8,0)+IF($B$1=2021,'21 Total Revenue - S&L'!E8,0)+IF($B$1=2020,'20 Total Revenue - S&L'!E8,0)+IF($B$1=2019,'19 Total Revenue - S&L'!E8,0)+IF($B$1=2018,'18 Total Revenue - S&L'!E8,0)+IF($B$1=2017,'17 Total Revenue - S&L'!E8,0)+IF($B$1=2016,'16 Total Revenue - S&L'!E8,0)+IF($B$1=2015,'15 Total Revenue - S&L'!E8,0)+IF($B$1=2014,'14 Total Revenue - S&L'!E8,0)+IF($B$1=2013,'13 Total Revenue - S&L'!E8,0)+IF($B$1=2012,'12 Total Revenue - S&L'!E8,0)+IF($B$1=2011,'11 Total Revenue - S&L'!E8,0)+IF($B$1=2010,'10 Total Revenue - S&L'!E8,0)+IF($B$1=2009,'09 Total Revenue - S&L'!E8,0)+IF($B$1=2008,'08 Total Revenue - S&L'!E8,0)+IF($B$1=2007,'07 Total Revenue - S&L'!E8,0)+IF($B$1=2006,'06 Total Revenue - S&L'!E8,0)+IF($B$1=2005,'05 Total Revenue - S&L'!E8,0)+IF($B$1=2004,'04 Total Revenue - S&L'!E8,0)","v":0},{"$f":"IF($B$1=2022,'22 Total Revenue - S&L'!F8,0)+IF($B$1=2021,'21 Total Revenue - S&L'!F8,0)+IF($B$1=2020,'20 Total Revenue - S&L'!F8,0)+IF($B$1=2019,'19 Total Revenue - S&L'!F8,0)+IF($B$1=2018,'18 Total Revenue - S&L'!F8,0)+IF($B$1=2017,'17 Total Revenue - S&L'!F8,0)+IF($B$1=2016,'16 Total Revenue - S&L'!F8,0)+IF($B$1=2015,'15 Total Revenue - S&L'!F8,0)+IF($B$1=2014,'14 Total Revenue - S&L'!F8,0)+IF($B$1=2013,'13 Total Revenue - S&L'!F8,0)+IF($B$1=2012,'12 Total Revenue - S&L'!F8,0)+IF($B$1=2011,'11 Total Revenue - S&L'!F8,0)+IF($B$1=2010,'10 Total Revenue - S&L'!F8,0)+IF($B$1=2009,'09 Total Revenue - S&L'!F8,0)+IF($B$1=2008,'08 Total Revenue - S&L'!F8,0)+IF($B$1=2007,'07 Total Revenue - S&L'!F8,0)+IF($B$1=2006,'06 Total Revenue - S&L'!F8,0)+IF($B$1=2005,'05 Total Revenue - S&L'!F8,0)+IF($B$1=2004,'04 Total Revenue - S&L'!F8,0)","v":0},null,null,null,null,null,2015]
[null,"Arizona",{"$f":"IF($B$1=2022,'22 Total Revenue - S&L'!C9,0)+IF($B$1=2021,'21 Total Revenue - S&L'!C9,0)+IF($B$1=2020,'20 Total Revenue - S&L'!C9,0)+IF($B$1=2019,'19 Total Revenue - S&L'!C9,0)+IF($B$1=2018,'18 Total Revenue - S&L'!C9,0)+IF($B$1=2017,'17 Total Revenue - S&L'!C9,0)+IF($B$1=2016,'16 Total Revenue - S&L'!C9,0)+IF($B$1=2015,'15 Total Revenue - S&L'!C9,0)+IF($B$1=2014,'14 Total Revenue - S&L'!C9,0)+IF($B$1=2013,'13 Total Revenue - S&L'!C9,0)+IF($B$1=2012,'12 Total Revenue - S&L'!C9,0)+IF($B$1=2011,'11 Total Revenue - S&L'!C9,0)+IF($B$1=2010,'10 Total Revenue - S&L'!C9,0)+IF($B$1=2009,'09 Total Revenue - S&L'!C9,0)+IF($B$1=2008,'08 Total Revenue - S&L'!C9,0)+IF($B$1=2007,'07 Total Revenue - S&L'!C9,0)+IF($B$1=2006,'06 Total Revenue - S&L'!C9,0)+IF($B$1=2005,'05 Total Revenue - S&L'!C9,0)+IF($B$1=2004,'04 Total Revenue - S&L'!C9,0)","v":0},{"$f":"IF($B$1=2022,'22 Total Revenue - S&L'!D9,0)+IF($B$1=2021,'21 Total Revenue - S&L'!D9,0)+IF($B$1=2020,'20 Total Revenue - S&L'!D9,0)+IF($B$1=2019,'19 Total Revenue - S&L'!D9,0)+IF($B$1=2018,'18 Total Revenue - S&L'!D9,0)+IF($B$1=2017,'17 Total Revenue - S&L'!D9,0)+IF($B$1=2016,'16 Total Revenue - S&L'!D9,0)+IF($B$1=2015,'15 Total Revenue - S&L'!D9,0)+IF($B$1=2014,'14 Total Revenue - S&L'!D9,0)+IF($B$1=2013,'13 Total Revenue - S&L'!D9,0)+IF($B$1=2012,'12 Total Revenue - S&L'!D9,0)+IF($B$1=2011,'11 Total Revenue - S&L'!D9,0)+IF($B$1=2010,'10 Total Revenue - S&L'!D9,0)+IF($B$1=2009,'09 Total Revenue - S&L'!D9,0)+IF($B$1=2008,'08 Total Revenue - S&L'!D9,0)+IF($B$1=2007,'07 Total Revenue - S&L'!D9,0)+IF($B$1=2006,'06 Total Revenue - S&L'!D9,0)+IF($B$1=2005,'05 Total Revenue - S&L'!D9,0)+IF($B$1=2004,'04 Total Revenue - S&L'!D9,0)","v":0},{"$f":"IF($B$1=2022,'22 Total Revenue - S&L'!E9,0)+IF($B$1=2021,'21 Total Revenue - S&L'!E9,0)+IF($B$1=2020,'20 Total Revenue - S&L'!E9,0)+IF($B$1=2019,'19 Total Revenue - S&L'!E9,0)+IF($B$1=2018,'18 Total Revenue - S&L'!E9,0)+IF($B$1=2017,'17 Total Revenue - S&L'!E9,0)+IF($B$1=2016,'16 Total Revenue - S&L'!E9,0)+IF($B$1=2015,'15 Total Revenue - S&L'!E9,0)+IF($B$1=2014,'14 Total Revenue - S&L'!E9,0)+IF($B$1=2013,'13 Total Revenue - S&L'!E9,0)+IF($B$1=2012,'12 Total Revenue - S&L'!E9,0)+IF($B$1=2011,'11 Total Revenue - S&L'!E9,0)+IF($B$1=2010,'10 Total Revenue - S&L'!E9,0)+IF($B$1=2009,'09 Total Revenue - S&L'!E9,0)+IF($B$1=2008,'08 Total Revenue - S&L'!E9,0)+IF($B$1=2007,'07 Total Revenue - S&L'!E9,0)+IF($B$1=2006,'06 Total Revenue - S&L'!E9,0)+IF($B$1=2005,'05 Total Revenue - S&L'!E9,0)+IF($B$1=2004,'04 Total Revenue - S&L'!E9,0)","v":0},{"$f":"IF($B$1=2022,'22 Total Revenue - S&L'!F9,0)+IF($B$1=2021,'21 Total Revenue - S&L'!F9,0)+IF($B$1=2020,'20 Total Revenue - S&L'!F9,0)+IF($B$1=2019,'19 Total Revenue - S&L'!F9,0)+IF($B$1=2018,'18 Total Revenue - S&L'!F9,0)+IF($B$1=2017,'17 Total Revenue - S&L'!F9,0)+IF($B$1=2016,'16 Total Revenue - S&L'!F9,0)+IF($B$1=2015,'15 Total Revenue - S&L'!F9,0)+IF($B$1=2014,'14 Total Revenue - S&L'!F9,0)+IF($B$1=2013,'13 Total Revenue - S&L'!F9,0)+IF($B$1=2012,'12 Total Revenue - S&L'!F9,0)+IF($B$1=2011,'11 Total Revenue - S&L'!F9,0)+IF($B$1=2010,'10 Total Revenue - S&L'!F9,0)+IF($B$1=2009,'09 Total Revenue - S&L'!F9,0)+IF($B$1=2008,'08 Total Revenue - S&L'!F9,0)+IF($B$1=2007,'07 Total Revenue - S&L'!F9,0)+IF($B$1=2006,'06 Total Revenue - S&L'!F9,0)+IF($B$1=2005,'05 Total Revenue - S&L'!F9,0)+IF($B$1=2004,'04 Total Revenue - S&L'!F9,0)","v":0},null,null,null,null,null,2014]
[null,"Arkansas",{"$f":"IF($B$1=2022,'22 Total Revenue - S&L'!C10,0)+IF($B$1=2021,'21 Total Revenue - S&L'!C10,0)+IF($B$1=2020,'20 Total Revenue - S&L'!C10,0)+IF($B$1=2019,'19 Total Revenue - S&L'!C10,0)+IF($B$1=2018,'18 Total Revenue - S&L'!C10,0)+IF($B$1=2017,'17 Total Revenue - S&L'!C10,0)+IF($B$1=2016,'16 Total Revenue - S&L'!C10,0)+IF($B$1=2015,'15 Total Revenue - S&L'!C10,0)+IF($B$1=2014,'14 Total Revenue - S&L'!C10,0)+IF($B$1=2013,'13 Total Revenue - S&L'!C10,0)+IF($B$1=2012,'12 Total Revenue - S&L'!C10,0)+IF($B$1=2011,'11 Total Revenue - S&L'!C10,0)+IF($B$1=2010,'10 Total Revenue - S&L'!C10,0)+IF($B$1=2009,'09 Total Revenue - S&L'!C10,0)+IF($B$1=2008,'08 Total Revenue - S&L'!C10,0)+IF($B$1=2007,'07 Total Revenue - S&L'!C10,0)+IF($B$1=2006,'06 Total Revenue - S&L'!C10,0)+IF($B$1=2005,'05 Total Revenue - S&L'!C10,0)+IF($B$1=2004,'04 Total Revenue - S&L'!C10,0)","v":0},{"$f":"IF($B$1=2022,'22 Total Revenue - S&L'!D10,0)+IF($B$1=2021,'21 Total Revenue - S&L'!D10,0)+IF($B$1=2020,'20 Total Revenue - S&L'!D10,0)+IF($B$1=2019,'19 Total Revenue - S&L'!D10,0)+IF($B$1=2018,'18 Total Revenue - S&L'!D10,0)+IF($B$1=2017,'17 Total Revenue - S&L'!D10,0)+IF($B$1=2016,'16 Total Revenue - S&L'!D10,0)+IF($B$1=2015,'15 Total Revenue - S&L'!D10,0)+IF($B$1=2014,'14 Total Revenue - S&L'!D10,0)+IF($B$1=2013,'13 Total Revenue - S&L'!D10,0)+IF($B$1=2012,'12 Total Revenue - S&L'!D10,0)+IF($B$1=2011,'11 Total Revenue - S&L'!D10,0)+IF($B$1=2010,'10 Total Revenue - S&L'!D10,0)+IF($B$1=2009,'09 Total Revenue - S&L'!D10,0)+IF($B$1=2008,'08 Total Revenue - S&L'!D10,0)+IF($B$1=2007,'07 Total Revenue - S&L'!D10,0)+IF($B$1=2006,'06 Total Revenue - S&L'!D10,0)+IF($B$1=2005,'05 Total Revenue - S&L'!D10,0)+IF($B$1=2004,'04 Total Revenue - S&L'!D10,0)","v":0},{"$f":"IF($B$1=2022,'22 Total Revenue - S&L'!E10,0)+IF($B$1=2021,'21 Total Revenue - S&L'!E10,0)+IF($B$1=2020,'20 Total Revenue - S&L'!E10,0)+IF($B$1=2019,'19 Total Revenue - S&L'!E10,0)+IF($B$1=2018,'18 Total Revenue - S&L'!E10,0)+IF($B$1=2017,'17 Total Revenue - S&L'!E10,0)+IF($B$1=2016,'16 Total Revenue - S&L'!E10,0)+IF($B$1=2015,'15 Total Revenue - S&L'!E10,0)+IF($B$1=2014,'14 Total Revenue - S&L'!E10,0)+IF($B$1=2013,'13 Total Revenue - S&L'!E10,0)+IF($B$1=2012,'12 Total Revenue - S&L'!E10,0)+IF($B$1=2011,'11 Total Revenue - S&L'!E10,0)+IF($B$1=2010,'10 Total Revenue - S&L'!E10,0)+IF($B$1=2009,'09 Total Revenue - S&L'!E10,0)+IF($B$1=2008,'08 Total Revenue - S&L'!E10,0)+IF($B$1=2007,'07 Total Revenue - S&L'!E10,0)+IF($B$1=2006,'06 Total Revenue - S&L'!E10,0)+IF($B$1=2005,'05 Total Revenue - S&L'!E10,0)+IF($B$1=2004,'04 Total Revenue - S&L'!E10,0)","v":0},{"$f":"IF($B$1=2022,'22 Total Revenue - S&L'!F10,0)+IF($B$1=2021,'21 Total Revenue - S&L'!F10,0)+IF($B$1=2020,'20 Total Revenue - S&L'!F10,0)+IF($B$1=2019,'19 Total Revenue - S&L'!F10,0)+IF($B$1=2018,'18 Total Revenue - S&L'!F10,0)+IF($B$1=2017,'17 Total Revenue - S&L'!F10,0)+IF($B$1=2016,'16 Total Revenue - S&L'!F10,0)+IF($B$1=2015,'15 Total Revenue - S&L'!F10,0)+IF($B$1=2014,'14 Total Revenue - S&L'!F10,0)+IF($B$1=2013,'13 Total Revenue - S&L'!F10,0)+IF($B$1=2012,'12 Total Revenue - S&L'!F10,0)+IF($B$1=2011,'11 Total Revenue - S&L'!F10,0)+IF($B$1=2010,'10 Total Revenue - S&L'!F10,0)+IF($B$1=2009,'09 Total Revenue - S&L'!F10,0)+IF($B$1=2008,'08 Total Revenue - S&L'!F10,0)+IF($B$1=2007,'07 Total Revenue - S&L'!F10,0)+IF($B$1=2006,'06 Total Revenue - S&L'!F10,0)+IF($B$1=2005,'05 Total Revenue - S&L'!F10,0)+IF($B$1=2004,'04 Total Revenue - S&L'!F10,0)","v":0},null,null,null,null,null,2013]
[null,"California",{"$f":"IF($B$1=2022,'22 Total Revenue - S&L'!C11,0)+IF($B$1=2021,'21 Total Revenue - S&L'!C11,0)+IF($B$1=2020,'20 Total Revenue - S&L'!C11,0)+IF($B$1=2019,'19 Total Revenue - S&L'!C11,0)+IF($B$1=2018,'18 Total Revenue - S&L'!C11,0)+IF($B$1=2017,'17 Total Revenue - S&L'!C11,0)+IF($B$1=2016,'16 Total Revenue - S&L'!C11,0)+IF($B$1=2015,'15 Total Revenue - S&L'!C11,0)+IF($B$1=2014,'14 Total Revenue - S&L'!C11,0)+IF($B$1=2013,'13 Total Revenue - S&L'!C11,0)+IF($B$1=2012,'12 Total Revenue - S&L'!C11,0)+IF($B$1=2011,'11 Total Revenue - S&L'!C11,0)+IF($B$1=2010,'10 Total Revenue - S&L'!C11,0)+IF($B$1=2009,'09 Total Revenue - S&L'!C11,0)+IF($B$1=2008,'08 Total Revenue - S&L'!C11,0)+IF($B$1=2007,'07 Total Revenue - S&L'!C11,0)+IF($B$1=2006,'06 Total Revenue - S&L'!C11,0)+IF($B$1=2005,'05 Total Revenue - S&L'!C11,0)+IF($B$1=2004,'04 Total Revenue - S&L'!C11,0)","v":0},{"$f":"IF($B$1=2022,'22 Total Revenue - S&L'!D11,0)+IF($B$1=2021,'21 Total Revenue - S&L'!D11,0)+IF($B$1=2020,'20 Total Revenue - S&L'!D11,0)+IF($B$1=2019,'19 Total Revenue - S&L'!D11,0)+IF($B$1=2018,'18 Total Revenue - S&L'!D11,0)+IF($B$1=2017,'17 Total Revenue - S&L'!D11,0)+IF($B$1=2016,'16 Total Revenue - S&L'!D11,0)+IF($B$1=2015,'15 Total Revenue - S&L'!D11,0)+IF($B$1=2014,'14 Total Revenue - S&L'!D11,0)+IF($B$1=2013,'13 Total Revenue - S&L'!D11,0)+IF($B$1=2012,'12 Total Revenue - S&L'!D11,0)+IF($B$1=2011,'11 Total Revenue - S&L'!D11,0)+IF($B$1=2010,'10 Total Revenue - S&L'!D11,0)+IF($B$1=2009,'09 Total Revenue - S&L'!D11,0)+IF($B$1=2008,'08 Total Revenue - S&L'!D11,0)+IF($B$1=2007,'07 Total Revenue - S&L'!D11,0)+IF($B$1=2006,'06 Total Revenue - S&L'!D11,0)+IF($B$1=2005,'05 Total Revenue - S&L'!D11,0)+IF($B$1=2004,'04 Total Revenue - S&L'!D11,0)","v":0},{"$f":"IF($B$1=2022,'22 Total Revenue - S&L'!E11,0)+IF($B$1=2021,'21 Total Revenue - S&L'!E11,0)+IF($B$1=2020,'20 Total Revenue - S&L'!E11,0)+IF($B$1=2019,'19 Total Revenue - S&L'!E11,0)+IF($B$1=2018,'18 Total Revenue - S&L'!E11,0)+IF($B$1=2017,'17 Total Revenue - S&L'!E11,0)+IF($B$1=2016,'16 Total Revenue - S&L'!E11,0)+IF($B$1=2015,'15 Total Revenue - S&L'!E11,0)+IF($B$1=2014,'14 Total Revenue - S&L'!E11,0)+IF($B$1=2013,'13 Total Revenue - S&L'!E11,0)+IF($B$1=2012,'12 Total Revenue - S&L'!E11,0)+IF($B$1=2011,'11 Total Revenue - S&L'!E11,0)+IF($B$1=2010,'10 Total Revenue - S&L'!E11,0)+IF($B$1=2009,'09 Total Revenue - S&L'!E11,0)+IF($B$1=2008,'08 Total Revenue - S&L'!E11,0)+IF($B$1=2007,'07 Total Revenue - S&L'!E11,0)+IF($B$1=2006,'06 Total Revenue - S&L'!E11,0)+IF($B$1=2005,'05 Total Revenue - S&L'!E11,0)+IF($B$1=2004,'04 Total Revenue - S&L'!E11,0)","v":0},{"$f":"IF($B$1=2022,'22 Total Revenue - S&L'!F11,0)+IF($B$1=2021,'21 Total Revenue - S&L'!F11,0)+IF($B$1=2020,'20 Total Revenue - S&L'!F11,0)+IF($B$1=2019,'19 Total Revenue - S&L'!F11,0)+IF($B$1=2018,'18 Total Revenue - S&L'!F11,0)+IF($B$1=2017,'17 Total Revenue - S&L'!F11,0)+IF($B$1=2016,'16 Total Revenue - S&L'!F11,0)+IF($B$1=2015,'15 Total Revenue - S&L'!F11,0)+IF($B$1=2014,'14 Total Revenue - S&L'!F11,0)+IF($B$1=2013,'13 Total Revenue - S&L'!F11,0)+IF($B$1=2012,'12 Total Revenue - S&L'!F11,0)+IF($B$1=2011,'11 Total Revenue - S&L'!F11,0)+IF($B$1=2010,'10 Total Revenue - S&L'!F11,0)+IF($B$1=2009,'09 Total Revenue - S&L'!F11,0)+IF($B$1=2008,'08 Total Revenue - S&L'!F11,0)+IF($B$1=2007,'07 Total Revenue - S&L'!F11,0)+IF($B$1=2006,'06 Total Revenue - S&L'!F11,0)+IF($B$1=2005,'05 Total Revenue - S&L'!F11,0)+IF($B$1=2004,'04 Total Revenue - S&L'!F11,0)","v":0},null,null,null,null,null,2012]
[null,"Colorado",{"$f":"IF($B$1=2022,'22 Total Revenue - S&L'!C12,0)+IF($B$1=2021,'21 Total Revenue - S&L'!C12,0)+IF($B$1=2020,'20 Total Revenue - S&L'!C12,0)+IF($B$1=2019,'19 Total Revenue - S&L'!C12,0)+IF($B$1=2018,'18 Total Revenue - S&L'!C12,0)+IF($B$1=2017,'17 Total Revenue - S&L'!C12,0)+IF($B$1=2016,'16 Total Revenue - S&L'!C12,0)+IF($B$1=2015,'15 Total Revenue - S&L'!C12,0)+IF($B$1=2014,'14 Total Revenue - S&L'!C12,0)+IF($B$1=2013,'13 Total Revenue - S&L'!C12,0)+IF($B$1=2012,'12 Total Revenue - S&L'!C12,0)+IF($B$1=2011,'11 Total Revenue - S&L'!C12,0)+IF($B$1=2010,'10 Total Revenue - S&L'!C12,0)+IF($B$1=2009,'09 Total Revenue - S&L'!C12,0)+IF($B$1=2008,'08 Total Revenue - S&L'!C12,0)+IF($B$1=2007,'07 Total Revenue - S&L'!C12,0)+IF($B$1=2006,'06 Total Revenue - S&L'!C12,0)+IF($B$1=2005,'05 Total Revenue - S&L'!C12,0)+IF($B$1=2004,'04 Total Revenue - S&L'!C12,0)","v":0},{"$f":"IF($B$1=2022,'22 Total Revenue - S&L'!D12,0)+IF($B$1=2021,'21 Total Revenue - S&L'!D12,0)+IF($B$1=2020,'20 Total Revenue - S&L'!D12,0)+IF($B$1=2019,'19 Total Revenue - S&L'!D12,0)+IF($B$1=2018,'18 Total Revenue - S&L'!D12,0)+IF($B$1=2017,'17 Total Revenue - S&L'!D12,0)+IF($B$1=2016,'16 Total Revenue - S&L'!D12,0)+IF($B$1=2015,'15 Total Revenue - S&L'!D12,0)+IF($B$1=2014,'14 Total Revenue - S&L'!D12,0)+IF($B$1=2013,'13 Total Revenue - S&L'!D12,0)+IF($B$1=2012,'12 Total Revenue - S&L'!D12,0)+IF($B$1=2011,'11 Total Revenue - S&L'!D12,0)+IF($B$1=2010,'10 Total Revenue - S&L'!D12,0)+IF($B$1=2009,'09 Total Revenue - S&L'!D12,0)+IF($B$1=2008,'08 Total Revenue - S&L'!D12,0)+IF($B$1=2007,'07 Total Revenue - S&L'!D12,0)+IF($B$1=2006,'06 Total Revenue - S&L'!D12,0)+IF($B$1=2005,'05 Total Revenue - S&L'!D12,0)+IF($B$1=2004,'04 Total Revenue - S&L'!D12,0)","v":0},{"$f":"IF($B$1=2022,'22 Total Revenue - S&L'!E12,0)+IF($B$1=2021,'21 Total Revenue - S&L'!E12,0)+IF($B$1=2020,'20 Total Revenue - S&L'!E12,0)+IF($B$1=2019,'19 Total Revenue - S&L'!E12,0)+IF($B$1=2018,'18 Total Revenue - S&L'!E12,0)+IF($B$1=2017,'17 Total Revenue - S&L'!E12,0)+IF($B$1=2016,'16 Total Revenue - S&L'!E12,0)+IF($B$1=2015,'15 Total Revenue - S&L'!E12,0)+IF($B$1=2014,'14 Total Revenue - S&L'!E12,0)+IF($B$1=2013,'13 Total Revenue - S&L'!E12,0)+IF($B$1=2012,'12 Total Revenue - S&L'!E12,0)+IF($B$1=2011,'11 Total Revenue - S&L'!E12,0)+IF($B$1=2010,'10 Total Revenue - S&L'!E12,0)+IF($B$1=2009,'09 Total Revenue - S&L'!E12,0)+IF($B$1=2008,'08 Total Revenue - S&L'!E12,0)+IF($B$1=2007,'07 Total Revenue - S&L'!E12,0)+IF($B$1=2006,'06 Total Revenue - S&L'!E12,0)+IF($B$1=2005,'05 Total Revenue - S&L'!E12,0)+IF($B$1=2004,'04 Total Revenue - S&L'!E12,0)","v":0},{"$f":"IF($B$1=2022,'22 Total Revenue - S&L'!F12,0)+IF($B$1=2021,'21 Total Revenue - S&L'!F12,0)+IF($B$1=2020,'20 Total Revenue - S&L'!F12,0)+IF($B$1=2019,'19 Total Revenue - S&L'!F12,0)+IF($B$1=2018,'18 Total Revenue - S&L'!F12,0)+IF($B$1=2017,'17 Total Revenue - S&L'!F12,0)+IF($B$1=2016,'16 Total Revenue - S&L'!F12,0)+IF($B$1=2015,'15 Total Revenue - S&L'!F12,0)+IF($B$1=2014,'14 Total Revenue - S&L'!F12,0)+IF($B$1=2013,'13 Total Revenue - S&L'!F12,0)+IF($B$1=2012,'12 Total Revenue - S&L'!F12,0)+IF($B$1=2011,'11 Total Revenue - S&L'!F12,0)+IF($B$1=2010,'10 Total Revenue - S&L'!F12,0)+IF($B$1=2009,'09 Total Revenue - S&L'!F12,0)+IF($B$1=2008,'08 Total Revenue - S&L'!F12,0)+IF($B$1=2007,'07 Total Revenue - S&L'!F12,0)+IF($B$1=2006,'06 Total Revenue - S&L'!F12,0)+IF($B$1=2005,'05 Total Revenue - S&L'!F12,0)+IF($B$1=2004,'04 Total Revenue - S&L'!F12,0)","v":0},null,null,null,null,null,2011]
[null,"Connecticut",{"$f":"IF($B$1=2022,'22 Total Revenue - S&L'!C13,0)+IF($B$1=2021,'21 Total Revenue - S&L'!C13,0)+IF($B$1=2020,'20 Total Revenue - S&L'!C13,0)+IF($B$1=2019,'19 Total Revenue - S&L'!C13,0)+IF($B$1=2018,'18 Total Revenue - S&L'!C13,0)+IF($B$1=2017,'17 Total Revenue - S&L'!C13,0)+IF($B$1=2016,'16 Total Revenue - S&L'!C13,0)+IF($B$1=2015,'15 Total Revenue - S&L'!C13,0)+IF($B$1=2014,'14 Total Revenue - S&L'!C13,0)+IF($B$1=2013,'13 Total Revenue - S&L'!C13,0)+IF($B$1=2012,'12 Total Revenue - S&L'!C13,0)+IF($B$1=2011,'11 Total Revenue - S&L'!C13,0)+IF($B$1=2010,'10 Total Revenue - S&L'!C13,0)+IF($B$1=2009,'09 Total Revenue - S&L'!C13,0)+IF($B$1=2008,'08 Total Revenue - S&L'!C13,0)+IF($B$1=2007,'07 Total Revenue - S&L'!C13,0)+IF($B$1=2006,'06 Total Revenue - S&L'!C13,0)+IF($B$1=2005,'05 Total Revenue - S&L'!C13,0)+IF($B$1=2004,'04 Total Revenue - S&L'!C13,0)","v":0},{"$f":"IF($B$1=2022,'22 Total Revenue - S&L'!D13,0)+IF($B$1=2021,'21 Total Revenue - S&L'!D13,0)+IF($B$1=2020,'20 Total Revenue - S&L'!D13,0)+IF($B$1=2019,'19 Total Revenue - S&L'!D13,0)+IF($B$1=2018,'18 Total Revenue - S&L'!D13,0)+IF($B$1=2017,'17 Total Revenue - S&L'!D13,0)+IF($B$1=2016,'16 Total Revenue - S&L'!D13,0)+IF($B$1=2015,'15 Total Revenue - S&L'!D13,0)+IF($B$1=2014,'14 Total Revenue - S&L'!D13,0)+IF($B$1=2013,'13 Total Revenue - S&L'!D13,0)+IF($B$1=2012,'12 Total Revenue - S&L'!D13,0)+IF($B$1=2011,'11 Total Revenue - S&L'!D13,0)+IF($B$1=2010,'10 Total Revenue - S&L'!D13,0)+IF($B$1=2009,'09 Total Revenue - S&L'!D13,0)+IF($B$1=2008,'08 Total Revenue - S&L'!D13,0)+IF($B$1=2007,'07 Total Revenue - S&L'!D13,0)+IF($B$1=2006,'06 Total Revenue - S&L'!D13,0)+IF($B$1=2005,'05 Total Revenue - S&L'!D13,0)+IF($B$1=2004,'04 Total Revenue - S&L'!D13,0)","v":0},{"$f":"IF($B$1=2022,'22 Total Revenue - S&L'!E13,0)+IF($B$1=2021,'21 Total Revenue - S&L'!E13,0)+IF($B$1=2020,'20 Total Revenue - S&L'!E13,0)+IF($B$1=2019,'19 Total Revenue - S&L'!E13,0)+IF($B$1=2018,'18 Total Revenue - S&L'!E13,0)+IF($B$1=2017,'17 Total Revenue - S&L'!E13,0)+IF($B$1=2016,'16 Total Revenue - S&L'!E13,0)+IF($B$1=2015,'15 Total Revenue - S&L'!E13,0)+IF($B$1=2014,'14 Total Revenue - S&L'!E13,0)+IF($B$1=2013,'13 Total Revenue - S&L'!E13,0)+IF($B$1=2012,'12 Total Revenue - S&L'!E13,0)+IF($B$1=2011,'11 Total Revenue - S&L'!E13,0)+IF($B$1=2010,'10 Total Revenue - S&L'!E13,0)+IF($B$1=2009,'09 Total Revenue - S&L'!E13,0)+IF($B$1=2008,'08 Total Revenue - S&L'!E13,0)+IF($B$1=2007,'07 Total Revenue - S&L'!E13,0)+IF($B$1=2006,'06 Total Revenue - S&L'!E13,0)+IF($B$1=2005,'05 Total Revenue - S&L'!E13,0)+IF($B$1=2004,'04 Total Revenue - S&L'!E13,0)","v":0},{"$f":"IF($B$1=2022,'22 Total Revenue - S&L'!F13,0)+IF($B$1=2021,'21 Total Revenue - S&L'!F13,0)+IF($B$1=2020,'20 Total Revenue - S&L'!F13,0)+IF($B$1=2019,'19 Total Revenue - S&L'!F13,0)+IF($B$1=2018,'18 Total Revenue - S&L'!F13,0)+IF($B$1=2017,'17 Total Revenue - S&L'!F13,0)+IF($B$1=2016,'16 Total Revenue - S&L'!F13,0)+IF($B$1=2015,'15 Total Revenue - S&L'!F13,0)+IF($B$1=2014,'14 Total Revenue - S&L'!F13,0)+IF($B$1=2013,'13 Total Revenue - S&L'!F13,0)+IF($B$1=2012,'12 Total Revenue - S&L'!F13,0)+IF($B$1=2011,'11 Total Revenue - S&L'!F13,0)+IF($B$1=2010,'10 Total Revenue - S&L'!F13,0)+IF($B$1=2009,'09 Total Revenue - S&L'!F13,0)+IF($B$1=2008,'08 Total Revenue - S&L'!F13,0)+IF($B$1=2007,'07 Total Revenue - S&L'!F13,0)+IF($B$1=2006,'06 Total Revenue - S&L'!F13,0)+IF($B$1=2005,'05 Total Revenue - S&L'!F13,0)+IF($B$1=2004,'04 Total Revenue - S&L'!F13,0)","v":0},null,null,null,null,null,2010]
[null,"Delaware",{"$f":"IF($B$1=2022,'22 Total Revenue - S&L'!C14,0)+IF($B$1=2021,'21 Total Revenue - S&L'!C14,0)+IF($B$1=2020,'20 Total Revenue - S&L'!C14,0)+IF($B$1=2019,'19 Total Revenue - S&L'!C14,0)+IF($B$1=2018,'18 Total Revenue - S&L'!C14,0)+IF($B$1=2017,'17 Total Revenue - S&L'!C14,0)+IF($B$1=2016,'16 Total Revenue - S&L'!C14,0)+IF($B$1=2015,'15 Total Revenue - S&L'!C14,0)+IF($B$1=2014,'14 Total Revenue - S&L'!C14,0)+IF($B$1=2013,'13 Total Revenue - S&L'!C14,0)+IF($B$1=2012,'12 Total Revenue - S&L'!C14,0)+IF($B$1=2011,'11 Total Revenue - S&L'!C14,0)+IF($B$1=2010,'10 Total Revenue - S&L'!C14,0)+IF($B$1=2009,'09 Total Revenue - S&L'!C14,0)+IF($B$1=2008,'08 Total Revenue - S&L'!C14,0)+IF($B$1=2007,'07 Total Revenue - S&L'!C14,0)+IF($B$1=2006,'06 Total Revenue - S&L'!C14,0)+IF($B$1=2005,'05 Total Revenue - S&L'!C14,0)+IF($B$1=2004,'04 Total Revenue - S&L'!C14,0)","v":0},{"$f":"IF($B$1=2022,'22 Total Revenue - S&L'!D14,0)+IF($B$1=2021,'21 Total Revenue - S&L'!D14,0)+IF($B$1=2020,'20 Total Revenue - S&L'!D14,0)+IF($B$1=2019,'19 Total Revenue - S&L'!D14,0)+IF($B$1=2018,'18 Total Revenue - S&L'!D14,0)+IF($B$1=2017,'17 Total Revenue - S&L'!D14,0)+IF($B$1=2016,'16 Total Revenue - S&L'!D14,0)+IF($B$1=2015,'15 Total Revenue - S&L'!D14,0)+IF($B$1=2014,'14 Total Revenue - S&L'!D14,0)+IF($B$1=2013,'13 Total Revenue - S&L'!D14,0)+IF($B$1=2012,'12 Total Revenue - S&L'!D14,0)+IF($B$1=2011,'11 Total Revenue - S&L'!D14,0)+IF($B$1=2010,'10 Total Revenue - S&L'!D14,0)+IF($B$1=2009,'09 Total Revenue - S&L'!D14,0)+IF($B$1=2008,'08 Total Revenue - S&L'!D14,0)+IF($B$1=2007,'07 Total Revenue - S&L'!D14,0)+IF($B$1=2006,'06 Total Revenue - S&L'!D14,0)+IF($B$1=2005,'05 Total Revenue - S&L'!D14,0)+IF($B$1=2004,'04 Total Revenue - S&L'!D14,0)","v":0},{"$f":"IF($B$1=2022,'22 Total Revenue - S&L'!E14,0)+IF($B$1=2021,'21 Total Revenue - S&L'!E14,0)+IF($B$1=2020,'20 Total Revenue - S&L'!E14,0)+IF($B$1=2019,'19 Total Revenue - S&L'!E14,0)+IF($B$1=2018,'18 Total Revenue - S&L'!E14,0)+IF($B$1=2017,'17 Total Revenue - S&L'!E14,0)+IF($B$1=2016,'16 Total Revenue - S&L'!E14,0)+IF($B$1=2015,'15 Total Revenue - S&L'!E14,0)+IF($B$1=2014,'14 Total Revenue - S&L'!E14,0)+IF($B$1=2013,'13 Total Revenue - S&L'!E14,0)+IF($B$1=2012,'12 Total Revenue - S&L'!E14,0)+IF($B$1=2011,'11 Total Revenue - S&L'!E14,0)+IF($B$1=2010,'10 Total Revenue - S&L'!E14,0)+IF($B$1=2009,'09 Total Revenue - S&L'!E14,0)+IF($B$1=2008,'08 Total Revenue - S&L'!E14,0)+IF($B$1=2007,'07 Total Revenue - S&L'!E14,0)+IF($B$1=2006,'06 Total Revenue - S&L'!E14,0)+IF($B$1=2005,'05 Total Revenue - S&L'!E14,0)+IF($B$1=2004,'04 Total Revenue - S&L'!E14,0)","v":0},{"$f":"IF($B$1=2022,'22 Total Revenue - S&L'!F14,0)+IF($B$1=2021,'21 Total Revenue - S&L'!F14,0)+IF($B$1=2020,'20 Total Revenue - S&L'!F14,0)+IF($B$1=2019,'19 Total Revenue - S&L'!F14,0)+IF($B$1=2018,'18 Total Revenue - S&L'!F14,0)+IF($B$1=2017,'17 Total Revenue - S&L'!F14,0)+IF($B$1=2016,'16 Total Revenue - S&L'!F14,0)+IF($B$1=2015,'15 Total Revenue - S&L'!F14,0)+IF($B$1=2014,'14 Total Revenue - S&L'!F14,0)+IF($B$1=2013,'13 Total Revenue - S&L'!F14,0)+IF($B$1=2012,'12 Total Revenue - S&L'!F14,0)+IF($B$1=2011,'11 Total Revenue - S&L'!F14,0)+IF($B$1=2010,'10 Total Revenue - S&L'!F14,0)+IF($B$1=2009,'09 Total Revenue - S&L'!F14,0)+IF($B$1=2008,'08 Total Revenue - S&L'!F14,0)+IF($B$1=2007,'07 Total Revenue - S&L'!F14,0)+IF($B$1=2006,'06 Total Revenue - S&L'!F14,0)+IF($B$1=2005,'05 Total Revenue - S&L'!F14,0)+IF($B$1=2004,'04 Total Revenue - S&L'!F14,0)","v":0},null,null,null,null,null,2009]
[null,"District of Columbia",{"$f":"IF($B$1=2022,'22 Total Revenue - S&L'!C15,0)+IF($B$1=2021,'21 Total Revenue - S&L'!C15,0)+IF($B$1=2020,'20 Total Revenue - S&L'!C15,0)+IF($B$1=2019,'19 Total Revenue - S&L'!C15,0)+IF($B$1=2018,'18 Total Revenue - S&L'!C15,0)+IF($B$1=2017,'17 Total Revenue - S&L'!C15,0)+IF($B$1=2016,'16 Total Revenue - S&L'!C15,0)+IF($B$1=2015,'15 Total Revenue - S&L'!C15,0)+IF($B$1=2014,'14 Total Revenue - S&L'!C15,0)+IF($B$1=2013,'13 Total Revenue - S&L'!C15,0)+IF($B$1=2012,'12 Total Revenue - S&L'!C15,0)+IF($B$1=2011,'11 Total Revenue - S&L'!C15,0)+IF($B$1=2010,'10 Total Revenue - S&L'!C15,0)+IF($B$1=2009,'09 Total Revenue - S&L'!C15,0)+IF($B$1=2008,'08 Total Revenue - S&L'!C15,0)+IF($B$1=2007,'07 Total Revenue - S&L'!C15,0)+IF($B$1=2006,'06 Total Revenue - S&L'!C15,0)+IF($B$1=2005,'05 Total Revenue - S&L'!C15,0)+IF($B$1=2004,'04 Total Revenue - S&L'!C15,0)","v":0},{"$f":"IF($B$1=2022,'22 Total Revenue - S&L'!D15,0)+IF($B$1=2021,'21 Total Revenue - S&L'!D15,0)+IF($B$1=2020,'20 Total Revenue - S&L'!D15,0)+IF($B$1=2019,'19 Total Revenue - S&L'!D15,0)+IF($B$1=2018,'18 Total Revenue - S&L'!D15,0)+IF($B$1=2017,'17 Total Revenue - S&L'!D15,0)+IF($B$1=2016,'16 Total Revenue - S&L'!D15,0)+IF($B$1=2015,'15 Total Revenue - S&L'!D15,0)+IF($B$1=2014,'14 Total Revenue - S&L'!D15,0)+IF($B$1=2013,'13 Total Revenue - S&L'!D15,0)+IF($B$1=2012,'12 Total Revenue - S&L'!D15,0)+IF($B$1=2011,'11 Total Revenue - S&L'!D15,0)+IF($B$1=2010,'10 Total Revenue - S&L'!D15,0)+IF($B$1=2009,'09 Total Revenue - S&L'!D15,0)+IF($B$1=2008,'08 Total Revenue - S&L'!D15,0)+IF($B$1=2007,'07 Total Revenue - S&L'!D15,0)+IF($B$1=2006,'06 Total Revenue - S&L'!D15,0)+IF($B$1=2005,'05 Total Revenue - S&L'!D15,0)+IF($B$1=2004,'04 Total Revenue - S&L'!D15,0)","v":0},{"$f":"IF($B$1=2022,'22 Total Revenue - S&L'!E15,0)+IF($B$1=2021,'21 Total Revenue - S&L'!E15,0)+IF($B$1=2020,'20 Total Revenue - S&L'!E15,0)+IF($B$1=2019,'19 Total Revenue - S&L'!E15,0)+IF($B$1=2018,'18 Total Revenue - S&L'!E15,0)+IF($B$1=2017,'17 Total Revenue - S&L'!E15,0)+IF($B$1=2016,'16 Total Revenue - S&L'!E15,0)+IF($B$1=2015,'15 Total Revenue - S&L'!E15,0)+IF($B$1=2014,'14 Total Revenue - S&L'!E15,0)+IF($B$1=2013,'13 Total Revenue - S&L'!E15,0)+IF($B$1=2012,'12 Total Revenue - S&L'!E15,0)+IF($B$1=2011,'11 Total Revenue - S&L'!E15,0)+IF($B$1=2010,'10 Total Revenue - S&L'!E15,0)+IF($B$1=2009,'09 Total Revenue - S&L'!E15,0)+IF($B$1=2008,'08 Total Revenue - S&L'!E15,0)+IF($B$1=2007,'07 Total Revenue - S&L'!E15,0)+IF($B$1=2006,'06 Total Revenue - S&L'!E15,0)+IF($B$1=2005,'05 Total Revenue - S&L'!E15,0)+IF($B$1=2004,'04 Total Revenue - S&L'!E15,0)","v":0},{"$f":"IF($B$1=2022,'22 Total Revenue - S&L'!F15,0)+IF($B$1=2021,'21 Total Revenue - S&L'!F15,0)+IF($B$1=2020,'20 Total Revenue - S&L'!F15,0)+IF($B$1=2019,'19 Total Revenue - S&L'!F15,0)+IF($B$1=2018,'18 Total Revenue - S&L'!F15,0)+IF($B$1=2017,'17 Total Revenue - S&L'!F15,0)+IF($B$1=2016,'16 Total Revenue - S&L'!F15,0)+IF($B$1=2015,'15 Total Revenue - S&L'!F15,0)+IF($B$1=2014,'14 Total Revenue - S&L'!F15,0)+IF($B$1=2013,'13 Total Revenue - S&L'!F15,0)+IF($B$1=2012,'12 Total Revenue - S&L'!F15,0)+IF($B$1=2011,'11 Total Revenue - S&L'!F15,0)+IF($B$1=2010,'10 Total Revenue - S&L'!F15,0)+IF($B$1=2009,'09 Total Revenue - S&L'!F15,0)+IF($B$1=2008,'08 Total Revenue - S&L'!F15,0)+IF($B$1=2007,'07 Total Revenue - S&L'!F15,0)+IF($B$1=2006,'06 Total Revenue - S&L'!F15,0)+IF($B$1=2005,'05 Total Revenue - S&L'!F15,0)+IF($B$1=2004,'04 Total Revenue - S&L'!F15,0)","v":0},null,null,null,null,null,2008]
[null,"Florida",{"$f":"IF($B$1=2022,'22 Total Revenue - S&L'!C16,0)+IF($B$1=2021,'21 Total Revenue - S&L'!C16,0)+IF($B$1=2020,'20 Total Revenue - S&L'!C16,0)+IF($B$1=2019,'19 Total Revenue - S&L'!C16,0)+IF($B$1=2018,'18 Total Revenue - S&L'!C16,0)+IF($B$1=2017,'17 Total Revenue - S&L'!C16,0)+IF($B$1=2016,'16 Total Revenue - S&L'!C16,0)+IF($B$1=2015,'15 Total Revenue - S&L'!C16,0)+IF($B$1=2014,'14 Total Revenue - S&L'!C16,0)+IF($B$1=2013,'13 Total Revenue - S&L'!C16,0)+IF($B$1=2012,'12 Total Revenue - S&L'!C16,0)+IF($B$1=2011,'11 Total Revenue - S&L'!C16,0)+IF($B$1=2010,'10 Total Revenue - S&L'!C16,0)+IF($B$1=2009,'09 Total Revenue - S&L'!C16,0)+IF($B$1=2008,'08 Total Revenue - S&L'!C16,0)+IF($B$1=2007,'07 Total Revenue - S&L'!C16,0)+IF($B$1=2006,'06 Total Revenue - S&L'!C16,0)+IF($B$1=2005,'05 Total Revenue - S&L'!C16,0)+IF($B$1=2004,'04 Total Revenue - S&L'!C16,0)","v":0},{"$f":"IF($B$1=2022,'22 Total Revenue - S&L'!D16,0)+IF($B$1=2021,'21 Total Revenue - S&L'!D16,0)+IF($B$1=2020,'20 Total Revenue - S&L'!D16,0)+IF($B$1=2019,'19 Total Revenue - S&L'!D16,0)+IF($B$1=2018,'18 Total Revenue - S&L'!D16,0)+IF($B$1=2017,'17 Total Revenue - S&L'!D16,0)+IF($B$1=2016,'16 Total Revenue - S&L'!D16,0)+IF($B$1=2015,'15 Total Revenue - S&L'!D16,0)+IF($B$1=2014,'14 Total Revenue - S&L'!D16,0)+IF($B$1=2013,'13 Total Revenue - S&L'!D16,0)+IF($B$1=2012,'12 Total Revenue - S&L'!D16,0)+IF($B$1=2011,'11 Total Revenue - S&L'!D16,0)+IF($B$1=2010,'10 Total Revenue - S&L'!D16,0)+IF($B$1=2009,'09 Total Revenue - S&L'!D16,0)+IF($B$1=2008,'08 Total Revenue - S&L'!D16,0)+IF($B$1=2007,'07 Total Revenue - S&L'!D16,0)+IF($B$1=2006,'06 Total Revenue - S&L'!D16,0)+IF($B$1=2005,'05 Total Revenue - S&L'!D16,0)+IF($B$1=2004,'04 Total Revenue - S&L'!D16,0)","v":0},{"$f":"IF($B$1=2022,'22 Total Revenue - S&L'!E16,0)+IF($B$1=2021,'21 Total Revenue - S&L'!E16,0)+IF($B$1=2020,'20 Total Revenue - S&L'!E16,0)+IF($B$1=2019,'19 Total Revenue - S&L'!E16,0)+IF($B$1=2018,'18 Total Revenue - S&L'!E16,0)+IF($B$1=2017,'17 Total Revenue - S&L'!E16,0)+IF($B$1=2016,'16 Total Revenue - S&L'!E16,0)+IF($B$1=2015,'15 Total Revenue - S&L'!E16,0)+IF($B$1=2014,'14 Total Revenue - S&L'!E16,0)+IF($B$1=2013,'13 Total Revenue - S&L'!E16,0)+IF($B$1=2012,'12 Total Revenue - S&L'!E16,0)+IF($B$1=2011,'11 Total Revenue - S&L'!E16,0)+IF($B$1=2010,'10 Total Revenue - S&L'!E16,0)+IF($B$1=2009,'09 Total Revenue - S&L'!E16,0)+IF($B$1=2008,'08 Total Revenue - S&L'!E16,0)+IF($B$1=2007,'07 Total Revenue - S&L'!E16,0)+IF($B$1=2006,'06 Total Revenue - S&L'!E16,0)+IF($B$1=2005,'05 Total Revenue - S&L'!E16,0)+IF($B$1=2004,'04 Total Revenue - S&L'!E16,0)","v":0},{"$f":"IF($B$1=2022,'22 Total Revenue - S&L'!F16,0)+IF($B$1=2021,'21 Total Revenue - S&L'!F16,0)+IF($B$1=2020,'20 Total Revenue - S&L'!F16,0)+IF($B$1=2019,'19 Total Revenue - S&L'!F16,0)+IF($B$1=2018,'18 Total Revenue - S&L'!F16,0)+IF($B$1=2017,'17 Total Revenue - S&L'!F16,0)+IF($B$1=2016,'16 Total Revenue - S&L'!F16,0)+IF($B$1=2015,'15 Total Revenue - S&L'!F16,0)+IF($B$1=2014,'14 Total Revenue - S&L'!F16,0)+IF($B$1=2013,'13 Total Revenue - S&L'!F16,0)+IF($B$1=2012,'12 Total Revenue - S&L'!F16,0)+IF($B$1=2011,'11 Total Revenue - S&L'!F16,0)+IF($B$1=2010,'10 Total Revenue - S&L'!F16,0)+IF($B$1=2009,'09 Total Revenue - S&L'!F16,0)+IF($B$1=2008,'08 Total Revenue - S&L'!F16,0)+IF($B$1=2007,'07 Total Revenue - S&L'!F16,0)+IF($B$1=2006,'06 Total Revenue - S&L'!F16,0)+IF($B$1=2005,'05 Total Revenue - S&L'!F16,0)+IF($B$1=2004,'04 Total Revenue - S&L'!F16,0)","v":0},null,null,null,null,null,2007]
[null,"Georgia",{"$f":"IF($B$1=2022,'22 Total Revenue - S&L'!C17,0)+IF($B$1=2021,'21 Total Revenue - S&L'!C17,0)+IF($B$1=2020,'20 Total Revenue - S&L'!C17,0)+IF($B$1=2019,'19 Total Revenue - S&L'!C17,0)+IF($B$1=2018,'18 Total Revenue - S&L'!C17,0)+IF($B$1=2017,'17 Total Revenue - S&L'!C17,0)+IF($B$1=2016,'16 Total Revenue - S&L'!C17,0)+IF($B$1=2015,'15 Total Revenue - S&L'!C17,0)+IF($B$1=2014,'14 Total Revenue - S&L'!C17,0)+IF($B$1=2013,'13 Total Revenue - S&L'!C17,0)+IF($B$1=2012,'12 Total Revenue - S&L'!C17,0)+IF($B$1=2011,'11 Total Revenue - S&L'!C17,0)+IF($B$1=2010,'10 Total Revenue - S&L'!C17,0)+IF($B$1=2009,'09 Total Revenue - S&L'!C17,0)+IF($B$1=2008,'08 Total Revenue - S&L'!C17,0)+IF($B$1=2007,'07 Total Revenue - S&L'!C17,0)+IF($B$1=2006,'06 Total Revenue - S&L'!C17,0)+IF($B$1=2005,'05 Total Revenue - S&L'!C17,0)+IF($B$1=2004,'04 Total Revenue - S&L'!C17,0)","v":0},{"$f":"IF($B$1=2022,'22 Total Revenue - S&L'!D17,0)+IF($B$1=2021,'21 Total Revenue - S&L'!D17,0)+IF($B$1=2020,'20 Total Revenue - S&L'!D17,0)+IF($B$1=2019,'19 Total Revenue - S&L'!D17,0)+IF($B$1=2018,'18 Total Revenue - S&L'!D17,0)+IF($B$1=2017,'17 Total Revenue - S&L'!D17,0)+IF($B$1=2016,'16 Total Revenue - S&L'!D17,0)+IF($B$1=2015,'15 Total Revenue - S&L'!D17,0)+IF($B$1=2014,'14 Total Revenue - S&L'!D17,0)+IF($B$1=2013,'13 Total Revenue - S&L'!D17,0)+IF($B$1=2012,'12 Total Revenue - S&L'!D17,0)+IF($B$1=2011,'11 Total Revenue - S&L'!D17,0)+IF($B$1=2010,'10 Total Revenue - S&L'!D17,0)+IF($B$1=2009,'09 Total Revenue - S&L'!D17,0)+IF($B$1=2008,'08 Total Revenue - S&L'!D17,0)+IF($B$1=2007,'07 Total Revenue - S&L'!D17,0)+IF($B$1=2006,'06 Total Revenue - S&L'!D17,0)+IF($B$1=2005,'05 Total Revenue - S&L'!D17,0)+IF($B$1=2004,'04 Total Revenue - S&L'!D17,0)","v":0},{"$f":"IF($B$1=2022,'22 Total Revenue - S&L'!E17,0)+IF($B$1=2021,'21 Total Revenue - S&L'!E17,0)+IF($B$1=2020,'20 Total Revenue - S&L'!E17,0)+IF($B$1=2019,'19 Total Revenue - S&L'!E17,0)+IF($B$1=2018,'18 Total Revenue - S&L'!E17,0)+IF($B$1=2017,'17 Total Revenue - S&L'!E17,0)+IF($B$1=2016,'16 Total Revenue - S&L'!E17,0)+IF($B$1=2015,'15 Total Revenue - S&L'!E17,0)+IF($B$1=2014,'14 Total Revenue - S&L'!E17,0)+IF($B$1=2013,'13 Total Revenue - S&L'!E17,0)+IF($B$1=2012,'12 Total Revenue - S&L'!E17,0)+IF($B$1=2011,'11 Total Revenue - S&L'!E17,0)+IF($B$1=2010,'10 Total Revenue - S&L'!E17,0)+IF($B$1=2009,'09 Total Revenue - S&L'!E17,0)+IF($B$1=2008,'08 Total Revenue - S&L'!E17,0)+IF($B$1=2007,'07 Total Revenue - S&L'!E17,0)+IF($B$1=2006,'06 Total Revenue - S&L'!E17,0)+IF($B$1=2005,'05 Total Revenue - S&L'!E17,0)+IF($B$1=2004,'04 Total Revenue - S&L'!E17,0)","v":0},{"$f":"IF($B$1=2022,'22 Total Revenue - S&L'!F17,0)+IF($B$1=2021,'21 Total Revenue - S&L'!F17,0)+IF($B$1=2020,'20 Total Revenue - S&L'!F17,0)+IF($B$1=2019,'19 Total Revenue - S&L'!F17,0)+IF($B$1=2018,'18 Total Revenue - S&L'!F17,0)+IF($B$1=2017,'17 Total Revenue - S&L'!F17,0)+IF($B$1=2016,'16 Total Revenue - S&L'!F17,0)+IF($B$1=2015,'15 Total Revenue - S&L'!F17,0)+IF($B$1=2014,'14 Total Revenue - S&L'!F17,0)+IF($B$1=2013,'13 Total Revenue - S&L'!F17,0)+IF($B$1=2012,'12 Total Revenue - S&L'!F17,0)+IF($B$1=2011,'11 Total Revenue - S&L'!F17,0)+IF($B$1=2010,'10 Total Revenue - S&L'!F17,0)+IF($B$1=2009,'09 Total Revenue - S&L'!F17,0)+IF($B$1=2008,'08 Total Revenue - S&L'!F17,0)+IF($B$1=2007,'07 Total Revenue - S&L'!F17,0)+IF($B$1=2006,'06 Total Revenue - S&L'!F17,0)+IF($B$1=2005,'05 Total Revenue - S&L'!F17,0)+IF($B$1=2004,'04 Total Revenue - S&L'!F17,0)","v":0},null,null,null,null,null,2006]
[null,"Hawaii",{"$f":"IF($B$1=2022,'22 Total Revenue - S&L'!C18,0)+IF($B$1=2021,'21 Total Revenue - S&L'!C18,0)+IF($B$1=2020,'20 Total Revenue - S&L'!C18,0)+IF($B$1=2019,'19 Total Revenue - S&L'!C18,0)+IF($B$1=2018,'18 Total Revenue - S&L'!C18,0)+IF($B$1=2017,'17 Total Revenue - S&L'!C18,0)+IF($B$1=2016,'16 Total Revenue - S&L'!C18,0)+IF($B$1=2015,'15 Total Revenue - S&L'!C18,0)+IF($B$1=2014,'14 Total Revenue - S&L'!C18,0)+IF($B$1=2013,'13 Total Revenue - S&L'!C18,0)+IF($B$1=2012,'12 Total Revenue - S&L'!C18,0)+IF($B$1=2011,'11 Total Revenue - S&L'!C18,0)+IF($B$1=2010,'10 Total Revenue - S&L'!C18,0)+IF($B$1=2009,'09 Total Revenue - S&L'!C18,0)+IF($B$1=2008,'08 Total Revenue - S&L'!C18,0)+IF($B$1=2007,'07 Total Revenue - S&L'!C18,0)+IF($B$1=2006,'06 Total Revenue - S&L'!C18,0)+IF($B$1=2005,'05 Total Revenue - S&L'!C18,0)+IF($B$1=2004,'04 Total Revenue - S&L'!C18,0)","v":0},{"$f":"IF($B$1=2022,'22 Total Revenue - S&L'!D18,0)+IF($B$1=2021,'21 Total Revenue - S&L'!D18,0)+IF($B$1=2020,'20 Total Revenue - S&L'!D18,0)+IF($B$1=2019,'19 Total Revenue - S&L'!D18,0)+IF($B$1=2018,'18 Total Revenue - S&L'!D18,0)+IF($B$1=2017,'17 Total Revenue - S&L'!D18,0)+IF($B$1=2016,'16 Total Revenue - S&L'!D18,0)+IF($B$1=2015,'15 Total Revenue - S&L'!D18,0)+IF($B$1=2014,'14 Total Revenue - S&L'!D18,0)+IF($B$1=2013,'13 Total Revenue - S&L'!D18,0)+IF($B$1=2012,'12 Total Revenue - S&L'!D18,0)+IF($B$1=2011,'11 Total Revenue - S&L'!D18,0)+IF($B$1=2010,'10 Total Revenue - S&L'!D18,0)+IF($B$1=2009,'09 Total Revenue - S&L'!D18,0)+IF($B$1=2008,'08 Total Revenue - S&L'!D18,0)+IF($B$1=2007,'07 Total Revenue - S&L'!D18,0)+IF($B$1=2006,'06 Total Revenue - S&L'!D18,0)+IF($B$1=2005,'05 Total Revenue - S&L'!D18,0)+IF($B$1=2004,'04 Total Revenue - S&L'!D18,0)","v":0},{"$f":"IF($B$1=2022,'22 Total Revenue - S&L'!E18,0)+IF($B$1=2021,'21 Total Revenue - S&L'!E18,0)+IF($B$1=2020,'20 Total Revenue - S&L'!E18,0)+IF($B$1=2019,'19 Total Revenue - S&L'!E18,0)+IF($B$1=2018,'18 Total Revenue - S&L'!E18,0)+IF($B$1=2017,'17 Total Revenue - S&L'!E18,0)+IF($B$1=2016,'16 Total Revenue - S&L'!E18,0)+IF($B$1=2015,'15 Total Revenue - S&L'!E18,0)+IF($B$1=2014,'14 Total Revenue - S&L'!E18,0)+IF($B$1=2013,'13 Total Revenue - S&L'!E18,0)+IF($B$1=2012,'12 Total Revenue - S&L'!E18,0)+IF($B$1=2011,'11 Total Revenue - S&L'!E18,0)+IF($B$1=2010,'10 Total Revenue - S&L'!E18,0)+IF($B$1=2009,'09 Total Revenue - S&L'!E18,0)+IF($B$1=2008,'08 Total Revenue - S&L'!E18,0)+IF($B$1=2007,'07 Total Revenue - S&L'!E18,0)+IF($B$1=2006,'06 Total Revenue - S&L'!E18,0)+IF($B$1=2005,'05 Total Revenue - S&L'!E18,0)+IF($B$1=2004,'04 Total Revenue - S&L'!E18,0)","v":0},{"$f":"IF($B$1=2022,'22 Total Revenue - S&L'!F18,0)+IF($B$1=2021,'21 Total Revenue - S&L'!F18,0)+IF($B$1=2020,'20 Total Revenue - S&L'!F18,0)+IF($B$1=2019,'19 Total Revenue - S&L'!F18,0)+IF($B$1=2018,'18 Total Revenue - S&L'!F18,0)+IF($B$1=2017,'17 Total Revenue - S&L'!F18,0)+IF($B$1=2016,'16 Total Revenue - S&L'!F18,0)+IF($B$1=2015,'15 Total Revenue - S&L'!F18,0)+IF($B$1=2014,'14 Total Revenue - S&L'!F18,0)+IF($B$1=2013,'13 Total Revenue - S&L'!F18,0)+IF($B$1=2012,'12 Total Revenue - S&L'!F18,0)+IF($B$1=2011,'11 Total Revenue - S&L'!F18,0)+IF($B$1=2010,'10 Total Revenue - S&L'!F18,0)+IF($B$1=2009,'09 Total Revenue - S&L'!F18,0)+IF($B$1=2008,'08 Total Revenue - S&L'!F18,0)+IF($B$1=2007,'07 Total Revenue - S&L'!F18,0)+IF($B$1=2006,'06 Total Revenue - S&L'!F18,0)+IF($B$1=2005,'05 Total Revenue - S&L'!F18,0)+IF($B$1=2004,'04 Total Revenue - S&L'!F18,0)","v":0},null,null,null,null,null,2005]
[null,"Idaho",{"$f":"IF($B$1=2022,'22 Total Revenue - S&L'!C19,0)+IF($B$1=2021,'21 Total Revenue - S&L'!C19,0)+IF($B$1=2020,'20 Total Revenue - S&L'!C19,0)+IF($B$1=2019,'19 Total Revenue - S&L'!C19,0)+IF($B$1=2018,'18 Total Revenue - S&L'!C19,0)+IF($B$1=2017,'17 Total Revenue - S&L'!C19,0)+IF($B$1=2016,'16 Total Revenue - S&L'!C19,0)+IF($B$1=2015,'15 Total Revenue - S&L'!C19,0)+IF($B$1=2014,'14 Total Revenue - S&L'!C19,0)+IF($B$1=2013,'13 Total Revenue - S&L'!C19,0)+IF($B$1=2012,'12 Total Revenue - S&L'!C19,0)+IF($B$1=2011,'11 Total Revenue - S&L'!C19,0)+IF($B$1=2010,'10 Total Revenue - S&L'!C19,0)+IF($B$1=2009,'09 Total Revenue - S&L'!C19,0)+IF($B$1=2008,'08 Total Revenue - S&L'!C19,0)+IF($B$1=2007,'07 Total Revenue - S&L'!C19,0)+IF($B$1=2006,'06 Total Revenue - S&L'!C19,0)+IF($B$1=2005,'05 Total Revenue - S&L'!C19,0)+IF($B$1=2004,'04 Total Revenue - S&L'!C19,0)","v":0},{"$f":"IF($B$1=2022,'22 Total Revenue - S&L'!D19,0)+IF($B$1=2021,'21 Total Revenue - S&L'!D19,0)+IF($B$1=2020,'20 Total Revenue - S&L'!D19,0)+IF($B$1=2019,'19 Total Revenue - S&L'!D19,0)+IF($B$1=2018,'18 Total Revenue - S&L'!D19,0)+IF($B$1=2017,'17 Total Revenue - S&L'!D19,0)+IF($B$1=2016,'16 Total Revenue - S&L'!D19,0)+IF($B$1=2015,'15 Total Revenue - S&L'!D19,0)+IF($B$1=2014,'14 Total Revenue - S&L'!D19,0)+IF($B$1=2013,'13 Total Revenue - S&L'!D19,0)+IF($B$1=2012,'12 Total Revenue - S&L'!D19,0)+IF($B$1=2011,'11 Total Revenue - S&L'!D19,0)+IF($B$1=2010,'10 Total Revenue - S&L'!D19,0)+IF($B$1=2009,'09 Total Revenue - S&L'!D19,0)+IF($B$1=2008,'08 Total Revenue - S&L'!D19,0)+IF($B$1=2007,'07 Total Revenue - S&L'!D19,0)+IF($B$1=2006,'06 Total Revenue - S&L'!D19,0)+IF($B$1=2005,'05 Total Revenue - S&L'!D19,0)+IF($B$1=2004,'04 Total Revenue - S&L'!D19,0)","v":0},{"$f":"IF($B$1=2022,'22 Total Revenue - S&L'!E19,0)+IF($B$1=2021,'21 Total Revenue - S&L'!E19,0)+IF($B$1=2020,'20 Total Revenue - S&L'!E19,0)+IF($B$1=2019,'19 Total Revenue - S&L'!E19,0)+IF($B$1=2018,'18 Total Revenue - S&L'!E19,0)+IF($B$1=2017,'17 Total Revenue - S&L'!E19,0)+IF($B$1=2016,'16 Total Revenue - S&L'!E19,0)+IF($B$1=2015,'15 Total Revenue - S&L'!E19,0)+IF($B$1=2014,'14 Total Revenue - S&L'!E19,0)+IF($B$1=2013,'13 Total Revenue - S&L'!E19,0)+IF($B$1=2012,'12 Total Revenue - S&L'!E19,0)+IF($B$1=2011,'11 Total Revenue - S&L'!E19,0)+IF($B$1=2010,'10 Total Revenue - S&L'!E19,0)+IF($B$1=2009,'09 Total Revenue - S&L'!E19,0)+IF($B$1=2008,'08 Total Revenue - S&L'!E19,0)+IF($B$1=2007,'07 Total Revenue - S&L'!E19,0)+IF($B$1=2006,'06 Total Revenue - S&L'!E19,0)+IF($B$1=2005,'05 Total Revenue - S&L'!E19,0)+IF($B$1=2004,'04 Total Revenue - S&L'!E19,0)","v":0},{"$f":"IF($B$1=2022,'22 Total Revenue - S&L'!F19,0)+IF($B$1=2021,'21 Total Revenue - S&L'!F19,0)+IF($B$1=2020,'20 Total Revenue - S&L'!F19,0)+IF($B$1=2019,'19 Total Revenue - S&L'!F19,0)+IF($B$1=2018,'18 Total Revenue - S&L'!F19,0)+IF($B$1=2017,'17 Total Revenue - S&L'!F19,0)+IF($B$1=2016,'16 Total Revenue - S&L'!F19,0)+IF($B$1=2015,'15 Total Revenue - S&L'!F19,0)+IF($B$1=2014,'14 Total Revenue - S&L'!F19,0)+IF($B$1=2013,'13 Total Revenue - S&L'!F19,0)+IF($B$1=2012,'12 Total Revenue - S&L'!F19,0)+IF($B$1=2011,'11 Total Revenue - S&L'!F19,0)+IF($B$1=2010,'10 Total Revenue - S&L'!F19,0)+IF($B$1=2009,'09 Total Revenue - S&L'!F19,0)+IF($B$1=2008,'08 Total Revenue - S&L'!F19,0)+IF($B$1=2007,'07 Total Revenue - S&L'!F19,0)+IF($B$1=2006,'06 Total Revenue - S&L'!F19,0)+IF($B$1=2005,'05 Total Revenue - S&L'!F19,0)+IF($B$1=2004,'04 Total Revenue - S&L'!F19,0)","v":0},null,null,null,null,null,2004]
[null,"Illinois",{"$f":"IF($B$1=2022,'22 Total Revenue - S&L'!C20,0)+IF($B$1=2021,'21 Total Revenue - S&L'!C20,0)+IF($B$1=2020,'20 Total Revenue - S&L'!C20,0)+IF($B$1=2019,'19 Total Revenue - S&L'!C20,0)+IF($B$1=2018,'18 Total Revenue - S&L'!C20,0)+IF($B$1=2017,'17 Total Revenue - S&L'!C20,0)+IF($B$1=2016,'16 Total Revenue - S&L'!C20,0)+IF($B$1=2015,'15 Total Revenue - S&L'!C20,0)+IF($B$1=2014,'14 Total Revenue - S&L'!C20,0)+IF($B$1=2013,'13 Total Revenue - S&L'!C20,0)+IF($B$1=2012,'12 Total Revenue - S&L'!C20,0)+IF($B$1=2011,'11 Total Revenue - S&L'!C20,0)+IF($B$1=2010,'10 Total Revenue - S&L'!C20,0)+IF($B$1=2009,'09 Total Revenue - S&L'!C20,0)+IF($B$1=2008,'08 Total Revenue - S&L'!C20,0)+IF($B$1=2007,'07 Total Revenue - S&L'!C20,0)+IF($B$1=2006,'06 Total Revenue - S&L'!C20,0)+IF($B$1=2005,'05 Total Revenue - S&L'!C20,0)+IF($B$1=2004,'04 Total Revenue - S&L'!C20,0)","v":0},{"$f":"IF($B$1=2022,'22 Total Revenue - S&L'!D20,0)+IF($B$1=2021,'21 Total Revenue - S&L'!D20,0)+IF($B$1=2020,'20 Total Revenue - S&L'!D20,0)+IF($B$1=2019,'19 Total Revenue - S&L'!D20,0)+IF($B$1=2018,'18 Total Revenue - S&L'!D20,0)+IF($B$1=2017,'17 Total Revenue - S&L'!D20,0)+IF($B$1=2016,'16 Total Revenue - S&L'!D20,0)+IF($B$1=2015,'15 Total Revenue - S&L'!D20,0)+IF($B$1=2014,'14 Total Revenue - S&L'!D20,0)+IF($B$1=2013,'13 Total Revenue - S&L'!D20,0)+IF($B$1=2012,'12 Total Revenue - S&L'!D20,0)+IF($B$1=2011,'11 Total Revenue - S&L'!D20,0)+IF($B$1=2010,'10 Total Revenue - S&L'!D20,0)+IF($B$1=2009,'09 Total Revenue - S&L'!D20,0)+IF($B$1=2008,'08 Total Revenue - S&L'!D20,0)+IF($B$1=2007,'07 Total Revenue - S&L'!D20,0)+IF($B$1=2006,'06 Total Revenue - S&L'!D20,0)+IF($B$1=2005,'05 Total Revenue - S&L'!D20,0)+IF($B$1=2004,'04 Total Revenue - S&L'!D20,0)","v":0},{"$f":"IF($B$1=2022,'22 Total Revenue - S&L'!E20,0)+IF($B$1=2021,'21 Total Revenue - S&L'!E20,0)+IF($B$1=2020,'20 Total Revenue - S&L'!E20,0)+IF($B$1=2019,'19 Total Revenue - S&L'!E20,0)+IF($B$1=2018,'18 Total Revenue - S&L'!E20,0)+IF($B$1=2017,'17 Total Revenue - S&L'!E20,0)+IF($B$1=2016,'16 Total Revenue - S&L'!E20,0)+IF($B$1=2015,'15 Total Revenue - S&L'!E20,0)+IF($B$1=2014,'14 Total Revenue - S&L'!E20,0)+IF($B$1=2013,'13 Total Revenue - S&L'!E20,0)+IF($B$1=2012,'12 Total Revenue - S&L'!E20,0)+IF($B$1=2011,'11 Total Revenue - S&L'!E20,0)+IF($B$1=2010,'10 Total Revenue - S&L'!E20,0)+IF($B$1=2009,'09 Total Revenue - S&L'!E20,0)+IF($B$1=2008,'08 Total Revenue - S&L'!E20,0)+IF($B$1=2007,'07 Total Revenue - S&L'!E20,0)+IF($B$1=2006,'06 Total Revenue - S&L'!E20,0)+IF($B$1=2005,'05 Total Revenue - S&L'!E20,0)+IF($B$1=2004,'04 Total Revenue - S&L'!E20,0)","v":0},{"$f":"IF($B$1=2022,'22 Total Revenue - S&L'!F20,0)+IF($B$1=2021,'21 Total Revenue - S&L'!F20,0)+IF($B$1=2020,'20 Total Revenue - S&L'!F20,0)+IF($B$1=2019,'19 Total Revenue - S&L'!F20,0)+IF($B$1=2018,'18 Total Revenue - S&L'!F20,0)+IF($B$1=2017,'17 Total Revenue - S&L'!F20,0)+IF($B$1=2016,'16 Total Revenue - S&L'!F20,0)+IF($B$1=2015,'15 Total Revenue - S&L'!F20,0)+IF($B$1=2014,'14 Total Revenue - S&L'!F20,0)+IF($B$1=2013,'13 Total Revenue - S&L'!F20,0)+IF($B$1=2012,'12 Total Revenue - S&L'!F20,0)+IF($B$1=2011,'11 Total Revenue - S&L'!F20,0)+IF($B$1=2010,'10 Total Revenue - S&L'!F20,0)+IF($B$1=2009,'09 Total Revenue - S&L'!F20,0)+IF($B$1=2008,'08 Total Revenue - S&L'!F20,0)+IF($B$1=2007,'07 Total Revenue - S&L'!F20,0)+IF($B$1=2006,'06 Total Revenue - S&L'!F20,0)+IF($B$1=2005,'05 Total Revenue - S&L'!F20,0)+IF($B$1=2004,'04 Total Revenue - S&L'!F20,0)","v":0}]
[null,"Indiana",{"$f":"IF($B$1=2022,'22 Total Revenue - S&L'!C21,0)+IF($B$1=2021,'21 Total Revenue - S&L'!C21,0)+IF($B$1=2020,'20 Total Revenue - S&L'!C21,0)+IF($B$1=2019,'19 Total Revenue - S&L'!C21,0)+IF($B$1=2018,'18 Total Revenue - S&L'!C21,0)+IF($B$1=2017,'17 Total Revenue - S&L'!C21,0)+IF($B$1=2016,'16 Total Revenue - S&L'!C21,0)+IF($B$1=2015,'15 Total Revenue - S&L'!C21,0)+IF($B$1=2014,'14 Total Revenue - S&L'!C21,0)+IF($B$1=2013,'13 Total Revenue - S&L'!C21,0)+IF($B$1=2012,'12 Total Revenue - S&L'!C21,0)+IF($B$1=2011,'11 Total Revenue - S&L'!C21,0)+IF($B$1=2010,'10 Total Revenue - S&L'!C21,0)+IF($B$1=2009,'09 Total Revenue - S&L'!C21,0)+IF($B$1=2008,'08 Total Revenue - S&L'!C21,0)+IF($B$1=2007,'07 Total Revenue - S&L'!C21,0)+IF($B$1=2006,'06 Total Revenue - S&L'!C21,0)+IF($B$1=2005,'05 Total Revenue - S&L'!C21,0)+IF($B$1=2004,'04 Total Revenue - S&L'!C21,0)","v":0},{"$f":"IF($B$1=2022,'22 Total Revenue - S&L'!D21,0)+IF($B$1=2021,'21 Total Revenue - S&L'!D21,0)+IF($B$1=2020,'20 Total Revenue - S&L'!D21,0)+IF($B$1=2019,'19 Total Revenue - S&L'!D21,0)+IF($B$1=2018,'18 Total Revenue - S&L'!D21,0)+IF($B$1=2017,'17 Total Revenue - S&L'!D21,0)+IF($B$1=2016,'16 Total Revenue - S&L'!D21,0)+IF($B$1=2015,'15 Total Revenue - S&L'!D21,0)+IF($B$1=2014,'14 Total Revenue - S&L'!D21,0)+IF($B$1=2013,'13 Total Revenue - S&L'!D21,0)+IF($B$1=2012,'12 Total Revenue - S&L'!D21,0)+IF($B$1=2011,'11 Total Revenue - S&L'!D21,0)+IF($B$1=2010,'10 Total Revenue - S&L'!D21,0)+IF($B$1=2009,'09 Total Revenue - S&L'!D21,0)+IF($B$1=2008,'08 Total Revenue - S&L'!D21,0)+IF($B$1=2007,'07 Total Revenue - S&L'!D21,0)+IF($B$1=2006,'06 Total Revenue - S&L'!D21,0)+IF($B$1=2005,'05 Total Revenue - S&L'!D21,0)+IF($B$1=2004,'04 Total Revenue - S&L'!D21,0)","v":0},{"$f":"IF($B$1=2022,'22 Total Revenue - S&L'!E21,0)+IF($B$1=2021,'21 Total Revenue - S&L'!E21,0)+IF($B$1=2020,'20 Total Revenue - S&L'!E21,0)+IF($B$1=2019,'19 Total Revenue - S&L'!E21,0)+IF($B$1=2018,'18 Total Revenue - S&L'!E21,0)+IF($B$1=2017,'17 Total Revenue - S&L'!E21,0)+IF($B$1=2016,'16 Total Revenue - S&L'!E21,0)+IF($B$1=2015,'15 Total Revenue - S&L'!E21,0)+IF($B$1=2014,'14 Total Revenue - S&L'!E21,0)+IF($B$1=2013,'13 Total Revenue - S&L'!E21,0)+IF($B$1=2012,'12 Total Revenue - S&L'!E21,0)+IF($B$1=2011,'11 Total Revenue - S&L'!E21,0)+IF($B$1=2010,'10 Total Revenue - S&L'!E21,0)+IF($B$1=2009,'09 Total Revenue - S&L'!E21,0)+IF($B$1=2008,'08 Total Revenue - S&L'!E21,0)+IF($B$1=2007,'07 Total Revenue - S&L'!E21,0)+IF($B$1=2006,'06 Total Revenue - S&L'!E21,0)+IF($B$1=2005,'05 Total Revenue - S&L'!E21,0)+IF($B$1=2004,'04 Total Revenue - S&L'!E21,0)","v":0},{"$f":"IF($B$1=2022,'22 Total Revenue - S&L'!F21,0)+IF($B$1=2021,'21 Total Revenue - S&L'!F21,0)+IF($B$1=2020,'20 Total Revenue - S&L'!F21,0)+IF($B$1=2019,'19 Total Revenue - S&L'!F21,0)+IF($B$1=2018,'18 Total Revenue - S&L'!F21,0)+IF($B$1=2017,'17 Total Revenue - S&L'!F21,0)+IF($B$1=2016,'16 Total Revenue - S&L'!F21,0)+IF($B$1=2015,'15 Total Revenue - S&L'!F21,0)+IF($B$1=2014,'14 Total Revenue - S&L'!F21,0)+IF($B$1=2013,'13 Total Revenue - S&L'!F21,0)+IF($B$1=2012,'12 Total Revenue - S&L'!F21,0)+IF($B$1=2011,'11 Total Revenue - S&L'!F21,0)+IF($B$1=2010,'10 Total Revenue - S&L'!F21,0)+IF($B$1=2009,'09 Total Revenue - S&L'!F21,0)+IF($B$1=2008,'08 Total Revenue - S&L'!F21,0)+IF($B$1=2007,'07 Total Revenue - S&L'!F21,0)+IF($B$1=2006,'06 Total Revenue - S&L'!F21,0)+IF($B$1=2005,'05 Total Revenue - S&L'!F21,0)+IF($B$1=2004,'04 Total Revenue - S&L'!F21,0)","v":0}]
[null,"Iowa",{"$f":"IF($B$1=2022,'22 Total Revenue - S&L'!C22,0)+IF($B$1=2021,'21 Total Revenue - S&L'!C22,0)+IF($B$1=2020,'20 Total Revenue - S&L'!C22,0)+IF($B$1=2019,'19 Total Revenue - S&L'!C22,0)+IF($B$1=2018,'18 Total Revenue - S&L'!C22,0)+IF($B$1=2017,'17 Total Revenue - S&L'!C22,0)+IF($B$1=2016,'16 Total Revenue - S&L'!C22,0)+IF($B$1=2015,'15 Total Revenue - S&L'!C22,0)+IF($B$1=2014,'14 Total Revenue - S&L'!C22,0)+IF($B$1=2013,'13 Total Revenue - S&L'!C22,0)+IF($B$1=2012,'12 Total Revenue - S&L'!C22,0)+IF($B$1=2011,'11 Total Revenue - S&L'!C22,0)+IF($B$1=2010,'10 Total Revenue - S&L'!C22,0)+IF($B$1=2009,'09 Total Revenue - S&L'!C22,0)+IF($B$1=2008,'08 Total Revenue - S&L'!C22,0)+IF($B$1=2007,'07 Total Revenue - S&L'!C22,0)+IF($B$1=2006,'06 Total Revenue - S&L'!C22,0)+IF($B$1=2005,'05 Total Revenue - S&L'!C22,0)+IF($B$1=2004,'04 Total Revenue - S&L'!C22,0)","v":0},{"$f":"IF($B$1=2022,'22 Total Revenue - S&L'!D22,0)+IF($B$1=2021,'21 Total Revenue - S&L'!D22,0)+IF($B$1=2020,'20 Total Revenue - S&L'!D22,0)+IF($B$1=2019,'19 Total Revenue - S&L'!D22,0)+IF($B$1=2018,'18 Total Revenue - S&L'!D22,0)+IF($B$1=2017,'17 Total Revenue - S&L'!D22,0)+IF($B$1=2016,'16 Total Revenue - S&L'!D22,0)+IF($B$1=2015,'15 Total Revenue - S&L'!D22,0)+IF($B$1=2014,'14 Total Revenue - S&L'!D22,0)+IF($B$1=2013,'13 Total Revenue - S&L'!D22,0)+IF($B$1=2012,'12 Total Revenue - S&L'!D22,0)+IF($B$1=2011,'11 Total Revenue - S&L'!D22,0)+IF($B$1=2010,'10 Total Revenue - S&L'!D22,0)+IF($B$1=2009,'09 Total Revenue - S&L'!D22,0)+IF($B$1=2008,'08 Total Revenue - S&L'!D22,0)+IF($B$1=2007,'07 Total Revenue - S&L'!D22,0)+IF($B$1=2006,'06 Total Revenue - S&L'!D22,0)+IF($B$1=2005,'05 Total Revenue - S&L'!D22,0)+IF($B$1=2004,'04 Total Revenue - S&L'!D22,0)","v":0},{"$f":"IF($B$1=2022,'22 Total Revenue - S&L'!E22,0)+IF($B$1=2021,'21 Total Revenue - S&L'!E22,0)+IF($B$1=2020,'20 Total Revenue - S&L'!E22,0)+IF($B$1=2019,'19 Total Revenue - S&L'!E22,0)+IF($B$1=2018,'18 Total Revenue - S&L'!E22,0)+IF($B$1=2017,'17 Total Revenue - S&L'!E22,0)+IF($B$1=2016,'16 Total Revenue - S&L'!E22,0)+IF($B$1=2015,'15 Total Revenue - S&L'!E22,0)+IF($B$1=2014,'14 Total Revenue - S&L'!E22,0)+IF($B$1=2013,'13 Total Revenue - S&L'!E22,0)+IF($B$1=2012,'12 Total Revenue - S&L'!E22,0)+IF($B$1=2011,'11 Total Revenue - S&L'!E22,0)+IF($B$1=2010,'10 Total Revenue - S&L'!E22,0)+IF($B$1=2009,'09 Total Revenue - S&L'!E22,0)+IF($B$1=2008,'08 Total Revenue - S&L'!E22,0)+IF($B$1=2007,'07 Total Revenue - S&L'!E22,0)+IF($B$1=2006,'06 Total Revenue - S&L'!E22,0)+IF($B$1=2005,'05 Total Revenue - S&L'!E22,0)+IF($B$1=2004,'04 Total Revenue - S&L'!E22,0)","v":0},{"$f":"IF($B$1=2022,'22 Total Revenue - S&L'!F22,0)+IF($B$1=2021,'21 Total Revenue - S&L'!F22,0)+IF($B$1=2020,'20 Total Revenue - S&L'!F22,0)+IF($B$1=2019,'19 Total Revenue - S&L'!F22,0)+IF($B$1=2018,'18 Total Revenue - S&L'!F22,0)+IF($B$1=2017,'17 Total Revenue - S&L'!F22,0)+IF($B$1=2016,'16 Total Revenue - S&L'!F22,0)+IF($B$1=2015,'15 Total Revenue - S&L'!F22,0)+IF($B$1=2014,'14 Total Revenue - S&L'!F22,0)+IF($B$1=2013,'13 Total Revenue - S&L'!F22,0)+IF($B$1=2012,'12 Total Revenue - S&L'!F22,0)+IF($B$1=2011,'11 Total Revenue - S&L'!F22,0)+IF($B$1=2010,'10 Total Revenue - S&L'!F22,0)+IF($B$1=2009,'09 Total Revenue - S&L'!F22,0)+IF($B$1=2008,'08 Total Revenue - S&L'!F22,0)+IF($B$1=2007,'07 Total Revenue - S&L'!F22,0)+IF($B$1=2006,'06 Total Revenue - S&L'!F22,0)+IF($B$1=2005,'05 Total Revenue - S&L'!F22,0)+IF($B$1=2004,'04 Total Revenue - S&L'!F22,0)","v":0}]
[null,"Kansas",{"$f":"IF($B$1=2022,'22 Total Revenue - S&L'!C23,0)+IF($B$1=2021,'21 Total Revenue - S&L'!C23,0)+IF($B$1=2020,'20 Total Revenue - S&L'!C23,0)+IF($B$1=2019,'19 Total Revenue - S&L'!C23,0)+IF($B$1=2018,'18 Total Revenue - S&L'!C23,0)+IF($B$1=2017,'17 Total Revenue - S&L'!C23,0)+IF($B$1=2016,'16 Total Revenue - S&L'!C23,0)+IF($B$1=2015,'15 Total Revenue - S&L'!C23,0)+IF($B$1=2014,'14 Total Revenue - S&L'!C23,0)+IF($B$1=2013,'13 Total Revenue - S&L'!C23,0)+IF($B$1=2012,'12 Total Revenue - S&L'!C23,0)+IF($B$1=2011,'11 Total Revenue - S&L'!C23,0)+IF($B$1=2010,'10 Total Revenue - S&L'!C23,0)+IF($B$1=2009,'09 Total Revenue - S&L'!C23,0)+IF($B$1=2008,'08 Total Revenue - S&L'!C23,0)+IF($B$1=2007,'07 Total Revenue - S&L'!C23,0)+IF($B$1=2006,'06 Total Revenue - S&L'!C23,0)+IF($B$1=2005,'05 Total Revenue - S&L'!C23,0)+IF($B$1=2004,'04 Total Revenue - S&L'!C23,0)","v":0},{"$f":"IF($B$1=2022,'22 Total Revenue - S&L'!D23,0)+IF($B$1=2021,'21 Total Revenue - S&L'!D23,0)+IF($B$1=2020,'20 Total Revenue - S&L'!D23,0)+IF($B$1=2019,'19 Total Revenue - S&L'!D23,0)+IF($B$1=2018,'18 Total Revenue - S&L'!D23,0)+IF($B$1=2017,'17 Total Revenue - S&L'!D23,0)+IF($B$1=2016,'16 Total Revenue - S&L'!D23,0)+IF($B$1=2015,'15 Total Revenue - S&L'!D23,0)+IF($B$1=2014,'14 Total Revenue - S&L'!D23,0)+IF($B$1=2013,'13 Total Revenue - S&L'!D23,0)+IF($B$1=2012,'12 Total Revenue - S&L'!D23,0)+IF($B$1=2011,'11 Total Revenue - S&L'!D23,0)+IF($B$1=2010,'10 Total Revenue - S&L'!D23,0)+IF($B$1=2009,'09 Total Revenue - S&L'!D23,0)+IF($B$1=2008,'08 Total Revenue - S&L'!D23,0)+IF($B$1=2007,'07 Total Revenue - S&L'!D23,0)+IF($B$1=2006,'06 Total Revenue - S&L'!D23,0)+IF($B$1=2005,'05 Total Revenue - S&L'!D23,0)+IF($B$1=2004,'04 Total Revenue - S&L'!D23,0)","v":0},{"$f":"IF($B$1=2022,'22 Total Revenue - S&L'!E23,0)+IF($B$1=2021,'21 Total Revenue - S&L'!E23,0)+IF($B$1=2020,'20 Total Revenue - S&L'!E23,0)+IF($B$1=2019,'19 Total Revenue - S&L'!E23,0)+IF($B$1=2018,'18 Total Revenue - S&L'!E23,0)+IF($B$1=2017,'17 Total Revenue - S&L'!E23,0)+IF($B$1=2016,'16 Total Revenue - S&L'!E23,0)+IF($B$1=2015,'15 Total Revenue - S&L'!E23,0)+IF($B$1=2014,'14 Total Revenue - S&L'!E23,0)+IF($B$1=2013,'13 Total Revenue - S&L'!E23,0)+IF($B$1=2012,'12 Total Revenue - S&L'!E23,0)+IF($B$1=2011,'11 Total Revenue - S&L'!E23,0)+IF($B$1=2010,'10 Total Revenue - S&L'!E23,0)+IF($B$1=2009,'09 Total Revenue - S&L'!E23,0)+IF($B$1=2008,'08 Total Revenue - S&L'!E23,0)+IF($B$1=2007,'07 Total Revenue - S&L'!E23,0)+IF($B$1=2006,'06 Total Revenue - S&L'!E23,0)+IF($B$1=2005,'05 Total Revenue - S&L'!E23,0)+IF($B$1=2004,'04 Total Revenue - S&L'!E23,0)","v":0},{"$f":"IF($B$1=2022,'22 Total Revenue - S&L'!F23,0)+IF($B$1=2021,'21 Total Revenue - S&L'!F23,0)+IF($B$1=2020,'20 Total Revenue - S&L'!F23,0)+IF($B$1=2019,'19 Total Revenue - S&L'!F23,0)+IF($B$1=2018,'18 Total Revenue - S&L'!F23,0)+IF($B$1=2017,'17 Total Revenue - S&L'!F23,0)+IF($B$1=2016,'16 Total Revenue - S&L'!F23,0)+IF($B$1=2015,'15 Total Revenue - S&L'!F23,0)+IF($B$1=2014,'14 Total Revenue - S&L'!F23,0)+IF($B$1=2013,'13 Total Revenue - S&L'!F23,0)+IF($B$1=2012,'12 Total Revenue - S&L'!F23,0)+IF($B$1=2011,'11 Total Revenue - S&L'!F23,0)+IF($B$1=2010,'10 Total Revenue - S&L'!F23,0)+IF($B$1=2009,'09 Total Revenue - S&L'!F23,0)+IF($B$1=2008,'08 Total Revenue - S&L'!F23,0)+IF($B$1=2007,'07 Total Revenue - S&L'!F23,0)+IF($B$1=2006,'06 Total Revenue - S&L'!F23,0)+IF($B$1=2005,'05 Total Revenue - S&L'!F23,0)+IF($B$1=2004,'04 Total Revenue - S&L'!F23,0)","v":0}]
[null,"Kentucky",{"$f":"IF($B$1=2022,'22 Total Revenue - S&L'!C24,0)+IF($B$1=2021,'21 Total Revenue - S&L'!C24,0)+IF($B$1=2020,'20 Total Revenue - S&L'!C24,0)+IF($B$1=2019,'19 Total Revenue - S&L'!C24,0)+IF($B$1=2018,'18 Total Revenue - S&L'!C24,0)+IF($B$1=2017,'17 Total Revenue - S&L'!C24,0)+IF($B$1=2016,'16 Total Revenue - S&L'!C24,0)+IF($B$1=2015,'15 Total Revenue - S&L'!C24,0)+IF($B$1=2014,'14 Total Revenue - S&L'!C24,0)+IF($B$1=2013,'13 Total Revenue - S&L'!C24,0)+IF($B$1=2012,'12 Total Revenue - S&L'!C24,0)+IF($B$1=2011,'11 Total Revenue - S&L'!C24,0)+IF($B$1=2010,'10 Total Revenue - S&L'!C24,0)+IF($B$1=2009,'09 Total Revenue - S&L'!C24,0)+IF($B$1=2008,'08 Total Revenue - S&L'!C24,0)+IF($B$1=2007,'07 Total Revenue - S&L'!C24,0)+IF($B$1=2006,'06 Total Revenue - S&L'!C24,0)+IF($B$1=2005,'05 Total Revenue - S&L'!C24,0)+IF($B$1=2004,'04 Total Revenue - S&L'!C24,0)","v":0},{"$f":"IF($B$1=2022,'22 Total Revenue - S&L'!D24,0)+IF($B$1=2021,'21 Total Revenue - S&L'!D24,0)+IF($B$1=2020,'20 Total Revenue - S&L'!D24,0)+IF($B$1=2019,'19 Total Revenue - S&L'!D24,0)+IF($B$1=2018,'18 Total Revenue - S&L'!D24,0)+IF($B$1=2017,'17 Total Revenue - S&L'!D24,0)+IF($B$1=2016,'16 Total Revenue - S&L'!D24,0)+IF($B$1=2015,'15 Total Revenue - S&L'!D24,0)+IF($B$1=2014,'14 Total Revenue - S&L'!D24,0)+IF($B$1=2013,'13 Total Revenue - S&L'!D24,0)+IF($B$1=2012,'12 Total Revenue - S&L'!D24,0)+IF($B$1=2011,'11 Total Revenue - S&L'!D24,0)+IF($B$1=2010,'10 Total Revenue - S&L'!D24,0)+IF($B$1=2009,'09 Total Revenue - S&L'!D24,0)+IF($B$1=2008,'08 Total Revenue - S&L'!D24,0)+IF($B$1=2007,'07 Total Revenue - S&L'!D24,0)+IF($B$1=2006,'06 Total Revenue - S&L'!D24,0)+IF($B$1=2005,'05 Total Revenue - S&L'!D24,0)+IF($B$1=2004,'04 Total Revenue - S&L'!D24,0)","v":0},{"$f":"IF($B$1=2022,'22 Total Revenue - S&L'!E24,0)+IF($B$1=2021,'21 Total Revenue - S&L'!E24,0)+IF($B$1=2020,'20 Total Revenue - S&L'!E24,0)+IF($B$1=2019,'19 Total Revenue - S&L'!E24,0)+IF($B$1=2018,'18 Total Revenue - S&L'!E24,0)+IF($B$1=2017,'17 Total Revenue - S&L'!E24,0)+IF($B$1=2016,'16 Total Revenue - S&L'!E24,0)+IF($B$1=2015,'15 Total Revenue - S&L'!E24,0)+IF($B$1=2014,'14 Total Revenue - S&L'!E24,0)+IF($B$1=2013,'13 Total Revenue - S&L'!E24,0)+IF($B$1=2012,'12 Total Revenue - S&L'!E24,0)+IF($B$1=2011,'11 Total Revenue - S&L'!E24,0)+IF($B$1=2010,'10 Total Revenue - S&L'!E24,0)+IF($B$1=2009,'09 Total Revenue - S&L'!E24,0)+IF($B$1=2008,'08 Total Revenue - S&L'!E24,0)+IF($B$1=2007,'07 Total Revenue - S&L'!E24,0)+IF($B$1=2006,'06 Total Revenue - S&L'!E24,0)+IF($B$1=2005,'05 Total Revenue - S&L'!E24,0)+IF($B$1=2004,'04 Total Revenue - S&L'!E24,0)","v":0},{"$f":"IF($B$1=2022,'22 Total Revenue - S&L'!F24,0)+IF($B$1=2021,'21 Total Revenue - S&L'!F24,0)+IF($B$1=2020,'20 Total Revenue - S&L'!F24,0)+IF($B$1=2019,'19 Total Revenue - S&L'!F24,0)+IF($B$1=2018,'18 Total Revenue - S&L'!F24,0)+IF($B$1=2017,'17 Total Revenue - S&L'!F24,0)+IF($B$1=2016,'16 Total Revenue - S&L'!F24,0)+IF($B$1=2015,'15 Total Revenue - S&L'!F24,0)+IF($B$1=2014,'14 Total Revenue - S&L'!F24,0)+IF($B$1=2013,'13 Total Revenue - S&L'!F24,0)+IF($B$1=2012,'12 Total Revenue - S&L'!F24,0)+IF($B$1=2011,'11 Total Revenue - S&L'!F24,0)+IF($B$1=2010,'10 Total Revenue - S&L'!F24,0)+IF($B$1=2009,'09 Total Revenue - S&L'!F24,0)+IF($B$1=2008,'08 Total Revenue - S&L'!F24,0)+IF($B$1=2007,'07 Total Revenue - S&L'!F24,0)+IF($B$1=2006,'06 Total Revenue - S&L'!F24,0)+IF($B$1=2005,'05 Total Revenue - S&L'!F24,0)+IF($B$1=2004,'04 Total Revenue - S&L'!F24,0)","v":0}]
[null,"Louisiana",{"$f":"IF($B$1=2022,'22 Total Revenue - S&L'!C25,0)+IF($B$1=2021,'21 Total Revenue - S&L'!C25,0)+IF($B$1=2020,'20 Total Revenue - S&L'!C25,0)+IF($B$1=2019,'19 Total Revenue - S&L'!C25,0)+IF($B$1=2018,'18 Total Revenue - S&L'!C25,0)+IF($B$1=2017,'17 Total Revenue - S&L'!C25,0)+IF($B$1=2016,'16 Total Revenue - S&L'!C25,0)+IF($B$1=2015,'15 Total Revenue - S&L'!C25,0)+IF($B$1=2014,'14 Total Revenue - S&L'!C25,0)+IF($B$1=2013,'13 Total Revenue - S&L'!C25,0)+IF($B$1=2012,'12 Total Revenue - S&L'!C25,0)+IF($B$1=2011,'11 Total Revenue - S&L'!C25,0)+IF($B$1=2010,'10 Total Revenue - S&L'!C25,0)+IF($B$1=2009,'09 Total Revenue - S&L'!C25,0)+IF($B$1=2008,'08 Total Revenue - S&L'!C25,0)+IF($B$1=2007,'07 Total Revenue - S&L'!C25,0)+IF($B$1=2006,'06 Total Revenue - S&L'!C25,0)+IF($B$1=2005,'05 Total Revenue - S&L'!C25,0)+IF($B$1=2004,'04 Total Revenue - S&L'!C25,0)","v":0},{"$f":"IF($B$1=2022,'22 Total Revenue - S&L'!D25,0)+IF($B$1=2021,'21 Total Revenue - S&L'!D25,0)+IF($B$1=2020,'20 Total Revenue - S&L'!D25,0)+IF($B$1=2019,'19 Total Revenue - S&L'!D25,0)+IF($B$1=2018,'18 Total Revenue - S&L'!D25,0)+IF($B$1=2017,'17 Total Revenue - S&L'!D25,0)+IF($B$1=2016,'16 Total Revenue - S&L'!D25,0)+IF($B$1=2015,'15 Total Revenue - S&L'!D25,0)+IF($B$1=2014,'14 Total Revenue - S&L'!D25,0)+IF($B$1=2013,'13 Total Revenue - S&L'!D25,0)+IF($B$1=2012,'12 Total Revenue - S&L'!D25,0)+IF($B$1=2011,'11 Total Revenue - S&L'!D25,0)+IF($B$1=2010,'10 Total Revenue - S&L'!D25,0)+IF($B$1=2009,'09 Total Revenue - S&L'!D25,0)+IF($B$1=2008,'08 Total Revenue - S&L'!D25,0)+IF($B$1=2007,'07 Total Revenue - S&L'!D25,0)+IF($B$1=2006,'06 Total Revenue - S&L'!D25,0)+IF($B$1=2005,'05 Total Revenue - S&L'!D25,0)+IF($B$1=2004,'04 Total Revenue - S&L'!D25,0)","v":0},{"$f":"IF($B$1=2022,'22 Total Revenue - S&L'!E25,0)+IF($B$1=2021,'21 Total Revenue - S&L'!E25,0)+IF($B$1=2020,'20 Total Revenue - S&L'!E25,0)+IF($B$1=2019,'19 Total Revenue - S&L'!E25,0)+IF($B$1=2018,'18 Total Revenue - S&L'!E25,0)+IF($B$1=2017,'17 Total Revenue - S&L'!E25,0)+IF($B$1=2016,'16 Total Revenue - S&L'!E25,0)+IF($B$1=2015,'15 Total Revenue - S&L'!E25,0)+IF($B$1=2014,'14 Total Revenue - S&L'!E25,0)+IF($B$1=2013,'13 Total Revenue - S&L'!E25,0)+IF($B$1=2012,'12 Total Revenue - S&L'!E25,0)+IF($B$1=2011,'11 Total Revenue - S&L'!E25,0)+IF($B$1=2010,'10 Total Revenue - S&L'!E25,0)+IF($B$1=2009,'09 Total Revenue - S&L'!E25,0)+IF($B$1=2008,'08 Total Revenue - S&L'!E25,0)+IF($B$1=2007,'07 Total Revenue - S&L'!E25,0)+IF($B$1=2006,'06 Total Revenue - S&L'!E25,0)+IF($B$1=2005,'05 Total Revenue - S&L'!E25,0)+IF($B$1=2004,'04 Total Revenue - S&L'!E25,0)","v":0},{"$f":"IF($B$1=2022,'22 Total Revenue - S&L'!F25,0)+IF($B$1=2021,'21 Total Revenue - S&L'!F25,0)+IF($B$1=2020,'20 Total Revenue - S&L'!F25,0)+IF($B$1=2019,'19 Total Revenue - S&L'!F25,0)+IF($B$1=2018,'18 Total Revenue - S&L'!F25,0)+IF($B$1=2017,'17 Total Revenue - S&L'!F25,0)+IF($B$1=2016,'16 Total Revenue - S&L'!F25,0)+IF($B$1=2015,'15 Total Revenue - S&L'!F25,0)+IF($B$1=2014,'14 Total Revenue - S&L'!F25,0)+IF($B$1=2013,'13 Total Revenue - S&L'!F25,0)+IF($B$1=2012,'12 Total Revenue - S&L'!F25,0)+IF($B$1=2011,'11 Total Revenue - S&L'!F25,0)+IF($B$1=2010,'10 Total Revenue - S&L'!F25,0)+IF($B$1=2009,'09 Total Revenue - S&L'!F25,0)+IF($B$1=2008,'08 Total Revenue - S&L'!F25,0)+IF($B$1=2007,'07 Total Revenue - S&L'!F25,0)+IF($B$1=2006,'06 Total Revenue - S&L'!F25,0)+IF($B$1=2005,'05 Total Revenue - S&L'!F25,0)+IF($B$1=2004,'04 Total Revenue - S&L'!F25,0)","v":0}]
[null,"Maine",{"$f":"IF($B$1=2022,'22 Total Revenue - S&L'!C26,0)+IF($B$1=2021,'21 Total Revenue - S&L'!C26,0)+IF($B$1=2020,'20 Total Revenue - S&L'!C26,0)+IF($B$1=2019,'19 Total Revenue - S&L'!C26,0)+IF($B$1=2018,'18 Total Revenue - S&L'!C26,0)+IF($B$1=2017,'17 Total Revenue - S&L'!C26,0)+IF($B$1=2016,'16 Total Revenue - S&L'!C26,0)+IF($B$1=2015,'15 Total Revenue - S&L'!C26,0)+IF($B$1=2014,'14 Total Revenue - S&L'!C26,0)+IF($B$1=2013,'13 Total Revenue - S&L'!C26,0)+IF($B$1=2012,'12 Total Revenue - S&L'!C26,0)+IF($B$1=2011,'11 Total Revenue - S&L'!C26,0)+IF($B$1=2010,'10 Total Revenue - S&L'!C26,0)+IF($B$1=2009,'09 Total Revenue - S&L'!C26,0)+IF($B$1=2008,'08 Total Revenue - S&L'!C26,0)+IF($B$1=2007,'07 Total Revenue - S&L'!C26,0)+IF($B$1=2006,'06 Total Revenue - S&L'!C26,0)+IF($B$1=2005,'05 Total Revenue - S&L'!C26,0)+IF($B$1=2004,'04 Total Revenue - S&L'!C26,0)","v":0},{"$f":"IF($B$1=2022,'22 Total Revenue - S&L'!D26,0)+IF($B$1=2021,'21 Total Revenue - S&L'!D26,0)+IF($B$1=2020,'20 Total Revenue - S&L'!D26,0)+IF($B$1=2019,'19 Total Revenue - S&L'!D26,0)+IF($B$1=2018,'18 Total Revenue - S&L'!D26,0)+IF($B$1=2017,'17 Total Revenue - S&L'!D26,0)+IF($B$1=2016,'16 Total Revenue - S&L'!D26,0)+IF($B$1=2015,'15 Total Revenue - S&L'!D26,0)+IF($B$1=2014,'14 Total Revenue - S&L'!D26,0)+IF($B$1=2013,'13 Total Revenue - S&L'!D26,0)+IF($B$1=2012,'12 Total Revenue - S&L'!D26,0)+IF($B$1=2011,'11 Total Revenue - S&L'!D26,0)+IF($B$1=2010,'10 Total Revenue - S&L'!D26,0)+IF($B$1=2009,'09 Total Revenue - S&L'!D26,0)+IF($B$1=2008,'08 Total Revenue - S&L'!D26,0)+IF($B$1=2007,'07 Total Revenue - S&L'!D26,0)+IF($B$1=2006,'06 Total Revenue - S&L'!D26,0)+IF($B$1=2005,'05 Total Revenue - S&L'!D26,0)+IF($B$1=2004,'04 Total Revenue - S&L'!D26,0)","v":0},{"$f":"IF($B$1=2022,'22 Total Revenue - S&L'!E26,0)+IF($B$1=2021,'21 Total Revenue - S&L'!E26,0)+IF($B$1=2020,'20 Total Revenue - S&L'!E26,0)+IF($B$1=2019,'19 Total Revenue - S&L'!E26,0)+IF($B$1=2018,'18 Total Revenue - S&L'!E26,0)+IF($B$1=2017,'17 Total Revenue - S&L'!E26,0)+IF($B$1=2016,'16 Total Revenue - S&L'!E26,0)+IF($B$1=2015,'15 Total Revenue - S&L'!E26,0)+IF($B$1=2014,'14 Total Revenue - S&L'!E26,0)+IF($B$1=2013,'13 Total Revenue - S&L'!E26,0)+IF($B$1=2012,'12 Total Revenue - S&L'!E26,0)+IF($B$1=2011,'11 Total Revenue - S&L'!E26,0)+IF($B$1=2010,'10 Total Revenue - S&L'!E26,0)+IF($B$1=2009,'09 Total Revenue - S&L'!E26,0)+IF($B$1=2008,'08 Total Revenue - S&L'!E26,0)+IF($B$1=2007,'07 Total Revenue - S&L'!E26,0)+IF($B$1=2006,'06 Total Revenue - S&L'!E26,0)+IF($B$1=2005,'05 Total Revenue - S&L'!E26,0)+IF($B$1=2004,'04 Total Revenue - S&L'!E26,0)","v":0},{"$f":"IF($B$1=2022,'22 Total Revenue - S&L'!F26,0)+IF($B$1=2021,'21 Total Revenue - S&L'!F26,0)+IF($B$1=2020,'20 Total Revenue - S&L'!F26,0)+IF($B$1=2019,'19 Total Revenue - S&L'!F26,0)+IF($B$1=2018,'18 Total Revenue - S&L'!F26,0)+IF($B$1=2017,'17 Total Revenue - S&L'!F26,0)+IF($B$1=2016,'16 Total Revenue - S&L'!F26,0)+IF($B$1=2015,'15 Total Revenue - S&L'!F26,0)+IF($B$1=2014,'14 Total Revenue - S&L'!F26,0)+IF($B$1=2013,'13 Total Revenue - S&L'!F26,0)+IF($B$1=2012,'12 Total Revenue - S&L'!F26,0)+IF($B$1=2011,'11 Total Revenue - S&L'!F26,0)+IF($B$1=2010,'10 Total Revenue - S&L'!F26,0)+IF($B$1=2009,'09 Total Revenue - S&L'!F26,0)+IF($B$1=2008,'08 Total Revenue - S&L'!F26,0)+IF($B$1=2007,'07 Total Revenue - S&L'!F26,0)+IF($B$1=2006,'06 Total Revenue - S&L'!F26,0)+IF($B$1=2005,'05 Total Revenue - S&L'!F26,0)+IF($B$1=2004,'04 Total Revenue - S&L'!F26,0)","v":0}]
[null,"Maryland",{"$f":"IF($B$1=2022,'22 Total Revenue - S&L'!C27,0)+IF($B$1=2021,'21 Total Revenue - S&L'!C27,0)+IF($B$1=2020,'20 Total Revenue - S&L'!C27,0)+IF($B$1=2019,'19 Total Revenue - S&L'!C27,0)+IF($B$1=2018,'18 Total Revenue - S&L'!C27,0)+IF($B$1=2017,'17 Total Revenue - S&L'!C27,0)+IF($B$1=2016,'16 Total Revenue - S&L'!C27,0)+IF($B$1=2015,'15 Total Revenue - S&L'!C27,0)+IF($B$1=2014,'14 Total Revenue - S&L'!C27,0)+IF($B$1=2013,'13 Total Revenue - S&L'!C27,0)+IF($B$1=2012,'12 Total Revenue - S&L'!C27,0)+IF($B$1=2011,'11 Total Revenue - S&L'!C27,0)+IF($B$1=2010,'10 Total Revenue - S&L'!C27,0)+IF($B$1=2009,'09 Total Revenue - S&L'!C27,0)+IF($B$1=2008,'08 Total Revenue - S&L'!C27,0)+IF($B$1=2007,'07 Total Revenue - S&L'!C27,0)+IF($B$1=2006,'06 Total Revenue - S&L'!C27,0)+IF($B$1=2005,'05 Total Revenue - S&L'!C27,0)+IF($B$1=2004,'04 Total Revenue - S&L'!C27,0)","v":0},{"$f":"IF($B$1=2022,'22 Total Revenue - S&L'!D27,0)+IF($B$1=2021,'21 Total Revenue - S&L'!D27,0)+IF($B$1=2020,'20 Total Revenue - S&L'!D27,0)+IF($B$1=2019,'19 Total Revenue - S&L'!D27,0)+IF($B$1=2018,'18 Total Revenue - S&L'!D27,0)+IF($B$1=2017,'17 Total Revenue - S&L'!D27,0)+IF($B$1=2016,'16 Total Revenue - S&L'!D27,0)+IF($B$1=2015,'15 Total Revenue - S&L'!D27,0)+IF($B$1=2014,'14 Total Revenue - S&L'!D27,0)+IF($B$1=2013,'13 Total Revenue - S&L'!D27,0)+IF($B$1=2012,'12 Total Revenue - S&L'!D27,0)+IF($B$1=2011,'11 Total Revenue - S&L'!D27,0)+IF($B$1=2010,'10 Total Revenue - S&L'!D27,0)+IF($B$1=2009,'09 Total Revenue - S&L'!D27,0)+IF($B$1=2008,'08 Total Revenue - S&L'!D27,0)+IF($B$1=2007,'07 Total Revenue - S&L'!D27,0)+IF($B$1=2006,'06 Total Revenue - S&L'!D27,0)+IF($B$1=2005,'05 Total Revenue - S&L'!D27,0)+IF($B$1=2004,'04 Total Revenue - S&L'!D27,0)","v":0},{"$f":"IF($B$1=2022,'22 Total Revenue - S&L'!E27,0)+IF($B$1=2021,'21 Total Revenue - S&L'!E27,0)+IF($B$1=2020,'20 Total Revenue - S&L'!E27,0)+IF($B$1=2019,'19 Total Revenue - S&L'!E27,0)+IF($B$1=2018,'18 Total Revenue - S&L'!E27,0)+IF($B$1=2017,'17 Total Revenue - S&L'!E27,0)+IF($B$1=2016,'16 Total Revenue - S&L'!E27,0)+IF($B$1=2015,'15 Total Revenue - S&L'!E27,0)+IF($B$1=2014,'14 Total Revenue - S&L'!E27,0)+IF($B$1=2013,'13 Total Revenue - S&L'!E27,0)+IF($B$1=2012,'12 Total Revenue - S&L'!E27,0)+IF($B$1=2011,'11 Total Revenue - S&L'!E27,0)+IF($B$1=2010,'10 Total Revenue - S&L'!E27,0)+IF($B$1=2009,'09 Total Revenue - S&L'!E27,0)+IF($B$1=2008,'08 Total Revenue - S&L'!E27,0)+IF($B$1=2007,'07 Total Revenue - S&L'!E27,0)+IF($B$1=2006,'06 Total Revenue - S&L'!E27,0)+IF($B$1=2005,'05 Total Revenue - S&L'!E27,0)+IF($B$1=2004,'04 Total Revenue - S&L'!E27,0)","v":0},{"$f":"IF($B$1=2022,'22 Total Revenue - S&L'!F27,0)+IF($B$1=2021,'21 Total Revenue - S&L'!F27,0)+IF($B$1=2020,'20 Total Revenue - S&L'!F27,0)+IF($B$1=2019,'19 Total Revenue - S&L'!F27,0)+IF($B$1=2018,'18 Total Revenue - S&L'!F27,0)+IF($B$1=2017,'17 Total Revenue - S&L'!F27,0)+IF($B$1=2016,'16 Total Revenue - S&L'!F27,0)+IF($B$1=2015,'15 Total Revenue - S&L'!F27,0)+IF($B$1=2014,'14 Total Revenue - S&L'!F27,0)+IF($B$1=2013,'13 Total Revenue - S&L'!F27,0)+IF($B$1=2012,'12 Total Revenue - S&L'!F27,0)+IF($B$1=2011,'11 Total Revenue - S&L'!F27,0)+IF($B$1=2010,'10 Total Revenue - S&L'!F27,0)+IF($B$1=2009,'09 Total Revenue - S&L'!F27,0)+IF($B$1=2008,'08 Total Revenue - S&L'!F27,0)+IF($B$1=2007,'07 Total Revenue - S&L'!F27,0)+IF($B$1=2006,'06 Total Revenue - S&L'!F27,0)+IF($B$1=2005,'05 Total Revenue - S&L'!F27,0)+IF($B$1=2004,'04 Total Revenue - S&L'!F27,0)","v":0}]
[null,"Massachusetts",{"$f":"IF($B$1=2022,'22 Total Revenue - S&L'!C28,0)+IF($B$1=2021,'21 Total Revenue - S&L'!C28,0)+IF($B$1=2020,'20 Total Revenue - S&L'!C28,0)+IF($B$1=2019,'19 Total Revenue - S&L'!C28,0)+IF($B$1=2018,'18 Total Revenue - S&L'!C28,0)+IF($B$1=2017,'17 Total Revenue - S&L'!C28,0)+IF($B$1=2016,'16 Total Revenue - S&L'!C28,0)+IF($B$1=2015,'15 Total Revenue - S&L'!C28,0)+IF($B$1=2014,'14 Total Revenue - S&L'!C28,0)+IF($B$1=2013,'13 Total Revenue - S&L'!C28,0)+IF($B$1=2012,'12 Total Revenue - S&L'!C28,0)+IF($B$1=2011,'11 Total Revenue - S&L'!C28,0)+IF($B$1=2010,'10 Total Revenue - S&L'!C28,0)+IF($B$1=2009,'09 Total Revenue - S&L'!C28,0)+IF($B$1=2008,'08 Total Revenue - S&L'!C28,0)+IF($B$1=2007,'07 Total Revenue - S&L'!C28,0)+IF($B$1=2006,'06 Total Revenue - S&L'!C28,0)+IF($B$1=2005,'05 Total Revenue - S&L'!C28,0)+IF($B$1=2004,'04 Total Revenue - S&L'!C28,0)","v":0},{"$f":"IF($B$1=2022,'22 Total Revenue - S&L'!D28,0)+IF($B$1=2021,'21 Total Revenue - S&L'!D28,0)+IF($B$1=2020,'20 Total Revenue - S&L'!D28,0)+IF($B$1=2019,'19 Total Revenue - S&L'!D28,0)+IF($B$1=2018,'18 Total Revenue - S&L'!D28,0)+IF($B$1=2017,'17 Total Revenue - S&L'!D28,0)+IF($B$1=2016,'16 Total Revenue - S&L'!D28,0)+IF($B$1=2015,'15 Total Revenue - S&L'!D28,0)+IF($B$1=2014,'14 Total Revenue - S&L'!D28,0)+IF($B$1=2013,'13 Total Revenue - S&L'!D28,0)+IF($B$1=2012,'12 Total Revenue - S&L'!D28,0)+IF($B$1=2011,'11 Total Revenue - S&L'!D28,0)+IF($B$1=2010,'10 Total Revenue - S&L'!D28,0)+IF($B$1=2009,'09 Total Revenue - S&L'!D28,0)+IF($B$1=2008,'08 Total Revenue - S&L'!D28,0)+IF($B$1=2007,'07 Total Revenue - S&L'!D28,0)+IF($B$1=2006,'06 Total Revenue - S&L'!D28,0)+IF($B$1=2005,'05 Total Revenue - S&L'!D28,0)+IF($B$1=2004,'04 Total Revenue - S&L'!D28,0)","v":0},{"$f":"IF($B$1=2022,'22 Total Revenue - S&L'!E28,0)+IF($B$1=2021,'21 Total Revenue - S&L'!E28,0)+IF($B$1=2020,'20 Total Revenue - S&L'!E28,0)+IF($B$1=2019,'19 Total Revenue - S&L'!E28,0)+IF($B$1=2018,'18 Total Revenue - S&L'!E28,0)+IF($B$1=2017,'17 Total Revenue - S&L'!E28,0)+IF($B$1=2016,'16 Total Revenue - S&L'!E28,0)+IF($B$1=2015,'15 Total Revenue - S&L'!E28,0)+IF($B$1=2014,'14 Total Revenue - S&L'!E28,0)+IF($B$1=2013,'13 Total Revenue - S&L'!E28,0)+IF($B$1=2012,'12 Total Revenue - S&L'!E28,0)+IF($B$1=2011,'11 Total Revenue - S&L'!E28,0)+IF($B$1=2010,'10 Total Revenue - S&L'!E28,0)+IF($B$1=2009,'09 Total Revenue - S&L'!E28,0)+IF($B$1=2008,'08 Total Revenue - S&L'!E28,0)+IF($B$1=2007,'07 Total Revenue - S&L'!E28,0)+IF($B$1=2006,'06 Total Revenue - S&L'!E28,0)+IF($B$1=2005,'05 Total Revenue - S&L'!E28,0)+IF($B$1=2004,'04 Total Revenue - S&L'!E28,0)","v":0},{"$f":"IF($B$1=2022,'22 Total Revenue - S&L'!F28,0)+IF($B$1=2021,'21 Total Revenue - S&L'!F28,0)+IF($B$1=2020,'20 Total Revenue - S&L'!F28,0)+IF($B$1=2019,'19 Total Revenue - S&L'!F28,0)+IF($B$1=2018,'18 Total Revenue - S&L'!F28,0)+IF($B$1=2017,'17 Total Revenue - S&L'!F28,0)+IF($B$1=2016,'16 Total Revenue - S&L'!F28,0)+IF($B$1=2015,'15 Total Revenue - S&L'!F28,0)+IF($B$1=2014,'14 Total Revenue - S&L'!F28,0)+IF($B$1=2013,'13 Total Revenue - S&L'!F28,0)+IF($B$1=2012,'12 Total Revenue - S&L'!F28,0)+IF($B$1=2011,'11 Total Revenue - S&L'!F28,0)+IF($B$1=2010,'10 Total Revenue - S&L'!F28,0)+IF($B$1=2009,'09 Total Revenue - S&L'!F28,0)+IF($B$1=2008,'08 Total Revenue - S&L'!F28,0)+IF($B$1=2007,'07 Total Revenue - S&L'!F28,0)+IF($B$1=2006,'06 Total Revenue - S&L'!F28,0)+IF($B$1=2005,'05 Total Revenue - S&L'!F28,0)+IF($B$1=2004,'04 Total Revenue - S&L'!F28,0)","v":0}]
[null,"Michigan",{"$f":"IF($B$1=2022,'22 Total Revenue - S&L'!C29,0)+IF($B$1=2021,'21 Total Revenue - S&L'!C29,0)+IF($B$1=2020,'20 Total Revenue - S&L'!C29,0)+IF($B$1=2019,'19 Total Revenue - S&L'!C29,0)+IF($B$1=2018,'18 Total Revenue - S&L'!C29,0)+IF($B$1=2017,'17 Total Revenue - S&L'!C29,0)+IF($B$1=2016,'16 Total Revenue - S&L'!C29,0)+IF($B$1=2015,'15 Total Revenue - S&L'!C29,0)+IF($B$1=2014,'14 Total Revenue - S&L'!C29,0)+IF($B$1=2013,'13 Total Revenue - S&L'!C29,0)+IF($B$1=2012,'12 Total Revenue - S&L'!C29,0)+IF($B$1=2011,'11 Total Revenue - S&L'!C29,0)+IF($B$1=2010,'10 Total Revenue - S&L'!C29,0)+IF($B$1=2009,'09 Total Revenue - S&L'!C29,0)+IF($B$1=2008,'08 Total Revenue - S&L'!C29,0)+IF($B$1=2007,'07 Total Revenue - S&L'!C29,0)+IF($B$1=2006,'06 Total Revenue - S&L'!C29,0)+IF($B$1=2005,'05 Total Revenue - S&L'!C29,0)+IF($B$1=2004,'04 Total Revenue - S&L'!C29,0)","v":0},{"$f":"IF($B$1=2022,'22 Total Revenue - S&L'!D29,0)+IF($B$1=2021,'21 Total Revenue - S&L'!D29,0)+IF($B$1=2020,'20 Total Revenue - S&L'!D29,0)+IF($B$1=2019,'19 Total Revenue - S&L'!D29,0)+IF($B$1=2018,'18 Total Revenue - S&L'!D29,0)+IF($B$1=2017,'17 Total Revenue - S&L'!D29,0)+IF($B$1=2016,'16 Total Revenue - S&L'!D29,0)+IF($B$1=2015,'15 Total Revenue - S&L'!D29,0)+IF($B$1=2014,'14 Total Revenue - S&L'!D29,0)+IF($B$1=2013,'13 Total Revenue - S&L'!D29,0)+IF($B$1=2012,'12 Total Revenue - S&L'!D29,0)+IF($B$1=2011,'11 Total Revenue - S&L'!D29,0)+IF($B$1=2010,'10 Total Revenue - S&L'!D29,0)+IF($B$1=2009,'09 Total Revenue - S&L'!D29,0)+IF($B$1=2008,'08 Total Revenue - S&L'!D29,0)+IF($B$1=2007,'07 Total Revenue - S&L'!D29,0)+IF($B$1=2006,'06 Total Revenue - S&L'!D29,0)+IF($B$1=2005,'05 Total Revenue - S&L'!D29,0)+IF($B$1=2004,'04 Total Revenue - S&L'!D29,0)","v":0},{"$f":"IF($B$1=2022,'22 Total Revenue - S&L'!E29,0)+IF($B$1=2021,'21 Total Revenue - S&L'!E29,0)+IF($B$1=2020,'20 Total Revenue - S&L'!E29,0)+IF($B$1=2019,'19 Total Revenue - S&L'!E29,0)+IF($B$1=2018,'18 Total Revenue - S&L'!E29,0)+IF($B$1=2017,'17 Total Revenue - S&L'!E29,0)+IF($B$1=2016,'16 Total Revenue - S&L'!E29,0)+IF($B$1=2015,'15 Total Revenue - S&L'!E29,0)+IF($B$1=2014,'14 Total Revenue - S&L'!E29,0)+IF($B$1=2013,'13 Total Revenue - S&L'!E29,0)+IF($B$1=2012,'12 Total Revenue - S&L'!E29,0)+IF($B$1=2011,'11 Total Revenue - S&L'!E29,0)+IF($B$1=2010,'10 Total Revenue - S&L'!E29,0)+IF($B$1=2009,'09 Total Revenue - S&L'!E29,0)+IF($B$1=2008,'08 Total Revenue - S&L'!E29,0)+IF($B$1=2007,'07 Total Revenue - S&L'!E29,0)+IF($B$1=2006,'06 Total Revenue - S&L'!E29,0)+IF($B$1=2005,'05 Total Revenue - S&L'!E29,0)+IF($B$1=2004,'04 Total Revenue - S&L'!E29,0)","v":0},{"$f":"IF($B$1=2022,'22 Total Revenue - S&L'!F29,0)+IF($B$1=2021,'21 Total Revenue - S&L'!F29,0)+IF($B$1=2020,'20 Total Revenue - S&L'!F29,0)+IF($B$1=2019,'19 Total Revenue - S&L'!F29,0)+IF($B$1=2018,'18 Total Revenue - S&L'!F29,0)+IF($B$1=2017,'17 Total Revenue - S&L'!F29,0)+IF($B$1=2016,'16 Total Revenue - S&L'!F29,0)+IF($B$1=2015,'15 Total Revenue - S&L'!F29,0)+IF($B$1=2014,'14 Total Revenue - S&L'!F29,0)+IF($B$1=2013,'13 Total Revenue - S&L'!F29,0)+IF($B$1=2012,'12 Total Revenue - S&L'!F29,0)+IF($B$1=2011,'11 Total Revenue - S&L'!F29,0)+IF($B$1=2010,'10 Total Revenue - S&L'!F29,0)+IF($B$1=2009,'09 Total Revenue - S&L'!F29,0)+IF($B$1=2008,'08 Total Revenue - S&L'!F29,0)+IF($B$1=2007,'07 Total Revenue - S&L'!F29,0)+IF($B$1=2006,'06 Total Revenue - S&L'!F29,0)+IF($B$1=2005,'05 Total Revenue - S&L'!F29,0)+IF($B$1=2004,'04 Total Revenue - S&L'!F29,0)","v":0}]
[null,"MINNESOTA",{"$f":"IF($B$1=2022,'22 Total Revenue - S&L'!C30,0)+IF($B$1=2021,'21 Total Revenue - S&L'!C30,0)+IF($B$1=2020,'20 Total Revenue - S&L'!C30,0)+IF($B$1=2019,'19 Total Revenue - S&L'!C30,0)+IF($B$1=2018,'18 Total Revenue - S&L'!C30,0)+IF($B$1=2017,'17 Total Revenue - S&L'!C30,0)+IF($B$1=2016,'16 Total Revenue - S&L'!C30,0)+IF($B$1=2015,'15 Total Revenue - S&L'!C30,0)+IF($B$1=2014,'14 Total Revenue - S&L'!C30,0)+IF($B$1=2013,'13 Total Revenue - S&L'!C30,0)+IF($B$1=2012,'12 Total Revenue - S&L'!C30,0)+IF($B$1=2011,'11 Total Revenue - S&L'!C30,0)+IF($B$1=2010,'10 Total Revenue - S&L'!C30,0)+IF($B$1=2009,'09 Total Revenue - S&L'!C30,0)+IF($B$1=2008,'08 Total Revenue - S&L'!C30,0)+IF($B$1=2007,'07 Total Revenue - S&L'!C30,0)+IF($B$1=2006,'06 Total Revenue - S&L'!C30,0)+IF($B$1=2005,'05 Total Revenue - S&L'!C30,0)+IF($B$1=2004,'04 Total Revenue - S&L'!C30,0)","v":0},{"$f":"IF($B$1=2022,'22 Total Revenue - S&L'!D30,0)+IF($B$1=2021,'21 Total Revenue - S&L'!D30,0)+IF($B$1=2020,'20 Total Revenue - S&L'!D30,0)+IF($B$1=2019,'19 Total Revenue - S&L'!D30,0)+IF($B$1=2018,'18 Total Revenue - S&L'!D30,0)+IF($B$1=2017,'17 Total Revenue - S&L'!D30,0)+IF($B$1=2016,'16 Total Revenue - S&L'!D30,0)+IF($B$1=2015,'15 Total Revenue - S&L'!D30,0)+IF($B$1=2014,'14 Total Revenue - S&L'!D30,0)+IF($B$1=2013,'13 Total Revenue - S&L'!D30,0)+IF($B$1=2012,'12 Total Revenue - S&L'!D30,0)+IF($B$1=2011,'11 Total Revenue - S&L'!D30,0)+IF($B$1=2010,'10 Total Revenue - S&L'!D30,0)+IF($B$1=2009,'09 Total Revenue - S&L'!D30,0)+IF($B$1=2008,'08 Total Revenue - S&L'!D30,0)+IF($B$1=2007,'07 Total Revenue - S&L'!D30,0)+IF($B$1=2006,'06 Total Revenue - S&L'!D30,0)+IF($B$1=2005,'05 Total Revenue - S&L'!D30,0)+IF($B$1=2004,'04 Total Revenue - S&L'!D30,0)","v":0},{"$f":"IF($B$1=2022,'22 Total Revenue - S&L'!E30,0)+IF($B$1=2021,'21 Total Revenue - S&L'!E30,0)+IF($B$1=2020,'20 Total Revenue - S&L'!E30,0)+IF($B$1=2019,'19 Total Revenue - S&L'!E30,0)+IF($B$1=2018,'18 Total Revenue - S&L'!E30,0)+IF($B$1=2017,'17 Total Revenue - S&L'!E30,0)+IF($B$1=2016,'16 Total Revenue - S&L'!E30,0)+IF($B$1=2015,'15 Total Revenue - S&L'!E30,0)+IF($B$1=2014,'14 Total Revenue - S&L'!E30,0)+IF($B$1=2013,'13 Total Revenue - S&L'!E30,0)+IF($B$1=2012,'12 Total Revenue - S&L'!E30,0)+IF($B$1=2011,'11 Total Revenue - S&L'!E30,0)+IF($B$1=2010,'10 Total Revenue - S&L'!E30,0)+IF($B$1=2009,'09 Total Revenue - S&L'!E30,0)+IF($B$1=2008,'08 Total Revenue - S&L'!E30,0)+IF($B$1=2007,'07 Total Revenue - S&L'!E30,0)+IF($B$1=2006,'06 Total Revenue - S&L'!E30,0)+IF($B$1=2005,'05 Total Revenue - S&L'!E30,0)+IF($B$1=2004,'04 Total Revenue - S&L'!E30,0)","v":0},{"$f":"IF($B$1=2022,'22 Total Revenue - S&L'!F30,0)+IF($B$1=2021,'21 Total Revenue - S&L'!F30,0)+IF($B$1=2020,'20 Total Revenue - S&L'!F30,0)+IF($B$1=2019,'19 Total Revenue - S&L'!F30,0)+IF($B$1=2018,'18 Total Revenue - S&L'!F30,0)+IF($B$1=2017,'17 Total Revenue - S&L'!F30,0)+IF($B$1=2016,'16 Total Revenue - S&L'!F30,0)+IF($B$1=2015,'15 Total Revenue - S&L'!F30,0)+IF($B$1=2014,'14 Total Revenue - S&L'!F30,0)+IF($B$1=2013,'13 Total Revenue - S&L'!F30,0)+IF($B$1=2012,'12 Total Revenue - S&L'!F30,0)+IF($B$1=2011,'11 Total Revenue - S&L'!F30,0)+IF($B$1=2010,'10 Total Revenue - S&L'!F30,0)+IF($B$1=2009,'09 Total Revenue - S&L'!F30,0)+IF($B$1=2008,'08 Total Revenue - S&L'!F30,0)+IF($B$1=2007,'07 Total Revenue - S&L'!F30,0)+IF($B$1=2006,'06 Total Revenue - S&L'!F30,0)+IF($B$1=2005,'05 Total Revenue - S&L'!F30,0)+IF($B$1=2004,'04 Total Revenue - S&L'!F30,0)","v":0}]
[null,"Mississippi",{"$f":"IF($B$1=2022,'22 Total Revenue - S&L'!C31,0)+IF($B$1=2021,'21 Total Revenue - S&L'!C31,0)+IF($B$1=2020,'20 Total Revenue - S&L'!C31,0)+IF($B$1=2019,'19 Total Revenue - S&L'!C31,0)+IF($B$1=2018,'18 Total Revenue - S&L'!C31,0)+IF($B$1=2017,'17 Total Revenue - S&L'!C31,0)+IF($B$1=2016,'16 Total Revenue - S&L'!C31,0)+IF($B$1=2015,'15 Total Revenue - S&L'!C31,0)+IF($B$1=2014,'14 Total Revenue - S&L'!C31,0)+IF($B$1=2013,'13 Total Revenue - S&L'!C31,0)+IF($B$1=2012,'12 Total Revenue - S&L'!C31,0)+IF($B$1=2011,'11 Total Revenue - S&L'!C31,0)+IF($B$1=2010,'10 Total Revenue - S&L'!C31,0)+IF($B$1=2009,'09 Total Revenue - S&L'!C31,0)+IF($B$1=2008,'08 Total Revenue - S&L'!C31,0)+IF($B$1=2007,'07 Total Revenue - S&L'!C31,0)+IF($B$1=2006,'06 Total Revenue - S&L'!C31,0)+IF($B$1=2005,'05 Total Revenue - S&L'!C31,0)+IF($B$1=2004,'04 Total Revenue - S&L'!C31,0)","v":0},{"$f":"IF($B$1=2022,'22 Total Revenue - S&L'!D31,0)+IF($B$1=2021,'21 Total Revenue - S&L'!D31,0)+IF($B$1=2020,'20 Total Revenue - S&L'!D31,0)+IF($B$1=2019,'19 Total Revenue - S&L'!D31,0)+IF($B$1=2018,'18 Total Revenue - S&L'!D31,0)+IF($B$1=2017,'17 Total Revenue - S&L'!D31,0)+IF($B$1=2016,'16 Total Revenue - S&L'!D31,0)+IF($B$1=2015,'15 Total Revenue - S&L'!D31,0)+IF($B$1=2014,'14 Total Revenue - S&L'!D31,0)+IF($B$1=2013,'13 Total Revenue - S&L'!D31,0)+IF($B$1=2012,'12 Total Revenue - S&L'!D31,0)+IF($B$1=2011,'11 Total Revenue - S&L'!D31,0)+IF($B$1=2010,'10 Total Revenue - S&L'!D31,0)+IF($B$1=2009,'09 Total Revenue - S&L'!D31,0)+IF($B$1=2008,'08 Total Revenue - S&L'!D31,0)+IF($B$1=2007,'07 Total Revenue - S&L'!D31,0)+IF($B$1=2006,'06 Total Revenue - S&L'!D31,0)+IF($B$1=2005,'05 Total Revenue - S&L'!D31,0)+IF($B$1=2004,'04 Total Revenue - S&L'!D31,0)","v":0},{"$f":"IF($B$1=2022,'22 Total Revenue - S&L'!E31,0)+IF($B$1=2021,'21 Total Revenue - S&L'!E31,0)+IF($B$1=2020,'20 Total Revenue - S&L'!E31,0)+IF($B$1=2019,'19 Total Revenue - S&L'!E31,0)+IF($B$1=2018,'18 Total Revenue - S&L'!E31,0)+IF($B$1=2017,'17 Total Revenue - S&L'!E31,0)+IF($B$1=2016,'16 Total Revenue - S&L'!E31,0)+IF($B$1=2015,'15 Total Revenue - S&L'!E31,0)+IF($B$1=2014,'14 Total Revenue - S&L'!E31,0)+IF($B$1=2013,'13 Total Revenue - S&L'!E31,0)+IF($B$1=2012,'12 Total Revenue - S&L'!E31,0)+IF($B$1=2011,'11 Total Revenue - S&L'!E31,0)+IF($B$1=2010,'10 Total Revenue - S&L'!E31,0)+IF($B$1=2009,'09 Total Revenue - S&L'!E31,0)+IF($B$1=2008,'08 Total Revenue - S&L'!E31,0)+IF($B$1=2007,'07 Total Revenue - S&L'!E31,0)+IF($B$1=2006,'06 Total Revenue - S&L'!E31,0)+IF($B$1=2005,'05 Total Revenue - S&L'!E31,0)+IF($B$1=2004,'04 Total Revenue - S&L'!E31,0)","v":0},{"$f":"IF($B$1=2022,'22 Total Revenue - S&L'!F31,0)+IF($B$1=2021,'21 Total Revenue - S&L'!F31,0)+IF($B$1=2020,'20 Total Revenue - S&L'!F31,0)+IF($B$1=2019,'19 Total Revenue - S&L'!F31,0)+IF($B$1=2018,'18 Total Revenue - S&L'!F31,0)+IF($B$1=2017,'17 Total Revenue - S&L'!F31,0)+IF($B$1=2016,'16 Total Revenue - S&L'!F31,0)+IF($B$1=2015,'15 Total Revenue - S&L'!F31,0)+IF($B$1=2014,'14 Total Revenue - S&L'!F31,0)+IF($B$1=2013,'13 Total Revenue - S&L'!F31,0)+IF($B$1=2012,'12 Total Revenue - S&L'!F31,0)+IF($B$1=2011,'11 Total Revenue - S&L'!F31,0)+IF($B$1=2010,'10 Total Revenue - S&L'!F31,0)+IF($B$1=2009,'09 Total Revenue - S&L'!F31,0)+IF($B$1=2008,'08 Total Revenue - S&L'!F31,0)+IF($B$1=2007,'07 Total Revenue - S&L'!F31,0)+IF($B$1=2006,'06 Total Revenue - S&L'!F31,0)+IF($B$1=2005,'05 Total Revenue - S&L'!F31,0)+IF($B$1=2004,'04 Total Revenue - S&L'!F31,0)","v":0}]
[null,"Missouri",{"$f":"IF($B$1=2022,'22 Total Revenue - S&L'!C32,0)+IF($B$1=2021,'21 Total Revenue - S&L'!C32,0)+IF($B$1=2020,'20 Total Revenue - S&L'!C32,0)+IF($B$1=2019,'19 Total Revenue - S&L'!C32,0)+IF($B$1=2018,'18 Total Revenue - S&L'!C32,0)+IF($B$1=2017,'17 Total Revenue - S&L'!C32,0)+IF($B$1=2016,'16 Total Revenue - S&L'!C32,0)+IF($B$1=2015,'15 Total Revenue - S&L'!C32,0)+IF($B$1=2014,'14 Total Revenue - S&L'!C32,0)+IF($B$1=2013,'13 Total Revenue - S&L'!C32,0)+IF($B$1=2012,'12 Total Revenue - S&L'!C32,0)+IF($B$1=2011,'11 Total Revenue - S&L'!C32,0)+IF($B$1=2010,'10 Total Revenue - S&L'!C32,0)+IF($B$1=2009,'09 Total Revenue - S&L'!C32,0)+IF($B$1=2008,'08 Total Revenue - S&L'!C32,0)+IF($B$1=2007,'07 Total Revenue - S&L'!C32,0)+IF($B$1=2006,'06 Total Revenue - S&L'!C32,0)+IF($B$1=2005,'05 Total Revenue - S&L'!C32,0)+IF($B$1=2004,'04 Total Revenue - S&L'!C32,0)","v":0},{"$f":"IF($B$1=2022,'22 Total Revenue - S&L'!D32,0)+IF($B$1=2021,'21 Total Revenue - S&L'!D32,0)+IF($B$1=2020,'20 Total Revenue - S&L'!D32,0)+IF($B$1=2019,'19 Total Revenue - S&L'!D32,0)+IF($B$1=2018,'18 Total Revenue - S&L'!D32,0)+IF($B$1=2017,'17 Total Revenue - S&L'!D32,0)+IF($B$1=2016,'16 Total Revenue - S&L'!D32,0)+IF($B$1=2015,'15 Total Revenue - S&L'!D32,0)+IF($B$1=2014,'14 Total Revenue - S&L'!D32,0)+IF($B$1=2013,'13 Total Revenue - S&L'!D32,0)+IF($B$1=2012,'12 Total Revenue - S&L'!D32,0)+IF($B$1=2011,'11 Total Revenue - S&L'!D32,0)+IF($B$1=2010,'10 Total Revenue - S&L'!D32,0)+IF($B$1=2009,'09 Total Revenue - S&L'!D32,0)+IF($B$1=2008,'08 Total Revenue - S&L'!D32,0)+IF($B$1=2007,'07 Total Revenue - S&L'!D32,0)+IF($B$1=2006,'06 Total Revenue - S&L'!D32,0)+IF($B$1=2005,'05 Total Revenue - S&L'!D32,0)+IF($B$1=2004,'04 Total Revenue - S&L'!D32,0)","v":0},{"$f":"IF($B$1=2022,'22 Total Revenue - S&L'!E32,0)+IF($B$1=2021,'21 Total Revenue - S&L'!E32,0)+IF($B$1=2020,'20 Total Revenue - S&L'!E32,0)+IF($B$1=2019,'19 Total Revenue - S&L'!E32,0)+IF($B$1=2018,'18 Total Revenue - S&L'!E32,0)+IF($B$1=2017,'17 Total Revenue - S&L'!E32,0)+IF($B$1=2016,'16 Total Revenue - S&L'!E32,0)+IF($B$1=2015,'15 Total Revenue - S&L'!E32,0)+IF($B$1=2014,'14 Total Revenue - S&L'!E32,0)+IF($B$1=2013,'13 Total Revenue - S&L'!E32,0)+IF($B$1=2012,'12 Total Revenue - S&L'!E32,0)+IF($B$1=2011,'11 Total Revenue - S&L'!E32,0)+IF($B$1=2010,'10 Total Revenue - S&L'!E32,0)+IF($B$1=2009,'09 Total Revenue - S&L'!E32,0)+IF($B$1=2008,'08 Total Revenue - S&L'!E32,0)+IF($B$1=2007,'07 Total Revenue - S&L'!E32,0)+IF($B$1=2006,'06 Total Revenue - S&L'!E32,0)+IF($B$1=2005,'05 Total Revenue - S&L'!E32,0)+IF($B$1=2004,'04 Total Revenue - S&L'!E32,0)","v":0},{"$f":"IF($B$1=2022,'22 Total Revenue - S&L'!F32,0)+IF($B$1=2021,'21 Total Revenue - S&L'!F32,0)+IF($B$1=2020,'20 Total Revenue - S&L'!F32,0)+IF($B$1=2019,'19 Total Revenue - S&L'!F32,0)+IF($B$1=2018,'18 Total Revenue - S&L'!F32,0)+IF($B$1=2017,'17 Total Revenue - S&L'!F32,0)+IF($B$1=2016,'16 Total Revenue - S&L'!F32,0)+IF($B$1=2015,'15 Total Revenue - S&L'!F32,0)+IF($B$1=2014,'14 Total Revenue - S&L'!F32,0)+IF($B$1=2013,'13 Total Revenue - S&L'!F32,0)+IF($B$1=2012,'12 Total Revenue - S&L'!F32,0)+IF($B$1=2011,'11 Total Revenue - S&L'!F32,0)+IF($B$1=2010,'10 Total Revenue - S&L'!F32,0)+IF($B$1=2009,'09 Total Revenue - S&L'!F32,0)+IF($B$1=2008,'08 Total Revenue - S&L'!F32,0)+IF($B$1=2007,'07 Total Revenue - S&L'!F32,0)+IF($B$1=2006,'06 Total Revenue - S&L'!F32,0)+IF($B$1=2005,'05 Total Revenue - S&L'!F32,0)+IF($B$1=2004,'04 Total Revenue - S&L'!F32,0)","v":0}]
[null,"Montana",{"$f":"IF($B$1=2022,'22 Total Revenue - S&L'!C33,0)+IF($B$1=2021,'21 Total Revenue - S&L'!C33,0)+IF($B$1=2020,'20 Total Revenue - S&L'!C33,0)+IF($B$1=2019,'19 Total Revenue - S&L'!C33,0)+IF($B$1=2018,'18 Total Revenue - S&L'!C33,0)+IF($B$1=2017,'17 Total Revenue - S&L'!C33,0)+IF($B$1=2016,'16 Total Revenue - S&L'!C33,0)+IF($B$1=2015,'15 Total Revenue - S&L'!C33,0)+IF($B$1=2014,'14 Total Revenue - S&L'!C33,0)+IF($B$1=2013,'13 Total Revenue - S&L'!C33,0)+IF($B$1=2012,'12 Total Revenue - S&L'!C33,0)+IF($B$1=2011,'11 Total Revenue - S&L'!C33,0)+IF($B$1=2010,'10 Total Revenue - S&L'!C33,0)+IF($B$1=2009,'09 Total Revenue - S&L'!C33,0)+IF($B$1=2008,'08 Total Revenue - S&L'!C33,0)+IF($B$1=2007,'07 Total Revenue - S&L'!C33,0)+IF($B$1=2006,'06 Total Revenue - S&L'!C33,0)+IF($B$1=2005,'05 Total Revenue - S&L'!C33,0)+IF($B$1=2004,'04 Total Revenue - S&L'!C33,0)","v":0},{"$f":"IF($B$1=2022,'22 Total Revenue - S&L'!D33,0)+IF($B$1=2021,'21 Total Revenue - S&L'!D33,0)+IF($B$1=2020,'20 Total Revenue - S&L'!D33,0)+IF($B$1=2019,'19 Total Revenue - S&L'!D33,0)+IF($B$1=2018,'18 Total Revenue - S&L'!D33,0)+IF($B$1=2017,'17 Total Revenue - S&L'!D33,0)+IF($B$1=2016,'16 Total Revenue - S&L'!D33,0)+IF($B$1=2015,'15 Total Revenue - S&L'!D33,0)+IF($B$1=2014,'14 Total Revenue - S&L'!D33,0)+IF($B$1=2013,'13 Total Revenue - S&L'!D33,0)+IF($B$1=2012,'12 Total Revenue - S&L'!D33,0)+IF($B$1=2011,'11 Total Revenue - S&L'!D33,0)+IF($B$1=2010,'10 Total Revenue - S&L'!D33,0)+IF($B$1=2009,'09 Total Revenue - S&L'!D33,0)+IF($B$1=2008,'08 Total Revenue - S&L'!D33,0)+IF($B$1=2007,'07 Total Revenue - S&L'!D33,0)+IF($B$1=2006,'06 Total Revenue - S&L'!D33,0)+IF($B$1=2005,'05 Total Revenue - S&L'!D33,0)+IF($B$1=2004,'04 Total Revenue - S&L'!D33,0)","v":0},{"$f":"IF($B$1=2022,'22 Total Revenue - S&L'!E33,0)+IF($B$1=2021,'21 Total Revenue - S&L'!E33,0)+IF($B$1=2020,'20 Total Revenue - S&L'!E33,0)+IF($B$1=2019,'19 Total Revenue - S&L'!E33,0)+IF($B$1=2018,'18 Total Revenue - S&L'!E33,0)+IF($B$1=2017,'17 Total Revenue - S&L'!E33,0)+IF($B$1=2016,'16 Total Revenue - S&L'!E33,0)+IF($B$1=2015,'15 Total Revenue - S&L'!E33,0)+IF($B$1=2014,'14 Total Revenue - S&L'!E33,0)+IF($B$1=2013,'13 Total Revenue - S&L'!E33,0)+IF($B$1=2012,'12 Total Revenue - S&L'!E33,0)+IF($B$1=2011,'11 Total Revenue - S&L'!E33,0)+IF($B$1=2010,'10 Total Revenue - S&L'!E33,0)+IF($B$1=2009,'09 Total Revenue - S&L'!E33,0)+IF($B$1=2008,'08 Total Revenue - S&L'!E33,0)+IF($B$1=2007,'07 Total Revenue - S&L'!E33,0)+IF($B$1=2006,'06 Total Revenue - S&L'!E33,0)+IF($B$1=2005,'05 Total Revenue - S&L'!E33,0)+IF($B$1=2004,'04 Total Revenue - S&L'!E33,0)","v":0},{"$f":"IF($B$1=2022,'22 Total Revenue - S&L'!F33,0)+IF($B$1=2021,'21 Total Revenue - S&L'!F33,0)+IF($B$1=2020,'20 Total Revenue - S&L'!F33,0)+IF($B$1=2019,'19 Total Revenue - S&L'!F33,0)+IF($B$1=2018,'18 Total Revenue - S&L'!F33,0)+IF($B$1=2017,'17 Total Revenue - S&L'!F33,0)+IF($B$1=2016,'16 Total Revenue - S&L'!F33,0)+IF($B$1=2015,'15 Total Revenue - S&L'!F33,0)+IF($B$1=2014,'14 Total Revenue - S&L'!F33,0)+IF($B$1=2013,'13 Total Revenue - S&L'!F33,0)+IF($B$1=2012,'12 Total Revenue - S&L'!F33,0)+IF($B$1=2011,'11 Total Revenue - S&L'!F33,0)+IF($B$1=2010,'10 Total Revenue - S&L'!F33,0)+IF($B$1=2009,'09 Total Revenue - S&L'!F33,0)+IF($B$1=2008,'08 Total Revenue - S&L'!F33,0)+IF($B$1=2007,'07 Total Revenue - S&L'!F33,0)+IF($B$1=2006,'06 Total Revenue - S&L'!F33,0)+IF($B$1=2005,'05 Total Revenue - S&L'!F33,0)+IF($B$1=2004,'04 Total Revenue - S&L'!F33,0)","v":0}]
[null,"Nebraska",{"$f":"IF($B$1=2022,'22 Total Revenue - S&L'!C34,0)+IF($B$1=2021,'21 Total Revenue - S&L'!C34,0)+IF($B$1=2020,'20 Total Revenue - S&L'!C34,0)+IF($B$1=2019,'19 Total Revenue - S&L'!C34,0)+IF($B$1=2018,'18 Total Revenue - S&L'!C34,0)+IF($B$1=2017,'17 Total Revenue - S&L'!C34,0)+IF($B$1=2016,'16 Total Revenue - S&L'!C34,0)+IF($B$1=2015,'15 Total Revenue - S&L'!C34,0)+IF($B$1=2014,'14 Total Revenue - S&L'!C34,0)+IF($B$1=2013,'13 Total Revenue - S&L'!C34,0)+IF($B$1=2012,'12 Total Revenue - S&L'!C34,0)+IF($B$1=2011,'11 Total Revenue - S&L'!C34,0)+IF($B$1=2010,'10 Total Revenue - S&L'!C34,0)+IF($B$1=2009,'09 Total Revenue - S&L'!C34,0)+IF($B$1=2008,'08 Total Revenue - S&L'!C34,0)+IF($B$1=2007,'07 Total Revenue - S&L'!C34,0)+IF($B$1=2006,'06 Total Revenue - S&L'!C34,0)+IF($B$1=2005,'05 Total Revenue - S&L'!C34,0)+IF($B$1=2004,'04 Total Revenue - S&L'!C34,0)","v":0},{"$f":"IF($B$1=2022,'22 Total Revenue - S&L'!D34,0)+IF($B$1=2021,'21 Total Revenue - S&L'!D34,0)+IF($B$1=2020,'20 Total Revenue - S&L'!D34,0)+IF($B$1=2019,'19 Total Revenue - S&L'!D34,0)+IF($B$1=2018,'18 Total Revenue - S&L'!D34,0)+IF($B$1=2017,'17 Total Revenue - S&L'!D34,0)+IF($B$1=2016,'16 Total Revenue - S&L'!D34,0)+IF($B$1=2015,'15 Total Revenue - S&L'!D34,0)+IF($B$1=2014,'14 Total Revenue - S&L'!D34,0)+IF($B$1=2013,'13 Total Revenue - S&L'!D34,0)+IF($B$1=2012,'12 Total Revenue - S&L'!D34,0)+IF($B$1=2011,'11 Total Revenue - S&L'!D34,0)+IF($B$1=2010,'10 Total Revenue - S&L'!D34,0)+IF($B$1=2009,'09 Total Revenue - S&L'!D34,0)+IF($B$1=2008,'08 Total Revenue - S&L'!D34,0)+IF($B$1=2007,'07 Total Revenue - S&L'!D34,0)+IF($B$1=2006,'06 Total Revenue - S&L'!D34,0)+IF($B$1=2005,'05 Total Revenue - S&L'!D34,0)+IF($B$1=2004,'04 Total Revenue - S&L'!D34,0)","v":0},{"$f":"IF($B$1=2022,'22 Total Revenue - S&L'!E34,0)+IF($B$1=2021,'21 Total Revenue - S&L'!E34,0)+IF($B$1=2020,'20 Total Revenue - S&L'!E34,0)+IF($B$1=2019,'19 Total Revenue - S&L'!E34,0)+IF($B$1=2018,'18 Total Revenue - S&L'!E34,0)+IF($B$1=2017,'17 Total Revenue - S&L'!E34,0)+IF($B$1=2016,'16 Total Revenue - S&L'!E34,0)+IF($B$1=2015,'15 Total Revenue - S&L'!E34,0)+IF($B$1=2014,'14 Total Revenue - S&L'!E34,0)+IF($B$1=2013,'13 Total Revenue - S&L'!E34,0)+IF($B$1=2012,'12 Total Revenue - S&L'!E34,0)+IF($B$1=2011,'11 Total Revenue - S&L'!E34,0)+IF($B$1=2010,'10 Total Revenue - S&L'!E34,0)+IF($B$1=2009,'09 Total Revenue - S&L'!E34,0)+IF($B$1=2008,'08 Total Revenue - S&L'!E34,0)+IF($B$1=2007,'07 Total Revenue - S&L'!E34,0)+IF($B$1=2006,'06 Total Revenue - S&L'!E34,0)+IF($B$1=2005,'05 Total Revenue - S&L'!E34,0)+IF($B$1=2004,'04 Total Revenue - S&L'!E34,0)","v":0},{"$f":"IF($B$1=2022,'22 Total Revenue - S&L'!F34,0)+IF($B$1=2021,'21 Total Revenue - S&L'!F34,0)+IF($B$1=2020,'20 Total Revenue - S&L'!F34,0)+IF($B$1=2019,'19 Total Revenue - S&L'!F34,0)+IF($B$1=2018,'18 Total Revenue - S&L'!F34,0)+IF($B$1=2017,'17 Total Revenue - S&L'!F34,0)+IF($B$1=2016,'16 Total Revenue - S&L'!F34,0)+IF($B$1=2015,'15 Total Revenue - S&L'!F34,0)+IF($B$1=2014,'14 Total Revenue - S&L'!F34,0)+IF($B$1=2013,'13 Total Revenue - S&L'!F34,0)+IF($B$1=2012,'12 Total Revenue - S&L'!F34,0)+IF($B$1=2011,'11 Total Revenue - S&L'!F34,0)+IF($B$1=2010,'10 Total Revenue - S&L'!F34,0)+IF($B$1=2009,'09 Total Revenue - S&L'!F34,0)+IF($B$1=2008,'08 Total Revenue - S&L'!F34,0)+IF($B$1=2007,'07 Total Revenue - S&L'!F34,0)+IF($B$1=2006,'06 Total Revenue - S&L'!F34,0)+IF($B$1=2005,'05 Total Revenue - S&L'!F34,0)+IF($B$1=2004,'04 Total Revenue - S&L'!F34,0)","v":0}]
[null,"Nevada",{"$f":"IF($B$1=2022,'22 Total Revenue - S&L'!C35,0)+IF($B$1=2021,'21 Total Revenue - S&L'!C35,0)+IF($B$1=2020,'20 Total Revenue - S&L'!C35,0)+IF($B$1=2019,'19 Total Revenue - S&L'!C35,0)+IF($B$1=2018,'18 Total Revenue - S&L'!C35,0)+IF($B$1=2017,'17 Total Revenue - S&L'!C35,0)+IF($B$1=2016,'16 Total Revenue - S&L'!C35,0)+IF($B$1=2015,'15 Total Revenue - S&L'!C35,0)+IF($B$1=2014,'14 Total Revenue - S&L'!C35,0)+IF($B$1=2013,'13 Total Revenue - S&L'!C35,0)+IF($B$1=2012,'12 Total Revenue - S&L'!C35,0)+IF($B$1=2011,'11 Total Revenue - S&L'!C35,0)+IF($B$1=2010,'10 Total Revenue - S&L'!C35,0)+IF($B$1=2009,'09 Total Revenue - S&L'!C35,0)+IF($B$1=2008,'08 Total Revenue - S&L'!C35,0)+IF($B$1=2007,'07 Total Revenue - S&L'!C35,0)+IF($B$1=2006,'06 Total Revenue - S&L'!C35,0)+IF($B$1=2005,'05 Total Revenue - S&L'!C35,0)+IF($B$1=2004,'04 Total Revenue - S&L'!C35,0)","v":0},{"$f":"IF($B$1=2022,'22 Total Revenue - S&L'!D35,0)+IF($B$1=2021,'21 Total Revenue - S&L'!D35,0)+IF($B$1=2020,'20 Total Revenue - S&L'!D35,0)+IF($B$1=2019,'19 Total Revenue - S&L'!D35,0)+IF($B$1=2018,'18 Total Revenue - S&L'!D35,0)+IF($B$1=2017,'17 Total Revenue - S&L'!D35,0)+IF($B$1=2016,'16 Total Revenue - S&L'!D35,0)+IF($B$1=2015,'15 Total Revenue - S&L'!D35,0)+IF($B$1=2014,'14 Total Revenue - S&L'!D35,0)+IF($B$1=2013,'13 Total Revenue - S&L'!D35,0)+IF($B$1=2012,'12 Total Revenue - S&L'!D35,0)+IF($B$1=2011,'11 Total Revenue - S&L'!D35,0)+IF($B$1=2010,'10 Total Revenue - S&L'!D35,0)+IF($B$1=2009,'09 Total Revenue - S&L'!D35,0)+IF($B$1=2008,'08 Total Revenue - S&L'!D35,0)+IF($B$1=2007,'07 Total Revenue - S&L'!D35,0)+IF($B$1=2006,'06 Total Revenue - S&L'!D35,0)+IF($B$1=2005,'05 Total Revenue - S&L'!D35,0)+IF($B$1=2004,'04 Total Revenue - S&L'!D35,0)","v":0},{"$f":"IF($B$1=2022,'22 Total Revenue - S&L'!E35,0)+IF($B$1=2021,'21 Total Revenue - S&L'!E35,0)+IF($B$1=2020,'20 Total Revenue - S&L'!E35,0)+IF($B$1=2019,'19 Total Revenue - S&L'!E35,0)+IF($B$1=2018,'18 Total Revenue - S&L'!E35,0)+IF($B$1=2017,'17 Total Revenue - S&L'!E35,0)+IF($B$1=2016,'16 Total Revenue - S&L'!E35,0)+IF($B$1=2015,'15 Total Revenue - S&L'!E35,0)+IF($B$1=2014,'14 Total Revenue - S&L'!E35,0)+IF($B$1=2013,'13 Total Revenue - S&L'!E35,0)+IF($B$1=2012,'12 Total Revenue - S&L'!E35,0)+IF($B$1=2011,'11 Total Revenue - S&L'!E35,0)+IF($B$1=2010,'10 Total Revenue - S&L'!E35,0)+IF($B$1=2009,'09 Total Revenue - S&L'!E35,0)+IF($B$1=2008,'08 Total Revenue - S&L'!E35,0)+IF($B$1=2007,'07 Total Revenue - S&L'!E35,0)+IF($B$1=2006,'06 Total Revenue - S&L'!E35,0)+IF($B$1=2005,'05 Total Revenue - S&L'!E35,0)+IF($B$1=2004,'04 Total Revenue - S&L'!E35,0)","v":0},{"$f":"IF($B$1=2022,'22 Total Revenue - S&L'!F35,0)+IF($B$1=2021,'21 Total Revenue - S&L'!F35,0)+IF($B$1=2020,'20 Total Revenue - S&L'!F35,0)+IF($B$1=2019,'19 Total Revenue - S&L'!F35,0)+IF($B$1=2018,'18 Total Revenue - S&L'!F35,0)+IF($B$1=2017,'17 Total Revenue - S&L'!F35,0)+IF($B$1=2016,'16 Total Revenue - S&L'!F35,0)+IF($B$1=2015,'15 Total Revenue - S&L'!F35,0)+IF($B$1=2014,'14 Total Revenue - S&L'!F35,0)+IF($B$1=2013,'13 Total Revenue - S&L'!F35,0)+IF($B$1=2012,'12 Total Revenue - S&L'!F35,0)+IF($B$1=2011,'11 Total Revenue - S&L'!F35,0)+IF($B$1=2010,'10 Total Revenue - S&L'!F35,0)+IF($B$1=2009,'09 Total Revenue - S&L'!F35,0)+IF($B$1=2008,'08 Total Revenue - S&L'!F35,0)+IF($B$1=2007,'07 Total Revenue - S&L'!F35,0)+IF($B$1=2006,'06 Total Revenue - S&L'!F35,0)+IF($B$1=2005,'05 Total Revenue - S&L'!F35,0)+IF($B$1=2004,'04 Total Revenue - S&L'!F35,0)","v":0}]
[null,"New Hampshire",{"$f":"IF($B$1=2022,'22 Total Revenue - S&L'!C36,0)+IF($B$1=2021,'21 Total Revenue - S&L'!C36,0)+IF($B$1=2020,'20 Total Revenue - S&L'!C36,0)+IF($B$1=2019,'19 Total Revenue - S&L'!C36,0)+IF($B$1=2018,'18 Total Revenue - S&L'!C36,0)+IF($B$1=2017,'17 Total Revenue - S&L'!C36,0)+IF($B$1=2016,'16 Total Revenue - S&L'!C36,0)+IF($B$1=2015,'15 Total Revenue - S&L'!C36,0)+IF($B$1=2014,'14 Total Revenue - S&L'!C36,0)+IF($B$1=2013,'13 Total Revenue - S&L'!C36,0)+IF($B$1=2012,'12 Total Revenue - S&L'!C36,0)+IF($B$1=2011,'11 Total Revenue - S&L'!C36,0)+IF($B$1=2010,'10 Total Revenue - S&L'!C36,0)+IF($B$1=2009,'09 Total Revenue - S&L'!C36,0)+IF($B$1=2008,'08 Total Revenue - S&L'!C36,0)+IF($B$1=2007,'07 Total Revenue - S&L'!C36,0)+IF($B$1=2006,'06 Total Revenue - S&L'!C36,0)+IF($B$1=2005,'05 Total Revenue - S&L'!C36,0)+IF($B$1=2004,'04 Total Revenue - S&L'!C36,0)","v":0},{"$f":"IF($B$1=2022,'22 Total Revenue - S&L'!D36,0)+IF($B$1=2021,'21 Total Revenue - S&L'!D36,0)+IF($B$1=2020,'20 Total Revenue - S&L'!D36,0)+IF($B$1=2019,'19 Total Revenue - S&L'!D36,0)+IF($B$1=2018,'18 Total Revenue - S&L'!D36,0)+IF($B$1=2017,'17 Total Revenue - S&L'!D36,0)+IF($B$1=2016,'16 Total Revenue - S&L'!D36,0)+IF($B$1=2015,'15 Total Revenue - S&L'!D36,0)+IF($B$1=2014,'14 Total Revenue - S&L'!D36,0)+IF($B$1=2013,'13 Total Revenue - S&L'!D36,0)+IF($B$1=2012,'12 Total Revenue - S&L'!D36,0)+IF($B$1=2011,'11 Total Revenue - S&L'!D36,0)+IF($B$1=2010,'10 Total Revenue - S&L'!D36,0)+IF($B$1=2009,'09 Total Revenue - S&L'!D36,0)+IF($B$1=2008,'08 Total Revenue - S&L'!D36,0)+IF($B$1=2007,'07 Total Revenue - S&L'!D36,0)+IF($B$1=2006,'06 Total Revenue - S&L'!D36,0)+IF($B$1=2005,'05 Total Revenue - S&L'!D36,0)+IF($B$1=2004,'04 Total Revenue - S&L'!D36,0)","v":0},{"$f":"IF($B$1=2022,'22 Total Revenue - S&L'!E36,0)+IF($B$1=2021,'21 Total Revenue - S&L'!E36,0)+IF($B$1=2020,'20 Total Revenue - S&L'!E36,0)+IF($B$1=2019,'19 Total Revenue - S&L'!E36,0)+IF($B$1=2018,'18 Total Revenue - S&L'!E36,0)+IF($B$1=2017,'17 Total Revenue - S&L'!E36,0)+IF($B$1=2016,'16 Total Revenue - S&L'!E36,0)+IF($B$1=2015,'15 Total Revenue - S&L'!E36,0)+IF($B$1=2014,'14 Total Revenue - S&L'!E36,0)+IF($B$1=2013,'13 Total Revenue - S&L'!E36,0)+IF($B$1=2012,'12 Total Revenue - S&L'!E36,0)+IF($B$1=2011,'11 Total Revenue - S&L'!E36,0)+IF($B$1=2010,'10 Total Revenue - S&L'!E36,0)+IF($B$1=2009,'09 Total Revenue - S&L'!E36,0)+IF($B$1=2008,'08 Total Revenue - S&L'!E36,0)+IF($B$1=2007,'07 Total Revenue - S&L'!E36,0)+IF($B$1=2006,'06 Total Revenue - S&L'!E36,0)+IF($B$1=2005,'05 Total Revenue - S&L'!E36,0)+IF($B$1=2004,'04 Total Revenue - S&L'!E36,0)","v":0},{"$f":"IF($B$1=2022,'22 Total Revenue - S&L'!F36,0)+IF($B$1=2021,'21 Total Revenue - S&L'!F36,0)+IF($B$1=2020,'20 Total Revenue - S&L'!F36,0)+IF($B$1=2019,'19 Total Revenue - S&L'!F36,0)+IF($B$1=2018,'18 Total Revenue - S&L'!F36,0)+IF($B$1=2017,'17 Total Revenue - S&L'!F36,0)+IF($B$1=2016,'16 Total Revenue - S&L'!F36,0)+IF($B$1=2015,'15 Total Revenue - S&L'!F36,0)+IF($B$1=2014,'14 Total Revenue - S&L'!F36,0)+IF($B$1=2013,'13 Total Revenue - S&L'!F36,0)+IF($B$1=2012,'12 Total Revenue - S&L'!F36,0)+IF($B$1=2011,'11 Total Revenue - S&L'!F36,0)+IF($B$1=2010,'10 Total Revenue - S&L'!F36,0)+IF($B$1=2009,'09 Total Revenue - S&L'!F36,0)+IF($B$1=2008,'08 Total Revenue - S&L'!F36,0)+IF($B$1=2007,'07 Total Revenue - S&L'!F36,0)+IF($B$1=2006,'06 Total Revenue - S&L'!F36,0)+IF($B$1=2005,'05 Total Revenue - S&L'!F36,0)+IF($B$1=2004,'04 Total Revenue - S&L'!F36,0)","v":0}]
[null,"New Jersey",{"$f":"IF($B$1=2022,'22 Total Revenue - S&L'!C37,0)+IF($B$1=2021,'21 Total Revenue - S&L'!C37,0)+IF($B$1=2020,'20 Total Revenue - S&L'!C37,0)+IF($B$1=2019,'19 Total Revenue - S&L'!C37,0)+IF($B$1=2018,'18 Total Revenue - S&L'!C37,0)+IF($B$1=2017,'17 Total Revenue - S&L'!C37,0)+IF($B$1=2016,'16 Total Revenue - S&L'!C37,0)+IF($B$1=2015,'15 Total Revenue - S&L'!C37,0)+IF($B$1=2014,'14 Total Revenue - S&L'!C37,0)+IF($B$1=2013,'13 Total Revenue - S&L'!C37,0)+IF($B$1=2012,'12 Total Revenue - S&L'!C37,0)+IF($B$1=2011,'11 Total Revenue - S&L'!C37,0)+IF($B$1=2010,'10 Total Revenue - S&L'!C37,0)+IF($B$1=2009,'09 Total Revenue - S&L'!C37,0)+IF($B$1=2008,'08 Total Revenue - S&L'!C37,0)+IF($B$1=2007,'07 Total Revenue - S&L'!C37,0)+IF($B$1=2006,'06 Total Revenue - S&L'!C37,0)+IF($B$1=2005,'05 Total Revenue - S&L'!C37,0)+IF($B$1=2004,'04 Total Revenue - S&L'!C37,0)","v":0},{"$f":"IF($B$1=2022,'22 Total Revenue - S&L'!D37,0)+IF($B$1=2021,'21 Total Revenue - S&L'!D37,0)+IF($B$1=2020,'20 Total Revenue - S&L'!D37,0)+IF($B$1=2019,'19 Total Revenue - S&L'!D37,0)+IF($B$1=2018,'18 Total Revenue - S&L'!D37,0)+IF($B$1=2017,'17 Total Revenue - S&L'!D37,0)+IF($B$1=2016,'16 Total Revenue - S&L'!D37,0)+IF($B$1=2015,'15 Total Revenue - S&L'!D37,0)+IF($B$1=2014,'14 Total Revenue - S&L'!D37,0)+IF($B$1=2013,'13 Total Revenue - S&L'!D37,0)+IF($B$1=2012,'12 Total Revenue - S&L'!D37,0)+IF($B$1=2011,'11 Total Revenue - S&L'!D37,0)+IF($B$1=2010,'10 Total Revenue - S&L'!D37,0)+IF($B$1=2009,'09 Total Revenue - S&L'!D37,0)+IF($B$1=2008,'08 Total Revenue - S&L'!D37,0)+IF($B$1=2007,'07 Total Revenue - S&L'!D37,0)+IF($B$1=2006,'06 Total Revenue - S&L'!D37,0)+IF($B$1=2005,'05 Total Revenue - S&L'!D37,0)+IF($B$1=2004,'04 Total Revenue - S&L'!D37,0)","v":0},{"$f":"IF($B$1=2022,'22 Total Revenue - S&L'!E37,0)+IF($B$1=2021,'21 Total Revenue - S&L'!E37,0)+IF($B$1=2020,'20 Total Revenue - S&L'!E37,0)+IF($B$1=2019,'19 Total Revenue - S&L'!E37,0)+IF($B$1=2018,'18 Total Revenue - S&L'!E37,0)+IF($B$1=2017,'17 Total Revenue - S&L'!E37,0)+IF($B$1=2016,'16 Total Revenue - S&L'!E37,0)+IF($B$1=2015,'15 Total Revenue - S&L'!E37,0)+IF($B$1=2014,'14 Total Revenue - S&L'!E37,0)+IF($B$1=2013,'13 Total Revenue - S&L'!E37,0)+IF($B$1=2012,'12 Total Revenue - S&L'!E37,0)+IF($B$1=2011,'11 Total Revenue - S&L'!E37,0)+IF($B$1=2010,'10 Total Revenue - S&L'!E37,0)+IF($B$1=2009,'09 Total Revenue - S&L'!E37,0)+IF($B$1=2008,'08 Total Revenue - S&L'!E37,0)+IF($B$1=2007,'07 Total Revenue - S&L'!E37,0)+IF($B$1=2006,'06 Total Revenue - S&L'!E37,0)+IF($B$1=2005,'05 Total Revenue - S&L'!E37,0)+IF($B$1=2004,'04 Total Revenue - S&L'!E37,0)","v":0},{"$f":"IF($B$1=2022,'22 Total Revenue - S&L'!F37,0)+IF($B$1=2021,'21 Total Revenue - S&L'!F37,0)+IF($B$1=2020,'20 Total Revenue - S&L'!F37,0)+IF($B$1=2019,'19 Total Revenue - S&L'!F37,0)+IF($B$1=2018,'18 Total Revenue - S&L'!F37,0)+IF($B$1=2017,'17 Total Revenue - S&L'!F37,0)+IF($B$1=2016,'16 Total Revenue - S&L'!F37,0)+IF($B$1=2015,'15 Total Revenue - S&L'!F37,0)+IF($B$1=2014,'14 Total Revenue - S&L'!F37,0)+IF($B$1=2013,'13 Total Revenue - S&L'!F37,0)+IF($B$1=2012,'12 Total Revenue - S&L'!F37,0)+IF($B$1=2011,'11 Total Revenue - S&L'!F37,0)+IF($B$1=2010,'10 Total Revenue - S&L'!F37,0)+IF($B$1=2009,'09 Total Revenue - S&L'!F37,0)+IF($B$1=2008,'08 Total Revenue - S&L'!F37,0)+IF($B$1=2007,'07 Total Revenue - S&L'!F37,0)+IF($B$1=2006,'06 Total Revenue - S&L'!F37,0)+IF($B$1=2005,'05 Total Revenue - S&L'!F37,0)+IF($B$1=2004,'04 Total Revenue - S&L'!F37,0)","v":0}]
[null,"New Mexico",{"$f":"IF($B$1=2022,'22 Total Revenue - S&L'!C38,0)+IF($B$1=2021,'21 Total Revenue - S&L'!C38,0)+IF($B$1=2020,'20 Total Revenue - S&L'!C38,0)+IF($B$1=2019,'19 Total Revenue - S&L'!C38,0)+IF($B$1=2018,'18 Total Revenue - S&L'!C38,0)+IF($B$1=2017,'17 Total Revenue - S&L'!C38,0)+IF($B$1=2016,'16 Total Revenue - S&L'!C38,0)+IF($B$1=2015,'15 Total Revenue - S&L'!C38,0)+IF($B$1=2014,'14 Total Revenue - S&L'!C38,0)+IF($B$1=2013,'13 Total Revenue - S&L'!C38,0)+IF($B$1=2012,'12 Total Revenue - S&L'!C38,0)+IF($B$1=2011,'11 Total Revenue - S&L'!C38,0)+IF($B$1=2010,'10 Total Revenue - S&L'!C38,0)+IF($B$1=2009,'09 Total Revenue - S&L'!C38,0)+IF($B$1=2008,'08 Total Revenue - S&L'!C38,0)+IF($B$1=2007,'07 Total Revenue - S&L'!C38,0)+IF($B$1=2006,'06 Total Revenue - S&L'!C38,0)+IF($B$1=2005,'05 Total Revenue - S&L'!C38,0)+IF($B$1=2004,'04 Total Revenue - S&L'!C38,0)","v":0},{"$f":"IF($B$1=2022,'22 Total Revenue - S&L'!D38,0)+IF($B$1=2021,'21 Total Revenue - S&L'!D38,0)+IF($B$1=2020,'20 Total Revenue - S&L'!D38,0)+IF($B$1=2019,'19 Total Revenue - S&L'!D38,0)+IF($B$1=2018,'18 Total Revenue - S&L'!D38,0)+IF($B$1=2017,'17 Total Revenue - S&L'!D38,0)+IF($B$1=2016,'16 Total Revenue - S&L'!D38,0)+IF($B$1=2015,'15 Total Revenue - S&L'!D38,0)+IF($B$1=2014,'14 Total Revenue - S&L'!D38,0)+IF($B$1=2013,'13 Total Revenue - S&L'!D38,0)+IF($B$1=2012,'12 Total Revenue - S&L'!D38,0)+IF($B$1=2011,'11 Total Revenue - S&L'!D38,0)+IF($B$1=2010,'10 Total Revenue - S&L'!D38,0)+IF($B$1=2009,'09 Total Revenue - S&L'!D38,0)+IF($B$1=2008,'08 Total Revenue - S&L'!D38,0)+IF($B$1=2007,'07 Total Revenue - S&L'!D38,0)+IF($B$1=2006,'06 Total Revenue - S&L'!D38,0)+IF($B$1=2005,'05 Total Revenue - S&L'!D38,0)+IF($B$1=2004,'04 Total Revenue - S&L'!D38,0)","v":0},{"$f":"IF($B$1=2022,'22 Total Revenue - S&L'!E38,0)+IF($B$1=2021,'21 Total Revenue - S&L'!E38,0)+IF($B$1=2020,'20 Total Revenue - S&L'!E38,0)+IF($B$1=2019,'19 Total Revenue - S&L'!E38,0)+IF($B$1=2018,'18 Total Revenue - S&L'!E38,0)+IF($B$1=2017,'17 Total Revenue - S&L'!E38,0)+IF($B$1=2016,'16 Total Revenue - S&L'!E38,0)+IF($B$1=2015,'15 Total Revenue - S&L'!E38,0)+IF($B$1=2014,'14 Total Revenue - S&L'!E38,0)+IF($B$1=2013,'13 Total Revenue - S&L'!E38,0)+IF($B$1=2012,'12 Total Revenue - S&L'!E38,0)+IF($B$1=2011,'11 Total Revenue - S&L'!E38,0)+IF($B$1=2010,'10 Total Revenue - S&L'!E38,0)+IF($B$1=2009,'09 Total Revenue - S&L'!E38,0)+IF($B$1=2008,'08 Total Revenue - S&L'!E38,0)+IF($B$1=2007,'07 Total Revenue - S&L'!E38,0)+IF($B$1=2006,'06 Total Revenue - S&L'!E38,0)+IF($B$1=2005,'05 Total Revenue - S&L'!E38,0)+IF($B$1=2004,'04 Total Revenue - S&L'!E38,0)","v":0},{"$f":"IF($B$1=2022,'22 Total Revenue - S&L'!F38,0)+IF($B$1=2021,'21 Total Revenue - S&L'!F38,0)+IF($B$1=2020,'20 Total Revenue - S&L'!F38,0)+IF($B$1=2019,'19 Total Revenue - S&L'!F38,0)+IF($B$1=2018,'18 Total Revenue - S&L'!F38,0)+IF($B$1=2017,'17 Total Revenue - S&L'!F38,0)+IF($B$1=2016,'16 Total Revenue - S&L'!F38,0)+IF($B$1=2015,'15 Total Revenue - S&L'!F38,0)+IF($B$1=2014,'14 Total Revenue - S&L'!F38,0)+IF($B$1=2013,'13 Total Revenue - S&L'!F38,0)+IF($B$1=2012,'12 Total Revenue - S&L'!F38,0)+IF($B$1=2011,'11 Total Revenue - S&L'!F38,0)+IF($B$1=2010,'10 Total Revenue - S&L'!F38,0)+IF($B$1=2009,'09 Total Revenue - S&L'!F38,0)+IF($B$1=2008,'08 Total Revenue - S&L'!F38,0)+IF($B$1=2007,'07 Total Revenue - S&L'!F38,0)+IF($B$1=2006,'06 Total Revenue - S&L'!F38,0)+IF($B$1=2005,'05 Total Revenue - S&L'!F38,0)+IF($B$1=2004,'04 Total Revenue - S&L'!F38,0)","v":0}]
[null,"New York",{"$f":"IF($B$1=2022,'22 Total Revenue - S&L'!C39,0)+IF($B$1=2021,'21 Total Revenue - S&L'!C39,0)+IF($B$1=2020,'20 Total Revenue - S&L'!C39,0)+IF($B$1=2019,'19 Total Revenue - S&L'!C39,0)+IF($B$1=2018,'18 Total Revenue - S&L'!C39,0)+IF($B$1=2017,'17 Total Revenue - S&L'!C39,0)+IF($B$1=2016,'16 Total Revenue - S&L'!C39,0)+IF($B$1=2015,'15 Total Revenue - S&L'!C39,0)+IF($B$1=2014,'14 Total Revenue - S&L'!C39,0)+IF($B$1=2013,'13 Total Revenue - S&L'!C39,0)+IF($B$1=2012,'12 Total Revenue - S&L'!C39,0)+IF($B$1=2011,'11 Total Revenue - S&L'!C39,0)+IF($B$1=2010,'10 Total Revenue - S&L'!C39,0)+IF($B$1=2009,'09 Total Revenue - S&L'!C39,0)+IF($B$1=2008,'08 Total Revenue - S&L'!C39,0)+IF($B$1=2007,'07 Total Revenue - S&L'!C39,0)+IF($B$1=2006,'06 Total Revenue - S&L'!C39,0)+IF($B$1=2005,'05 Total Revenue - S&L'!C39,0)+IF($B$1=2004,'04 Total Revenue - S&L'!C39,0)","v":0},{"$f":"IF($B$1=2022,'22 Total Revenue - S&L'!D39,0)+IF($B$1=2021,'21 Total Revenue - S&L'!D39,0)+IF($B$1=2020,'20 Total Revenue - S&L'!D39,0)+IF($B$1=2019,'19 Total Revenue - S&L'!D39,0)+IF($B$1=2018,'18 Total Revenue - S&L'!D39,0)+IF($B$1=2017,'17 Total Revenue - S&L'!D39,0)+IF($B$1=2016,'16 Total Revenue - S&L'!D39,0)+IF($B$1=2015,'15 Total Revenue - S&L'!D39,0)+IF($B$1=2014,'14 Total Revenue - S&L'!D39,0)+IF($B$1=2013,'13 Total Revenue - S&L'!D39,0)+IF($B$1=2012,'12 Total Revenue - S&L'!D39,0)+IF($B$1=2011,'11 Total Revenue - S&L'!D39,0)+IF($B$1=2010,'10 Total Revenue - S&L'!D39,0)+IF($B$1=2009,'09 Total Revenue - S&L'!D39,0)+IF($B$1=2008,'08 Total Revenue - S&L'!D39,0)+IF($B$1=2007,'07 Total Revenue - S&L'!D39,0)+IF($B$1=2006,'06 Total Revenue - S&L'!D39,0)+IF($B$1=2005,'05 Total Revenue - S&L'!D39,0)+IF($B$1=2004,'04 Total Revenue - S&L'!D39,0)","v":0},{"$f":"IF($B$1=2022,'22 Total Revenue - S&L'!E39,0)+IF($B$1=2021,'21 Total Revenue - S&L'!E39,0)+IF($B$1=2020,'20 Total Revenue - S&L'!E39,0)+IF($B$1=2019,'19 Total Revenue - S&L'!E39,0)+IF($B$1=2018,'18 Total Revenue - S&L'!E39,0)+IF($B$1=2017,'17 Total Revenue - S&L'!E39,0)+IF($B$1=2016,'16 Total Revenue - S&L'!E39,0)+IF($B$1=2015,'15 Total Revenue - S&L'!E39,0)+IF($B$1=2014,'14 Total Revenue - S&L'!E39,0)+IF($B$1=2013,'13 Total Revenue - S&L'!E39,0)+IF($B$1=2012,'12 Total Revenue - S&L'!E39,0)+IF($B$1=2011,'11 Total Revenue - S&L'!E39,0)+IF($B$1=2010,'10 Total Revenue - S&L'!E39,0)+IF($B$1=2009,'09 Total Revenue - S&L'!E39,0)+IF($B$1=2008,'08 Total Revenue - S&L'!E39,0)+IF($B$1=2007,'07 Total Revenue - S&L'!E39,0)+IF($B$1=2006,'06 Total Revenue - S&L'!E39,0)+IF($B$1=2005,'05 Total Revenue - S&L'!E39,0)+IF($B$1=2004,'04 Total Revenue - S&L'!E39,0)","v":0},{"$f":"IF($B$1=2022,'22 Total Revenue - S&L'!F39,0)+IF($B$1=2021,'21 Total Revenue - S&L'!F39,0)+IF($B$1=2020,'20 Total Revenue - S&L'!F39,0)+IF($B$1=2019,'19 Total Revenue - S&L'!F39,0)+IF($B$1=2018,'18 Total Revenue - S&L'!F39,0)+IF($B$1=2017,'17 Total Revenue - S&L'!F39,0)+IF($B$1=2016,'16 Total Revenue - S&L'!F39,0)+IF($B$1=2015,'15 Total Revenue - S&L'!F39,0)+IF($B$1=2014,'14 Total Revenue - S&L'!F39,0)+IF($B$1=2013,'13 Total Revenue - S&L'!F39,0)+IF($B$1=2012,'12 Total Revenue - S&L'!F39,0)+IF($B$1=2011,'11 Total Revenue - S&L'!F39,0)+IF($B$1=2010,'10 Total Revenue - S&L'!F39,0)+IF($B$1=2009,'09 Total Revenue - S&L'!F39,0)+IF($B$1=2008,'08 Total Revenue - S&L'!F39,0)+IF($B$1=2007,'07 Total Revenue - S&L'!F39,0)+IF($B$1=2006,'06 Total Revenue - S&L'!F39,0)+IF($B$1=2005,'05 Total Revenue - S&L'!F39,0)+IF($B$1=2004,'04 Total Revenue - S&L'!F39,0)","v":0}]
[null,"North Carolina",{"$f":"IF($B$1=2022,'22 Total Revenue - S&L'!C40,0)+IF($B$1=2021,'21 Total Revenue - S&L'!C40,0)+IF($B$1=2020,'20 Total Revenue - S&L'!C40,0)+IF($B$1=2019,'19 Total Revenue - S&L'!C40,0)+IF($B$1=2018,'18 Total Revenue - S&L'!C40,0)+IF($B$1=2017,'17 Total Revenue - S&L'!C40,0)+IF($B$1=2016,'16 Total Revenue - S&L'!C40,0)+IF($B$1=2015,'15 Total Revenue - S&L'!C40,0)+IF($B$1=2014,'14 Total Revenue - S&L'!C40,0)+IF($B$1=2013,'13 Total Revenue - S&L'!C40,0)+IF($B$1=2012,'12 Total Revenue - S&L'!C40,0)+IF($B$1=2011,'11 Total Revenue - S&L'!C40,0)+IF($B$1=2010,'10 Total Revenue - S&L'!C40,0)+IF($B$1=2009,'09 Total Revenue - S&L'!C40,0)+IF($B$1=2008,'08 Total Revenue - S&L'!C40,0)+IF($B$1=2007,'07 Total Revenue - S&L'!C40,0)+IF($B$1=2006,'06 Total Revenue - S&L'!C40,0)+IF($B$1=2005,'05 Total Revenue - S&L'!C40,0)+IF($B$1=2004,'04 Total Revenue - S&L'!C40,0)","v":0},{"$f":"IF($B$1=2022,'22 Total Revenue - S&L'!D40,0)+IF($B$1=2021,'21 Total Revenue - S&L'!D40,0)+IF($B$1=2020,'20 Total Revenue - S&L'!D40,0)+IF($B$1=2019,'19 Total Revenue - S&L'!D40,0)+IF($B$1=2018,'18 Total Revenue - S&L'!D40,0)+IF($B$1=2017,'17 Total Revenue - S&L'!D40,0)+IF($B$1=2016,'16 Total Revenue - S&L'!D40,0)+IF($B$1=2015,'15 Total Revenue - S&L'!D40,0)+IF($B$1=2014,'14 Total Revenue - S&L'!D40,0)+IF($B$1=2013,'13 Total Revenue - S&L'!D40,0)+IF($B$1=2012,'12 Total Revenue - S&L'!D40,0)+IF($B$1=2011,'11 Total Revenue - S&L'!D40,0)+IF($B$1=2010,'10 Total Revenue - S&L'!D40,0)+IF($B$1=2009,'09 Total Revenue - S&L'!D40,0)+IF($B$1=2008,'08 Total Revenue - S&L'!D40,0)+IF($B$1=2007,'07 Total Revenue - S&L'!D40,0)+IF($B$1=2006,'06 Total Revenue - S&L'!D40,0)+IF($B$1=2005,'05 Total Revenue - S&L'!D40,0)+IF($B$1=2004,'04 Total Revenue - S&L'!D40,0)","v":0},{"$f":"IF($B$1=2022,'22 Total Revenue - S&L'!E40,0)+IF($B$1=2021,'21 Total Revenue - S&L'!E40,0)+IF($B$1=2020,'20 Total Revenue - S&L'!E40,0)+IF($B$1=2019,'19 Total Revenue - S&L'!E40,0)+IF($B$1=2018,'18 Total Revenue - S&L'!E40,0)+IF($B$1=2017,'17 Total Revenue - S&L'!E40,0)+IF($B$1=2016,'16 Total Revenue - S&L'!E40,0)+IF($B$1=2015,'15 Total Revenue - S&L'!E40,0)+IF($B$1=2014,'14 Total Revenue - S&L'!E40,0)+IF($B$1=2013,'13 Total Revenue - S&L'!E40,0)+IF($B$1=2012,'12 Total Revenue - S&L'!E40,0)+IF($B$1=2011,'11 Total Revenue - S&L'!E40,0)+IF($B$1=2010,'10 Total Revenue - S&L'!E40,0)+IF($B$1=2009,'09 Total Revenue - S&L'!E40,0)+IF($B$1=2008,'08 Total Revenue - S&L'!E40,0)+IF($B$1=2007,'07 Total Revenue - S&L'!E40,0)+IF($B$1=2006,'06 Total Revenue - S&L'!E40,0)+IF($B$1=2005,'05 Total Revenue - S&L'!E40,0)+IF($B$1=2004,'04 Total Revenue - S&L'!E40,0)","v":0},{"$f":"IF($B$1=2022,'22 Total Revenue - S&L'!F40,0)+IF($B$1=2021,'21 Total Revenue - S&L'!F40,0)+IF($B$1=2020,'20 Total Revenue - S&L'!F40,0)+IF($B$1=2019,'19 Total Revenue - S&L'!F40,0)+IF($B$1=2018,'18 Total Revenue - S&L'!F40,0)+IF($B$1=2017,'17 Total Revenue - S&L'!F40,0)+IF($B$1=2016,'16 Total Revenue - S&L'!F40,0)+IF($B$1=2015,'15 Total Revenue - S&L'!F40,0)+IF($B$1=2014,'14 Total Revenue - S&L'!F40,0)+IF($B$1=2013,'13 Total Revenue - S&L'!F40,0)+IF($B$1=2012,'12 Total Revenue - S&L'!F40,0)+IF($B$1=2011,'11 Total Revenue - S&L'!F40,0)+IF($B$1=2010,'10 Total Revenue - S&L'!F40,0)+IF($B$1=2009,'09 Total Revenue - S&L'!F40,0)+IF($B$1=2008,'08 Total Revenue - S&L'!F40,0)+IF($B$1=2007,'07 Total Revenue - S&L'!F40,0)+IF($B$1=2006,'06 Total Revenue - S&L'!F40,0)+IF($B$1=2005,'05 Total Revenue - S&L'!F40,0)+IF($B$1=2004,'04 Total Revenue - S&L'!F40,0)","v":0}]
[null,"North Dakota",{"$f":"IF($B$1=2022,'22 Total Revenue - S&L'!C41,0)+IF($B$1=2021,'21 Total Revenue - S&L'!C41,0)+IF($B$1=2020,'20 Total Revenue - S&L'!C41,0)+IF($B$1=2019,'19 Total Revenue - S&L'!C41,0)+IF($B$1=2018,'18 Total Revenue - S&L'!C41,0)+IF($B$1=2017,'17 Total Revenue - S&L'!C41,0)+IF($B$1=2016,'16 Total Revenue - S&L'!C41,0)+IF($B$1=2015,'15 Total Revenue - S&L'!C41,0)+IF($B$1=2014,'14 Total Revenue - S&L'!C41,0)+IF($B$1=2013,'13 Total Revenue - S&L'!C41,0)+IF($B$1=2012,'12 Total Revenue - S&L'!C41,0)+IF($B$1=2011,'11 Total Revenue - S&L'!C41,0)+IF($B$1=2010,'10 Total Revenue - S&L'!C41,0)+IF($B$1=2009,'09 Total Revenue - S&L'!C41,0)+IF($B$1=2008,'08 Total Revenue - S&L'!C41,0)+IF($B$1=2007,'07 Total Revenue - S&L'!C41,0)+IF($B$1=2006,'06 Total Revenue - S&L'!C41,0)+IF($B$1=2005,'05 Total Revenue - S&L'!C41,0)+IF($B$1=2004,'04 Total Revenue - S&L'!C41,0)","v":0},{"$f":"IF($B$1=2022,'22 Total Revenue - S&L'!D41,0)+IF($B$1=2021,'21 Total Revenue - S&L'!D41,0)+IF($B$1=2020,'20 Total Revenue - S&L'!D41,0)+IF($B$1=2019,'19 Total Revenue - S&L'!D41,0)+IF($B$1=2018,'18 Total Revenue - S&L'!D41,0)+IF($B$1=2017,'17 Total Revenue - S&L'!D41,0)+IF($B$1=2016,'16 Total Revenue - S&L'!D41,0)+IF($B$1=2015,'15 Total Revenue - S&L'!D41,0)+IF($B$1=2014,'14 Total Revenue - S&L'!D41,0)+IF($B$1=2013,'13 Total Revenue - S&L'!D41,0)+IF($B$1=2012,'12 Total Revenue - S&L'!D41,0)+IF($B$1=2011,'11 Total Revenue - S&L'!D41,0)+IF($B$1=2010,'10 Total Revenue - S&L'!D41,0)+IF($B$1=2009,'09 Total Revenue - S&L'!D41,0)+IF($B$1=2008,'08 Total Revenue - S&L'!D41,0)+IF($B$1=2007,'07 Total Revenue - S&L'!D41,0)+IF($B$1=2006,'06 Total Revenue - S&L'!D41,0)+IF($B$1=2005,'05 Total Revenue - S&L'!D41,0)+IF($B$1=2004,'04 Total Revenue - S&L'!D41,0)","v":0},{"$f":"IF($B$1=2022,'22 Total Revenue - S&L'!E41,0)+IF($B$1=2021,'21 Total Revenue - S&L'!E41,0)+IF($B$1=2020,'20 Total Revenue - S&L'!E41,0)+IF($B$1=2019,'19 Total Revenue - S&L'!E41,0)+IF($B$1=2018,'18 Total Revenue - S&L'!E41,0)+IF($B$1=2017,'17 Total Revenue - S&L'!E41,0)+IF($B$1=2016,'16 Total Revenue - S&L'!E41,0)+IF($B$1=2015,'15 Total Revenue - S&L'!E41,0)+IF($B$1=2014,'14 Total Revenue - S&L'!E41,0)+IF($B$1=2013,'13 Total Revenue - S&L'!E41,0)+IF($B$1=2012,'12 Total Revenue - S&L'!E41,0)+IF($B$1=2011,'11 Total Revenue - S&L'!E41,0)+IF($B$1=2010,'10 Total Revenue - S&L'!E41,0)+IF($B$1=2009,'09 Total Revenue - S&L'!E41,0)+IF($B$1=2008,'08 Total Revenue - S&L'!E41,0)+IF($B$1=2007,'07 Total Revenue - S&L'!E41,0)+IF($B$1=2006,'06 Total Revenue - S&L'!E41,0)+IF($B$1=2005,'05 Total Revenue - S&L'!E41,0)+IF($B$1=2004,'04 Total Revenue - S&L'!E41,0)","v":0},{"$f":"IF($B$1=2022,'22 Total Revenue - S&L'!F41,0)+IF($B$1=2021,'21 Total Revenue - S&L'!F41,0)+IF($B$1=2020,'20 Total Revenue - S&L'!F41,0)+IF($B$1=2019,'19 Total Revenue - S&L'!F41,0)+IF($B$1=2018,'18 Total Revenue - S&L'!F41,0)+IF($B$1=2017,'17 Total Revenue - S&L'!F41,0)+IF($B$1=2016,'16 Total Revenue - S&L'!F41,0)+IF($B$1=2015,'15 Total Revenue - S&L'!F41,0)+IF($B$1=2014,'14 Total Revenue - S&L'!F41,0)+IF($B$1=2013,'13 Total Revenue - S&L'!F41,0)+IF($B$1=2012,'12 Total Revenue - S&L'!F41,0)+IF($B$1=2011,'11 Total Revenue - S&L'!F41,0)+IF($B$1=2010,'10 Total Revenue - S&L'!F41,0)+IF($B$1=2009,'09 Total Revenue - S&L'!F41,0)+IF($B$1=2008,'08 Total Revenue - S&L'!F41,0)+IF($B$1=2007,'07 Total Revenue - S&L'!F41,0)+IF($B$1=2006,'06 Total Revenue - S&L'!F41,0)+IF($B$1=2005,'05 Total Revenue - S&L'!F41,0)+IF($B$1=2004,'04 Total Revenue - S&L'!F41,0)","v":0}]
[null,"Ohio",{"$f":"IF($B$1=2022,'22 Total Revenue - S&L'!C42,0)+IF($B$1=2021,'21 Total Revenue - S&L'!C42,0)+IF($B$1=2020,'20 Total Revenue - S&L'!C42,0)+IF($B$1=2019,'19 Total Revenue - S&L'!C42,0)+IF($B$1=2018,'18 Total Revenue - S&L'!C42,0)+IF($B$1=2017,'17 Total Revenue - S&L'!C42,0)+IF($B$1=2016,'16 Total Revenue - S&L'!C42,0)+IF($B$1=2015,'15 Total Revenue - S&L'!C42,0)+IF($B$1=2014,'14 Total Revenue - S&L'!C42,0)+IF($B$1=2013,'13 Total Revenue - S&L'!C42,0)+IF($B$1=2012,'12 Total Revenue - S&L'!C42,0)+IF($B$1=2011,'11 Total Revenue - S&L'!C42,0)+IF($B$1=2010,'10 Total Revenue - S&L'!C42,0)+IF($B$1=2009,'09 Total Revenue - S&L'!C42,0)+IF($B$1=2008,'08 Total Revenue - S&L'!C42,0)+IF($B$1=2007,'07 Total Revenue - S&L'!C42,0)+IF($B$1=2006,'06 Total Revenue - S&L'!C42,0)+IF($B$1=2005,'05 Total Revenue - S&L'!C42,0)+IF($B$1=2004,'04 Total Revenue - S&L'!C42,0)","v":0},{"$f":"IF($B$1=2022,'22 Total Revenue - S&L'!D42,0)+IF($B$1=2021,'21 Total Revenue - S&L'!D42,0)+IF($B$1=2020,'20 Total Revenue - S&L'!D42,0)+IF($B$1=2019,'19 Total Revenue - S&L'!D42,0)+IF($B$1=2018,'18 Total Revenue - S&L'!D42,0)+IF($B$1=2017,'17 Total Revenue - S&L'!D42,0)+IF($B$1=2016,'16 Total Revenue - S&L'!D42,0)+IF($B$1=2015,'15 Total Revenue - S&L'!D42,0)+IF($B$1=2014,'14 Total Revenue - S&L'!D42,0)+IF($B$1=2013,'13 Total Revenue - S&L'!D42,0)+IF($B$1=2012,'12 Total Revenue - S&L'!D42,0)+IF($B$1=2011,'11 Total Revenue - S&L'!D42,0)+IF($B$1=2010,'10 Total Revenue - S&L'!D42,0)+IF($B$1=2009,'09 Total Revenue - S&L'!D42,0)+IF($B$1=2008,'08 Total Revenue - S&L'!D42,0)+IF($B$1=2007,'07 Total Revenue - S&L'!D42,0)+IF($B$1=2006,'06 Total Revenue - S&L'!D42,0)+IF($B$1=2005,'05 Total Revenue - S&L'!D42,0)+IF($B$1=2004,'04 Total Revenue - S&L'!D42,0)","v":0},{"$f":"IF($B$1=2022,'22 Total Revenue - S&L'!E42,0)+IF($B$1=2021,'21 Total Revenue - S&L'!E42,0)+IF($B$1=2020,'20 Total Revenue - S&L'!E42,0)+IF($B$1=2019,'19 Total Revenue - S&L'!E42,0)+IF($B$1=2018,'18 Total Revenue - S&L'!E42,0)+IF($B$1=2017,'17 Total Revenue - S&L'!E42,0)+IF($B$1=2016,'16 Total Revenue - S&L'!E42,0)+IF($B$1=2015,'15 Total Revenue - S&L'!E42,0)+IF($B$1=2014,'14 Total Revenue - S&L'!E42,0)+IF($B$1=2013,'13 Total Revenue - S&L'!E42,0)+IF($B$1=2012,'12 Total Revenue - S&L'!E42,0)+IF($B$1=2011,'11 Total Revenue - S&L'!E42,0)+IF($B$1=2010,'10 Total Revenue - S&L'!E42,0)+IF($B$1=2009,'09 Total Revenue - S&L'!E42,0)+IF($B$1=2008,'08 Total Revenue - S&L'!E42,0)+IF($B$1=2007,'07 Total Revenue - S&L'!E42,0)+IF($B$1=2006,'06 Total Revenue - S&L'!E42,0)+IF($B$1=2005,'05 Total Revenue - S&L'!E42,0)+IF($B$1=2004,'04 Total Revenue - S&L'!E42,0)","v":0},{"$f":"IF($B$1=2022,'22 Total Revenue - S&L'!F42,0)+IF($B$1=2021,'21 Total Revenue - S&L'!F42,0)+IF($B$1=2020,'20 Total Revenue - S&L'!F42,0)+IF($B$1=2019,'19 Total Revenue - S&L'!F42,0)+IF($B$1=2018,'18 Total Revenue - S&L'!F42,0)+IF($B$1=2017,'17 Total Revenue - S&L'!F42,0)+IF($B$1=2016,'16 Total Revenue - S&L'!F42,0)+IF($B$1=2015,'15 Total Revenue - S&L'!F42,0)+IF($B$1=2014,'14 Total Revenue - S&L'!F42,0)+IF($B$1=2013,'13 Total Revenue - S&L'!F42,0)+IF($B$1=2012,'12 Total Revenue - S&L'!F42,0)+IF($B$1=2011,'11 Total Revenue - S&L'!F42,0)+IF($B$1=2010,'10 Total Revenue - S&L'!F42,0)+IF($B$1=2009,'09 Total Revenue - S&L'!F42,0)+IF($B$1=2008,'08 Total Revenue - S&L'!F42,0)+IF($B$1=2007,'07 Total Revenue - S&L'!F42,0)+IF($B$1=2006,'06 Total Revenue - S&L'!F42,0)+IF($B$1=2005,'05 Total Revenue - S&L'!F42,0)+IF($B$1=2004,'04 Total Revenue - S&L'!F42,0)","v":0}]
[null,"Oklahoma",{"$f":"IF($B$1=2022,'22 Total Revenue - S&L'!C43,0)+IF($B$1=2021,'21 Total Revenue - S&L'!C43,0)+IF($B$1=2020,'20 Total Revenue - S&L'!C43,0)+IF($B$1=2019,'19 Total Revenue - S&L'!C43,0)+IF($B$1=2018,'18 Total Revenue - S&L'!C43,0)+IF($B$1=2017,'17 Total Revenue - S&L'!C43,0)+IF($B$1=2016,'16 Total Revenue - S&L'!C43,0)+IF($B$1=2015,'15 Total Revenue - S&L'!C43,0)+IF($B$1=2014,'14 Total Revenue - S&L'!C43,0)+IF($B$1=2013,'13 Total Revenue - S&L'!C43,0)+IF($B$1=2012,'12 Total Revenue - S&L'!C43,0)+IF($B$1=2011,'11 Total Revenue - S&L'!C43,0)+IF($B$1=2010,'10 Total Revenue - S&L'!C43,0)+IF($B$1=2009,'09 Total Revenue - S&L'!C43,0)+IF($B$1=2008,'08 Total Revenue - S&L'!C43,0)+IF($B$1=2007,'07 Total Revenue - S&L'!C43,0)+IF($B$1=2006,'06 Total Revenue - S&L'!C43,0)+IF($B$1=2005,'05 Total Revenue - S&L'!C43,0)+IF($B$1=2004,'04 Total Revenue - S&L'!C43,0)","v":0},{"$f":"IF($B$1=2022,'22 Total Revenue - S&L'!D43,0)+IF($B$1=2021,'21 Total Revenue - S&L'!D43,0)+IF($B$1=2020,'20 Total Revenue - S&L'!D43,0)+IF($B$1=2019,'19 Total Revenue - S&L'!D43,0)+IF($B$1=2018,'18 Total Revenue - S&L'!D43,0)+IF($B$1=2017,'17 Total Revenue - S&L'!D43,0)+IF($B$1=2016,'16 Total Revenue - S&L'!D43,0)+IF($B$1=2015,'15 Total Revenue - S&L'!D43,0)+IF($B$1=2014,'14 Total Revenue - S&L'!D43,0)+IF($B$1=2013,'13 Total Revenue - S&L'!D43,0)+IF($B$1=2012,'12 Total Revenue - S&L'!D43,0)+IF($B$1=2011,'11 Total Revenue - S&L'!D43,0)+IF($B$1=2010,'10 Total Revenue - S&L'!D43,0)+IF($B$1=2009,'09 Total Revenue - S&L'!D43,0)+IF($B$1=2008,'08 Total Revenue - S&L'!D43,0)+IF($B$1=2007,'07 Total Revenue - S&L'!D43,0)+IF($B$1=2006,'06 Total Revenue - S&L'!D43,0)+IF($B$1=2005,'05 Total Revenue - S&L'!D43,0)+IF($B$1=2004,'04 Total Revenue - S&L'!D43,0)","v":0},{"$f":"IF($B$1=2022,'22 Total Revenue - S&L'!E43,0)+IF($B$1=2021,'21 Total Revenue - S&L'!E43,0)+IF($B$1=2020,'20 Total Revenue - S&L'!E43,0)+IF($B$1=2019,'19 Total Revenue - S&L'!E43,0)+IF($B$1=2018,'18 Total Revenue - S&L'!E43,0)+IF($B$1=2017,'17 Total Revenue - S&L'!E43,0)+IF($B$1=2016,'16 Total Revenue - S&L'!E43,0)+IF($B$1=2015,'15 Total Revenue - S&L'!E43,0)+IF($B$1=2014,'14 Total Revenue - S&L'!E43,0)+IF($B$1=2013,'13 Total Revenue - S&L'!E43,0)+IF($B$1=2012,'12 Total Revenue - S&L'!E43,0)+IF($B$1=2011,'11 Total Revenue - S&L'!E43,0)+IF($B$1=2010,'10 Total Revenue - S&L'!E43,0)+IF($B$1=2009,'09 Total Revenue - S&L'!E43,0)+IF($B$1=2008,'08 Total Revenue - S&L'!E43,0)+IF($B$1=2007,'07 Total Revenue - S&L'!E43,0)+IF($B$1=2006,'06 Total Revenue - S&L'!E43,0)+IF($B$1=2005,'05 Total Revenue - S&L'!E43,0)+IF($B$1=2004,'04 Total Revenue - S&L'!E43,0)","v":0},{"$f":"IF($B$1=2022,'22 Total Revenue - S&L'!F43,0)+IF($B$1=2021,'21 Total Revenue - S&L'!F43,0)+IF($B$1=2020,'20 Total Revenue - S&L'!F43,0)+IF($B$1=2019,'19 Total Revenue - S&L'!F43,0)+IF($B$1=2018,'18 Total Revenue - S&L'!F43,0)+IF($B$1=2017,'17 Total Revenue - S&L'!F43,0)+IF($B$1=2016,'16 Total Revenue - S&L'!F43,0)+IF($B$1=2015,'15 Total Revenue - S&L'!F43,0)+IF($B$1=2014,'14 Total Revenue - S&L'!F43,0)+IF($B$1=2013,'13 Total Revenue - S&L'!F43,0)+IF($B$1=2012,'12 Total Revenue - S&L'!F43,0)+IF($B$1=2011,'11 Total Revenue - S&L'!F43,0)+IF($B$1=2010,'10 Total Revenue - S&L'!F43,0)+IF($B$1=2009,'09 Total Revenue - S&L'!F43,0)+IF($B$1=2008,'08 Total Revenue - S&L'!F43,0)+IF($B$1=2007,'07 Total Revenue - S&L'!F43,0)+IF($B$1=2006,'06 Total Revenue - S&L'!F43,0)+IF($B$1=2005,'05 Total Revenue - S&L'!F43,0)+IF($B$1=2004,'04 Total Revenue - S&L'!F43,0)","v":0}]
[null,"Oregon",{"$f":"IF($B$1=2022,'22 Total Revenue - S&L'!C44,0)+IF($B$1=2021,'21 Total Revenue - S&L'!C44,0)+IF($B$1=2020,'20 Total Revenue - S&L'!C44,0)+IF($B$1=2019,'19 Total Revenue - S&L'!C44,0)+IF($B$1=2018,'18 Total Revenue - S&L'!C44,0)+IF($B$1=2017,'17 Total Revenue - S&L'!C44,0)+IF($B$1=2016,'16 Total Revenue - S&L'!C44,0)+IF($B$1=2015,'15 Total Revenue - S&L'!C44,0)+IF($B$1=2014,'14 Total Revenue - S&L'!C44,0)+IF($B$1=2013,'13 Total Revenue - S&L'!C44,0)+IF($B$1=2012,'12 Total Revenue - S&L'!C44,0)+IF($B$1=2011,'11 Total Revenue - S&L'!C44,0)+IF($B$1=2010,'10 Total Revenue - S&L'!C44,0)+IF($B$1=2009,'09 Total Revenue - S&L'!C44,0)+IF($B$1=2008,'08 Total Revenue - S&L'!C44,0)+IF($B$1=2007,'07 Total Revenue - S&L'!C44,0)+IF($B$1=2006,'06 Total Revenue - S&L'!C44,0)+IF($B$1=2005,'05 Total Revenue - S&L'!C44,0)+IF($B$1=2004,'04 Total Revenue - S&L'!C44,0)","v":0},{"$f":"IF($B$1=2022,'22 Total Revenue - S&L'!D44,0)+IF($B$1=2021,'21 Total Revenue - S&L'!D44,0)+IF($B$1=2020,'20 Total Revenue - S&L'!D44,0)+IF($B$1=2019,'19 Total Revenue - S&L'!D44,0)+IF($B$1=2018,'18 Total Revenue - S&L'!D44,0)+IF($B$1=2017,'17 Total Revenue - S&L'!D44,0)+IF($B$1=2016,'16 Total Revenue - S&L'!D44,0)+IF($B$1=2015,'15 Total Revenue - S&L'!D44,0)+IF($B$1=2014,'14 Total Revenue - S&L'!D44,0)+IF($B$1=2013,'13 Total Revenue - S&L'!D44,0)+IF($B$1=2012,'12 Total Revenue - S&L'!D44,0)+IF($B$1=2011,'11 Total Revenue - S&L'!D44,0)+IF($B$1=2010,'10 Total Revenue - S&L'!D44,0)+IF($B$1=2009,'09 Total Revenue - S&L'!D44,0)+IF($B$1=2008,'08 Total Revenue - S&L'!D44,0)+IF($B$1=2007,'07 Total Revenue - S&L'!D44,0)+IF($B$1=2006,'06 Total Revenue - S&L'!D44,0)+IF($B$1=2005,'05 Total Revenue - S&L'!D44,0)+IF($B$1=2004,'04 Total Revenue - S&L'!D44,0)","v":0},{"$f":"IF($B$1=2022,'22 Total Revenue - S&L'!E44,0)+IF($B$1=2021,'21 Total Revenue - S&L'!E44,0)+IF($B$1=2020,'20 Total Revenue - S&L'!E44,0)+IF($B$1=2019,'19 Total Revenue - S&L'!E44,0)+IF($B$1=2018,'18 Total Revenue - S&L'!E44,0)+IF($B$1=2017,'17 Total Revenue - S&L'!E44,0)+IF($B$1=2016,'16 Total Revenue - S&L'!E44,0)+IF($B$1=2015,'15 Total Revenue - S&L'!E44,0)+IF($B$1=2014,'14 Total Revenue - S&L'!E44,0)+IF($B$1=2013,'13 Total Revenue - S&L'!E44,0)+IF($B$1=2012,'12 Total Revenue - S&L'!E44,0)+IF($B$1=2011,'11 Total Revenue - S&L'!E44,0)+IF($B$1=2010,'10 Total Revenue - S&L'!E44,0)+IF($B$1=2009,'09 Total Revenue - S&L'!E44,0)+IF($B$1=2008,'08 Total Revenue - S&L'!E44,0)+IF($B$1=2007,'07 Total Revenue - S&L'!E44,0)+IF($B$1=2006,'06 Total Revenue - S&L'!E44,0)+IF($B$1=2005,'05 Total Revenue - S&L'!E44,0)+IF($B$1=2004,'04 Total Revenue - S&L'!E44,0)","v":0},{"$f":"IF($B$1=2022,'22 Total Revenue - S&L'!F44,0)+IF($B$1=2021,'21 Total Revenue - S&L'!F44,0)+IF($B$1=2020,'20 Total Revenue - S&L'!F44,0)+IF($B$1=2019,'19 Total Revenue - S&L'!F44,0)+IF($B$1=2018,'18 Total Revenue - S&L'!F44,0)+IF($B$1=2017,'17 Total Revenue - S&L'!F44,0)+IF($B$1=2016,'16 Total Revenue - S&L'!F44,0)+IF($B$1=2015,'15 Total Revenue - S&L'!F44,0)+IF($B$1=2014,'14 Total Revenue - S&L'!F44,0)+IF($B$1=2013,'13 Total Revenue - S&L'!F44,0)+IF($B$1=2012,'12 Total Revenue - S&L'!F44,0)+IF($B$1=2011,'11 Total Revenue - S&L'!F44,0)+IF($B$1=2010,'10 Total Revenue - S&L'!F44,0)+IF($B$1=2009,'09 Total Revenue - S&L'!F44,0)+IF($B$1=2008,'08 Total Revenue - S&L'!F44,0)+IF($B$1=2007,'07 Total Revenue - S&L'!F44,0)+IF($B$1=2006,'06 Total Revenue - S&L'!F44,0)+IF($B$1=2005,'05 Total Revenue - S&L'!F44,0)+IF($B$1=2004,'04 Total Revenue - S&L'!F44,0)","v":0}]
[null,"Pennsylvania",{"$f":"IF($B$1=2022,'22 Total Revenue - S&L'!C45,0)+IF($B$1=2021,'21 Total Revenue - S&L'!C45,0)+IF($B$1=2020,'20 Total Revenue - S&L'!C45,0)+IF($B$1=2019,'19 Total Revenue - S&L'!C45,0)+IF($B$1=2018,'18 Total Revenue - S&L'!C45,0)+IF($B$1=2017,'17 Total Revenue - S&L'!C45,0)+IF($B$1=2016,'16 Total Revenue - S&L'!C45,0)+IF($B$1=2015,'15 Total Revenue - S&L'!C45,0)+IF($B$1=2014,'14 Total Revenue - S&L'!C45,0)+IF($B$1=2013,'13 Total Revenue - S&L'!C45,0)+IF($B$1=2012,'12 Total Revenue - S&L'!C45,0)+IF($B$1=2011,'11 Total Revenue - S&L'!C45,0)+IF($B$1=2010,'10 Total Revenue - S&L'!C45,0)+IF($B$1=2009,'09 Total Revenue - S&L'!C45,0)+IF($B$1=2008,'08 Total Revenue - S&L'!C45,0)+IF($B$1=2007,'07 Total Revenue - S&L'!C45,0)+IF($B$1=2006,'06 Total Revenue - S&L'!C45,0)+IF($B$1=2005,'05 Total Revenue - S&L'!C45,0)+IF($B$1=2004,'04 Total Revenue - S&L'!C45,0)","v":0},{"$f":"IF($B$1=2022,'22 Total Revenue - S&L'!D45,0)+IF($B$1=2021,'21 Total Revenue - S&L'!D45,0)+IF($B$1=2020,'20 Total Revenue - S&L'!D45,0)+IF($B$1=2019,'19 Total Revenue - S&L'!D45,0)+IF($B$1=2018,'18 Total Revenue - S&L'!D45,0)+IF($B$1=2017,'17 Total Revenue - S&L'!D45,0)+IF($B$1=2016,'16 Total Revenue - S&L'!D45,0)+IF($B$1=2015,'15 Total Revenue - S&L'!D45,0)+IF($B$1=2014,'14 Total Revenue - S&L'!D45,0)+IF($B$1=2013,'13 Total Revenue - S&L'!D45,0)+IF($B$1=2012,'12 Total Revenue - S&L'!D45,0)+IF($B$1=2011,'11 Total Revenue - S&L'!D45,0)+IF($B$1=2010,'10 Total Revenue - S&L'!D45,0)+IF($B$1=2009,'09 Total Revenue - S&L'!D45,0)+IF($B$1=2008,'08 Total Revenue - S&L'!D45,0)+IF($B$1=2007,'07 Total Revenue - S&L'!D45,0)+IF($B$1=2006,'06 Total Revenue - S&L'!D45,0)+IF($B$1=2005,'05 Total Revenue - S&L'!D45,0)+IF($B$1=2004,'04 Total Revenue - S&L'!D45,0)","v":0},{"$f":"IF($B$1=2022,'22 Total Revenue - S&L'!E45,0)+IF($B$1=2021,'21 Total Revenue - S&L'!E45,0)+IF($B$1=2020,'20 Total Revenue - S&L'!E45,0)+IF($B$1=2019,'19 Total Revenue - S&L'!E45,0)+IF($B$1=2018,'18 Total Revenue - S&L'!E45,0)+IF($B$1=2017,'17 Total Revenue - S&L'!E45,0)+IF($B$1=2016,'16 Total Revenue - S&L'!E45,0)+IF($B$1=2015,'15 Total Revenue - S&L'!E45,0)+IF($B$1=2014,'14 Total Revenue - S&L'!E45,0)+IF($B$1=2013,'13 Total Revenue - S&L'!E45,0)+IF($B$1=2012,'12 Total Revenue - S&L'!E45,0)+IF($B$1=2011,'11 Total Revenue - S&L'!E45,0)+IF($B$1=2010,'10 Total Revenue - S&L'!E45,0)+IF($B$1=2009,'09 Total Revenue - S&L'!E45,0)+IF($B$1=2008,'08 Total Revenue - S&L'!E45,0)+IF($B$1=2007,'07 Total Revenue - S&L'!E45,0)+IF($B$1=2006,'06 Total Revenue - S&L'!E45,0)+IF($B$1=2005,'05 Total Revenue - S&L'!E45,0)+IF($B$1=2004,'04 Total Revenue - S&L'!E45,0)","v":0},{"$f":"IF($B$1=2022,'22 Total Revenue - S&L'!F45,0)+IF($B$1=2021,'21 Total Revenue - S&L'!F45,0)+IF($B$1=2020,'20 Total Revenue - S&L'!F45,0)+IF($B$1=2019,'19 Total Revenue - S&L'!F45,0)+IF($B$1=2018,'18 Total Revenue - S&L'!F45,0)+IF($B$1=2017,'17 Total Revenue - S&L'!F45,0)+IF($B$1=2016,'16 Total Revenue - S&L'!F45,0)+IF($B$1=2015,'15 Total Revenue - S&L'!F45,0)+IF($B$1=2014,'14 Total Revenue - S&L'!F45,0)+IF($B$1=2013,'13 Total Revenue - S&L'!F45,0)+IF($B$1=2012,'12 Total Revenue - S&L'!F45,0)+IF($B$1=2011,'11 Total Revenue - S&L'!F45,0)+IF($B$1=2010,'10 Total Revenue - S&L'!F45,0)+IF($B$1=2009,'09 Total Revenue - S&L'!F45,0)+IF($B$1=2008,'08 Total Revenue - S&L'!F45,0)+IF($B$1=2007,'07 Total Revenue - S&L'!F45,0)+IF($B$1=2006,'06 Total Revenue - S&L'!F45,0)+IF($B$1=2005,'05 Total Revenue - S&L'!F45,0)+IF($B$1=2004,'04 Total Revenue - S&L'!F45,0)","v":0}]
[null,"Rhode Island",{"$f":"IF($B$1=2022,'22 Total Revenue - S&L'!C46,0)+IF($B$1=2021,'21 Total Revenue - S&L'!C46,0)+IF($B$1=2020,'20 Total Revenue - S&L'!C46,0)+IF($B$1=2019,'19 Total Revenue - S&L'!C46,0)+IF($B$1=2018,'18 Total Revenue - S&L'!C46,0)+IF($B$1=2017,'17 Total Revenue - S&L'!C46,0)+IF($B$1=2016,'16 Total Revenue - S&L'!C46,0)+IF($B$1=2015,'15 Total Revenue - S&L'!C46,0)+IF($B$1=2014,'14 Total Revenue - S&L'!C46,0)+IF($B$1=2013,'13 Total Revenue - S&L'!C46,0)+IF($B$1=2012,'12 Total Revenue - S&L'!C46,0)+IF($B$1=2011,'11 Total Revenue - S&L'!C46,0)+IF($B$1=2010,'10 Total Revenue - S&L'!C46,0)+IF($B$1=2009,'09 Total Revenue - S&L'!C46,0)+IF($B$1=2008,'08 Total Revenue - S&L'!C46,0)+IF($B$1=2007,'07 Total Revenue - S&L'!C46,0)+IF($B$1=2006,'06 Total Revenue - S&L'!C46,0)+IF($B$1=2005,'05 Total Revenue - S&L'!C46,0)+IF($B$1=2004,'04 Total Revenue - S&L'!C46,0)","v":0},{"$f":"IF($B$1=2022,'22 Total Revenue - S&L'!D46,0)+IF($B$1=2021,'21 Total Revenue - S&L'!D46,0)+IF($B$1=2020,'20 Total Revenue - S&L'!D46,0)+IF($B$1=2019,'19 Total Revenue - S&L'!D46,0)+IF($B$1=2018,'18 Total Revenue - S&L'!D46,0)+IF($B$1=2017,'17 Total Revenue - S&L'!D46,0)+IF($B$1=2016,'16 Total Revenue - S&L'!D46,0)+IF($B$1=2015,'15 Total Revenue - S&L'!D46,0)+IF($B$1=2014,'14 Total Revenue - S&L'!D46,0)+IF($B$1=2013,'13 Total Revenue - S&L'!D46,0)+IF($B$1=2012,'12 Total Revenue - S&L'!D46,0)+IF($B$1=2011,'11 Total Revenue - S&L'!D46,0)+IF($B$1=2010,'10 Total Revenue - S&L'!D46,0)+IF($B$1=2009,'09 Total Revenue - S&L'!D46,0)+IF($B$1=2008,'08 Total Revenue - S&L'!D46,0)+IF($B$1=2007,'07 Total Revenue - S&L'!D46,0)+IF($B$1=2006,'06 Total Revenue - S&L'!D46,0)+IF($B$1=2005,'05 Total Revenue - S&L'!D46,0)+IF($B$1=2004,'04 Total Revenue - S&L'!D46,0)","v":0},{"$f":"IF($B$1=2022,'22 Total Revenue - S&L'!E46,0)+IF($B$1=2021,'21 Total Revenue - S&L'!E46,0)+IF($B$1=2020,'20 Total Revenue - S&L'!E46,0)+IF($B$1=2019,'19 Total Revenue - S&L'!E46,0)+IF($B$1=2018,'18 Total Revenue - S&L'!E46,0)+IF($B$1=2017,'17 Total Revenue - S&L'!E46,0)+IF($B$1=2016,'16 Total Revenue - S&L'!E46,0)+IF($B$1=2015,'15 Total Revenue - S&L'!E46,0)+IF($B$1=2014,'14 Total Revenue - S&L'!E46,0)+IF($B$1=2013,'13 Total Revenue - S&L'!E46,0)+IF($B$1=2012,'12 Total Revenue - S&L'!E46,0)+IF($B$1=2011,'11 Total Revenue - S&L'!E46,0)+IF($B$1=2010,'10 Total Revenue - S&L'!E46,0)+IF($B$1=2009,'09 Total Revenue - S&L'!E46,0)+IF($B$1=2008,'08 Total Revenue - S&L'!E46,0)+IF($B$1=2007,'07 Total Revenue - S&L'!E46,0)+IF($B$1=2006,'06 Total Revenue - S&L'!E46,0)+IF($B$1=2005,'05 Total Revenue - S&L'!E46,0)+IF($B$1=2004,'04 Total Revenue - S&L'!E46,0)","v":0},{"$f":"IF($B$1=2022,'22 Total Revenue - S&L'!F46,0)+IF($B$1=2021,'21 Total Revenue - S&L'!F46,0)+IF($B$1=2020,'20 Total Revenue - S&L'!F46,0)+IF($B$1=2019,'19 Total Revenue - S&L'!F46,0)+IF($B$1=2018,'18 Total Revenue - S&L'!F46,0)+IF($B$1=2017,'17 Total Revenue - S&L'!F46,0)+IF($B$1=2016,'16 Total Revenue - S&L'!F46,0)+IF($B$1=2015,'15 Total Revenue - S&L'!F46,0)+IF($B$1=2014,'14 Total Revenue - S&L'!F46,0)+IF($B$1=2013,'13 Total Revenue - S&L'!F46,0)+IF($B$1=2012,'12 Total Revenue - S&L'!F46,0)+IF($B$1=2011,'11 Total Revenue - S&L'!F46,0)+IF($B$1=2010,'10 Total Revenue - S&L'!F46,0)+IF($B$1=2009,'09 Total Revenue - S&L'!F46,0)+IF($B$1=2008,'08 Total Revenue - S&L'!F46,0)+IF($B$1=2007,'07 Total Revenue - S&L'!F46,0)+IF($B$1=2006,'06 Total Revenue - S&L'!F46,0)+IF($B$1=2005,'05 Total Revenue - S&L'!F46,0)+IF($B$1=2004,'04 Total Revenue - S&L'!F46,0)","v":0}]
[null,"South Carolina",{"$f":"IF($B$1=2022,'22 Total Revenue - S&L'!C47,0)+IF($B$1=2021,'21 Total Revenue - S&L'!C47,0)+IF($B$1=2020,'20 Total Revenue - S&L'!C47,0)+IF($B$1=2019,'19 Total Revenue - S&L'!C47,0)+IF($B$1=2018,'18 Total Revenue - S&L'!C47,0)+IF($B$1=2017,'17 Total Revenue - S&L'!C47,0)+IF($B$1=2016,'16 Total Revenue - S&L'!C47,0)+IF($B$1=2015,'15 Total Revenue - S&L'!C47,0)+IF($B$1=2014,'14 Total Revenue - S&L'!C47,0)+IF($B$1=2013,'13 Total Revenue - S&L'!C47,0)+IF($B$1=2012,'12 Total Revenue - S&L'!C47,0)+IF($B$1=2011,'11 Total Revenue - S&L'!C47,0)+IF($B$1=2010,'10 Total Revenue - S&L'!C47,0)+IF($B$1=2009,'09 Total Revenue - S&L'!C47,0)+IF($B$1=2008,'08 Total Revenue - S&L'!C47,0)+IF($B$1=2007,'07 Total Revenue - S&L'!C47,0)+IF($B$1=2006,'06 Total Revenue - S&L'!C47,0)+IF($B$1=2005,'05 Total Revenue - S&L'!C47,0)+IF($B$1=2004,'04 Total Revenue - S&L'!C47,0)","v":0},{"$f":"IF($B$1=2022,'22 Total Revenue - S&L'!D47,0)+IF($B$1=2021,'21 Total Revenue - S&L'!D47,0)+IF($B$1=2020,'20 Total Revenue - S&L'!D47,0)+IF($B$1=2019,'19 Total Revenue - S&L'!D47,0)+IF($B$1=2018,'18 Total Revenue - S&L'!D47,0)+IF($B$1=2017,'17 Total Revenue - S&L'!D47,0)+IF($B$1=2016,'16 Total Revenue - S&L'!D47,0)+IF($B$1=2015,'15 Total Revenue - S&L'!D47,0)+IF($B$1=2014,'14 Total Revenue - S&L'!D47,0)+IF($B$1=2013,'13 Total Revenue - S&L'!D47,0)+IF($B$1=2012,'12 Total Revenue - S&L'!D47,0)+IF($B$1=2011,'11 Total Revenue - S&L'!D47,0)+IF($B$1=2010,'10 Total Revenue - S&L'!D47,0)+IF($B$1=2009,'09 Total Revenue - S&L'!D47,0)+IF($B$1=2008,'08 Total Revenue - S&L'!D47,0)+IF($B$1=2007,'07 Total Revenue - S&L'!D47,0)+IF($B$1=2006,'06 Total Revenue - S&L'!D47,0)+IF($B$1=2005,'05 Total Revenue - S&L'!D47,0)+IF($B$1=2004,'04 Total Revenue - S&L'!D47,0)","v":0},{"$f":"IF($B$1=2022,'22 Total Revenue - S&L'!E47,0)+IF($B$1=2021,'21 Total Revenue - S&L'!E47,0)+IF($B$1=2020,'20 Total Revenue - S&L'!E47,0)+IF($B$1=2019,'19 Total Revenue - S&L'!E47,0)+IF($B$1=2018,'18 Total Revenue - S&L'!E47,0)+IF($B$1=2017,'17 Total Revenue - S&L'!E47,0)+IF($B$1=2016,'16 Total Revenue - S&L'!E47,0)+IF($B$1=2015,'15 Total Revenue - S&L'!E47,0)+IF($B$1=2014,'14 Total Revenue - S&L'!E47,0)+IF($B$1=2013,'13 Total Revenue - S&L'!E47,0)+IF($B$1=2012,'12 Total Revenue - S&L'!E47,0)+IF($B$1=2011,'11 Total Revenue - S&L'!E47,0)+IF($B$1=2010,'10 Total Revenue - S&L'!E47,0)+IF($B$1=2009,'09 Total Revenue - S&L'!E47,0)+IF($B$1=2008,'08 Total Revenue - S&L'!E47,0)+IF($B$1=2007,'07 Total Revenue - S&L'!E47,0)+IF($B$1=2006,'06 Total Revenue - S&L'!E47,0)+IF($B$1=2005,'05 Total Revenue - S&L'!E47,0)+IF($B$1=2004,'04 Total Revenue - S&L'!E47,0)","v":0},{"$f":"IF($B$1=2022,'22 Total Revenue - S&L'!F47,0)+IF($B$1=2021,'21 Total Revenue - S&L'!F47,0)+IF($B$1=2020,'20 Total Revenue - S&L'!F47,0)+IF($B$1=2019,'19 Total Revenue - S&L'!F47,0)+IF($B$1=2018,'18 Total Revenue - S&L'!F47,0)+IF($B$1=2017,'17 Total Revenue - S&L'!F47,0)+IF($B$1=2016,'16 Total Revenue - S&L'!F47,0)+IF($B$1=2015,'15 Total Revenue - S&L'!F47,0)+IF($B$1=2014,'14 Total Revenue - S&L'!F47,0)+IF($B$1=2013,'13 Total Revenue - S&L'!F47,0)+IF($B$1=2012,'12 Total Revenue - S&L'!F47,0)+IF($B$1=2011,'11 Total Revenue - S&L'!F47,0)+IF($B$1=2010,'10 Total Revenue - S&L'!F47,0)+IF($B$1=2009,'09 Total Revenue - S&L'!F47,0)+IF($B$1=2008,'08 Total Revenue - S&L'!F47,0)+IF($B$1=2007,'07 Total Revenue - S&L'!F47,0)+IF($B$1=2006,'06 Total Revenue - S&L'!F47,0)+IF($B$1=2005,'05 Total Revenue - S&L'!F47,0)+IF($B$1=2004,'04 Total Revenue - S&L'!F47,0)","v":0}]
[null,"South Dakota",{"$f":"IF($B$1=2022,'22 Total Revenue - S&L'!C48,0)+IF($B$1=2021,'21 Total Revenue - S&L'!C48,0)+IF($B$1=2020,'20 Total Revenue - S&L'!C48,0)+IF($B$1=2019,'19 Total Revenue - S&L'!C48,0)+IF($B$1=2018,'18 Total Revenue - S&L'!C48,0)+IF($B$1=2017,'17 Total Revenue - S&L'!C48,0)+IF($B$1=2016,'16 Total Revenue - S&L'!C48,0)+IF($B$1=2015,'15 Total Revenue - S&L'!C48,0)+IF($B$1=2014,'14 Total Revenue - S&L'!C48,0)+IF($B$1=2013,'13 Total Revenue - S&L'!C48,0)+IF($B$1=2012,'12 Total Revenue - S&L'!C48,0)+IF($B$1=2011,'11 Total Revenue - S&L'!C48,0)+IF($B$1=2010,'10 Total Revenue - S&L'!C48,0)+IF($B$1=2009,'09 Total Revenue - S&L'!C48,0)+IF($B$1=2008,'08 Total Revenue - S&L'!C48,0)+IF($B$1=2007,'07 Total Revenue - S&L'!C48,0)+IF($B$1=2006,'06 Total Revenue - S&L'!C48,0)+IF($B$1=2005,'05 Total Revenue - S&L'!C48,0)+IF($B$1=2004,'04 Total Revenue - S&L'!C48,0)","v":0},{"$f":"IF($B$1=2022,'22 Total Revenue - S&L'!D48,0)+IF($B$1=2021,'21 Total Revenue - S&L'!D48,0)+IF($B$1=2020,'20 Total Revenue - S&L'!D48,0)+IF($B$1=2019,'19 Total Revenue - S&L'!D48,0)+IF($B$1=2018,'18 Total Revenue - S&L'!D48,0)+IF($B$1=2017,'17 Total Revenue - S&L'!D48,0)+IF($B$1=2016,'16 Total Revenue - S&L'!D48,0)+IF($B$1=2015,'15 Total Revenue - S&L'!D48,0)+IF($B$1=2014,'14 Total Revenue - S&L'!D48,0)+IF($B$1=2013,'13 Total Revenue - S&L'!D48,0)+IF($B$1=2012,'12 Total Revenue - S&L'!D48,0)+IF($B$1=2011,'11 Total Revenue - S&L'!D48,0)+IF($B$1=2010,'10 Total Revenue - S&L'!D48,0)+IF($B$1=2009,'09 Total Revenue - S&L'!D48,0)+IF($B$1=2008,'08 Total Revenue - S&L'!D48,0)+IF($B$1=2007,'07 Total Revenue - S&L'!D48,0)+IF($B$1=2006,'06 Total Revenue - S&L'!D48,0)+IF($B$1=2005,'05 Total Revenue - S&L'!D48,0)+IF($B$1=2004,'04 Total Revenue - S&L'!D48,0)","v":0},{"$f":"IF($B$1=2022,'22 Total Revenue - S&L'!E48,0)+IF($B$1=2021,'21 Total Revenue - S&L'!E48,0)+IF($B$1=2020,'20 Total Revenue - S&L'!E48,0)+IF($B$1=2019,'19 Total Revenue - S&L'!E48,0)+IF($B$1=2018,'18 Total Revenue - S&L'!E48,0)+IF($B$1=2017,'17 Total Revenue - S&L'!E48,0)+IF($B$1=2016,'16 Total Revenue - S&L'!E48,0)+IF($B$1=2015,'15 Total Revenue - S&L'!E48,0)+IF($B$1=2014,'14 Total Revenue - S&L'!E48,0)+IF($B$1=2013,'13 Total Revenue - S&L'!E48,0)+IF($B$1=2012,'12 Total Revenue - S&L'!E48,0)+IF($B$1=2011,'11 Total Revenue - S&L'!E48,0)+IF($B$1=2010,'10 Total Revenue - S&L'!E48,0)+IF($B$1=2009,'09 Total Revenue - S&L'!E48,0)+IF($B$1=2008,'08 Total Revenue - S&L'!E48,0)+IF($B$1=2007,'07 Total Revenue - S&L'!E48,0)+IF($B$1=2006,'06 Total Revenue - S&L'!E48,0)+IF($B$1=2005,'05 Total Revenue - S&L'!E48,0)+IF($B$1=2004,'04 Total Revenue - S&L'!E48,0)","v":0},{"$f":"IF($B$1=2022,'22 Total Revenue - S&L'!F48,0)+IF($B$1=2021,'21 Total Revenue - S&L'!F48,0)+IF($B$1=2020,'20 Total Revenue - S&L'!F48,0)+IF($B$1=2019,'19 Total Revenue - S&L'!F48,0)+IF($B$1=2018,'18 Total Revenue - S&L'!F48,0)+IF($B$1=2017,'17 Total Revenue - S&L'!F48,0)+IF($B$1=2016,'16 Total Revenue - S&L'!F48,0)+IF($B$1=2015,'15 Total Revenue - S&L'!F48,0)+IF($B$1=2014,'14 Total Revenue - S&L'!F48,0)+IF($B$1=2013,'13 Total Revenue - S&L'!F48,0)+IF($B$1=2012,'12 Total Revenue - S&L'!F48,0)+IF($B$1=2011,'11 Total Revenue - S&L'!F48,0)+IF($B$1=2010,'10 Total Revenue - S&L'!F48,0)+IF($B$1=2009,'09 Total Revenue - S&L'!F48,0)+IF($B$1=2008,'08 Total Revenue - S&L'!F48,0)+IF($B$1=2007,'07 Total Revenue - S&L'!F48,0)+IF($B$1=2006,'06 Total Revenue - S&L'!F48,0)+IF($B$1=2005,'05 Total Revenue - S&L'!F48,0)+IF($B$1=2004,'04 Total Revenue - S&L'!F48,0)","v":0}]
[null,"Tennessee",{"$f":"IF($B$1=2022,'22 Total Revenue - S&L'!C49,0)+IF($B$1=2021,'21 Total Revenue - S&L'!C49,0)+IF($B$1=2020,'20 Total Revenue - S&L'!C49,0)+IF($B$1=2019,'19 Total Revenue - S&L'!C49,0)+IF($B$1=2018,'18 Total Revenue - S&L'!C49,0)+IF($B$1=2017,'17 Total Revenue - S&L'!C49,0)+IF($B$1=2016,'16 Total Revenue - S&L'!C49,0)+IF($B$1=2015,'15 Total Revenue - S&L'!C49,0)+IF($B$1=2014,'14 Total Revenue - S&L'!C49,0)+IF($B$1=2013,'13 Total Revenue - S&L'!C49,0)+IF($B$1=2012,'12 Total Revenue - S&L'!C49,0)+IF($B$1=2011,'11 Total Revenue - S&L'!C49,0)+IF($B$1=2010,'10 Total Revenue - S&L'!C49,0)+IF($B$1=2009,'09 Total Revenue - S&L'!C49,0)+IF($B$1=2008,'08 Total Revenue - S&L'!C49,0)+IF($B$1=2007,'07 Total Revenue - S&L'!C49,0)+IF($B$1=2006,'06 Total Revenue - S&L'!C49,0)+IF($B$1=2005,'05 Total Revenue - S&L'!C49,0)+IF($B$1=2004,'04 Total Revenue - S&L'!C49,0)","v":0},{"$f":"IF($B$1=2022,'22 Total Revenue - S&L'!D49,0)+IF($B$1=2021,'21 Total Revenue - S&L'!D49,0)+IF($B$1=2020,'20 Total Revenue - S&L'!D49,0)+IF($B$1=2019,'19 Total Revenue - S&L'!D49,0)+IF($B$1=2018,'18 Total Revenue - S&L'!D49,0)+IF($B$1=2017,'17 Total Revenue - S&L'!D49,0)+IF($B$1=2016,'16 Total Revenue - S&L'!D49,0)+IF($B$1=2015,'15 Total Revenue - S&L'!D49,0)+IF($B$1=2014,'14 Total Revenue - S&L'!D49,0)+IF($B$1=2013,'13 Total Revenue - S&L'!D49,0)+IF($B$1=2012,'12 Total Revenue - S&L'!D49,0)+IF($B$1=2011,'11 Total Revenue - S&L'!D49,0)+IF($B$1=2010,'10 Total Revenue - S&L'!D49,0)+IF($B$1=2009,'09 Total Revenue - S&L'!D49,0)+IF($B$1=2008,'08 Total Revenue - S&L'!D49,0)+IF($B$1=2007,'07 Total Revenue - S&L'!D49,0)+IF($B$1=2006,'06 Total Revenue - S&L'!D49,0)+IF($B$1=2005,'05 Total Revenue - S&L'!D49,0)+IF($B$1=2004,'04 Total Revenue - S&L'!D49,0)","v":0},{"$f":"IF($B$1=2022,'22 Total Revenue - S&L'!E49,0)+IF($B$1=2021,'21 Total Revenue - S&L'!E49,0)+IF($B$1=2020,'20 Total Revenue - S&L'!E49,0)+IF($B$1=2019,'19 Total Revenue - S&L'!E49,0)+IF($B$1=2018,'18 Total Revenue - S&L'!E49,0)+IF($B$1=2017,'17 Total Revenue - S&L'!E49,0)+IF($B$1=2016,'16 Total Revenue - S&L'!E49,0)+IF($B$1=2015,'15 Total Revenue - S&L'!E49,0)+IF($B$1=2014,'14 Total Revenue - S&L'!E49,0)+IF($B$1=2013,'13 Total Revenue - S&L'!E49,0)+IF($B$1=2012,'12 Total Revenue - S&L'!E49,0)+IF($B$1=2011,'11 Total Revenue - S&L'!E49,0)+IF($B$1=2010,'10 Total Revenue - S&L'!E49,0)+IF($B$1=2009,'09 Total Revenue - S&L'!E49,0)+IF($B$1=2008,'08 Total Revenue - S&L'!E49,0)+IF($B$1=2007,'07 Total Revenue - S&L'!E49,0)+IF($B$1=2006,'06 Total Revenue - S&L'!E49,0)+IF($B$1=2005,'05 Total Revenue - S&L'!E49,0)+IF($B$1=2004,'04 Total Revenue - S&L'!E49,0)","v":0},{"$f":"IF($B$1=2022,'22 Total Revenue - S&L'!F49,0)+IF($B$1=2021,'21 Total Revenue - S&L'!F49,0)+IF($B$1=2020,'20 Total Revenue - S&L'!F49,0)+IF($B$1=2019,'19 Total Revenue - S&L'!F49,0)+IF($B$1=2018,'18 Total Revenue - S&L'!F49,0)+IF($B$1=2017,'17 Total Revenue - S&L'!F49,0)+IF($B$1=2016,'16 Total Revenue - S&L'!F49,0)+IF($B$1=2015,'15 Total Revenue - S&L'!F49,0)+IF($B$1=2014,'14 Total Revenue - S&L'!F49,0)+IF($B$1=2013,'13 Total Revenue - S&L'!F49,0)+IF($B$1=2012,'12 Total Revenue - S&L'!F49,0)+IF($B$1=2011,'11 Total Revenue - S&L'!F49,0)+IF($B$1=2010,'10 Total Revenue - S&L'!F49,0)+IF($B$1=2009,'09 Total Revenue - S&L'!F49,0)+IF($B$1=2008,'08 Total Revenue - S&L'!F49,0)+IF($B$1=2007,'07 Total Revenue - S&L'!F49,0)+IF($B$1=2006,'06 Total Revenue - S&L'!F49,0)+IF($B$1=2005,'05 Total Revenue - S&L'!F49,0)+IF($B$1=2004,'04 Total Revenue - S&L'!F49,0)","v":0}]
[null,"Texas",{"$f":"IF($B$1=2022,'22 Total Revenue - S&L'!C50,0)+IF($B$1=2021,'21 Total Revenue - S&L'!C50,0)+IF($B$1=2020,'20 Total Revenue - S&L'!C50,0)+IF($B$1=2019,'19 Total Revenue - S&L'!C50,0)+IF($B$1=2018,'18 Total Revenue - S&L'!C50,0)+IF($B$1=2017,'17 Total Revenue - S&L'!C50,0)+IF($B$1=2016,'16 Total Revenue - S&L'!C50,0)+IF($B$1=2015,'15 Total Revenue - S&L'!C50,0)+IF($B$1=2014,'14 Total Revenue - S&L'!C50,0)+IF($B$1=2013,'13 Total Revenue - S&L'!C50,0)+IF($B$1=2012,'12 Total Revenue - S&L'!C50,0)+IF($B$1=2011,'11 Total Revenue - S&L'!C50,0)+IF($B$1=2010,'10 Total Revenue - S&L'!C50,0)+IF($B$1=2009,'09 Total Revenue - S&L'!C50,0)+IF($B$1=2008,'08 Total Revenue - S&L'!C50,0)+IF($B$1=2007,'07 Total Revenue - S&L'!C50,0)+IF($B$1=2006,'06 Total Revenue - S&L'!C50,0)+IF($B$1=2005,'05 Total Revenue - S&L'!C50,0)+IF($B$1=2004,'04 Total Revenue - S&L'!C50,0)","v":0},{"$f":"IF($B$1=2022,'22 Total Revenue - S&L'!D50,0)+IF($B$1=2021,'21 Total Revenue - S&L'!D50,0)+IF($B$1=2020,'20 Total Revenue - S&L'!D50,0)+IF($B$1=2019,'19 Total Revenue - S&L'!D50,0)+IF($B$1=2018,'18 Total Revenue - S&L'!D50,0)+IF($B$1=2017,'17 Total Revenue - S&L'!D50,0)+IF($B$1=2016,'16 Total Revenue - S&L'!D50,0)+IF($B$1=2015,'15 Total Revenue - S&L'!D50,0)+IF($B$1=2014,'14 Total Revenue - S&L'!D50,0)+IF($B$1=2013,'13 Total Revenue - S&L'!D50,0)+IF($B$1=2012,'12 Total Revenue - S&L'!D50,0)+IF($B$1=2011,'11 Total Revenue - S&L'!D50,0)+IF($B$1=2010,'10 Total Revenue - S&L'!D50,0)+IF($B$1=2009,'09 Total Revenue - S&L'!D50,0)+IF($B$1=2008,'08 Total Revenue - S&L'!D50,0)+IF($B$1=2007,'07 Total Revenue - S&L'!D50,0)+IF($B$1=2006,'06 Total Revenue - S&L'!D50,0)+IF($B$1=2005,'05 Total Revenue - S&L'!D50,0)+IF($B$1=2004,'04 Total Revenue - S&L'!D50,0)","v":0},{"$f":"IF($B$1=2022,'22 Total Revenue - S&L'!E50,0)+IF($B$1=2021,'21 Total Revenue - S&L'!E50,0)+IF($B$1=2020,'20 Total Revenue - S&L'!E50,0)+IF($B$1=2019,'19 Total Revenue - S&L'!E50,0)+IF($B$1=2018,'18 Total Revenue - S&L'!E50,0)+IF($B$1=2017,'17 Total Revenue - S&L'!E50,0)+IF($B$1=2016,'16 Total Revenue - S&L'!E50,0)+IF($B$1=2015,'15 Total Revenue - S&L'!E50,0)+IF($B$1=2014,'14 Total Revenue - S&L'!E50,0)+IF($B$1=2013,'13 Total Revenue - S&L'!E50,0)+IF($B$1=2012,'12 Total Revenue - S&L'!E50,0)+IF($B$1=2011,'11 Total Revenue - S&L'!E50,0)+IF($B$1=2010,'10 Total Revenue - S&L'!E50,0)+IF($B$1=2009,'09 Total Revenue - S&L'!E50,0)+IF($B$1=2008,'08 Total Revenue - S&L'!E50,0)+IF($B$1=2007,'07 Total Revenue - S&L'!E50,0)+IF($B$1=2006,'06 Total Revenue - S&L'!E50,0)+IF($B$1=2005,'05 Total Revenue - S&L'!E50,0)+IF($B$1=2004,'04 Total Revenue - S&L'!E50,0)","v":0},{"$f":"IF($B$1=2022,'22 Total Revenue - S&L'!F50,0)+IF($B$1=2021,'21 Total Revenue - S&L'!F50,0)+IF($B$1=2020,'20 Total Revenue - S&L'!F50,0)+IF($B$1=2019,'19 Total Revenue - S&L'!F50,0)+IF($B$1=2018,'18 Total Revenue - S&L'!F50,0)+IF($B$1=2017,'17 Total Revenue - S&L'!F50,0)+IF($B$1=2016,'16 Total Revenue - S&L'!F50,0)+IF($B$1=2015,'15 Total Revenue - S&L'!F50,0)+IF($B$1=2014,'14 Total Revenue - S&L'!F50,0)+IF($B$1=2013,'13 Total Revenue - S&L'!F50,0)+IF($B$1=2012,'12 Total Revenue - S&L'!F50,0)+IF($B$1=2011,'11 Total Revenue - S&L'!F50,0)+IF($B$1=2010,'10 Total Revenue - S&L'!F50,0)+IF($B$1=2009,'09 Total Revenue - S&L'!F50,0)+IF($B$1=2008,'08 Total Revenue - S&L'!F50,0)+IF($B$1=2007,'07 Total Revenue - S&L'!F50,0)+IF($B$1=2006,'06 Total Revenue - S&L'!F50,0)+IF($B$1=2005,'05 Total Revenue - S&L'!F50,0)+IF($B$1=2004,'04 Total Revenue - S&L'!F50,0)","v":0}]
[null,"Utah",{"$f":"IF($B$1=2022,'22 Total Revenue - S&L'!C51,0)+IF($B$1=2021,'21 Total Revenue - S&L'!C51,0)+IF($B$1=2020,'20 Total Revenue - S&L'!C51,0)+IF($B$1=2019,'19 Total Revenue - S&L'!C51,0)+IF($B$1=2018,'18 Total Revenue - S&L'!C51,0)+IF($B$1=2017,'17 Total Revenue - S&L'!C51,0)+IF($B$1=2016,'16 Total Revenue - S&L'!C51,0)+IF($B$1=2015,'15 Total Revenue - S&L'!C51,0)+IF($B$1=2014,'14 Total Revenue - S&L'!C51,0)+IF($B$1=2013,'13 Total Revenue - S&L'!C51,0)+IF($B$1=2012,'12 Total Revenue - S&L'!C51,0)+IF($B$1=2011,'11 Total Revenue - S&L'!C51,0)+IF($B$1=2010,'10 Total Revenue - S&L'!C51,0)+IF($B$1=2009,'09 Total Revenue - S&L'!C51,0)+IF($B$1=2008,'08 Total Revenue - S&L'!C51,0)+IF($B$1=2007,'07 Total Revenue - S&L'!C51,0)+IF($B$1=2006,'06 Total Revenue - S&L'!C51,0)+IF($B$1=2005,'05 Total Revenue - S&L'!C51,0)+IF($B$1=2004,'04 Total Revenue - S&L'!C51,0)","v":0},{"$f":"IF($B$1=2022,'22 Total Revenue - S&L'!D51,0)+IF($B$1=2021,'21 Total Revenue - S&L'!D51,0)+IF($B$1=2020,'20 Total Revenue - S&L'!D51,0)+IF($B$1=2019,'19 Total Revenue - S&L'!D51,0)+IF($B$1=2018,'18 Total Revenue - S&L'!D51,0)+IF($B$1=2017,'17 Total Revenue - S&L'!D51,0)+IF($B$1=2016,'16 Total Revenue - S&L'!D51,0)+IF($B$1=2015,'15 Total Revenue - S&L'!D51,0)+IF($B$1=2014,'14 Total Revenue - S&L'!D51,0)+IF($B$1=2013,'13 Total Revenue - S&L'!D51,0)+IF($B$1=2012,'12 Total Revenue - S&L'!D51,0)+IF($B$1=2011,'11 Total Revenue - S&L'!D51,0)+IF($B$1=2010,'10 Total Revenue - S&L'!D51,0)+IF($B$1=2009,'09 Total Revenue - S&L'!D51,0)+IF($B$1=2008,'08 Total Revenue - S&L'!D51,0)+IF($B$1=2007,'07 Total Revenue - S&L'!D51,0)+IF($B$1=2006,'06 Total Revenue - S&L'!D51,0)+IF($B$1=2005,'05 Total Revenue - S&L'!D51,0)+IF($B$1=2004,'04 Total Revenue - S&L'!D51,0)","v":0},{"$f":"IF($B$1=2022,'22 Total Revenue - S&L'!E51,0)+IF($B$1=2021,'21 Total Revenue - S&L'!E51,0)+IF($B$1=2020,'20 Total Revenue - S&L'!E51,0)+IF($B$1=2019,'19 Total Revenue - S&L'!E51,0)+IF($B$1=2018,'18 Total Revenue - S&L'!E51,0)+IF($B$1=2017,'17 Total Revenue - S&L'!E51,0)+IF($B$1=2016,'16 Total Revenue - S&L'!E51,0)+IF($B$1=2015,'15 Total Revenue - S&L'!E51,0)+IF($B$1=2014,'14 Total Revenue - S&L'!E51,0)+IF($B$1=2013,'13 Total Revenue - S&L'!E51,0)+IF($B$1=2012,'12 Total Revenue - S&L'!E51,0)+IF($B$1=2011,'11 Total Revenue - S&L'!E51,0)+IF($B$1=2010,'10 Total Revenue - S&L'!E51,0)+IF($B$1=2009,'09 Total Revenue - S&L'!E51,0)+IF($B$1=2008,'08 Total Revenue - S&L'!E51,0)+IF($B$1=2007,'07 Total Revenue - S&L'!E51,0)+IF($B$1=2006,'06 Total Revenue - S&L'!E51,0)+IF($B$1=2005,'05 Total Revenue - S&L'!E51,0)+IF($B$1=2004,'04 Total Revenue - S&L'!E51,0)","v":0},{"$f":"IF($B$1=2022,'22 Total Revenue - S&L'!F51,0)+IF($B$1=2021,'21 Total Revenue - S&L'!F51,0)+IF($B$1=2020,'20 Total Revenue - S&L'!F51,0)+IF($B$1=2019,'19 Total Revenue - S&L'!F51,0)+IF($B$1=2018,'18 Total Revenue - S&L'!F51,0)+IF($B$1=2017,'17 Total Revenue - S&L'!F51,0)+IF($B$1=2016,'16 Total Revenue - S&L'!F51,0)+IF($B$1=2015,'15 Total Revenue - S&L'!F51,0)+IF($B$1=2014,'14 Total Revenue - S&L'!F51,0)+IF($B$1=2013,'13 Total Revenue - S&L'!F51,0)+IF($B$1=2012,'12 Total Revenue - S&L'!F51,0)+IF($B$1=2011,'11 Total Revenue - S&L'!F51,0)+IF($B$1=2010,'10 Total Revenue - S&L'!F51,0)+IF($B$1=2009,'09 Total Revenue - S&L'!F51,0)+IF($B$1=2008,'08 Total Revenue - S&L'!F51,0)+IF($B$1=2007,'07 Total Revenue - S&L'!F51,0)+IF($B$1=2006,'06 Total Revenue - S&L'!F51,0)+IF($B$1=2005,'05 Total Revenue - S&L'!F51,0)+IF($B$1=2004,'04 Total Revenue - S&L'!F51,0)","v":0}]
[null,"Vermont",{"$f":"IF($B$1=2022,'22 Total Revenue - S&L'!C52,0)+IF($B$1=2021,'21 Total Revenue - S&L'!C52,0)+IF($B$1=2020,'20 Total Revenue - S&L'!C52,0)+IF($B$1=2019,'19 Total Revenue - S&L'!C52,0)+IF($B$1=2018,'18 Total Revenue - S&L'!C52,0)+IF($B$1=2017,'17 Total Revenue - S&L'!C52,0)+IF($B$1=2016,'16 Total Revenue - S&L'!C52,0)+IF($B$1=2015,'15 Total Revenue - S&L'!C52,0)+IF($B$1=2014,'14 Total Revenue - S&L'!C52,0)+IF($B$1=2013,'13 Total Revenue - S&L'!C52,0)+IF($B$1=2012,'12 Total Revenue - S&L'!C52,0)+IF($B$1=2011,'11 Total Revenue - S&L'!C52,0)+IF($B$1=2010,'10 Total Revenue - S&L'!C52,0)+IF($B$1=2009,'09 Total Revenue - S&L'!C52,0)+IF($B$1=2008,'08 Total Revenue - S&L'!C52,0)+IF($B$1=2007,'07 Total Revenue - S&L'!C52,0)+IF($B$1=2006,'06 Total Revenue - S&L'!C52,0)+IF($B$1=2005,'05 Total Revenue - S&L'!C52,0)+IF($B$1=2004,'04 Total Revenue - S&L'!C52,0)","v":0},{"$f":"IF($B$1=2022,'22 Total Revenue - S&L'!D52,0)+IF($B$1=2021,'21 Total Revenue - S&L'!D52,0)+IF($B$1=2020,'20 Total Revenue - S&L'!D52,0)+IF($B$1=2019,'19 Total Revenue - S&L'!D52,0)+IF($B$1=2018,'18 Total Revenue - S&L'!D52,0)+IF($B$1=2017,'17 Total Revenue - S&L'!D52,0)+IF($B$1=2016,'16 Total Revenue - S&L'!D52,0)+IF($B$1=2015,'15 Total Revenue - S&L'!D52,0)+IF($B$1=2014,'14 Total Revenue - S&L'!D52,0)+IF($B$1=2013,'13 Total Revenue - S&L'!D52,0)+IF($B$1=2012,'12 Total Revenue - S&L'!D52,0)+IF($B$1=2011,'11 Total Revenue - S&L'!D52,0)+IF($B$1=2010,'10 Total Revenue - S&L'!D52,0)+IF($B$1=2009,'09 Total Revenue - S&L'!D52,0)+IF($B$1=2008,'08 Total Revenue - S&L'!D52,0)+IF($B$1=2007,'07 Total Revenue - S&L'!D52,0)+IF($B$1=2006,'06 Total Revenue - S&L'!D52,0)+IF($B$1=2005,'05 Total Revenue - S&L'!D52,0)+IF($B$1=2004,'04 Total Revenue - S&L'!D52,0)","v":0},{"$f":"IF($B$1=2022,'22 Total Revenue - S&L'!E52,0)+IF($B$1=2021,'21 Total Revenue - S&L'!E52,0)+IF($B$1=2020,'20 Total Revenue - S&L'!E52,0)+IF($B$1=2019,'19 Total Revenue - S&L'!E52,0)+IF($B$1=2018,'18 Total Revenue - S&L'!E52,0)+IF($B$1=2017,'17 Total Revenue - S&L'!E52,0)+IF($B$1=2016,'16 Total Revenue - S&L'!E52,0)+IF($B$1=2015,'15 Total Revenue - S&L'!E52,0)+IF($B$1=2014,'14 Total Revenue - S&L'!E52,0)+IF($B$1=2013,'13 Total Revenue - S&L'!E52,0)+IF($B$1=2012,'12 Total Revenue - S&L'!E52,0)+IF($B$1=2011,'11 Total Revenue - S&L'!E52,0)+IF($B$1=2010,'10 Total Revenue - S&L'!E52,0)+IF($B$1=2009,'09 Total Revenue - S&L'!E52,0)+IF($B$1=2008,'08 Total Revenue - S&L'!E52,0)+IF($B$1=2007,'07 Total Revenue - S&L'!E52,0)+IF($B$1=2006,'06 Total Revenue - S&L'!E52,0)+IF($B$1=2005,'05 Total Revenue - S&L'!E52,0)+IF($B$1=2004,'04 Total Revenue - S&L'!E52,0)","v":0},{"$f":"IF($B$1=2022,'22 Total Revenue - S&L'!F52,0)+IF($B$1=2021,'21 Total Revenue - S&L'!F52,0)+IF($B$1=2020,'20 Total Revenue - S&L'!F52,0)+IF($B$1=2019,'19 Total Revenue - S&L'!F52,0)+IF($B$1=2018,'18 Total Revenue - S&L'!F52,0)+IF($B$1=2017,'17 Total Revenue - S&L'!F52,0)+IF($B$1=2016,'16 Total Revenue - S&L'!F52,0)+IF($B$1=2015,'15 Total Revenue - S&L'!F52,0)+IF($B$1=2014,'14 Total Revenue - S&L'!F52,0)+IF($B$1=2013,'13 Total Revenue - S&L'!F52,0)+IF($B$1=2012,'12 Total Revenue - S&L'!F52,0)+IF($B$1=2011,'11 Total Revenue - S&L'!F52,0)+IF($B$1=2010,'10 Total Revenue - S&L'!F52,0)+IF($B$1=2009,'09 Total Revenue - S&L'!F52,0)+IF($B$1=2008,'08 Total Revenue - S&L'!F52,0)+IF($B$1=2007,'07 Total Revenue - S&L'!F52,0)+IF($B$1=2006,'06 Total Revenue - S&L'!F52,0)+IF($B$1=2005,'05 Total Revenue - S&L'!F52,0)+IF($B$1=2004,'04 Total Revenue - S&L'!F52,0)","v":0}]
[null,"Virginia",{"$f":"IF($B$1=2022,'22 Total Revenue - S&L'!C53,0)+IF($B$1=2021,'21 Total Revenue - S&L'!C53,0)+IF($B$1=2020,'20 Total Revenue - S&L'!C53,0)+IF($B$1=2019,'19 Total Revenue - S&L'!C53,0)+IF($B$1=2018,'18 Total Revenue - S&L'!C53,0)+IF($B$1=2017,'17 Total Revenue - S&L'!C53,0)+IF($B$1=2016,'16 Total Revenue - S&L'!C53,0)+IF($B$1=2015,'15 Total Revenue - S&L'!C53,0)+IF($B$1=2014,'14 Total Revenue - S&L'!C53,0)+IF($B$1=2013,'13 Total Revenue - S&L'!C53,0)+IF($B$1=2012,'12 Total Revenue - S&L'!C53,0)+IF($B$1=2011,'11 Total Revenue - S&L'!C53,0)+IF($B$1=2010,'10 Total Revenue - S&L'!C53,0)+IF($B$1=2009,'09 Total Revenue - S&L'!C53,0)+IF($B$1=2008,'08 Total Revenue - S&L'!C53,0)+IF($B$1=2007,'07 Total Revenue - S&L'!C53,0)+IF($B$1=2006,'06 Total Revenue - S&L'!C53,0)+IF($B$1=2005,'05 Total Revenue - S&L'!C53,0)+IF($B$1=2004,'04 Total Revenue - S&L'!C53,0)","v":0},{"$f":"IF($B$1=2022,'22 Total Revenue - S&L'!D53,0)+IF($B$1=2021,'21 Total Revenue - S&L'!D53,0)+IF($B$1=2020,'20 Total Revenue - S&L'!D53,0)+IF($B$1=2019,'19 Total Revenue - S&L'!D53,0)+IF($B$1=2018,'18 Total Revenue - S&L'!D53,0)+IF($B$1=2017,'17 Total Revenue - S&L'!D53,0)+IF($B$1=2016,'16 Total Revenue - S&L'!D53,0)+IF($B$1=2015,'15 Total Revenue - S&L'!D53,0)+IF($B$1=2014,'14 Total Revenue - S&L'!D53,0)+IF($B$1=2013,'13 Total Revenue - S&L'!D53,0)+IF($B$1=2012,'12 Total Revenue - S&L'!D53,0)+IF($B$1=2011,'11 Total Revenue - S&L'!D53,0)+IF($B$1=2010,'10 Total Revenue - S&L'!D53,0)+IF($B$1=2009,'09 Total Revenue - S&L'!D53,0)+IF($B$1=2008,'08 Total Revenue - S&L'!D53,0)+IF($B$1=2007,'07 Total Revenue - S&L'!D53,0)+IF($B$1=2006,'06 Total Revenue - S&L'!D53,0)+IF($B$1=2005,'05 Total Revenue - S&L'!D53,0)+IF($B$1=2004,'04 Total Revenue - S&L'!D53,0)","v":0},{"$f":"IF($B$1=2022,'22 Total Revenue - S&L'!E53,0)+IF($B$1=2021,'21 Total Revenue - S&L'!E53,0)+IF($B$1=2020,'20 Total Revenue - S&L'!E53,0)+IF($B$1=2019,'19 Total Revenue - S&L'!E53,0)+IF($B$1=2018,'18 Total Revenue - S&L'!E53,0)+IF($B$1=2017,'17 Total Revenue - S&L'!E53,0)+IF($B$1=2016,'16 Total Revenue - S&L'!E53,0)+IF($B$1=2015,'15 Total Revenue - S&L'!E53,0)+IF($B$1=2014,'14 Total Revenue - S&L'!E53,0)+IF($B$1=2013,'13 Total Revenue - S&L'!E53,0)+IF($B$1=2012,'12 Total Revenue - S&L'!E53,0)+IF($B$1=2011,'11 Total Revenue - S&L'!E53,0)+IF($B$1=2010,'10 Total Revenue - S&L'!E53,0)+IF($B$1=2009,'09 Total Revenue - S&L'!E53,0)+IF($B$1=2008,'08 Total Revenue - S&L'!E53,0)+IF($B$1=2007,'07 Total Revenue - S&L'!E53,0)+IF($B$1=2006,'06 Total Revenue - S&L'!E53,0)+IF($B$1=2005,'05 Total Revenue - S&L'!E53,0)+IF($B$1=2004,'04 Total Revenue - S&L'!E53,0)","v":0},{"$f":"IF($B$1=2022,'22 Total Revenue - S&L'!F53,0)+IF($B$1=2021,'21 Total Revenue - S&L'!F53,0)+IF($B$1=2020,'20 Total Revenue - S&L'!F53,0)+IF($B$1=2019,'19 Total Revenue - S&L'!F53,0)+IF($B$1=2018,'18 Total Revenue - S&L'!F53,0)+IF($B$1=2017,'17 Total Revenue - S&L'!F53,0)+IF($B$1=2016,'16 Total Revenue - S&L'!F53,0)+IF($B$1=2015,'15 Total Revenue - S&L'!F53,0)+IF($B$1=2014,'14 Total Revenue - S&L'!F53,0)+IF($B$1=2013,'13 Total Revenue - S&L'!F53,0)+IF($B$1=2012,'12 Total Revenue - S&L'!F53,0)+IF($B$1=2011,'11 Total Revenue - S&L'!F53,0)+IF($B$1=2010,'10 Total Revenue - S&L'!F53,0)+IF($B$1=2009,'09 Total Revenue - S&L'!F53,0)+IF($B$1=2008,'08 Total Revenue - S&L'!F53,0)+IF($B$1=2007,'07 Total Revenue - S&L'!F53,0)+IF($B$1=2006,'06 Total Revenue - S&L'!F53,0)+IF($B$1=2005,'05 Total Revenue - S&L'!F53,0)+IF($B$1=2004,'04 Total Revenue - S&L'!F53,0)","v":0}]
[null,"Washington",{"$f":"IF($B$1=2022,'22 Total Revenue - S&L'!C54,0)+IF($B$1=2021,'21 Total Revenue - S&L'!C54,0)+IF($B$1=2020,'20 Total Revenue - S&L'!C54,0)+IF($B$1=2019,'19 Total Revenue - S&L'!C54,0)+IF($B$1=2018,'18 Total Revenue - S&L'!C54,0)+IF($B$1=2017,'17 Total Revenue - S&L'!C54,0)+IF($B$1=2016,'16 Total Revenue - S&L'!C54,0)+IF($B$1=2015,'15 Total Revenue - S&L'!C54,0)+IF($B$1=2014,'14 Total Revenue - S&L'!C54,0)+IF($B$1=2013,'13 Total Revenue - S&L'!C54,0)+IF($B$1=2012,'12 Total Revenue - S&L'!C54,0)+IF($B$1=2011,'11 Total Revenue - S&L'!C54,0)+IF($B$1=2010,'10 Total Revenue - S&L'!C54,0)+IF($B$1=2009,'09 Total Revenue - S&L'!C54,0)+IF($B$1=2008,'08 Total Revenue - S&L'!C54,0)+IF($B$1=2007,'07 Total Revenue - S&L'!C54,0)+IF($B$1=2006,'06 Total Revenue - S&L'!C54,0)+IF($B$1=2005,'05 Total Revenue - S&L'!C54,0)+IF($B$1=2004,'04 Total Revenue - S&L'!C54,0)","v":0},{"$f":"IF($B$1=2022,'22 Total Revenue - S&L'!D54,0)+IF($B$1=2021,'21 Total Revenue - S&L'!D54,0)+IF($B$1=2020,'20 Total Revenue - S&L'!D54,0)+IF($B$1=2019,'19 Total Revenue - S&L'!D54,0)+IF($B$1=2018,'18 Total Revenue - S&L'!D54,0)+IF($B$1=2017,'17 Total Revenue - S&L'!D54,0)+IF($B$1=2016,'16 Total Revenue - S&L'!D54,0)+IF($B$1=2015,'15 Total Revenue - S&L'!D54,0)+IF($B$1=2014,'14 Total Revenue - S&L'!D54,0)+IF($B$1=2013,'13 Total Revenue - S&L'!D54,0)+IF($B$1=2012,'12 Total Revenue - S&L'!D54,0)+IF($B$1=2011,'11 Total Revenue - S&L'!D54,0)+IF($B$1=2010,'10 Total Revenue - S&L'!D54,0)+IF($B$1=2009,'09 Total Revenue - S&L'!D54,0)+IF($B$1=2008,'08 Total Revenue - S&L'!D54,0)+IF($B$1=2007,'07 Total Revenue - S&L'!D54,0)+IF($B$1=2006,'06 Total Revenue - S&L'!D54,0)+IF($B$1=2005,'05 Total Revenue - S&L'!D54,0)+IF($B$1=2004,'04 Total Revenue - S&L'!D54,0)","v":0},{"$f":"IF($B$1=2022,'22 Total Revenue - S&L'!E54,0)+IF($B$1=2021,'21 Total Revenue - S&L'!E54,0)+IF($B$1=2020,'20 Total Revenue - S&L'!E54,0)+IF($B$1=2019,'19 Total Revenue - S&L'!E54,0)+IF($B$1=2018,'18 Total Revenue - S&L'!E54,0)+IF($B$1=2017,'17 Total Revenue - S&L'!E54,0)+IF($B$1=2016,'16 Total Revenue - S&L'!E54,0)+IF($B$1=2015,'15 Total Revenue - S&L'!E54,0)+IF($B$1=2014,'14 Total Revenue - S&L'!E54,0)+IF($B$1=2013,'13 Total Revenue - S&L'!E54,0)+IF($B$1=2012,'12 Total Revenue - S&L'!E54,0)+IF($B$1=2011,'11 Total Revenue - S&L'!E54,0)+IF($B$1=2010,'10 Total Revenue - S&L'!E54,0)+IF($B$1=2009,'09 Total Revenue - S&L'!E54,0)+IF($B$1=2008,'08 Total Revenue - S&L'!E54,0)+IF($B$1=2007,'07 Total Revenue - S&L'!E54,0)+IF($B$1=2006,'06 Total Revenue - S&L'!E54,0)+IF($B$1=2005,'05 Total Revenue - S&L'!E54,0)+IF($B$1=2004,'04 Total Revenue - S&L'!E54,0)","v":0},{"$f":"IF($B$1=2022,'22 Total Revenue - S&L'!F54,0)+IF($B$1=2021,'21 Total Revenue - S&L'!F54,0)+IF($B$1=2020,'20 Total Revenue - S&L'!F54,0)+IF($B$1=2019,'19 Total Revenue - S&L'!F54,0)+IF($B$1=2018,'18 Total Revenue - S&L'!F54,0)+IF($B$1=2017,'17 Total Revenue - S&L'!F54,0)+IF($B$1=2016,'16 Total Revenue - S&L'!F54,0)+IF($B$1=2015,'15 Total Revenue - S&L'!F54,0)+IF($B$1=2014,'14 Total Revenue - S&L'!F54,0)+IF($B$1=2013,'13 Total Revenue - S&L'!F54,0)+IF($B$1=2012,'12 Total Revenue - S&L'!F54,0)+IF($B$1=2011,'11 Total Revenue - S&L'!F54,0)+IF($B$1=2010,'10 Total Revenue - S&L'!F54,0)+IF($B$1=2009,'09 Total Revenue - S&L'!F54,0)+IF($B$1=2008,'08 Total Revenue - S&L'!F54,0)+IF($B$1=2007,'07 Total Revenue - S&L'!F54,0)+IF($B$1=2006,'06 Total Revenue - S&L'!F54,0)+IF($B$1=2005,'05 Total Revenue - S&L'!F54,0)+IF($B$1=2004,'04 Total Revenue - S&L'!F54,0)","v":0}]
[null,"West Virginia",{"$f":"IF($B$1=2022,'22 Total Revenue - S&L'!C55,0)+IF($B$1=2021,'21 Total Revenue - S&L'!C55,0)+IF($B$1=2020,'20 Total Revenue - S&L'!C55,0)+IF($B$1=2019,'19 Total Revenue - S&L'!C55,0)+IF($B$1=2018,'18 Total Revenue - S&L'!C55,0)+IF($B$1=2017,'17 Total Revenue - S&L'!C55,0)+IF($B$1=2016,'16 Total Revenue - S&L'!C55,0)+IF($B$1=2015,'15 Total Revenue - S&L'!C55,0)+IF($B$1=2014,'14 Total Revenue - S&L'!C55,0)+IF($B$1=2013,'13 Total Revenue - S&L'!C55,0)+IF($B$1=2012,'12 Total Revenue - S&L'!C55,0)+IF($B$1=2011,'11 Total Revenue - S&L'!C55,0)+IF($B$1=2010,'10 Total Revenue - S&L'!C55,0)+IF($B$1=2009,'09 Total Revenue - S&L'!C55,0)+IF($B$1=2008,'08 Total Revenue - S&L'!C55,0)+IF($B$1=2007,'07 Total Revenue - S&L'!C55,0)+IF($B$1=2006,'06 Total Revenue - S&L'!C55,0)+IF($B$1=2005,'05 Total Revenue - S&L'!C55,0)+IF($B$1=2004,'04 Total Revenue - S&L'!C55,0)","v":0},{"$f":"IF($B$1=2022,'22 Total Revenue - S&L'!D55,0)+IF($B$1=2021,'21 Total Revenue - S&L'!D55,0)+IF($B$1=2020,'20 Total Revenue - S&L'!D55,0)+IF($B$1=2019,'19 Total Revenue - S&L'!D55,0)+IF($B$1=2018,'18 Total Revenue - S&L'!D55,0)+IF($B$1=2017,'17 Total Revenue - S&L'!D55,0)+IF($B$1=2016,'16 Total Revenue - S&L'!D55,0)+IF($B$1=2015,'15 Total Revenue - S&L'!D55,0)+IF($B$1=2014,'14 Total Revenue - S&L'!D55,0)+IF($B$1=2013,'13 Total Revenue - S&L'!D55,0)+IF($B$1=2012,'12 Total Revenue - S&L'!D55,0)+IF($B$1=2011,'11 Total Revenue - S&L'!D55,0)+IF($B$1=2010,'10 Total Revenue - S&L'!D55,0)+IF($B$1=2009,'09 Total Revenue - S&L'!D55,0)+IF($B$1=2008,'08 Total Revenue - S&L'!D55,0)+IF($B$1=2007,'07 Total Revenue - S&L'!D55,0)+IF($B$1=2006,'06 Total Revenue - S&L'!D55,0)+IF($B$1=2005,'05 Total Revenue - S&L'!D55,0)+IF($B$1=2004,'04 Total Revenue - S&L'!D55,0)","v":0},{"$f":"IF($B$1=2022,'22 Total Revenue - S&L'!E55,0)+IF($B$1=2021,'21 Total Revenue - S&L'!E55,0)+IF($B$1=2020,'20 Total Revenue - S&L'!E55,0)+IF($B$1=2019,'19 Total Revenue - S&L'!E55,0)+IF($B$1=2018,'18 Total Revenue - S&L'!E55,0)+IF($B$1=2017,'17 Total Revenue - S&L'!E55,0)+IF($B$1=2016,'16 Total Revenue - S&L'!E55,0)+IF($B$1=2015,'15 Total Revenue - S&L'!E55,0)+IF($B$1=2014,'14 Total Revenue - S&L'!E55,0)+IF($B$1=2013,'13 Total Revenue - S&L'!E55,0)+IF($B$1=2012,'12 Total Revenue - S&L'!E55,0)+IF($B$1=2011,'11 Total Revenue - S&L'!E55,0)+IF($B$1=2010,'10 Total Revenue - S&L'!E55,0)+IF($B$1=2009,'09 Total Revenue - S&L'!E55,0)+IF($B$1=2008,'08 Total Revenue - S&L'!E55,0)+IF($B$1=2007,'07 Total Revenue - S&L'!E55,0)+IF($B$1=2006,'06 Total Revenue - S&L'!E55,0)+IF($B$1=2005,'05 Total Revenue - S&L'!E55,0)+IF($B$1=2004,'04 Total Revenue - S&L'!E55,0)","v":0},{"$f":"IF($B$1=2022,'22 Total Revenue - S&L'!F55,0)+IF($B$1=2021,'21 Total Revenue - S&L'!F55,0)+IF($B$1=2020,'20 Total Revenue - S&L'!F55,0)+IF($B$1=2019,'19 Total Revenue - S&L'!F55,0)+IF($B$1=2018,'18 Total Revenue - S&L'!F55,0)+IF($B$1=2017,'17 Total Revenue - S&L'!F55,0)+IF($B$1=2016,'16 Total Revenue - S&L'!F55,0)+IF($B$1=2015,'15 Total Revenue - S&L'!F55,0)+IF($B$1=2014,'14 Total Revenue - S&L'!F55,0)+IF($B$1=2013,'13 Total Revenue - S&L'!F55,0)+IF($B$1=2012,'12 Total Revenue - S&L'!F55,0)+IF($B$1=2011,'11 Total Revenue - S&L'!F55,0)+IF($B$1=2010,'10 Total Revenue - S&L'!F55,0)+IF($B$1=2009,'09 Total Revenue - S&L'!F55,0)+IF($B$1=2008,'08 Total Revenue - S&L'!F55,0)+IF($B$1=2007,'07 Total Revenue - S&L'!F55,0)+IF($B$1=2006,'06 Total Revenue - S&L'!F55,0)+IF($B$1=2005,'05 Total Revenue - S&L'!F55,0)+IF($B$1=2004,'04 Total Revenue - S&L'!F55,0)","v":0}]
[null,"Wisconsin",{"$f":"IF($B$1=2022,'22 Total Revenue - S&L'!C56,0)+IF($B$1=2021,'21 Total Revenue - S&L'!C56,0)+IF($B$1=2020,'20 Total Revenue - S&L'!C56,0)+IF($B$1=2019,'19 Total Revenue - S&L'!C56,0)+IF($B$1=2018,'18 Total Revenue - S&L'!C56,0)+IF($B$1=2017,'17 Total Revenue - S&L'!C56,0)+IF($B$1=2016,'16 Total Revenue - S&L'!C56,0)+IF($B$1=2015,'15 Total Revenue - S&L'!C56,0)+IF($B$1=2014,'14 Total Revenue - S&L'!C56,0)+IF($B$1=2013,'13 Total Revenue - S&L'!C56,0)+IF($B$1=2012,'12 Total Revenue - S&L'!C56,0)+IF($B$1=2011,'11 Total Revenue - S&L'!C56,0)+IF($B$1=2010,'10 Total Revenue - S&L'!C56,0)+IF($B$1=2009,'09 Total Revenue - S&L'!C56,0)+IF($B$1=2008,'08 Total Revenue - S&L'!C56,0)+IF($B$1=2007,'07 Total Revenue - S&L'!C56,0)+IF($B$1=2006,'06 Total Revenue - S&L'!C56,0)+IF($B$1=2005,'05 Total Revenue - S&L'!C56,0)+IF($B$1=2004,'04 Total Revenue - S&L'!C56,0)","v":0},{"$f":"IF($B$1=2022,'22 Total Revenue - S&L'!D56,0)+IF($B$1=2021,'21 Total Revenue - S&L'!D56,0)+IF($B$1=2020,'20 Total Revenue - S&L'!D56,0)+IF($B$1=2019,'19 Total Revenue - S&L'!D56,0)+IF($B$1=2018,'18 Total Revenue - S&L'!D56,0)+IF($B$1=2017,'17 Total Revenue - S&L'!D56,0)+IF($B$1=2016,'16 Total Revenue - S&L'!D56,0)+IF($B$1=2015,'15 Total Revenue - S&L'!D56,0)+IF($B$1=2014,'14 Total Revenue - S&L'!D56,0)+IF($B$1=2013,'13 Total Revenue - S&L'!D56,0)+IF($B$1=2012,'12 Total Revenue - S&L'!D56,0)+IF($B$1=2011,'11 Total Revenue - S&L'!D56,0)+IF($B$1=2010,'10 Total Revenue - S&L'!D56,0)+IF($B$1=2009,'09 Total Revenue - S&L'!D56,0)+IF($B$1=2008,'08 Total Revenue - S&L'!D56,0)+IF($B$1=2007,'07 Total Revenue - S&L'!D56,0)+IF($B$1=2006,'06 Total Revenue - S&L'!D56,0)+IF($B$1=2005,'05 Total Revenue - S&L'!D56,0)+IF($B$1=2004,'04 Total Revenue - S&L'!D56,0)","v":0},{"$f":"IF($B$1=2022,'22 Total Revenue - S&L'!E56,0)+IF($B$1=2021,'21 Total Revenue - S&L'!E56,0)+IF($B$1=2020,'20 Total Revenue - S&L'!E56,0)+IF($B$1=2019,'19 Total Revenue - S&L'!E56,0)+IF($B$1=2018,'18 Total Revenue - S&L'!E56,0)+IF($B$1=2017,'17 Total Revenue - S&L'!E56,0)+IF($B$1=2016,'16 Total Revenue - S&L'!E56,0)+IF($B$1=2015,'15 Total Revenue - S&L'!E56,0)+IF($B$1=2014,'14 Total Revenue - S&L'!E56,0)+IF($B$1=2013,'13 Total Revenue - S&L'!E56,0)+IF($B$1=2012,'12 Total Revenue - S&L'!E56,0)+IF($B$1=2011,'11 Total Revenue - S&L'!E56,0)+IF($B$1=2010,'10 Total Revenue - S&L'!E56,0)+IF($B$1=2009,'09 Total Revenue - S&L'!E56,0)+IF($B$1=2008,'08 Total Revenue - S&L'!E56,0)+IF($B$1=2007,'07 Total Revenue - S&L'!E56,0)+IF($B$1=2006,'06 Total Revenue - S&L'!E56,0)+IF($B$1=2005,'05 Total Revenue - S&L'!E56,0)+IF($B$1=2004,'04 Total Revenue - S&L'!E56,0)","v":0},{"$f":"IF($B$1=2022,'22 Total Revenue - S&L'!F56,0)+IF($B$1=2021,'21 Total Revenue - S&L'!F56,0)+IF($B$1=2020,'20 Total Revenue - S&L'!F56,0)+IF($B$1=2019,'19 Total Revenue - S&L'!F56,0)+IF($B$1=2018,'18 Total Revenue - S&L'!F56,0)+IF($B$1=2017,'17 Total Revenue - S&L'!F56,0)+IF($B$1=2016,'16 Total Revenue - S&L'!F56,0)+IF($B$1=2015,'15 Total Revenue - S&L'!F56,0)+IF($B$1=2014,'14 Total Revenue - S&L'!F56,0)+IF($B$1=2013,'13 Total Revenue - S&L'!F56,0)+IF($B$1=2012,'12 Total Revenue - S&L'!F56,0)+IF($B$1=2011,'11 Total Revenue - S&L'!F56,0)+IF($B$1=2010,'10 Total Revenue - S&L'!F56,0)+IF($B$1=2009,'09 Total Revenue - S&L'!F56,0)+IF($B$1=2008,'08 Total Revenue - S&L'!F56,0)+IF($B$1=2007,'07 Total Revenue - S&L'!F56,0)+IF($B$1=2006,'06 Total Revenue - S&L'!F56,0)+IF($B$1=2005,'05 Total Revenue - S&L'!F56,0)+IF($B$1=2004,'04 Total Revenue - S&L'!F56,0)","v":0}]
[null,"Wyoming",{"$f":"IF($B$1=2022,'22 Total Revenue - S&L'!C57,0)+IF($B$1=2021,'21 Total Revenue - S&L'!C57,0)+IF($B$1=2020,'20 Total Revenue - S&L'!C57,0)+IF($B$1=2019,'19 Total Revenue - S&L'!C57,0)+IF($B$1=2018,'18 Total Revenue - S&L'!C57,0)+IF($B$1=2017,'17 Total Revenue - S&L'!C57,0)+IF($B$1=2016,'16 Total Revenue - S&L'!C57,0)+IF($B$1=2015,'15 Total Revenue - S&L'!C57,0)+IF($B$1=2014,'14 Total Revenue - S&L'!C57,0)+IF($B$1=2013,'13 Total Revenue - S&L'!C57,0)+IF($B$1=2012,'12 Total Revenue - S&L'!C57,0)+IF($B$1=2011,'11 Total Revenue - S&L'!C57,0)+IF($B$1=2010,'10 Total Revenue - S&L'!C57,0)+IF($B$1=2009,'09 Total Revenue - S&L'!C57,0)+IF($B$1=2008,'08 Total Revenue - S&L'!C57,0)+IF($B$1=2007,'07 Total Revenue - S&L'!C57,0)+IF($B$1=2006,'06 Total Revenue - S&L'!C57,0)+IF($B$1=2005,'05 Total Revenue - S&L'!C57,0)+IF($B$1=2004,'04 Total Revenue - S&L'!C57,0)","v":0},{"$f":"IF($B$1=2022,'22 Total Revenue - S&L'!D57,0)+IF($B$1=2021,'21 Total Revenue - S&L'!D57,0)+IF($B$1=2020,'20 Total Revenue - S&L'!D57,0)+IF($B$1=2019,'19 Total Revenue - S&L'!D57,0)+IF($B$1=2018,'18 Total Revenue - S&L'!D57,0)+IF($B$1=2017,'17 Total Revenue - S&L'!D57,0)+IF($B$1=2016,'16 Total Revenue - S&L'!D57,0)+IF($B$1=2015,'15 Total Revenue - S&L'!D57,0)+IF($B$1=2014,'14 Total Revenue - S&L'!D57,0)+IF($B$1=2013,'13 Total Revenue - S&L'!D57,0)+IF($B$1=2012,'12 Total Revenue - S&L'!D57,0)+IF($B$1=2011,'11 Total Revenue - S&L'!D57,0)+IF($B$1=2010,'10 Total Revenue - S&L'!D57,0)+IF($B$1=2009,'09 Total Revenue - S&L'!D57,0)+IF($B$1=2008,'08 Total Revenue - S&L'!D57,0)+IF($B$1=2007,'07 Total Revenue - S&L'!D57,0)+IF($B$1=2006,'06 Total Revenue - S&L'!D57,0)+IF($B$1=2005,'05 Total Revenue - S&L'!D57,0)+IF($B$1=2004,'04 Total Revenue - S&L'!D57,0)","v":0},{"$f":"IF($B$1=2022,'22 Total Revenue - S&L'!E57,0)+IF($B$1=2021,'21 Total Revenue - S&L'!E57,0)+IF($B$1=2020,'20 Total Revenue - S&L'!E57,0)+IF($B$1=2019,'19 Total Revenue - S&L'!E57,0)+IF($B$1=2018,'18 Total Revenue - S&L'!E57,0)+IF($B$1=2017,'17 Total Revenue - S&L'!E57,0)+IF($B$1=2016,'16 Total Revenue - S&L'!E57,0)+IF($B$1=2015,'15 Total Revenue - S&L'!E57,0)+IF($B$1=2014,'14 Total Revenue - S&L'!E57,0)+IF($B$1=2013,'13 Total Revenue - S&L'!E57,0)+IF($B$1=2012,'12 Total Revenue - S&L'!E57,0)+IF($B$1=2011,'11 Total Revenue - S&L'!E57,0)+IF($B$1=2010,'10 Total Revenue - S&L'!E57,0)+IF($B$1=2009,'09 Total Revenue - S&L'!E57,0)+IF($B$1=2008,'08 Total Revenue - S&L'!E57,0)+IF($B$1=2007,'07 Total Revenue - S&L'!E57,0)+IF($B$1=2006,'06 Total Revenue - S&L'!E57,0)+IF($B$1=2005,'05 Total Revenue - S&L'!E57,0)+IF($B$1=2004,'04 Total Revenue - S&L'!E57,0)","v":0},{"$f":"IF($B$1=2022,'22 Total Revenue - S&L'!F57,0)+IF($B$1=2021,'21 Total Revenue - S&L'!F57,0)+IF($B$1=2020,'20 Total Revenue - S&L'!F57,0)+IF($B$1=2019,'19 Total Revenue - S&L'!F57,0)+IF($B$1=2018,'18 Total Revenue - S&L'!F57,0)+IF($B$1=2017,'17 Total Revenue - S&L'!F57,0)+IF($B$1=2016,'16 Total Revenue - S&L'!F57,0)+IF($B$1=2015,'15 Total Revenue - S&L'!F57,0)+IF($B$1=2014,'14 Total Revenue - S&L'!F57,0)+IF($B$1=2013,'13 Total Revenue - S&L'!F57,0)+IF($B$1=2012,'12 Total Revenue - S&L'!F57,0)+IF($B$1=2011,'11 Total Revenue - S&L'!F57,0)+IF($B$1=2010,'10 Total Revenue - S&L'!F57,0)+IF($B$1=2009,'09 Total Revenue - S&L'!F57,0)+IF($B$1=2008,'08 Total Revenue - S&L'!F57,0)+IF($B$1=2007,'07 Total Revenue - S&L'!F57,0)+IF($B$1=2006,'06 Total Revenue - S&L'!F57,0)+IF($B$1=2005,'05 Total Revenue - S&L'!F57,0)+IF($B$1=2004,'04 Total Revenue - S&L'!F57,0)","v":0}]
[null,"U.S. Average",{"$f":"IF($B$1=2022,'22 Total Revenue - S&L'!C59,0)+IF($B$1=2021,'21 Total Revenue - S&L'!C59,0)+IF($B$1=2020,'20 Total Revenue - S&L'!C59,0)+IF($B$1=2019,'19 Total Revenue - S&L'!C59,0)+IF($B$1=2018,'18 Total Revenue - S&L'!C59,0)+IF($B$1=2017,'17 Total Revenue - S&L'!C59,0)+IF($B$1=2016,'16 Total Revenue - S&L'!C59,0)+IF($B$1=2015,'15 Total Revenue - S&L'!C59,0)+IF($B$1=2014,'14 Total Revenue - S&L'!C59,0)+IF($B$1=2013,'13 Total Revenue - S&L'!C59,0)+IF($B$1=2012,'12 Total Revenue - S&L'!C59,0)+IF($B$1=2011,'11 Total Revenue - S&L'!C59,0)+IF($B$1=2010,'10 Total Revenue - S&L'!C59,0)+IF($B$1=2009,'09 Total Revenue - S&L'!C59,0)+IF($B$1=2008,'08 Total Revenue - S&L'!C59,0)+IF($B$1=2007,'07 Total Revenue - S&L'!C59,0)+IF($B$1=2006,'06 Total Revenue - S&L'!C59,0)+IF($B$1=2005,'05 Total Revenue - S&L'!C59,0)+IF($B$1=2004,'04 Total Revenue - S&L'!C59,0)","v":0},"This cell intentionally left blank",{"$f":"IF($B$1=2022,'22 Total Revenue - S&L'!E59,0)+IF($B$1=2021,'21 Total Revenue - S&L'!E59,0)+IF($B$1=2020,'20 Total Revenue - S&L'!E59,0)+IF($B$1=2019,'19 Total Revenue - S&L'!E59,0)+IF($B$1=2018,'18 Total Revenue - S&L'!E59,0)+IF($B$1=2017,'17 Total Revenue - S&L'!E59,0)+IF($B$1=2016,'16 Total Revenue - S&L'!E59,0)+IF($B$1=2015,'15 Total Revenue - S&L'!E59,0)+IF($B$1=2014,'14 Total Revenue - S&L'!E59,0)+IF($B$1=2013,'13 Total Revenue - S&L'!E59,0)+IF($B$1=2012,'12 Total Revenue - S&L'!E59,0)+IF($B$1=2011,'11 Total Revenue - S&L'!E59,0)+IF($B$1=2010,'10 Total Revenue - S&L'!E59,0)+IF($B$1=2009,'09 Total Revenue - S&L'!E59,0)+IF($B$1=2008,'08 Total Revenue - S&L'!E59,0)+IF($B$1=2007,'07 Total Revenue - S&L'!E59,0)+IF($B$1=2006,'06 Total Revenue - S&L'!E59,0)+IF($B$1=2005,'05 Total Revenue - S&L'!E59,0)+IF($B$1=2004,'04 Total Revenue - S&L'!E59,0)","v":0},"This cell intentionally left blank"]
[]
[null,"Source:  Census Bureau - Fiscal Year data, includes Wash. D.C."]
[null,"Reflects revised BEA State Personal Incomes as of October 2020 and Census population estimates as of October 2020"]
[]
[null,"Per capita calculations use the latest US Census mid-year population estimates for July 1 of the fiscal year.  Percent of income calculations use the latest US BEA state personal income estimates for the calendar year that includes the first half of the fiscal year."]
[]
[]
[null,"Minnesota Department of Revenue, Tax Research Division, March 2025"]
[null,"end of worksheet"]
["No further data"]

{"sheet":"21 Total Revenue - S&L","index":2,"n_rows":65,"n_cols":6,"rows_kept":65,"cut":false,"hidden":true,"merged":[]}
[]
[null,"Total Revenue - State and Local"]
[null,null,"FY",2021]
[]
[null,null,"Per Capita",null,"% of Income"]
[null,"State","Amount","Rank","Amount","Rank"]
[null,"Alabama",10796.925886452776,36,0.23615973918082961,14]
[null,"Alaska",18838.843774431953,2,0.30487696814595855,2]
[null,"Arizona",10030.39308167227,42,0.19467612829731792,34]
[null,"Arkansas",10513.316834658577,39,0.22401819132414852,22]
[null,"California",16113.721023516062,5,0.22790762774228232,19]
[null,"Colorado",11920.72974415178,23,0.18465536635517107,44]
[null,"Connecticut",14538.598343248177,11,0.18923670563587927,41]
[null,"Delaware",14950.184463284988,8,0.2714579749324158,4]
[null,"District of Columbia",25196.575611812958,1,0.28002052224544938,3]
[null,"Florida",9389.3236272984104,48,0.16783816124454762,49]
[null,"Georgia",9229.4527573109044,49,0.18029479823318798,46]
[null,"Hawaii",15097.433998040291,7,0.26399188992923017,5]
[null,"Idaho",9393.8447125841631,47,0.19467974773774738,33]
[null,"Illinois",12071.832911111831,22,0.194477849688592,35]
[null,"Indiana",11299.248319373857,31,0.21927183937869582,23]
[null,"Iowa",12234.417731055148,20,0.23317510723934892,16]
[null,"Kansas",11628.620160780307,28,0.21127387763002559,26]
[null,"Kentucky",11056.671021031649,33,0.23507394554241515,15]
[null,"Louisiana",11689.003561195375,27,0.23141931412190062,17]
[null,"Maine",12095.30378917805,21,0.22498071375320089,21]
[null,"Maryland",12570.030333899631,19,0.19395220004393068,36]
[null,"Massachusetts",14587.109013418336,10,0.18831826648603073,42]
[null,"Michigan",10797.228673582595,35,0.20389664782922967,31]
[null,"MINNESOTA",13006.837292879542,16,0.21232023216611973,24]
[null,"Mississippi",10872.306486401822,34,0.25499901002301995,8]
[null,"Missouri",9512.2247429140189,45,0.18306314020054718,45]
[null,"Montana",11857.227314104608,25,0.22534024065089814,20]
[null,"Nebraska",11918.294072890279,24,0.21017278340330947,28]
[null,"Nevada",9465.2081965368689,46,0.17490744068803984,47]
[null,"New Hampshire",9918.8831751957641,43,0.14706353785984486,51]
[null,"New Jersey",13219.534480129989,15,0.18622765294855831,43]
[null,"New Mexico",14489.316981287177,12,0.31046983697632796,1]
[null,"New York",17950.111877169587,3,0.25369174140772061,9]
[null,"North Carolina",10584.841402305628,38,0.20669518442812312,30]
[null,"North Dakota",15650.670879534768,6,0.2556663390828493,7]
[null,"Ohio",11190.31816654089,32,0.21102778614892376,27]
[null,"Oklahoma",9720.355529943814,44,0.19472721413900893,32]
[null,"Oregon",13640.610238796549,14,0.24204926989421022,12]
[null,"Pennsylvania",12636.14267350002,18,0.20976890012268035,29]
[null,"Rhode Island",14740.864277998333,9,0.24971210656519954,11]
[null,"South Carolina",10210.339505043648,41,0.21185572397910729,25]
[null,"South Dakota",9162.4769573426292,50,0.15553265281768708,50]
[null,"Tennessee",8891.3191944550435,51,0.17228043486481798,48]
[null,"Texas",10491.040115750049,40,0.19246386623174383,37]
[null,"Utah",11760.352824238054,26,0.2310762668279783,18]
[null,"Vermont",13904.244696833866,13,0.24133994924048524,13]
[null,"Virginia",11619.793782519277,29,0.18947623033509353,40]
[null,"Washington",12919.996718662092,17,0.19132917477977432,38]
[null,"West Virginia",11353.4235849828,30,0.25107235481353957,10]
[null,"Wisconsin",10618.832057476564,37,0.19104293737082609,39]
[null,"Wyoming",16988.772750883116,4,0.25998523757209557,6]
[]
[null,"U.S. Average",12277.146731662733,null,0.20787369736451256]
[null,"Source:  Census Bureau - Fiscal Year data, includes Wash. D.C."]
[null,{"$f":"'Total Revenue tables'!B62","v":"Reflects revised BEA State Personal Incomes as of October 2020 and Census population estimates as of October 2020"}]
[]
[null,"Per capita calculations use the latest US Census mid-year population estimates for July 1"]
[null,"of the fiscal year.  Percent of income calculations use the latest US BEA state personal"]
[null,"income estimates for the calendar year that includes the first half of the fiscal year."]

{"sheet":"20 Total Revenue - S&L","index":3,"n_rows":65,"n_cols":6,"rows_kept":65,"cut":false,"hidden":true,"merged":[]}
[]
[null,"Total Revenue - State and Local"]
[null,null,"FY",2020]
[]
[null,null,"Per Capita",null,"% of Income"]
[null,"State","Amount","Rank","Amount","Rank"]
[null,"Alabama",9774.4334487716424,38,0.22224721296933689,16]
[null,"Alaska",16979.479127630417,4,0.27020687733838866,4]
[null,"Arizona",8500.2325032699355,49,0.18817280355658328,35]
[null,"Arkansas",9446.3132094074881,41,0.21255335688993462,20]
[null,"California",13248.286467020309,8,0.1981398690975025,27]
[null,"Colorado",10676.799273518571,24,0.17606627999455968,43]
[null,"Connecticut",12999.013777317215,10,0.16779687527217621,47]
[null,"Delaware",13225.924165669345,9,0.24599730846871093,9]
[null,"District of Columbia",20721.587338106889,1,0.2509289039141071,7]
[null,"Florida",8588.0798103850884,47,0.16576382790519228,48]
[null,"Georgia",7903.9151851953175,50,0.1652895948532612,49]
[null,"Hawaii",13891.856182560699,7,0.24212526246028257,11]
[null,"Idaho",8781.597700602053,45,0.19529552614536622,30]
[null,"Illinois",10847.045766723098,22,0.18336026220430876,37]
[null,"Indiana",10304.263701020569,28,0.21239597818209557,21]
[null,"Iowa",12791.354742329924,12,0.24729025425541407,8]
[null,"Kansas",10580.404659886301,26,0.19807074442522724,28]
[null,"Kentucky",9963.6797222224086,33,0.22812666198923237,15]
[null,"Louisiana",10238.980625223074,29,0.21557986526745945,18]
[null,"Maine",11729.286793009025,20,0.2326716513082113,13]
[null,"Maryland",11761.095557615656,18,0.18225238713639594,39]
[null,"Massachusetts",12998.778717686937,11,0.17524376547057235,44]
[null,"Michigan",9763.5576184549227,39,0.19793071562905409,29]
[null,"MINNESOTA",11869.188922995994,17,0.2023739496368164,24]
[null,"Mississippi",10103.276407533271,31,0.25881333204391171,6]
[null,"Missouri",8731.7556491471751,46,0.17987358507372919,41]
[null,"Montana",9894.9283577199967,35,0.20110276858260606,25]
[null,"Nebraska",10813.32784874935,23,0.19867757756447824,26]
[null,"Nevada",8517.0280719341517,48,0.16961551226427604,46]
[null,"New Hampshire",9814.5680774368266,37,0.15530041728000149,51]
[null,"New Jersey",12319.951846190619,15,0.17482626151891423,45]
[null,"New Mexico",12597.673002047648,13,0.29208171109856257,1]
[null,"New York",17404.075994881463,2,0.24122088811398076,12]
[null,"North Carolina",9047.0777599060002,44,0.19144009127822653,33]
[null,"North Dakota",15563.224788941461,5,0.27309044719175318,3]
[null,"Ohio",10204.242596370186,30,0.20334641537601569,23]
[null,"Oklahoma",9123.9379287944103,43,0.19388726695226274,31]
[null,"Oregon",12109.127722764575,16,0.22893592230586274,14]
[null,"Pennsylvania",11201.482814938981,21,0.19274022938810859,32]
[null,"Rhode Island",12502.207402152064,14,0.22135347160811425,17]
[null,"South Carolina",9563.5855608619331,40,0.21330845605270221,19]
[null,"South Dakota",9924.1080880054942,34,0.18558384183702328,36]
[null,"Tennessee",7811.2250128288269,51,0.16180158551363766,50]
[null,"Texas",9383.6259818760136,42,0.17991380853386219,40]
[null,"Utah",9837.3548676735354,36,0.20376651966936124,22]
[null,"Vermont",14460.496320668906,6,0.26125524965002328,5]
[null,"Virginia",10633.049428774342,25,0.17938658247730319,42]
[null,"Washington",11744.162819752282,19,0.18322839166066249,38]
[null,"West Virginia",10418.393343295305,27,0.24519959227054666,10]
[null,"Wisconsin",10018.235434806276,32,0.18854842691071227,34]
[null,"Wyoming",17173.701075682435,3,0.2778543149027442,2]
[]
[null,"U.S. Average",11000.408292814764,null,0.19547020856241468]
[null,"Source:  Census Bureau - Fiscal Year data, includes Wash. D.C."]
[null,{"$f":"'Total Revenue tables'!B62","v":"Reflects revised BEA State Personal Incomes as of October 2020 and Census population estimates as of October 2020"}]
[]
[null,"Per capita calculations use the latest US Census mid-year population estimates for July 1"]
[null,"of the fiscal year.  Percent of income calculations use the latest US BEA state personal"]
[null,"income estimates for the calendar year that includes the first half of the fiscal year."]

{"sheet":"19 Total Revenue - S&L","index":4,"n_rows":65,"n_cols":6,"rows_kept":65,"cut":false,"hidden":true,"merged":[]}
[]
[null,"Total Revenue - State and Local"]
[null,null,"FY",2019]
[]
[null,null,"Per Capita",null,"% of Income"]
[null,"State","Amount","Rank","Amount","Rank"]
[null,"Alabama",9070.799286586167,36,0.21305500240236414,15]
[null,"Alaska",16572.661968846758,2,0.27324221989830877,2]
[null,"Arizona",8036.3568194779382,47,0.18323793183706982,34]
[null,"Arkansas",8965.0540591768058,38,0.20747925382005022,20]
[null,"California",13415.911805316548,6,0.21081399174087417,18]
[null,"Colorado",10162.340312179618,23,0.17459119416174071,41]
[null,"Connecticut",12761.012227066152,8,0.1701788579751648,46]
[null,"Delaware",11530.656298651418,15,0.21971539887012725,13]
[null,"District of Columbia",20135.356904508542,1,0.24932552924952364,5]
[null,"Florida",8034.0033030481745,48,0.15937181064192907,49]
[null,"Georgia",7675.2702609663374,49,0.16510447734583475,47]
[null,"Hawaii",13111.530562084708,7,0.23667990886849294,8]
[null,"Idaho",7595.9911922621723,50,0.17404894823355035,42]
[null,"Illinois",10348.241661557562,21,0.18035695339654373,36]
[null,"Indiana",9683.0115003686005,29,0.2057469830653981,23]
[null,"Iowa",11850.015372083662,14,0.2366591657599115,9]
[null,"Kansas",10100.219200539317,24,0.19716769745173848,28]
[null,"Kentucky",9062.0450511933177,37,0.21435271033816752,14]
[null,"Louisiana",9742.33059154697,28,0.21034954927506411,19]
[null,"Maine",10285.911746063864,22,0.21162322913222889,17]
[null,"Maryland",11199.962121713355,19,0.17889803866137022,38]
[null,"Massachusetts",12421.81599340617,9,0.17325240151662166,44]
[null,"Michigan",9480.1432522764662,33,0.19847993625285532,26]
[null,"MINNESOTA",11477.399766509589,16,0.20124553186263461,24]
[null,"Mississippi",9363.5251460864365,35,0.2469677306146178,6]
[null,"Missouri",8344.2776029307388,45,0.17758344920852331,39]
[null,"Montana",9590.7812473684899,31,0.20052694385864694,25]
[null,"Nebraska",9789.8204515283232,27,0.18594330044695107,32]
[null,"Nevada",8592.5881676122899,44,0.17484902337220995,40]
[null,"New Hampshire",8944.1425420548931,39,0.14617284321585208,51]
[null,"New Jersey",12227.539041610233,12,0.18015045861455065,37]
[null,"New Mexico",12230.036879497564,11,0.29407045041201951,1]
[null,"New York",16527.156441949111,3,0.23977273081511544,7]
[null,"North Carolina",8902.4731304592897,41,0.1946050057545794,29]
[null,"North Dakota",14566.137663339729,5,0.26246869968008057,3]
[null,"Ohio",9604.4465356614273,30,0.19724260696013943,27]
[null,"Oklahoma",8616.1895045477959,43,0.18874678908021542,31]
[null,"Oregon",11862.41057704641,13,0.23231460578161581,10]
[null,"Pennsylvania",10823.597801872818,20,0.19318585725333781,30]
[null,"Rhode Island",11222.473736526075,17,0.20638693347823145,21]
[null,"South Carolina",8941.1763791890553,40,0.20619994275652845,22]
[null,"South Dakota",8200.4331612519618,46,0.15685966585151215,50]
[null,"Tennessee",7484.7968436592773,51,0.15988935520912934,48]
[null,"Texas",8785.7480515939478,42,0.17401440078165953,43]
[null,"Utah",9810.4928386460451,26,0.21216878506967726,16]
[null,"Vermont",12331.082759471721,10,0.23021658932402234,12]
[null,"Virginia",9889.0019458687857,25,0.17129439774756408,45]
[null,"Washington",11211.649986414779,18,0.18240483866108925,35]
[null,"West Virginia",9582.509693680262,32,0.23106695765430238,11]
[null,"Wisconsin",9450.1333978195362,34,0.18351508703352265,33]
[null,"Wyoming",15140.785715643298,4,0.24998048735957462,4]
[]
[null,"U.S. Average",10560.488518623642,null,0.19431135281677436]
[null,"Source:  Census Bureau - Fiscal Year data, includes Wash. D.C."]
[null,{"$f":"'Total Revenue tables'!B62","v":"Reflects revised BEA State Personal Incomes as of October 2020 and Census population estimates as of October 2020"}]
[]
[null,"Per capita calculations use the latest US Census mid-year population estimates for July 1"]
[null,"of the fiscal year.  Percent of income calculations use the latest US BEA state personal"]
[null,"income estimates for the calendar year that includes the first half of the fiscal year."]

{"sheet":"18 Total Revenue - S&L","index":5,"n_rows":65,"n_cols":6,"rows_kept":65,"cut":false,"hidden":true,"merged":[]}
[]
[null,"Total Revenue - State and Local"]
[null,null,"FY",2018]
[]
[null,null,"Per Capita",null,"% of Income"]
[null,"State","Amount","Rank","Amount","Rank"]
[null,"Alabama",8507.9631833583262,40,0.20792125792125793,20]
[null,"Alaska",15629.695880642981,3,0.27064330198989972,1]
[null,"Arizona",7661.6131770443908,48,0.18280213328000133,34]
[null,"Arkansas",8652.4269760806019,38,0.20828913575368904,19]
[null,"California",12657.12274427476,6,0.20958573733163166,18]
[null,"Colorado",9730.6920209787349,22,0.17747463430813776,40]
[null,"Connecticut",12239.371472090315,8,0.17052219475964001,45]
[null,"Delaware",11324.259771574523,12,0.22494583812543334,13]
[null,"District of Columbia",19168.986539747159,1,0.24428113153052344,7]
[null,"Florida",7815.5964251521955,47,0.16329062301156844,48]
[null,"Georgia",7240.9403897639568,50,0.16285212836202717,49]
[null,"Hawaii",12604.068160268282,7,0.23525614377161355,9]
[null,"Idaho",7363.0539446203902,49,0.177526217202672,39]
[null,"Illinois",9768.4595173602356,21,0.17927234799185374,36]
[null,"Indiana",8709.1675196030992,37,0.19357500357690241,28]
[null,"Iowa",11243.276574039784,13,0.2364271636781109,8]
[null,"Kansas",9728.6566170644019,23,0.19920155121084607,26]
[null,"Kentucky",8610.717453537236,39,0.21093000065892067,15]
[null,"Louisiana",9385.2176861550888,26,0.21313237128876933,14]
[null,"Maine",9493.268770485498,25,0.20455168329959544,21]
[null,"Maryland",10743.276866934999,18,0.17717140690851713,41]
[null,"Massachusetts",11907.602102973642,10,0.17455922642926835,43]
[null,"Michigan",9164.2626375290565,29,0.19966663837043377,25]
[null,"MINNESOTA",11153.725423184022,14,0.20440087839613599,22]
[null,"Mississippi",9055.8651065742597,32,0.24723728014140553,5]
[null,"Missouri",8099.1581807635002,45,0.17906180341770453,37]
[null,"Montana",9228.0625833792947,27,0.20130026139731361,24]
[null,"Nebraska",9573.7411547693355,24,0.18999148737947325,32]
[null,"Nevada",8261.1162733236852,43,0.17672371797091352,42]
[null,"New Hampshire",9005.1541783496432,33,0.15378723184115761,51]
[null,"New Jersey",11627.978876944417,11,0.17894893522394398,38]
[null,"New Mexico",10610.394692893196,19,0.26707217566176256,2]
[null,"New York",16163.429269653168,2,0.24485104903327731,6]
[null,"North Carolina",8474.0766248796554,41,0.19292798353322863,29]
[null,"North Dakota",13768.710426340227,5,0.26217090440535606,3]
[null,"Ohio",9221.6215679209781,28,0.19720442266202204,27]
[null,"Oklahoma",8012.8362902212684,46,0.18338008764618588,33]
[null,"Oregon",11042.081491461029,16,0.22853938723543255,12]
[null,"Pennsylvania",10193.417083550699,20,0.19142303220747633,30]
[null,"Rhode Island",11061.282052978067,15,0.21063561296777134,17]
[null,"South Carolina",8786.2217445727474,35,0.21067612237842875,16]
[null,"South Dakota",8167.7868846862066,44,0.16515103331316028,46]
[null,"Tennessee",6983.146600870602,51,0.15582674132103433,50]
[null,"Texas",8292.9990520689989,42,0.17338230133799062,44]
[null,"Utah",8748.6470802746098,36,0.20138642654426966,23]
[null,"Vermont",11959.978089493528,9,0.23135146188140743,11]
[null,"Virginia",9125.5366541015082,31,0.16476829815581104,47]
[null,"Washington",10991.95919014539,17,0.1906474451804282,31]
[null,"West Virginia",9150.8692333997133,30,0.2334349546655658,10]
[null,"Wisconsin",8938.1875487954512,34,0.18197266326824302,35]
[null,"Wyoming",14837.521056923379,4,0.26189560439560439,4]
[]
[null,"U.S. Average",10070.670297851402,null,0.19424036518317667]
[null,"Source:  Census Bureau - Fiscal Year data, includes Wash. D.C."]
[null,{"$f":"'Total Revenue tables'!B62","v":"Reflects revised BEA State Personal Incomes as of October 2020 and Census population estimates as of October 2020"}]
[]
[null,"Per capita calculations use the latest US Census mid-year population estimates for July 1"]
[null,"of the fiscal year.  Percent of income calculations use the latest US BEA state personal"]
[null,"income estimates for the calendar year that includes the first half of the fiscal year."]

{"sheet":"17 Total Revenue - S&L","index":6,"n_rows":65,"n_cols":6,"rows_kept":65,"cut":false,"hidden":true,"merged":[]}
[]
[null,"Total Revenue - State and Local"]
[null,null,"FY",2017]
[]
[null,null,"Per Capita",null,"% of Income"]
[null,"State","Amount","Rank","Amount","Rank"]
[null,"Alabama",8210.9939386429669,41,0.20815466770403249,19]
[null,"Alaska",15716.928484520751,2,0.27849191292016406,1]
[null,"Arizona",7473.8944078428076,47,0.18589795949354396,33]
[null,"Arkansas",8525.7282984795147,36,0.2119174612954893,16]
[null,"California",11580.775861435968,7,0.20047961487668556,25]
[null,"Colorado",9235.7575039402982,22,0.17831245166333184,39]
[null,"Connecticut",11554.481197616655,8,0.16503247280143066,47]
[null,"Delaware",10631.705132506222,14,0.21951370037417622,13]
[null,"District of Columbia",19067.527118775779,1,0.24824244320459832,5]
[null,"Florida",7455.105424813938,48,0.16456036949915659,48]
[null,"Georgia",7019.8703595371135,50,0.16537283876303871,46]
[null,"Hawaii",12097.668971976133,6,0.23589742361187166,9]
[null,"Idaho",7110.2068736664696,49,0.17895377767097839,38]
[null,"Illinois",9328.0737482341883,21,0.17737845263213189,40]
[null,"Indiana",8379.7429228074525,39,0.19256795086759668,29]
[null,"Iowa",10953.952348363069,12,0.23609521777431386,8]
[null,"Kansas",9200.5539897645631,24,0.19400338975432979,28]
[null,"Kentucky",8434.7328148260622,37,0.21284705254226627,15]
[null,"Louisiana",9026.2938491315817,27,0.21189958884555068,17]
[null,"Maine",9191.9584118830044,25,0.20553934463034512,20]
[null,"Maryland",10425.964513166622,17,0.17728371148245106,41]
[null,"Massachusetts",11285.010369852484,10,0.17261127295389656,44]
[null,"Michigan",8860.2389384098096,30,0.19894366936024935,26]
[null,"MINNESOTA",10570.055854680817,15,0.20069197799855029,24]
[null,"Mississippi",8924.3723460855072,29,0.25022799622086012,4]
[null,"Missouri",7794.3463458808155,45,0.17643655438386308,42]
[null,"Montana",8772.2801910151429,32,0.20148763162201977,23]
[null,"Nebraska",9233.4480024760614,23,0.18711015098231049,32]
[null,"Nevada",7978.5457784003183,43,0.17908417790877829,37]
[null,"New Hampshire",8635.938068798112,34,0.15355018969603812,51]
[null,"New Jersey",11250.226745183882,11,0.179320184931024,36]
[null,"New Mexico",10094.837707908655,19,0.25869319399949775,3]
[null,"New York",15152.182855245637,3,0.24622397692854928,6]
[null,"North Carolina",8309.2047093204837,40,0.19623507034446591,27]
[null,"North Dakota",12113.284199315975,5,0.23385911927168576,10]
[null,"Ohio",9151.1872140244359,26,0.20278271274391974,21]
[null,"Oklahoma",7654.6845890790773,46,0.18297678389234323,35]
[null,"Oregon",10534.138103713536,16,0.22909020007956576,11]
[null,"Pennsylvania",9813.7034031530911,20,0.18946714961163452,30]
[null,"Rhode Island",10647.097159821271,13,0.20997218392608286,18]
[null,"South Carolina",8537.4951107967154,35,0.21313168319588266,14]
[null,"South Dakota",7982.9722248954022,42,0.16571335822492808,45]
[null,"Tennessee",6848.992792897805,51,0.15847813310523701,50]
[null,"Texas",7865.0525478230938,44,0.17405924170004491,43]
[null,"Utah",8420.6157156207501,38,0.20257999574866212,22]
[null,"Vermont",11410.253001550427,9,0.22655185244076961,12]
[null,"Virginia",8724.8094690820817,33,0.16322524842479175,49]
[null,"Washington",10387.372594789262,18,0.18942944830791694,31]
[null,"West Virginia",8967.9070601935946,28,0.23987980043781201,7]
[null,"Wisconsin",8801.3847914384787,31,0.18547380722487275,34]
[null,"Wyoming",14855.962109474185,4,0.27177711347829248,2]
[]
[null,"U.S. Average",9603.6898521813928,null,0.1932319985336198]
[null,"Source:  Census Bureau - Fiscal Year data, includes Wash. D.C."]
[null,{"$f":"'Total Revenue tables'!B62","v":"Reflects revised BEA State Personal Incomes as of October 2020 and Census population estimates as of October 2020"}]
[]
[null,"Per capita calculations use the latest US Census mid-year population estimates for July 1"]
[null,"of the fiscal year.  Percent of income calculations use the latest US BEA state personal"]
[null,"income estimates for the calendar year that includes the first half of the fiscal year."]

{"sheet":"16 Total Revenue - S&L","index":7,"n_rows":65,"n_cols":6,"rows_kept":65,"cut":false,"hidden":true,"merged":[]}
[]
[null,"Total Revenue - State and Local"]
[null,null,"FY",2016]
[]
[null,null,"Per Capita",null,"% of Income"]
[null,"State","Amount","Rank","Amount","Rank"]
[null,"Alabama",7820.2641659532001,40,0.20311407377192719,20]
[null,"Alaska",14551.183810201968,3,0.25513137546995818,3]
[null,"Arizona",7254.3604073572169,47,0.18605452523885116,30]
[null,"Arkansas",8246.6130062432912,35,0.21213807306066479,15]
[null,"California",11367.221718555478,8,0.20507932707118118,18]
[null,"Colorado",8763.0960629108413,27,0.170884519725814,43]
[null,"Connecticut",10906.469267667298,10,0.15865350580174478,50]
[null,"Delaware",10103.589699288676,14,0.21306421370206299,14]
[null,"District of Columbia",19828.493609583802,1,0.26721550169098296,1]
[null,"Florida",7166.598351855082,48,0.16083819457415791,48]
[null,"Georgia",6784.0136643608394,51,0.16532689992786956,44]
[null,"Hawaii",11511.55412242097,6,0.23377294044372146,8]
[null,"Idaho",6900.1128983380177,49,0.17698926091436168,37]
[null,"Illinois",9086.7128015002854,22,0.17545533302764643,39]
[null,"Indiana",8109.8352505161802,36,0.19232886874702587,27]
[null,"Iowa",10083.611742185367,15,0.21902591507291105,12]
[null,"Kansas",8585.6770755510588,29,0.18212965331106551,34]
[null,"Kentucky",8283.8488054582122,34,0.21330540364605996,13]
[null,"Louisiana",8371.492118254504,31,0.19574215417310373,24]
[null,"Maine",8956.3952920675711,23,0.20566968736309413,17]
[null,"Maryland",9964.7435705278476,17,0.17531807069070995,40]
[null,"Massachusetts",11208.615061598102,9,0.17728287264500261,36]
[null,"Michigan",8620.7492245191625,28,0.19898252423941892,23]
[null,"MINNESOTA",10508.907632949145,12,0.20385254834145247,19]
[null,"Mississippi",8874.6838501381062,25,0.25283122117893586,4]
[null,"Missouri",7504.2422603616142,46,0.17559405807385584,38]
[null,"Montana",8107.6904453323823,37,0.18809877253163401,28]
[null,"Nebraska",9150.7080030473408,21,0.18271065271935846,33]
[null,"Nevada",7582.5660359781523,43,0.17442197622467204,41]
[null,"New Hampshire",8338.6502857253527,33,0.1524387716192292,51]
[null,"New Jersey",10896.511990062332,11,0.1782825075077705,35]
[null,"New Mexico",9916.7823416503034,18,0.259573513005108,2]
[null,"New York",14990.659207867551,2,0.25107625830670066,5]
[null,"North Carolina",7971.9693809364262,39,0.19283370910733769,26]
[null,"North Dakota",12004.633109432853,5,0.22398709364650246,11]
[null,"Ohio",8901.8302788576839,24,0.200759523702915,22]
[null,"Oklahoma",7539.7824521890643,45,0.17149927998878564,42]
[null,"Oregon",9996.5676819008822,16,0.22593899757101749,10]
[null,"Pennsylvania",9364.2328907693627,20,0.18628044983167416,29]
[null,"Rhode Island",10162.715940298733,13,0.20266897207475407,21]
[null,"South Carolina",8043.2258656558233,38,0.20676227385491977,16]
[null,"South Dakota",7786.3018461217534,41,0.16170092634710218,46]
[null,"Tennessee",6839.4964282226165,50,0.16107937305666242,47]
[null,"Texas",7560.958585688365,44,0.16472047011965799,45]
[null,"Utah",7758.254171661004,42,0.1936828212845145,25]
[null,"Vermont",11401.722777738581,7,0.23037423660721518,9]
[null,"Virginia",8369.9091636065677,32,0.15969843272945625,49]
[null,"Washington",9736.3124907466809,19,0.18464344041741734,32]
[null,"West Virginia",8871.3876944436397,26,0.23979439506205649,7]
[null,"Wisconsin",8584.4650177603926,30,0.18475292836958224,31]
[null,"Wyoming",13764.397816152939,4,0.23996705913243782,6]
[]
[null,"U.S. Average",9311.4473644647824,null,0.19146715199365738]
[null,"Source:  Census Bureau - Fiscal Year data, includes Wash. D.C."]
[null,{"$f":"'Total Revenue tables'!B62","v":"Reflects revised BEA State Personal Incomes as of October 2020 and Census population estimates as of October 2020"}]
[]
[null,"Per capita calculations use the latest US Census mid-year population estimates for July 1"]
[null,"of the fiscal year.  Percent of income calculations use the latest US BEA state personal"]
[null,"income estimates for the calendar year that includes the first half of the fiscal year."]

{"sheet":"15 Total Revenue - S&L","index":8,"n_rows":65,"n_cols":6,"rows_kept":65,"cut":false,"hidden":true,"merged":[]}
[]
[null,"Total Revenue - State and Local"]
[null,null,"FY",2015]
[]
[null,null,"Per Capita",null,"% of Income"]
[null,"State","Amount","Rank","Amount","Rank"]
[null,"Alabama",7565.2828839764015,43,0.20546167380921573,24]
[null,"Alaska",14007.885048219528,5,0.25688092567261883,6]
[null,"Arizona",6850.3982939792677,48,0.18224038499726031,38]
[null,"Arkansas",7941.1575917134742,37,0.20970295979176659,19]
[null,"California",10735.04823167601,8,0.21098169463217534,16]
[null,"Colorado",9148.0314569855964,20,0.18624483122336538,32]
[null,"Connecticut",10918.908127245842,7,0.16414072458889359,50]
[null,"Delaware",9706.0979316963021,18,0.21727488500744857,14]
[null,"District of Columbia",19504.634804737667,1,0.28427869059698663,1]
[null,"Florida",7102.2753455226493,47,0.1680727667351814,46]
[null,"Georgia",6588.6667326827801,51,0.17025636376422851,44]
[null,"Hawaii",10620.102080879467,11,0.22908636883790046,11]
[null,"Idaho",6825.7243573730811,49,0.18533102201106438,36]
[null,"Illinois",9108.175290875095,21,0.18631189896073491,31]
[null,"Indiana",7830.9152457660402,38,0.19395509310313494,27]
[null,"Iowa",9797.0567646408999,17,0.2218184001315118,12]
[null,"Kansas",8403.1483359596987,30,0.18084869014590754,41]
[null,"Kentucky",7950.9904553469123,36,0.21533576364493603,15]
[null,"Louisiana",8106.3270316840744,33,0.19391994058464029,28]
[null,"Maine",8690.8382142617756,26,0.21071810254221063,18]
[null,"Maryland",9884.7486093383613,16,0.18385742658682988,37]
[null,"Massachusetts",10690.668033362368,9,0.18146996996301104,39]
[null,"Michigan",8463.213576698121,28,0.2073277973643618,22]
[null,"MINNESOTA",10323.055829420498,13,0.21079128437612421,17]
[null,"Mississippi",8620.9857846639716,27,0.25138322194716844,7]
[null,"Missouri",7319.8514978658368,45,0.17834918962016022,42]
[null,"Montana",8461.4890155467619,29,0.20877800261117277,21]
[null,"Nebraska",9069.9569700311149,22,0.18855959099652628,30]
[null,"Nevada",7252.6935818473248,46,0.18126516318362867,40]
[null,"New Hampshire",8015.0902089563906,34,0.15312557963518486,51]
[null,"New Jersey",10669.833295777533,10,0.18585731776512307,35]
[null,"New Mexico",10347.263843585635,12,0.28130098855286995,2]
[null,"New York",14446.000751790549,4,0.25804960882431222,4]
[null,"North Carolina",7757.6828586992133,39,0.19822807398102885,26]
[null,"North Dakota",14674.48092955108,3,0.25765978135738477,5]
[null,"Ohio",8694.1809559341127,25,0.20624369679305193,23]
[null,"Oklahoma",7737.3172968735153,40,0.17241696800845618,43]
[null,"Oregon",10032.64926975651,14,0.24301859528407291,9]
[null,"Pennsylvania",8925.1773886884021,23,0.18603663495516201,33]
[null,"Rhode Island",9983.0592585016238,15,0.20893907534605322,20]
[null,"South Carolina",7993.7771120771858,35,0.2188283571621647,13]
[null,"South Dakota",7683.5426141286789,41,0.16760938755525673,48]
[null,"Tennessee",6679.2928427004863,50,0.1676217045392315,47]
[null,"Texas",7639.5295845401615,42,0.1696711350234783,45]
[null,"Utah",7515.1242061337052,44,0.20233866355497915,25]
[null,"Vermont",11204.618427268577,6,0.2369108722213861,10]
[null,"Virginia",8197.346238995302,32,0.16440476875443263,49]
[null,"Washington",9330.644929033564,19,0.18591254744108296,34]
[null,"West Virginia",8917.7384962334909,24,0.2484065716023432,8]
[null,"Wisconsin",8377.6058449819993,31,0.18917141941601948,29]
[null,"Wyoming",15382.179211127073,2,0.27413183272116665,3]
[]
[null,"U.S. Average",9095.8329947071306,null,0.19715402378224112]
[null,"Source:  Census Bureau - Fiscal Year data, includes Wash. D.C."]
[null,{"$f":"'Total Revenue tables'!B62","v":"Reflects revised BEA State Personal Incomes as of October 2020 and Census population estimates as of October 2020"}]
[]
[null,"Per capita calculations use the latest US Census mid-year population estimates for July 1"]
[null,"of the fiscal year.  Percent of income calculations use the latest US BEA state personal"]
[null,"income estimates for the calendar year that includes the first half of the fiscal year."]

{"sheet":"14 Total Revenue - S&L","index":9,"n_rows":65,"n_cols":6,"rows_kept":65,"cut":false,"hidden":true,"merged":[]}
[]
[null,"Total Revenue - State and Local"]
[null,null,"FY",2014]
[]
[null,null,"Per Capita",null,"% of Income"]
[null,"State","Amount","Rank","Amount","Rank"]
[null,"Alabama",7151.5549385181002,44,0.20045451273219542,25]
[null,"Alaska",19366.282297527505,1,0.37628525509036892,1]
[null,"Arizona",6662.4448864753276,48,0.18486788735113316,36]
[null,"Arkansas",7473.2816477199194,40,0.20825921787558377,19]
[null,"California",9585.8842407902011,14,0.19913986401510556,26]
[null,"Colorado",8340.6566189027762,27,0.1809037460303019,38]
[null,"Connecticut",10598.959094600505,7,0.16508097123463444,49]
[null,"Delaware",9745.8521757359777,11,0.22461892976960293,12]
[null,"District of Columbia",18103.987071418276,2,0.27619985082276555,2]
[null,"Florida",6963.5468127419417,46,0.17336165368999071,46]
[null,"Georgia",6530.8102887700306,49,0.17749358118805877,42]
[null,"Hawaii",10236.455845275423,10,0.2309231492143172,11]
[null,"Idaho",6526.5271815917904,50,0.18515244684844873,35]
[null,"Illinois",8717.6578529671242,21,0.18671452250921519,32]
[null,"Indiana",7465.2655941041048,41,0.19144965062257771,30]
[null,"Iowa",9237.1357419329925,17,0.21499249338758286,15]
[null,"Kansas",8357.3709370343804,26,0.1826225413334433,37]
[null,"Kentucky",7518.3492984568293,38,0.21188480435045676,16]
[null,"Louisiana",8456.4586435105903,24,0.21184626921981187,17]
[null,"Maine",8662.8664654220756,22,0.21864248380680476,13]
[null,"Maryland",9386.6911221918799,16,0.17931696614114614,41]
[null,"Massachusetts",10249.632180335415,9,0.18039718140261829,40]
[null,"Michigan",7903.7999783577006,32,0.20189922101226065,24]
[null,"MINNESOTA",9589.3768123835398,13,0.20423357118127725,23]
[null,"Mississippi",8210.2489640422409,29,0.24651306315552288,7]
[null,"Missouri",7049.4008345253942,45,0.17741450873700926,43]
[null,"Montana",8125.1853857832939,31,0.20739000042895453,20]
[null,"Nebraska",8867.9825319154024,19,0.1946033978845271,28]
[null,"Nevada",6673.8454782946637,47,0.17425328215218863,45]
[null,"New Hampshire",7510.562238145375,39,0.14619640355868949,51]
[null,"New Jersey",10269.836160242447,8,0.18552798606933019,33]
[null,"New Mexico",9420.9404212337449,15,0.27080494515412057,5]
[null,"New York",13693.523979873738,5,0.25185116619389303,6]
[null,"North Carolina",7452.6329172001251,42,0.19895007946671014,27]
[null,"North Dakota",14777.522489404031,3,0.27133779524907448,4]
[null,"Ohio",8326.8059050535394,28,0.20508846055166258,22]
[null,"Oklahoma",7653.9150622604939,34,0.18048247391095029,39]
[null,"Oregon",9053.7016322314612,18,0.23157533607945127,10]
[null,"Pennsylvania",8536.0998517266435,23,0.18521305854495076,34]
[null,"Rhode Island",9725.3764888855167,12,0.21026939096271055,18]
[null,"South Carolina",7538.7248028862377,36,0.21632293166222355,14]
[null,"South Dakota",7550.636259458267,35,0.17071140816151509,47]
[null,"Tennessee",6424.813928539942,51,0.16679785009883988,48]
[null,"Texas",7530.245946603849,37,0.17659984400805373,44]
[null,"Utah",7373.2852545145279,43,0.20724327761719735,21]
[null,"Vermont",10647.845878044734,6,0.23348793506349613,9]
[null,"Virginia",7850.850244524353,33,0.16297703195745114,50]
[null,"Washington",8834.0258762302601,20,0.18704315093186297,31]
[null,"West Virginia",8424.2099329515495,25,0.24253194600571201,8]
[null,"Wisconsin",8195.9406270204254,30,0.19233367936726892,29]
[null,"Wyoming",14427.64914108306,4,0.27412676151708582,3]
[]
[null,"U.S. Average",8657.9762620355305,null,0.19604255325198175]
[null,"Source:  Census Bureau - Fiscal Year data, includes Wash. D.C."]
[null,{"$f":"'Total Revenue tables'!B62","v":"Reflects revised BEA State Personal Incomes as of October 2020 and Census population estimates as of October 2020"}]
[]
[null,"Per capita calculations use the latest US Census mid-year population estimates for July 1"]
[null,"of the fiscal year.  Percent of income calculations use the latest US BEA state personal"]
[null,"income estimates for the calendar year that includes the first half of the fiscal year."]

{"sheet":"13 Total Revenue - S&L","index":10,"n_rows":65,"n_cols":6,"rows_kept":65,"cut":false,"hidden":true,"merged":[]}
[]
[null,"Total Revenue - State and Local"]
[null,null,"FY",2013]
[]
[null,null,"Per Capita",null,"% of Income"]
[null,"State","Amount","Rank","Amount","Rank"]
[null,"Alabama",7242.7881146863083,42,0.20200000000000001,23]
[null,"Alaska",20651.24850496717,1,0.39900000000000002,1]
[null,"Arizona",6686.4531710281071,48,0.184,35]
[null,"Arkansas",7237.2627458749403,43,0.2,24]
[null,"California",9319.8510714599597,14,0.19800000000000001,27]
[null,"Colorado",8254.4366181685455,28,0.18099999999999999,37]
[null,"Connecticut",10424.79500540425,7,0.16600000000000001,49]
[null,"Delaware",10005.02186733063,8,0.22600000000000001,10]
[null,"District of Columbia",18396.665332389075,2,0.27300000000000002,3]
[null,"Florida",6978.6617313959086,46,0.17100000000000001,45]
[null,"Georgia",6540.6631115335122,50,0.17699999999999999,41]
[null,"Hawaii",9862.9487529857706,9,0.224,11]
[null,"Idaho",6432.0247274125186,51,0.187,32]
[null,"Illinois",8518.3718941967072,22,0.185,34]
[null,"Indiana",7491.9552765854987,34,0.19800000000000001,25]
[null,"Iowa",9175.6247283508565,15,0.21199999999999999,14]
[null,"Kansas",8383.0189005157827,26,0.192,31]
[null,"Kentucky",6984.8266454473114,45,0.19600000000000001,29]
[null,"Louisiana",8534.3346967071357,20,0.21199999999999999,15]
[null,"Maine",8525.311225802956,21,0.215,13]
[null,"Maryland",9126.1025869097921,16,0.17299999999999999,43]
[null,"Massachusetts",9773.9886805558654,11,0.17399999999999999,42]
[null,"Michigan",7842.2929090694961,32,0.20300000000000001,21]
[null,"MINNESOTA",9494.9959791836282,13,0.20200000000000001,22]
[null,"Mississippi",8200.9915826807028,30,0.248,5]
[null,"Missouri",7133.0436546570418,44,0.17899999999999999,40]
[null,"Montana",7950.2544356182261,31,0.20499999999999999,19]
[null,"Nebraska",8714.0352003423741,18,0.193,30]
[null,"Nevada",6727.2235971911932,47,0.17299999999999999,44]
[null,"New Hampshire",7459.3190993906219,37,0.14799999999999999,51]
[null,"New Jersey",9855.8956254720797,10,0.17899999999999999,39]
[null,"New Mexico",8773.3162744562487,17,0.247,7]
[null,"New York",13175.332303558291,5,0.247,6]
[null,"North Carolina",7491.580765577376,35,0.19600000000000001,28]
[null,"North Dakota",14002.52202104402,4,0.26100000000000001,4]
[null,"Ohio",8251.3657693692967,29,0.20499999999999999,20]
[null,"Oklahoma",7463.7181920924477,36,0.18099999999999999,36]
[null,"Oregon",8657.09172282289,19,0.223,12]
[null,"Pennsylvania",8471.0831963863511,23,0.185,33]
[null,"Rhode Island",9564.3307346873644,12,0.20810000000000001,18]
[null,"South Carolina",7379.5457185889563,38,0.21,16]
[null,"South Dakota",7373.3872017225267,39,0.16700000000000001,48]
[null,"Tennessee",6558.6618494395889,49,0.16900000000000001,47]
[null,"Texas",7249.9752647800588,41,0.16900000000000001,46]
[null,"Utah",7359.173257429783,40,0.20799999999999999,17]
[null,"Vermont",10416.408745250179,6,0.23599999999999999,9]
[null,"Virginia",7780.0474728996269,33,0.159,50]
[null,"Washington",8414.1126680539619,24,0.18,38]
[null,"West Virginia",8407.4879181428896,25,0.23699999999999999,8]
[null,"Wisconsin",8367.4823322369921,27,0.19800000000000001,26]
[null,"Wyoming",14484.609804657959,3,0.28100000000000003,2]
[]
[null,"U.S. Average",8502.5088772734125,null,0.193]
[null,"Source:  Census Bureau - Fiscal Year data, includes Wash. D.C."]
[null,{"$f":"'Total Revenue tables'!B62","v":"Reflects revised BEA State Personal Incomes as of October 2020 and Census population estimates as of October 2020"}]
[]
[null,"Per capita calculations use the latest US Census mid-year population estimates for July 1"]
[null,"of the fiscal year.  Percent of income calculations use the latest US BEA state personal"]
[null,"income estimates for the calendar year that includes the first half of the fiscal year."]

{"sheet":"12 Total Revenue - S&L","index":11,"n_rows":65,"n_cols":6,"rows_kept":65,"cut":false,"hidden":true,"merged":[]}
[]
[null,"Total Revenue - State and Local"]
[null,null,"FY",2012]
[]
[null,null,"Per Capita",null,"% of Income"]
[null,"State","Amount","Rank","Amount","Rank"]
[null,"Alabama",7034.8442481025577,44,0.20043989838774501,27]
[null,"Alaska",23513.78503011373,1,0.47071231590610108,1]
[null,"Arizona",6622.8314997935386,47,0.18794859141156764,34]
[null,"Arkansas",7187.2877393753997,39,0.21243160461569333,19]
[null,"California",8757.3080551833336,15,0.19708344393858063,29]
[null,"Colorado",7849.7909464107443,30,0.17949176027002281,39]
[null,"Connecticut",10056.656929752575,7,0.16807495388578603,46]
[null,"Delaware",9516.4546030472175,9,0.22072295254360833,10]
[null,"District of Columbia",17577.986344362565,2,0.26723428100324259,8]
[null,"Florida",6940.1218094998967,46,0.17338702133972383,47]
[null,"Georgia",6371.8962749097846,50,0.17600542639165404,44]
[null,"Hawaii",9288.4052674020077,12,0.21857970053866554,14]
[null,"Idaho",6361.6384217249952,51,0.1911233273095814,33]
[null,"Illinois",8151.3721724929865,25,0.18422643600786889,37]
[null,"Indiana",7310.4446534357712,37,0.20174367222579867,26]
[null,"Iowa",9128.2498157078062,14,0.21786827049006011,16]
[null,"Kansas",8176.5877958521714,24,0.19392629426402366,30]
[null,"Kentucky",7061.2672603234505,43,0.2048000663996444,23]
[null,"Louisiana",8498.0044208150175,18,0.22202931697422068,12]
[null,"Maine",8423.6316378806951,19,0.21840117271833909,13]
[null,"Maryland",8849.4282551937449,16,0.17220868584369178,48]
[null,"Massachusetts",9668.4068863795437,8,0.17919202404917609,40]
[null,"Michigan",7671.5477149057851,32,0.20566628137330009,22]
[null,"MINNESOTA",9176.4425345645323,13,0.20418470044005352,24]
[null,"Mississippi",8077.7037572931949,28,0.25322830885888542,4]
[null,"Missouri",7012.3450991690606,45,0.18478792580328923,38]
[null,"Montana",7853.8059228558323,31,0.21409785034509524,17]
[null,"Nebraska",8301.4628984365609,21,0.19085646692913943,32]
[null,"Nevada",6630.6727639812207,49,0.17801608282284706,43]
[null,"New Hampshire",7155.8098158534212,41,0.14943467479334246,51]
[null,"New Jersey",9510.0739806102447,10,0.17822011511580535,42]
[null,"New Mexico",8694.3277794619316,17,0.25237507375614121,6]
[null,"New York",12982.630013259053,5,0.25271047754332099,5]
[null,"North Carolina",7348.3909596583399,35,0.20263839928654909,25]
[null,"North Dakota",12720.910197717387,4,0.27239112724729653,2]
[null,"Ohio",8003.8137835518555,29,0.20637199417138294,21]
[null,"Oklahoma",7484.8650187718767,34,0.19331704236685698,31]
[null,"Oregon",8386.3920087068818,20,0.22540269813009642,11]
[null,"Pennsylvania",8102.6413260251929,27,0.18448975861276262,36]
[null,"Rhode Island",9411.396693060482,11,0.21255926428587985,20]
[null,"South Carolina",7171.2934947931099,40,0.21173267178691263,18]
[null,"South Dakota",7328.3403084716483,36,0.16774963456312869,49]
[null,"Tennessee",6514.649206742376,48,0.1761027232763232,41]
[null,"Texas",7081.4047943212618,42,0.1746266173958122,45]
[null,"Utah",7262.2983304176005,38,0.21409769265821399,15]
[null,"Vermont",10100.136015759948,6,0.23632331313615473,9]
[null,"Virginia",7512.0148305203693,33,0.15913637241401621,50]
[null,"Washington",8195.9316786936088,23,0.18496252382495712,35]
[null,"West Virginia",8530.1680832071415,22,0.24951375689411023,7]
[null,"Wisconsin",8148.1221607488942,26,0.20014235369170308,28]
[null,"Wyoming",14871.605323352047,3,0.30767440992544953,3]
[]
[null,"U.S. Average",8274.0655559568477,null,0.19638933486359852]
[null,"Source:  Census Bureau - Fiscal Year data, includes Wash. D.C."]
[null,{"$f":"'Total Revenue tables'!B62","v":"Reflects revised BEA State Personal Incomes as of October 2020 and Census population estimates as of October 2020"}]
[]
[null,"Per capita calculations use the latest US Census mid-year population estimates for July 1"]
[null,"of the fiscal year.  Percent of income calculations use the latest US BEA state personal"]
[null,"income estimates for the calendar year that includes the first half of the fiscal year."]

{"sheet":"11 Total Revenue - S&L","index":12,"n_rows":65,"n_cols":6,"rows_kept":65,"cut":false,"hidden":true,"merged":[]}
[]
[null,"Total Revenue - State and Local"]
[null,null,"FY",2011]
[]
[null,null,"Per Capita",null,"% of Income"]
[null,"State","Amount","Rank","Amount","Rank"]
[null,"Alabama",7197.3,43,0.21299999999999999,28]
[null,"Alaska",21854.54,1,0.48499999999999999,1]
[null,"Arizona",6805.53,47,0.20200000000000001,34]
[null,"Arkansas",7331.31,39,0.23,17]
[null,"California",9131.24,13,0.218,24]
[null,"Colorado",8112.15,29,0.19700000000000001,36]
[null,"Connecticut",9741.77,9,0.17699999999999999,48]
[null,"Delaware",9761.0300000000007,8,0.24,11]
[null,"District of Columbia",17404.990000000002,2,0.255,9]
[null,"Florida",7277.7,40,0.191,41]
[null,"Georgia",6532.88,51,0.192,39]
[null,"Hawaii",9369.7099999999991,12,0.22700000000000001,18]
[null,"Idaho",6794.13,48,0.214,27]
[null,"Illinois",7938.38,31,0.189,44]
[null,"Indiana",7258.33,41,0.21199999999999999,30]
[null,"Iowa",8996.6200000000008,16,0.23100000000000001,15]
[null,"Kansas",8200.44,27,0.21199999999999999,29]
[null,"Kentucky",7245.68,42,0.221,23]
[null,"Louisiana",8868.2199999999993,17,0.24,10]
[null,"Maine",8640.36,19,0.23300000000000001,13]
[null,"Maryland",8753.19,18,0.17599999999999999,49]
[null,"Massachusetts",9822.5300000000007,7,0.192,40]
[null,"Michigan",7918.7,32,0.22600000000000001,19]
[null,"MINNESOTA",9124.66,14,0.216,25]
[null,"Mississippi",8319.6,23,0.27,5]
[null,"Missouri",7041.37,46,0.193,38]
[null,"Montana",7959.8,30,0.23200000000000001,14]
[null,"Nebraska",8355.19,22,0.21099999999999999,31]
[null,"Nevada",6573.09,50,0.18,47]
[null,"New Hampshire",7435.38,36,0.16600000000000001,51]
[null,"New Jersey",9602.7900000000009,11,0.189,45]
[null,"New Mexico",9043.18,15,0.27400000000000002,4]
[null,"New York",12855.33,4,0.26100000000000001,7]
[null,"North Carolina",7357.95,37,0.20899999999999999,32]
[null,"North Dakota",12195.87,5,0.28599999999999998,3]
[null,"Ohio",8117.84,28,0.224,20]
[null,"Oklahoma",7335.04,38,0.20599999999999999,33]
[null,"Oregon",8214.18,25,0.23100000000000001,16]
[null,"Pennsylvania",8367.0400000000009,21,0.20100000000000001,35]
[null,"Rhode Island",9642.99,10,0.224,21]
[null,"South Carolina",7560.9,33,0.23300000000000001,12]
[null,"South Dakota",7531.07,34,0.187,46]
[null,"Tennessee",6664.02,49,0.189,42]
[null,"Texas",7098.82,45,0.189,43]
[null,"Utah",7147.5,44,0.223,22]
[null,"Vermont",10316.98,6,0.25700000000000001,8]
[null,"Virginia",7488.18,35,0.16900000000000001,50]
[null,"Washington",8205.77,26,0.19500000000000001,37]
[null,"West Virginia",8512.26,20,0.26800000000000002,6]
[null,"Wisconsin",8276.24,24,0.214,26]
[null,"Wyoming",15122.44,3,0.33700000000000002,2]
[]
[null,"U.S. Average",8385.36,null,0.21]
[null,"Source:  Census Bureau - Fiscal Year data, includes Wash. D.C."]
[null,{"$f":"'Total Revenue tables'!B62","v":"Reflects revised BEA State Personal Incomes as of October 2020 and Census population estimates as of October 2020"}]
[]
[null,"Per capita calculations use the latest US Census mid-year population estimates for July 1"]
[null,"of the fiscal year.  Percent of income calculations use the latest US BEA state personal"]
[null,"income estimates for the calendar year that includes the first half of the fiscal year."]

{"sheet":"10 Total Revenue - S&L","index":13,"n_rows":65,"n_cols":6,"rows_kept":65,"cut":false,"hidden":true,"merged":[]}
[]
[null,"Total Revenue - State and Local"]
[null,null,"FY",2010]
[]
[null,null,"Per Capita",null,"% of Income"]
[null,"State","Amount","Rank","Amount","Rank"]
[null,"Alabama",7082.07,42,0.216,24]
[null,"Alaska",19658.849999999999,1,0.45400000000000001,1]
[null,"Arizona",6656.46,47,0.19800000000000001,34]
[null,"Arkansas",6928.03,43,0.221,20]
[null,"California",8722.74,14,0.21199999999999999,27]
[null,"Colorado",7692.07,31,0.188,43]
[null,"Connecticut",9218.39,10,0.17199999999999999,49]
[null,"Delaware",9499.75,7,0.23499999999999999,12]
[null,"District of Columbia",17075.740000000002,2,0.25600000000000001,7]
[null,"Florida",7254.56,37,0.19600000000000001,35]
[null,"Georgia",6494.21,49,0.191,38]
[null,"Hawaii",8983.0499999999993,12,0.22,21]
[null,"Idaho",6366.71,50,0.20300000000000001,33]
[null,"Illinois",7583.55,32,0.183,46]
[null,"Indiana",7138.28,39,0.21299999999999999,25]
[null,"Iowa",8556.91,17,0.222,16]
[null,"Kansas",7932.24,25,0.20699999999999999,30]
[null,"Kentucky",7111.32,40,0.222,18]
[null,"Louisiana",8942.09,13,0.249,9]
[null,"Maine",8380.84,19,0.22700000000000001,13]
[null,"Maryland",8432.0400000000009,18,0.17299999999999999,48]
[null,"Massachusetts",9378.41,9,0.188,44]
[null,"Michigan",7730.73,29,0.22600000000000001,15]
[null,"MINNESOTA",8718.23,15,0.21299999999999999,26]
[null,"Mississippi",8133.28,21,0.27,3]
[null,"Missouri",6845.15,46,0.19,40]
[null,"Montana",8145.84,20,0.24399999999999999,11]
[null,"Nebraska",8013.02,24,0.20499999999999999,32]
[null,"Nevada",6581.56,48,0.18,47]
[null,"New Hampshire",7446.63,33,0.17,50]
[null,"New Jersey",9440.4,8,0.189,42]
[null,"New Mexico",8599.8799999999992,16,0.26800000000000002,4]
[null,"New York",12240.83,4,0.25700000000000001,6]
[null,"North Carolina",7099.98,41,0.20599999999999999,31]
[null,"North Dakota",10310.950000000001,5,0.26100000000000001,5]
[null,"Ohio",7723.4,30,0.218,22]
[null,"Oklahoma",7248.35,38,0.21199999999999999,28]
[null,"Oregon",7841.15,27,0.222,17]
[null,"Pennsylvania",7836.45,28,0.19400000000000001,36]
[null,"Rhode Island",9151.7199999999993,11,0.222,19]
[null,"South Carolina",7272.68,35,0.22700000000000001,14]
[null,"South Dakota",7333.56,34,0.189,41]
[null,"Tennessee",6339.06,51,0.186,45]
[null,"Texas",6918,44,0.191,39]
[null,"Utah",6881.96,45,0.216,23]
[null,"Vermont",9804.15,6,0.248,10]
[null,"Virginia",7266.98,36,0.16700000000000001,51]
[null,"Washington",8021.45,23,0.193,37]
[null,"West Virginia",7902.34,26,0.254,8]
[null,"Wisconsin",8029.04,22,0.21,29]
[null,"Wyoming",14421.28,3,0.33500000000000002,2]
[]
[null,"U.S. Average",8090.32,null,0.20699999999999999]
[null,"Source:  Census Bureau - Fiscal Year data, includes Wash. D.C."]
[null,{"$f":"'Total Revenue tables'!B62","v":"Reflects revised BEA State Personal Incomes as of October 2020 and Census population estimates as of October 2020"}]
[]
[null,"Per capita calculations use the latest US Census mid-year population estimates for July 1"]
[null,"of the fiscal year.  Percent of income calculations use the latest US BEA state personal"]
[null,"income estimates for the calendar year that includes the first half of the fiscal year."]

{"sheet":"09 Total Revenue - S&L","index":14,"n_rows":65,"n_cols":6,"rows_kept":65,"cut":false,"hidden":true,"merged":[]}
[]
[null,"Total Revenue - State and Local"]
[null,null,"FY",2009]
[]
[null,null,"Per Capita",null,"% of Income"]
[null,"State","Amount","Rank","Amount","Rank"]
[null,"Alabama",6796.49,43,0.20100000000000001,25]
[null,"Alaska",20689.310000000001,1,0.46600000000000003,1]
[null,"Arizona",6248.83,49,0.183,35]
[null,"Arkansas",6572.81,47,0.20399999999999999,22]
[null,"California",8666.17,14,0.20100000000000001,27]
[null,"Colorado",7554.37,28,0.17899999999999999,39]
[null,"Connecticut",9049.2800000000007,11,0.16,49]
[null,"Delaware",9057.24,10,0.219,13]
[null,"District of Columbia",16263.75,2,0.24,9]
[null,"Florida",7220.07,33,0.182,37]
[null,"Georgia",6140.49,50,0.17799999999999999,42]
[null,"Hawaii",9026.2800000000007,12,0.21199999999999999,15]
[null,"Idaho",6302.02,48,0.19400000000000001,29]
[null,"Illinois",7387.49,30,0.17299999999999999,46]
[null,"Indiana",7167.32,34,0.20499999999999999,21]
[null,"Iowa",8314.06,16,0.21,18]
[null,"Kansas",7787.01,23,0.193,30]
[null,"Kentucky",6886.82,40,0.21099999999999999,16]
[null,"Louisiana",9204.68,8,0.247,5]
[null,"Maine",8301.3799999999992,17,0.224,12]
[null,"Maryland",8225.68,19,0.16600000000000001,48]
[null,"Massachusetts",9164.32,9,0.18099999999999999,38]
[null,"Michigan",7337.38,32,0.20699999999999999,20]
[null,"MINNESOTA",8251.0300000000007,18,0.192,31]
[null,"Mississippi",7843.38,22,0.25600000000000001,3]
[null,"Missouri",6576.1,46,0.17799999999999999,40]
[null,"Montana",8029.31,20,0.23100000000000001,10]
[null,"Nebraska",7748.99,25,0.191,33]
[null,"Nevada",6780.79,44,0.16900000000000001,47]
[null,"New Hampshire",6866.27,41,0.156,51]
[null,"New Jersey",9217.11,7,0.17799999999999999,41]
[null,"New Mexico",8532.2900000000009,15,0.255,4]
[null,"New York",11759.98,4,0.24299999999999999,7]
[null,"North Carolina",6936.24,39,0.19600000000000001,28]
[null,"North Dakota",10008.39,5,0.24099999999999999,8]
[null,"Ohio",7499.68,29,0.20699999999999999,19]
[null,"Oklahoma",7166.51,35,0.191,32]
[null,"Oregon",7381.67,31,0.20399999999999999,24]
[null,"Pennsylvania",7591.99,27,0.184,34]
[null,"Rhode Island",8815.2999999999993,13,0.21,17]
[null,"South Carolina",7058.09,37,0.214,14]
[null,"South Dakota",6961.7,38,0.17499999999999999,43]
[null,"Tennessee",6038.5,51,0.17399999999999999,45]
[null,"Texas",6807.2,42,0.17499999999999999,44]
[null,"Utah",6685.33,45,0.20399999999999999,23]
[null,"Vermont",9231.1,6,0.22900000000000001,11]
[null,"Virginia",7111.53,36,0.159,50]
[null,"Washington",7912.24,21,0.182,36]
[null,"West Virginia",7677.32,26,0.245,6]
[null,"Wisconsin",7770.99,24,0.20100000000000001,26]
[null,"Wyoming",15658.85,3,0.318,2]
[]
[null,"U.S. Average",7898.42,null,0.19500000000000001]
[null,"Source:  Census Bureau - Fiscal Year data, includes Wash. D.C."]
[null,{"$f":"'Total Revenue tables'!B62","v":"Reflects revised BEA State Personal Incomes as of October 2020 and Census population estimates as of October 2020"}]
[]
[null,"Per capita calculations use the latest US Census mid-year population estimates for July 1"]
[null,"of the fiscal year.  Percent of income calculations use the latest US BEA state personal"]
[null,"income estimates for the calendar year that includes the first half of the fiscal year."]

{"sheet":"08 Total Revenue - S&L","index":15,"n_rows":65,"n_cols":6,"rows_kept":65,"cut":false,"hidden":true,"merged":[]}
[]
[null,"Total Revenue - State and Local"]
[null,null,"FY",2008]
[]
[null,null,"Per Capita",null,"% of Income"]
[null,"State","Amount","Rank","Amount","Rank"]
[null,"Alabama",6775.23,41,0.20699999999999999,24]
[null,"Alaska",27117.91,1,0.65600000000000003,1]
[null,"Arizona",6503.64,49,0.191,37]
[null,"Arkansas",6416.15,50,0.20699999999999999,23]
[null,"California",8910.2099999999991,13,0.20799999999999999,21]
[null,"Colorado",7561.73,27,0.184,42]
[null,"Connecticut",9090.2199999999993,8,0.16200000000000001,50]
[null,"Delaware",9006.11,11,0.221,14]
[null,"District of Columbia",16985.490000000002,2,0.27,4]
[null,"Florida",7600.07,26,0.191,35]
[null,"Georgia",6585.87,45,0.192,34]
[null,"Hawaii",9087.16,9,0.222,13]
[null,"Idaho",6533.31,47,0.20100000000000001,30]
[null,"Illinois",7315.77,32,0.17499999999999999,46]
[null,"Indiana",7014.49,35,0.20599999999999999,25]
[null,"Iowa",7725.33,23,0.20899999999999999,19]
[null,"Kansas",7613.4,25,0.20200000000000001,27]
[null,"Kentucky",6574.03,46,0.20899999999999999,20]
[null,"Louisiana",9707.0400000000009,5,0.27600000000000002,3]
[null,"Maine",7935.41,18,0.222,12]
[null,"Maryland",7891,19,0.16400000000000001,49]
[null,"Massachusetts",9027.2999999999993,10,0.183,45]
[null,"Michigan",7318.89,31,0.21,18]
[null,"MINNESOTA",8295.25,16,0.2,31]
[null,"Mississippi",7830.14,20,0.26700000000000002,5]
[null,"Missouri",6515.95,48,0.184,43]
[null,"Montana",7735.3,22,0.23300000000000001,10]
[null,"Nebraska",7735.9,21,0.20100000000000001,29]
[null,"Nevada",6898.35,39,0.17,47]
[null,"New Hampshire",6752.68,43,0.157,51]
[null,"New Jersey",9386.25,7,0.185,41]
[null,"New Mexico",8448.64,15,0.26400000000000001,6]
[null,"New York",11664.15,4,0.246,9]
[null,"North Carolina",6960.57,36,0.20100000000000001,28]
[null,"North Dakota",9624.68,6,0.26200000000000001,7]
[null,"Ohio",7544.27,28,0.21199999999999999,17]
[null,"Oklahoma",6855.15,40,0.19800000000000001,32]
[null,"Oregon",7242.63,34,0.20599999999999999,26]
[null,"Pennsylvania",7635.94,24,0.191,36]
[null,"Rhode Island",8523.43,14,0.20799999999999999,22]
[null,"South Carolina",6925.99,38,0.217,15]
[null,"South Dakota",6715.96,44,0.184,44]
[null,"Tennessee",6297.44,51,0.186,40]
[null,"Texas",6753.46,42,0.187,39]
[null,"Utah",6944.64,37,0.217,16]
[null,"Vermont",8947.76,12,0.23,11]
[null,"Virginia",7246.11,33,0.16600000000000001,48]
[null,"Washington",7988.92,17,0.189,38]
[null,"West Virginia",7440.91,29,0.252,8]
[null,"Wisconsin",7427.14,30,0.19800000000000001,33]
[null,"Wyoming",15265.44,3,0.33200000000000002,2]
[]
[null,"U.S. Average",7957.22,null,0.20200000000000001]
[null,"Source:  Census Bureau - Fiscal Year data, includes Wash. D.C."]
[null,{"$f":"'Total Revenue tables'!B62","v":"Reflects revised BEA State Personal Incomes as of October 2020 and Census population estimates as of October 2020"}]
[]
[null,"Per capita calculations use the latest US Census mid-year population estimates for July 1"]
[null,"of the fiscal year.  Percent of income calculations use the latest US BEA state personal"]
[null,"income estimates for the calendar year that includes the first half of the fiscal year."]

{"sheet":"07 Total Revenue - S&L","index":16,"n_rows":65,"n_cols":6,"rows_kept":65,"cut":false,"hidden":true,"merged":[]}
[]
[null,"Total Revenue - State and Local"]
[null,null,"FY",2007]
[]
[null,null,"Per Capita",null,"% of Income"]
[null,"State","Amount","Rank","Amount","Rank"]
[null,"Alabama",6658.39,40,0.21099999999999999,23]
[null,"Alaska",19005.810000000001,1,0.49,1]
[null,"Arizona",6471.28,45,0.19600000000000001,35]
[null,"Arkansas",6208.79,51,0.21199999999999999,19]
[null,"California",8686.3700000000008,11,0.21,24]
[null,"Colorado",7291.04,28,0.184,44]
[null,"Connecticut",8834.16,8,0.16700000000000001,49]
[null,"Delaware",8846.17,7,0.221,16]
[null,"District of Columbia",16620.82,2,0.28100000000000003,4]
[null,"Florida",7317.72,26,0.19,40]
[null,"Georgia",6534.65,42,0.19800000000000001,33]
[null,"Hawaii",8803.17,10,0.22700000000000001,15]
[null,"Idaho",6246.85,50,0.19900000000000001,31]
[null,"Illinois",7180,31,0.18099999999999999,45]
[null,"Indiana",6718.36,39,0.20300000000000001,28]
[null,"Iowa",7331.41,25,0.21199999999999999,20]
[null,"Kansas",7190.18,30,0.20100000000000001,30]
[null,"Kentucky",6329.01,47,0.20799999999999999,26]
[null,"Louisiana",8996.91,6,0.27600000000000002,5]
[null,"Maine",7869.03,18,0.23,13]
[null,"Maryland",7620.98,20,0.16400000000000001,50]
[null,"Massachusetts",8421.6200000000008,12,0.17799999999999999,46]
[null,"Michigan",7144.99,33,0.21099999999999999,22]
[null,"MINNESOTA",7984.84,17,0.20300000000000001,29]
[null,"Mississippi",8137.94,16,0.29199999999999998,3]
[null,"Missouri",6325.84,48,0.186,43]
[null,"Montana",7431.29,23,0.23699999999999999,11]
[null,"Nebraska",7541.49,21,0.20899999999999999,25]
[null,"Nevada",6943.22,36,0.17699999999999999,47]
[null,"New Hampshire",6484.63,44,0.157,51]
[null,"New Jersey",9102.4,5,0.189,41]
[null,"New Mexico",8300.6200000000008,15,0.27200000000000002,6]
[null,"New York",11372.48,4,0.25800000000000001,7]
[null,"North Carolina",6858.84,38,0.20599999999999999,27]
[null,"North Dakota",8370.64,13,0.25,9]
[null,"Ohio",7355.7,24,0.214,17]
[null,"Oklahoma",6631.06,41,0.19700000000000001,34]
[null,"Oregon",7215.99,29,0.21199999999999999,21]
[null,"Pennsylvania",7441.85,22,0.19500000000000001,36]
[null,"Rhode Island",8324.5300000000007,14,0.21299999999999999,18]
[null,"South Carolina",7093.12,35,0.23100000000000001,12]
[null,"South Dakota",6410.77,46,0.192,39]
[null,"Tennessee",6295.54,49,0.193,38]
[null,"Texas",6494.37,43,0.187,42]
[null,"Utah",6864.74,37,0.22800000000000001,14]
[null,"Vermont",8829.61,9,0.23899999999999999,10]
[null,"Virginia",7112.02,34,0.17,48]
[null,"Washington",7712.56,19,0.19500000000000001,37]
[null,"West Virginia",7294.69,27,0.25600000000000001,8]
[null,"Wisconsin",7152.79,32,0.19800000000000001,32]
[null,"Wyoming",13598.88,3,0.307,2]
[]
[null,"U.S. Average",7723.84,null,0.20499999999999999]
[null,"Source:  Census Bureau - Fiscal Year data, includes Wash. D.C."]
[null,{"$f":"'Total Revenue tables'!B62","v":"Reflects revised BEA State Personal Incomes as of October 2020 and Census population estimates as of October 2020"}]
[]
[null,"Per capita calculations use the latest US Census mid-year population estimates for July 1"]
[null,"of the fiscal year.  Percent of income calculations use the latest US BEA state personal"]
[null,"income estimates for the calendar year that includes the first half of the fiscal year."]

{"sheet":"06 Total Revenue - S&L","index":17,"n_rows":65,"n_cols":6,"rows_kept":65,"cut":false,"hidden":true,"merged":[]}
[]
[null,"Total Revenue - State and Local"]
[null,null,"FY",2006]
[]
[null,null,"Per Capita",null,"% of Income"]
[null,"State","Amount","Rank","Amount","Rank"]
[null,"Alabama",6433.61,40,0.214,22]
[null,"Alaska",16275,1,0.441,1]
[null,"Arizona",6111.35,46,0.2,33]
[null,"Arkansas",6110.17,47,0.221,18]
[null,"California",8308.69,8,0.214,23]
[null,"Colorado",6876.35,31,0.184,44]
[null,"Connecticut",8331.84,7,0.16900000000000001,50]
[null,"Delaware",8468.9,6,0.223,17]
[null,"District of Columbia",15779.13,2,0.28999999999999998,3]
[null,"Florida",7001.28,26,0.19600000000000001,35]
[null,"Georgia",6062.27,48,0.192,38]
[null,"Hawaii",8205.93,10,0.22700000000000001,16]
[null,"Idaho",6045.84,50,0.20699999999999999,27]
[null,"Illinois",6860.11,32,0.184,45]
[null,"Indiana",7186.2,21,0.22900000000000001,15]
[null,"Iowa",6961.66,29,0.21099999999999999,25]
[null,"Kansas",6644.56,37,0.2,34]
[null,"Kentucky",6183.54,43,0.214,24]
[null,"Louisiana",7934.26,12,0.25,8]
[null,"Maine",7846.54,15,0.24299999999999999,10]
[null,"Maryland",7440.4,18,0.17,48]
[null,"Massachusetts",8081.03,11,0.183,46]
[null,"Michigan",6785.6,33,0.20699999999999999,28]
[null,"MINNESOTA",7637.08,17,0.20300000000000001,30]
[null,"Mississippi",6967.91,28,0.25900000000000001,7]
[null,"Missouri",6054.59,49,0.187,42]
[null,"Montana",7112.73,23,0.24299999999999999,9]
[null,"Nebraska",7316.99,19,0.21099999999999999,26]
[null,"Nevada",6648.55,36,0.17699999999999999,47]
[null,"New Hampshire",6166.83,44,0.159,51]
[null,"New Jersey",8508.91,5,0.189,41]
[null,"New Mexico",7919.66,14,0.27400000000000002,4]
[null,"New York",10822.27,4,0.26400000000000001,5]
[null,"North Carolina",6535.06,38,0.20599999999999999,29]
[null,"North Dakota",7762.31,16,0.24199999999999999,11]
[null,"Ohio",7126.76,22,0.218,19]
[null,"Oklahoma",6278,41,0.20300000000000001,31]
[null,"Oregon",6975.94,27,0.218,20]
[null,"Pennsylvania",7016.42,24,0.19600000000000001,36]
[null,"Rhode Island",7924.2,13,0.215,21]
[null,"South Carolina",6661.04,35,0.23100000000000001,14]
[null,"South Dakota",6125.47,45,0.186,43]
[null,"Tennessee",5919.12,51,0.19,40]
[null,"Texas",6195.67,42,0.191,39]
[null,"Utah",6496.35,39,0.23200000000000001,13]
[null,"Vermont",8245.43,9,0.23799999999999999,12]
[null,"Virginia",6718.52,34,0.17,49]
[null,"Washington",7218.86,20,0.19500000000000001,37]
[null,"West Virginia",7011.96,25,0.26400000000000001,6]
[null,"Wisconsin",6885.11,30,0.20100000000000001,32]
[null,"Wyoming",13766.01,3,0.35,2]
[]
[null,"U.S. Average",7359.43,null,0.20699999999999999]
[null,"Source:  Census Bureau - Fiscal Year data, includes Wash. D.C."]
[null,{"$f":"'Total Revenue tables'!B62","v":"Reflects revised BEA State Personal Incomes as of October 2020 and Census population estimates as of October 2020"}]
[]
[null,"Per capita calculations use the latest US Census mid-year population estimates for July 1"]
[null,"of the fiscal year.  Percent of income calculations use the latest US BEA state personal"]
[null,"income estimates for the calendar year that includes the first half of the fiscal year."]

{"sheet":"05 Total Revenue - S&L","index":18,"n_rows":65,"n_cols":6,"rows_kept":65,"cut":false,"hidden":true,"merged":[]}
[]
[null,"Total Revenue - State and Local"]
[null,null,"FY",2005]
[]
[null,null,"Per Capita",null,"% of Income"]
[null,"State","Amount","Rank","Amount","Rank"]
[null,"Alabama",6022.02,39,0.20899999999999999,20]
[null,"Alaska",14675.07,1,0.41599999999999998,1]
[null,"Arizona",5616.75,50,0.19600000000000001,33]
[null,"Arkansas",5771.62,48,0.217,16]
[null,"California",7567.63,12,0.20499999999999999,26]
[null,"Colorado",6388.13,30,0.17899999999999999,46]
[null,"Connecticut",7925.34,5,0.16900000000000001,48]
[null,"Delaware",7907.54,6,0.215,17]
[null,"District of Columbia",14260.05,2,0.28100000000000003,3]
[null,"Florida",6309.2,34,0.189,38]
[null,"Georgia",5516.3,51,0.182,43]
[null,"Hawaii",7546.3,13,0.222,15]
[null,"Idaho",5820.89,44,0.20599999999999999,25]
[null,"Illinois",6309.64,33,0.17599999999999999,47]
[null,"Indiana",6336.02,32,0.20599999999999999,24]
[null,"Iowa",6569.5,27,0.20300000000000001,28]
[null,"Kansas",6199.14,36,0.19400000000000001,35]
[null,"Kentucky",5704.11,49,0.20499999999999999,27]
[null,"Louisiana",6645.15,24,0.23799999999999999,11]
[null,"Maine",7612.32,11,0.24,9]
[null,"Maryland",6990.15,18,0.16800000000000001,49]
[null,"Massachusetts",7692.52,9,0.18099999999999999,44]
[null,"Michigan",6614.41,26,0.20699999999999999,23]
[null,"MINNESOTA",7322.41,14,0.19900000000000001,31]
[null,"Mississippi",6138.03,37,0.24399999999999999,7]
[null,"Missouri",5845.14,42,0.186,39]
[null,"Montana",6726.39,22,0.24,8]
[null,"Nebraska",7012.79,17,0.20899999999999999,21]
[null,"Nevada",6382.7,31,0.184,41]
[null,"New Hampshire",5916.56,41,0.156,51]
[null,"New Jersey",7858.19,7,0.182,42]
[null,"New Mexico",7312.48,15,0.26800000000000002,4]
[null,"New York",10048.86,4,0.25800000000000001,6]
[null,"North Carolina",6100.06,38,0.20100000000000001,29]
[null,"North Dakota",7217.51,16,0.23899999999999999,10]
[null,"Ohio",6715.37,23,0.21199999999999999,19]
[null,"Oklahoma",5780.64,47,0.19800000000000001,32]
[null,"Oregon",6447.82,29,0.20699999999999999,22]
[null,"Pennsylvania",6764.11,19,0.19500000000000001,34]
[null,"Rhode Island",7652.17,10,0.214,18]
[null,"South Carolina",6490.15,28,0.23400000000000001,12]
[null,"South Dakota",5829.22,43,0.18099999999999999,45]
[null,"Tennessee",5815.66,45,0.191,36]
[null,"Texas",5790.93,46,0.19,37]
[null,"Utah",6005.05,40,0.22700000000000001,14]
[null,"Vermont",7796.65,8,0.23100000000000001,13]
[null,"Virginia",6259.67,35,0.16800000000000001,50]
[null,"Washington",6738.83,21,0.186,40]
[null,"West Virginia",6758.67,20,0.26300000000000001,5]
[null,"Wisconsin",6626.55,25,0.19900000000000001,30]
[null,"Wyoming",12159.93,3,0.33900000000000002,2]
[]
[null,"U.S. Average",6850.42,null,0.20200000000000001]
[null,"Source:  Census Bureau - Fiscal Year data, includes Wash. D.C."]
[null,{"$f":"'Total Revenue tables'!B62","v":"Reflects revised BEA State Personal Incomes as of October 2020 and Census population estimates as of October 2020"}]
[]
[null,"Per capita calculations use the latest US Census mid-year population estimates for July 1"]
[null,"of the fiscal year.  Percent of income calculations use the latest US BEA state personal"]
[null,"income estimates for the calendar year that includes the first half of the fiscal year."]

{"sheet":"04 Total Revenue - S&L","index":19,"n_rows":65,"n_cols":6,"rows_kept":65,"cut":false,"hidden":true,"merged":[]}
[]
[null,"Total Revenue - State and Local"]
[null,null,"FY",2004]
[]
[null,null,"Per Capita",null,"% of Income"]
[null,"State","Amount","Rank","Amount","Rank"]
[null,"Alabama",5622.14,41,0.20799999999999999,23]
[null,"Alaska",12882.38,2,0.377,1]
[null,"Arizona",5242.6899999999996,50,0.193,34]
[null,"Arkansas",5369.21,48,0.21199999999999999,17]
[null,"California",7036.49,12,0.20100000000000001,28]
[null,"Colorado",6104.35,28,0.17599999999999999,45]
[null,"Connecticut",7298.35,9,0.16600000000000001,49]
[null,"Delaware",7587.23,5,0.216,15]
[null,"District of Columbia",13259.09,1,0.27900000000000003,3]
[null,"Florida",5873.36,33,0.188,36]
[null,"Georgia",5207.87,51,0.17699999999999999,44]
[null,"Hawaii",6701.35,16,0.21099999999999999,18]
[null,"Idaho",5574.33,42,0.21,19]
[null,"Illinois",6057.56,30,0.17599999999999999,46]
[null,"Indiana",5758.54,36,0.19500000000000001,32]
[null,"Iowa",6254.37,25,0.21,20]
[null,"Kansas",5972.45,32,0.19500000000000001,33]
[null,"Kentucky",5540.54,43,0.20899999999999999,21]
[null,"Louisiana",6218.09,26,0.23400000000000001,9]
[null,"Maine",7342.87,7,0.24299999999999999,8]
[null,"Maryland",6656.29,17,0.17100000000000001,48]
[null,"Massachusetts",7333.84,8,0.18099999999999999,42]
[null,"Michigan",6443.02,20,0.20799999999999999,22]
[null,"MINNESOTA",6935.73,13,0.19800000000000001,31]
[null,"Mississippi",5860.84,34,0.246,7]
[null,"Missouri",5534.85,44,0.184,40]
[null,"Montana",6148.82,27,0.23200000000000001,10]
[null,"Nebraska",6716.37,15,0.20699999999999999,24]
[null,"Nevada",5700.29,38,0.17699999999999999,43]
[null,"New Hampshire",5424.15,47,0.152,51]
[null,"New Jersey",7203.96,11,0.17499999999999999,47]
[null,"New Mexico",6613.89,18,0.253,6]
[null,"New York",9398.23,4,0.25600000000000001,4]
[null,"North Carolina",5716.37,37,0.19900000000000001,30]
[null,"North Dakota",6841.61,14,0.23,12]
[null,"Ohio",6294.88,24,0.20599999999999999,25]
[null,"Oklahoma",5508.24,46,0.19900000000000001,29]
[null,"Oregon",6092.03,29,0.20399999999999999,26]
[null,"Pennsylvania",6347.23,22,0.192,35]
[null,"Rhode Island",7277.47,10,0.214,16]
[null,"South Carolina",6018.79,31,0.22700000000000001,13]
[null,"South Dakota",5660.3,40,0.185,39]
[null,"Tennessee",5342.65,49,0.183,41]
[null,"Texas",5526.43,45,0.187,38]
[null,"Utah",5672.01,39,0.223,14]
[null,"Vermont",7390.97,6,0.23200000000000001,11]
[null,"Virginia",5857.02,35,0.16500000000000001,50]
[null,"Washington",6401.2,21,0.187,37]
[null,"West Virginia",6324.77,23,0.255,5]
[null,"Wisconsin",6466.16,19,0.20300000000000001,27]
[null,"Wyoming",10181.02,3,0.30499999999999999,2]
[]
[null,"U.S. Average",6440.62,null,0.19900000000000001]
[null,"Source:  Census Bureau - Fiscal Year data, includes Wash. D.C."]
[null,{"$f":"'Total Revenue tables'!B62","v":"Reflects revised BEA State Personal Incomes as of October 2020 and Census population estimates as of October 2020"}]
[]
[null,"Per capita calculations use the latest US Census mid-year population estimates for July 1"]
[null,"of the fiscal year.  Percent of income calculations use the latest US BEA state personal"]
[null,"income estimates for the calendar year that includes the first half of the fiscal year."]