{"text_format":"1","workbook":"xlsx","n_sheets":19,"sheets":["Total Tax Collections tables","21 Total Tax Collections - S&L","20 Total Tax Collections - S&L","19 Total Tax Collections - S&L","18 Total Tax Collections - S&L","17 Total Tax Collections - S&L","16 Total Tax Collections - S&L","15 Total Tax Collections - S&L","14 Total Tax Collections - S&L","13 Total Tax Collections - S&L","12 Total Tax Collections - S&L","11 Total Tax Collections - S&L","10 Total Tax Collections - S&L","09 Total Tax Collections - S&L","08 Total Tax Collections - S&L","07 Total Tax Collections - S&L","06 Total Tax Collections - S&L","05 Total Tax Collections - S&L","04 Total Tax Collections - S&L"],"not_rendered":{"charts":0,"images":57,"macros":1,"external_links":0,"defined_names":19,"comments":0,"pivot_tables":0},"unopened":[],"bounds":{"document_bytes":16777216,"sheet_cells":100000,"rows_first":2000,"rows_last":500,"rows_between":2000,"halvings":0,"cell_chars":16384,"cell_head_chars":4096},"cells_cut":0,"cells_raw":0,"read":"whole","date_system":"1900"}

{"sheet":"Total Tax Collections tables","index":0,"n_rows":69,"n_cols":12,"rows_kept":69,"cut":false,"hidden":false,"merged":[[58,2,59,2],[58,3,59,3],[58,4,59,4],[58,5,59,5],[0,0,67,0],[0,6,67,7],[68,0,68,7],[2,1,2,5],[5,2,5,3],[5,4,5,5],[1,1,1,5],[66,1,66,5],[67,1,67,5],[0,2,0,5],[60,1,60,5],[3,1,4,2],[3,3,4,5],[63,1,65,5],[61,1,62,5],[58,1,59,1]]}
["This cell intentionally left blank","Select Year","This cell intentionally left blank",null,null,null,"This cell intentionally left blank",null,null,null,null,"Select Year"]
[null,"This cell intentionally left blank",null,null,null,null,null,null,null,null,null,2021]
[null,"Total Tax Collections - State and Local",null,null,null,null,null,null,null,null,null,2020]
[null,"FY",null,{"$f":"IF(B1=2021,'21 Total Tax Collections - S&L'!D3,0)+IF(B1=2020,'20 Total Tax Collections - S&L'!D3,0)+IF(B1=2019,'19 Total Tax Collections - S&L'!D3,0)+IF(B1=2018,'18 Total Tax Collections - S&L'!D3,0)+IF(B1=2017,'17 Total Tax Collections - S&L'!D3,0)+IF(B1=2016,'16 Total Tax Collections - S&L'!D3,0)+IF(B1=2015,'15 Total Tax Collections - S&L'!D3,0)+IF(B1=2014,'14 Total Tax Collections - S&L'!D3,0)+IF(B1=2013,'13 Total Tax Collections - S&L'!D3,0)+IF(B1=2012,'12 Total Tax Collections - S&L'!D3,0)+IF(B1=2011,'11 Total Tax Collections - S&L'!D3,0)+IF(B1=2010,'10 Total Tax Collections - S&L'!D3,0)+IF(B1=2009,'09 Total Tax Collections - S&L'!D3,0)+IF(B1=2008,'08 Total Tax Collections - S&L'!D3,0)+IF(B1=2007,'07 Total Tax Collections - S&L'!D3,0)+IF(B1=2006,'06 Total Tax Collections - S&L'!D3,0)+IF(B1=2005,'05 Total Tax Collections - S&L'!D3)+IF(B1=2004,'04 Total Tax Collections - S&L'!D3,0)","v":0},null,null,null,null,null,null,null,2019]
[null,null,null,null,null,null,null,null,null,null,null,2018]
[null,"This cell intentionally left blank","Dollars Per Capita",null,"% of Income",null,null,null,null,null,null,2017]
[null,"State","Amount","Rank","Amount","Rank",null,null,null,null,null,2016]
[null,"Alabama",{"$f":"IF($B$1=2021,'21 Total Tax Collections - S&L'!C7,0)+IF($B$1=2020,'20 Total Tax Collections - S&L'!C7,0)+IF($B$1=2019,'19 Total Tax Collections - S&L'!C7,0)+IF($B$1=2018,'18 Total Tax Collections - S&L'!C7,0)+IF($B$1=2017,'17 Total Tax Collections - S&L'!C7,0)+IF($B$1=2016,'16 Total Tax Collections - S&L'!C7,0)+IF($B$1=2015,'15 Total Tax Collections - S&L'!C7,0)+IF($B$1=2014,'14 Total Tax Collections - S&L'!C7,0)+IF($B$1=2013,'13 Total Tax Collections - S&L'!C7,0)+IF($B$1=2012,'12 Total Tax Collections - S&L'!C7,0)+IF($B$1=2011,'11 Total Tax Collections - S&L'!C7,0)+IF($B$1=2010,'10 Total Tax Collections - S&L'!C7,0)+IF($B$1=2009,'09 Total Tax Collections - S&L'!C7,0)+IF($B$1=2008,'08 Total Tax Collections - S&L'!C7,0)+IF($B$1=2007,'07 Total Tax Collections - S&L'!C7,0)+IF($B$1=2006,'06 Total Tax Collections - S&L'!C7,0)+IF($B$1=2005,'05 Total Tax Collections - S&L'!C7,0)+IF($B$1=2004,'04 Total Tax Collections - S&L'!C7,0)","v":0},{"$f":"IF($B$1=2021,'21 Total Tax Collections - S&L'!D7,0)+IF($B$1=2020,'20 Total Tax Collections - S&L'!D7,0)+IF($B$1=2019,'19 Total Tax Collections - S&L'!D7,0)+IF($B$1=2018,'18 Total Tax Collections - S&L'!D7,0)+IF($B$1=2017,'17 Total Tax Collections - S&L'!D7,0)+IF($B$1=2016,'16 Total Tax Collections - S&L'!D7,0)+IF($B$1=2015,'15 Total Tax Collections - S&L'!D7,0)+IF($B$1=2014,'14 Total Tax Collections - S&L'!D7,0)+IF($B$1=2013,'13 Total Tax Collections - S&L'!D7,0)+IF($B$1=2012,'12 Total Tax Collections - S&L'!D7,0)+IF($B$1=2011,'11 Total Tax Collections - S&L'!D7,0)+IF($B$1=2010,'10 Total Tax Collections - S&L'!D7,0)+IF($B$1=2009,'09 Total Tax Collections - S&L'!D7,0)+IF($B$1=2008,'08 Total Tax Collections - S&L'!D7,0)+IF($B$1=2007,'07 Total Tax Collections - S&L'!D7,0)+IF($B$1=2006,'06 Total Tax Collections - S&L'!D7,0)+IF($B$1=2005,'05 Total Tax Collections - S&L'!D7,0)+IF($B$1=2004,'04 Total Tax Collections - S&L'!D7,0)","v":0},{"$f":"IF($B$1=2021,'21 Total Tax Collections - S&L'!E7,0)+IF($B$1=2020,'20 Total Tax Collections - S&L'!E7,0)+IF($B$1=2019,'19 Total Tax Collections - S&L'!E7,0)+IF($B$1=2018,'18 Total Tax Collections - S&L'!E7,0)+IF($B$1=2017,'17 Total Tax Collections - S&L'!E7,0)+IF($B$1=2016,'16 Total Tax Collections - S&L'!E7,0)+IF($B$1=2015,'15 Total Tax Collections - S&L'!E7,0)+IF($B$1=2014,'14 Total Tax Collections - S&L'!E7,0)+IF($B$1=2013,'13 Total Tax Collections - S&L'!E7,0)+IF($B$1=2012,'12 Total Tax Collections - S&L'!E7,0)+IF($B$1=2011,'11 Total Tax Collections - S&L'!E7,0)+IF($B$1=2010,'10 Total Tax Collections - S&L'!E7,0)+IF($B$1=2009,'09 Total Tax Collections - S&L'!E7,0)+IF($B$1=2008,'08 Total Tax Collections - S&L'!E7,0)+IF($B$1=2007,'07 Total Tax Collections - S&L'!E7,0)+IF($B$1=2006,'06 Total Tax Collections - S&L'!E7,0)+IF($B$1=2005,'05 Total Tax Collections - S&L'!E7,0)+IF($B$1=2004,'04 Total Tax Collections - S&L'!E7,0)","v":0},{"$f":"IF($B$1=2021,'21 Total Tax Collections - S&L'!F7,0)+IF($B$1=2020,'20 Total Tax Collections - S&L'!F7,0)+IF($B$1=2019,'19 Total Tax Collections - S&L'!F7,0)+IF($B$1=2018,'18 Total Tax Collections - S&L'!F7,0)+IF($B$1=2017,'17 Total Tax Collections - S&L'!F7,0)+IF($B$1=2016,'16 Total Tax Collections - S&L'!F7,0)+IF($B$1=2015,'15 Total Tax Collections - S&L'!F7,0)+IF($B$1=2014,'14 Total Tax Collections - S&L'!F7,0)+IF($B$1=2013,'13 Total Tax Collections - S&L'!F7,0)+IF($B$1=2012,'12 Total Tax Collections - S&L'!F7,0)+IF($B$1=2011,'11 Total Tax Collections - S&L'!F7,0)+IF($B$1=2010,'10 Total Tax Collections - S&L'!F7,0)+IF($B$1=2009,'09 Total Tax Collections - S&L'!F7,0)+IF($B$1=2008,'08 Total Tax Collections - S&L'!F7,0)+IF($B$1=2007,'07 Total Tax Collections - S&L'!F7,0)+IF($B$1=2006,'06 Total Tax Collections - S&L'!F7,0)+IF($B$1=2005,'05 Total Tax Collections - S&L'!F7,0)+IF($B$1=2004,'04 Total Tax Collections - S&L'!F7,0)","v":0},null,null,null,null,null,2015]
[null,"Alaska",{"$f":"IF($B$1=2021,'21 Total Tax Collections - S&L'!C8,0)+IF($B$1=2020,'20 Total Tax Collections - S&L'!C8,0)+IF($B$1=2019,'19 Total Tax Collections - S&L'!C8,0)+IF($B$1=2018,'18 Total Tax Collections - S&L'!C8,0)+IF($B$1=2017,'17 Total Tax Collections - S&L'!C8,0)+IF($B$1=2016,'16 Total Tax Collections - S&L'!C8,0)+IF($B$1=2015,'15 Total Tax Collections - S&L'!C8,0)+IF($B$1=2014,'14 Total Tax Collections - S&L'!C8,0)+IF($B$1=2013,'13 Total Tax Collections - S&L'!C8,0)+IF($B$1=2012,'12 Total Tax Collections - S&L'!C8,0)+IF($B$1=2011,'11 Total Tax Collections - S&L'!C8,0)+IF($B$1=2010,'10 Total Tax Collections - S&L'!C8,0)+IF($B$1=2009,'09 Total Tax Collections - S&L'!C8,0)+IF($B$1=2008,'08 Total Tax Collections - S&L'!C8,0)+IF($B$1=2007,'07 Total Tax Collections - S&L'!C8,0)+IF($B$1=2006,'06 Total Tax Collections - S&L'!C8,0)+IF($B$1=2005,'05 Total Tax Collections - S&L'!C8,0)+IF($B$1=2004,'04 Total Tax Collections - S&L'!C8,0)","v":0},{"$f":"IF($B$1=2021,'21 Total Tax Collections - S&L'!D8,0)+IF($B$1=2020,'20 Total Tax Collections - S&L'!D8,0)+IF($B$1=2019,'19 Total Tax Collections - S&L'!D8,0)+IF($B$1=2018,'18 Total Tax Collections - S&L'!D8,0)+IF($B$1=2017,'17 Total Tax Collections - S&L'!D8,0)+IF($B$1=2016,'16 Total Tax Collections - S&L'!D8,0)+IF($B$1=2015,'15 Total Tax Collections - S&L'!D8,0)+IF($B$1=2014,'14 Total Tax Collections - S&L'!D8,0)+IF($B$1=2013,'13 Total Tax Collections - S&L'!D8,0)+IF($B$1=2012,'12 Total Tax Collections - S&L'!D8,0)+IF($B$1=2011,'11 Total Tax Collections - S&L'!D8,0)+IF($B$1=2010,'10 Total Tax Collections - S&L'!D8,0)+IF($B$1=2009,'09 Total Tax Collections - S&L'!D8,0)+IF($B$1=2008,'08 Total Tax Collections - S&L'!D8,0)+IF($B$1=2007,'07 Total Tax Collections - S&L'!D8,0)+IF($B$1=2006,'06 Total Tax Collections - S&L'!D8,0)+IF($B$1=2005,'05 Total Tax Collections - S&L'!D8,0)+IF($B$1=2004,'04 Total Tax Collections - S&L'!D8,0)","v":0},{"$f":"IF($B$1=2021,'21 Total Tax Collections - S&L'!E8,0)+IF($B$1=2020,'20 Total Tax Collections - S&L'!E8,0)+IF($B$1=2019,'19 Total Tax Collections - S&L'!E8,0)+IF($B$1=2018,'18 Total Tax Collections - S&L'!E8,0)+IF($B$1=2017,'17 Total Tax Collections - S&L'!E8,0)+IF($B$1=2016,'16 Total Tax Collections - S&L'!E8,0)+IF($B$1=2015,'15 Total Tax Collections - S&L'!E8,0)+IF($B$1=2014,'14 Total Tax Collections - S&L'!E8,0)+IF($B$1=2013,'13 Total Tax Collections - S&L'!E8,0)+IF($B$1=2012,'12 Total Tax Collections - S&L'!E8,0)+IF($B$1=2011,'11 Total Tax Collections - S&L'!E8,0)+IF($B$1=2010,'10 Total Tax Collections - S&L'!E8,0)+IF($B$1=2009,'09 Total Tax Collections - S&L'!E8,0)+IF($B$1=2008,'08 Total Tax Collections - S&L'!E8,0)+IF($B$1=2007,'07 Total Tax Collections - S&L'!E8,0)+IF($B$1=2006,'06 Total Tax Collections - S&L'!E8,0)+IF($B$1=2005,'05 Total Tax Collections - S&L'!E8,0)+IF($B$1=2004,'04 Total Tax Collections - S&L'!E8,0)","v":0},{"$f":"IF($B$1=2021,'21 Total Tax Collections - S&L'!F8,0)+IF($B$1=2020,'20 Total Tax Collections - S&L'!F8,0)+IF($B$1=2019,'19 Total Tax Collections - S&L'!F8,0)+IF($B$1=2018,'18 Total Tax Collections - S&L'!F8,0)+IF($B$1=2017,'17 Total Tax Collections - S&L'!F8,0)+IF($B$1=2016,'16 Total Tax Collections - S&L'!F8,0)+IF($B$1=2015,'15 Total Tax Collections - S&L'!F8,0)+IF($B$1=2014,'14 Total Tax Collections - S&L'!F8,0)+IF($B$1=2013,'13 Total Tax Collections - S&L'!F8,0)+IF($B$1=2012,'12 Total Tax Collections - S&L'!F8,0)+IF($B$1=2011,'11 Total Tax Collections - S&L'!F8,0)+IF($B$1=2010,'10 Total Tax Collections - S&L'!F8,0)+IF($B$1=2009,'09 Total Tax Collections - S&L'!F8,0)+IF($B$1=2008,'08 Total Tax Collections - S&L'!F8,0)+IF($B$1=2007,'07 Total Tax Collections - S&L'!F8,0)+IF($B$1=2006,'06 Total Tax Collections - S&L'!F8,0)+IF($B$1=2005,'05 Total Tax Collections - S&L'!F8,0)+IF($B$1=2004,'04 Total Tax Collections - S&L'!F8,0)","v":0},null,null,null,null,null,2014]
[null,"Arizona",{"$f":"IF($B$1=2021,'21 Total Tax Collections - S&L'!C9,0)+IF($B$1=2020,'20 Total Tax Collections - S&L'!C9,0)+IF($B$1=2019,'19 Total Tax Collections - S&L'!C9,0)+IF($B$1=2018,'18 Total Tax Collections - S&L'!C9,0)+IF($B$1=2017,'17 Total Tax Collections - S&L'!C9,0)+IF($B$1=2016,'16 Total Tax Collections - S&L'!C9,0)+IF($B$1=2015,'15 Total Tax Collections - S&L'!C9,0)+IF($B$1=2014,'14 Total Tax Collections - S&L'!C9,0)+IF($B$1=2013,'13 Total Tax Collections - S&L'!C9,0)+IF($B$1=2012,'12 Total Tax Collections - S&L'!C9,0)+IF($B$1=2011,'11 Total Tax Collections - S&L'!C9,0)+IF($B$1=2010,'10 Total Tax Collections - S&L'!C9,0)+IF($B$1=2009,'09 Total Tax Collections - S&L'!C9,0)+IF($B$1=2008,'08 Total Tax Collections - S&L'!C9,0)+IF($B$1=2007,'07 Total Tax Collections - S&L'!C9,0)+IF($B$1=2006,'06 Total Tax Collections - S&L'!C9,0)+IF($B$1=2005,'05 Total Tax Collections - S&L'!C9,0)+IF($B$1=2004,'04 Total Tax Collections - S&L'!C9,0)","v":0},{"$f":"IF($B$1=2021,'21 Total Tax Collections - S&L'!D9,0)+IF($B$1=2020,'20 Total Tax Collections - S&L'!D9,0)+IF($B$1=2019,'19 Total Tax Collections - S&L'!D9,0)+IF($B$1=2018,'18 Total Tax Collections - S&L'!D9,0)+IF($B$1=2017,'17 Total Tax Collections - S&L'!D9,0)+IF($B$1=2016,'16 Total Tax Collections - S&L'!D9,0)+IF($B$1=2015,'15 Total Tax Collections - S&L'!D9,0)+IF($B$1=2014,'14 Total Tax Collections - S&L'!D9,0)+IF($B$1=2013,'13 Total Tax Collections - S&L'!D9,0)+IF($B$1=2012,'12 Total Tax Collections - S&L'!D9,0)+IF($B$1=2011,'11 Total Tax Collections - S&L'!D9,0)+IF($B$1=2010,'10 Total Tax Collections - S&L'!D9,0)+IF($B$1=2009,'09 Total Tax Collections - S&L'!D9,0)+IF($B$1=2008,'08 Total Tax Collections - S&L'!D9,0)+IF($B$1=2007,'07 Total Tax Collections - S&L'!D9,0)+IF($B$1=2006,'06 Total Tax Collections - S&L'!D9,0)+IF($B$1=2005,'05 Total Tax Collections - S&L'!D9,0)+IF($B$1=2004,'04 Total Tax Collections - S&L'!D9,0)","v":0},{"$f":"IF($B$1=2021,'21 Total Tax Collections - S&L'!E9,0)+IF($B$1=2020,'20 Total Tax Collections - S&L'!E9,0)+IF($B$1=2019,'19 Total Tax Collections - S&L'!E9,0)+IF($B$1=2018,'18 Total Tax Collections - S&L'!E9,0)+IF($B$1=2017,'17 Total Tax Collections - S&L'!E9,0)+IF($B$1=2016,'16 Total Tax Collections - S&L'!E9,0)+IF($B$1=2015,'15 Total Tax Collections - S&L'!E9,0)+IF($B$1=2014,'14 Total Tax Collections - S&L'!E9,0)+IF($B$1=2013,'13 Total Tax Collections - S&L'!E9,0)+IF($B$1=2012,'12 Total Tax Collections - S&L'!E9,0)+IF($B$1=2011,'11 Total Tax Collections - S&L'!E9,0)+IF($B$1=2010,'10 Total Tax Collections - S&L'!E9,0)+IF($B$1=2009,'09 Total Tax Collections - S&L'!E9,0)+IF($B$1=2008,'08 Total Tax Collections - S&L'!E9,0)+IF($B$1=2007,'07 Total Tax Collections - S&L'!E9,0)+IF($B$1=2006,'06 Total Tax Collections - S&L'!E9,0)+IF($B$1=2005,'05 Total Tax Collections - S&L'!E9,0)+IF($B$1=2004,'04 Total Tax Collections - S&L'!E9,0)","v":0},{"$f":"IF($B$1=2021,'21 Total Tax Collections - S&L'!F9,0)+IF($B$1=2020,'20 Total Tax Collections - S&L'!F9,0)+IF($B$1=2019,'19 Total Tax Collections - S&L'!F9,0)+IF($B$1=2018,'18 Total Tax Collections - S&L'!F9,0)+IF($B$1=2017,'17 Total Tax Collections - S&L'!F9,0)+IF($B$1=2016,'16 Total Tax Collections - S&L'!F9,0)+IF($B$1=2015,'15 Total Tax Collections - S&L'!F9,0)+IF($B$1=2014,'14 Total Tax Collections - S&L'!F9,0)+IF($B$1=2013,'13 Total Tax Collections - S&L'!F9,0)+IF($B$1=2012,'12 Total Tax Collections - S&L'!F9,0)+IF($B$1=2011,'11 Total Tax Collections - S&L'!F9,0)+IF($B$1=2010,'10 Total Tax Collections - S&L'!F9,0)+IF($B$1=2009,'09 Total Tax Collections - S&L'!F9,0)+IF($B$1=2008,'08 Total Tax Collections - S&L'!F9,0)+IF($B$1=2007,'07 Total Tax Collections - S&L'!F9,0)+IF($B$1=2006,'06 Total Tax Collections - S&L'!F9,0)+IF($B$1=2005,'05 Total Tax Collections - S&L'!F9,0)+IF($B$1=2004,'04 Total Tax Collections - S&L'!F9,0)","v":0},null,null,null,null,null,2013]
[null,"Arkansas",{"$f":"IF($B$1=2021,'21 Total Tax Collections - S&L'!C10,0)+IF($B$1=2020,'20 Total Tax Collections - S&L'!C10,0)+IF($B$1=2019,'19 Total Tax Collections - S&L'!C10,0)+IF($B$1=2018,'18 Total Tax Collections - S&L'!C10,0)+IF($B$1=2017,'17 Total Tax Collections - S&L'!C10,0)+IF($B$1=2016,'16 Total Tax Collections - S&L'!C10,0)+IF($B$1=2015,'15 Total Tax Collections - S&L'!C10,0)+IF($B$1=2014,'14 Total Tax Collections - S&L'!C10,0)+IF($B$1=2013,'13 Total Tax Collections - S&L'!C10,0)+IF($B$1=2012,'12 Total Tax Collections - S&L'!C10,0)+IF($B$1=2011,'11 Total Tax Collections - S&L'!C10,0)+IF($B$1=2010,'10 Total Tax Collections - S&L'!C10,0)+IF($B$1=2009,'09 Total Tax Collections - S&L'!C10,0)+IF($B$1=2008,'08 Total Tax Collections - S&L'!C10,0)+IF($B$1=2007,'07 Total Tax Collections - S&L'!C10,0)+IF($B$1=2006,'06 Total Tax Collections - S&L'!C10,0)+IF($B$1=2005,'05 Total Tax Collections - S&L'!C10,0)+IF($B$1=2004,'04 Total Tax Collections - S&L'!C10,0)","v":0},{"$f":"IF($B$1=2021,'21 Total Tax Collections - S&L'!D10,0)+IF($B$1=2020,'20 Total Tax Collections - S&L'!D10,0)+IF($B$1=2019,'19 Total Tax Collections - S&L'!D10,0)+IF($B$1=2018,'18 Total Tax Collections - S&L'!D10,0)+IF($B$1=2017,'17 Total Tax Collections - S&L'!D10,0)+IF($B$1=2016,'16 Total Tax Collections - S&L'!D10,0)+IF($B$1=2015,'15 Total Tax Collections - S&L'!D10,0)+IF($B$1=2014,'14 Total Tax Collections - S&L'!D10,0)+IF($B$1=2013,'13 Total Tax Collections - S&L'!D10,0)+IF($B$1=2012,'12 Total Tax Collections - S&L'!D10,0)+IF($B$1=2011,'11 Total Tax Collections - S&L'!D10,0)+IF($B$1=2010,'10 Total Tax Collections - S&L'!D10,0)+IF($B$1=2009,'09 Total Tax Collections - S&L'!D10,0)+IF($B$1=2008,'08 Total Tax Collections - S&L'!D10,0)+IF($B$1=2007,'07 Total Tax Collections - S&L'!D10,0)+IF($B$1=2006,'06 Total Tax Collections - S&L'!D10,0)+IF($B$1=2005,'05 Total Tax Collections - S&L'!D10,0)+IF($B$1=2004,'04 Total Tax Collections - S&L'!D10,0)","v":0},{"$f":"IF($B$1=2021,'21 Total Tax Collections - S&L'!E10,0)+IF($B$1=2020,'20 Total Tax Collections - S&L'!E10,0)+IF($B$1=2019,'19 Total Tax Collections - S&L'!E10,0)+IF($B$1=2018,'18 Total Tax Collections - S&L'!E10,0)+IF($B$1=2017,'17 Total Tax Collections - S&L'!E10,0)+IF($B$1=2016,'16 Total Tax Collections - S&L'!E10,0)+IF($B$1=2015,'15 Total Tax Collections - S&L'!E10,0)+IF($B$1=2014,'14 Total Tax Collections - S&L'!E10,0)+IF($B$1=2013,'13 Total Tax Collections - S&L'!E10,0)+IF($B$1=2012,'12 Total Tax Collections - S&L'!E10,0)+IF($B$1=2011,'11 Total Tax Collections - S&L'!E10,0)+IF($B$1=2010,'10 Total Tax Collections - S&L'!E10,0)+IF($B$1=2009,'09 Total Tax Collections - S&L'!E10,0)+IF($B$1=2008,'08 Total Tax Collections - S&L'!E10,0)+IF($B$1=2007,'07 Total Tax Collections - S&L'!E10,0)+IF($B$1=2006,'06 Total Tax Collections - S&L'!E10,0)+IF($B$1=2005,'05 Total Tax Collections - S&L'!E10,0)+IF($B$1=2004,'04 Total Tax Collections - S&L'!E10,0)","v":0},{"$f":"IF($B$1=2021,'21 Total Tax Collections - S&L'!F10,0)+IF($B$1=2020,'20 Total Tax Collections - S&L'!F10,0)+IF($B$1=2019,'19 Total Tax Collections - S&L'!F10,0)+IF($B$1=2018,'18 Total Tax Collections - S&L'!F10,0)+IF($B$1=2017,'17 Total Tax Collections - S&L'!F10,0)+IF($B$1=2016,'16 Total Tax Collections - S&L'!F10,0)+IF($B$1=2015,'15 Total Tax Collections - S&L'!F10,0)+IF($B$1=2014,'14 Total Tax Collections - S&L'!F10,0)+IF($B$1=2013,'13 Total Tax Collections - S&L'!F10,0)+IF($B$1=2012,'12 Total Tax Collections - S&L'!F10,0)+IF($B$1=2011,'11 Total Tax Collections - S&L'!F10,0)+IF($B$1=2010,'10 Total Tax Collections - S&L'!F10,0)+IF($B$1=2009,'09 Total Tax Collections - S&L'!F10,0)+IF($B$1=2008,'08 Total Tax Collections - S&L'!F10,0)+IF($B$1=2007,'07 Total Tax Collections - S&L'!F10,0)+IF($B$1=2006,'06 Total Tax Collections - S&L'!F10,0)+IF($B$1=2005,'05 Total Tax Collections - S&L'!F10,0)+IF($B$1=2004,'04 Total Tax Collections - S&L'!F10,0)","v":0},null,null,null,null,null,2012]
[null,"California",{"$f":"IF($B$1=2021,'21 Total Tax Collections - S&L'!C11,0)+IF($B$1=2020,'20 Total Tax Collections - S&L'!C11,0)+IF($B$1=2019,'19 Total Tax Collections - S&L'!C11,0)+IF($B$1=2018,'18 Total Tax Collections - S&L'!C11,0)+IF($B$1=2017,'17 Total Tax Collections - S&L'!C11,0)+IF($B$1=2016,'16 Total Tax Collections - S&L'!C11,0)+IF($B$1=2015,'15 Total Tax Collections - S&L'!C11,0)+IF($B$1=2014,'14 Total Tax Collections - S&L'!C11,0)+IF($B$1=2013,'13 Total Tax Collections - S&L'!C11,0)+IF($B$1=2012,'12 Total Tax Collections - S&L'!C11,0)+IF($B$1=2011,'11 Total Tax Collections - S&L'!C11,0)+IF($B$1=2010,'10 Total Tax Collections - S&L'!C11,0)+IF($B$1=2009,'09 Total Tax Collections - S&L'!C11,0)+IF($B$1=2008,'08 Total Tax Collections - S&L'!C11,0)+IF($B$1=2007,'07 Total Tax Collections - S&L'!C11,0)+IF($B$1=2006,'06 Total Tax Collections - S&L'!C11,0)+IF($B$1=2005,'05 Total Tax Collections - S&L'!C11,0)+IF($B$1=2004,'04 Total Tax Collections - S&L'!C11,0)","v":0},{"$f":"IF($B$1=2021,'21 Total Tax Collections - S&L'!D11,0)+IF($B$1=2020,'20 Total Tax Collections - S&L'!D11,0)+IF($B$1=2019,'19 Total Tax Collections - S&L'!D11,0)+IF($B$1=2018,'18 Total Tax Collections - S&L'!D11,0)+IF($B$1=2017,'17 Total Tax Collections - S&L'!D11,0)+IF($B$1=2016,'16 Total Tax Collections - S&L'!D11,0)+IF($B$1=2015,'15 Total Tax Collections - S&L'!D11,0)+IF($B$1=2014,'14 Total Tax Collections - S&L'!D11,0)+IF($B$1=2013,'13 Total Tax Collections - S&L'!D11,0)+IF($B$1=2012,'12 Total Tax Collections - S&L'!D11,0)+IF($B$1=2011,'11 Total Tax Collections - S&L'!D11,0)+IF($B$1=2010,'10 Total Tax Collections - S&L'!D11,0)+IF($B$1=2009,'09 Total Tax Collections - S&L'!D11,0)+IF($B$1=2008,'08 Total Tax Collections - S&L'!D11,0)+IF($B$1=2007,'07 Total Tax Collections - S&L'!D11,0)+IF($B$1=2006,'06 Total Tax Collections - S&L'!D11,0)+IF($B$1=2005,'05 Total Tax Collections - S&L'!D11,0)+IF($B$1=2004,'04 Total Tax Collections - S&L'!D11,0)","v":0},{"$f":"IF($B$1=2021,'21 Total Tax Collections - S&L'!E11,0)+IF($B$1=2020,'20 Total Tax Collections - S&L'!E11,0)+IF($B$1=2019,'19 Total Tax Collections - S&L'!E11,0)+IF($B$1=2018,'18 Total Tax Collections - S&L'!E11,0)+IF($B$1=2017,'17 Total Tax Collections - S&L'!E11,0)+IF($B$1=2016,'16 Total Tax Collections - S&L'!E11,0)+IF($B$1=2015,'15 Total Tax Collections - S&L'!E11,0)+IF($B$1=2014,'14 Total Tax Collections - S&L'!E11,0)+IF($B$1=2013,'13 Total Tax Collections - S&L'!E11,0)+IF($B$1=2012,'12 Total Tax Collections - S&L'!E11,0)+IF($B$1=2011,'11 Total Tax Collections - S&L'!E11,0)+IF($B$1=2010,'10 Total Tax Collections - S&L'!E11,0)+IF($B$1=2009,'09 Total Tax Collections - S&L'!E11,0)+IF($B$1=2008,'08 Total Tax Collections - S&L'!E11,0)+IF($B$1=2007,'07 Total Tax Collections - S&L'!E11,0)+IF($B$1=2006,'06 Total Tax Collections - S&L'!E11,0)+IF($B$1=2005,'05 Total Tax Collections - S&L'!E11,0)+IF($B$1=2004,'04 Total Tax Collections - S&L'!E11,0)","v":0},{"$f":"IF($B$1=2021,'21 Total Tax Collections - S&L'!F11,0)+IF($B$1=2020,'20 Total Tax Collections - S&L'!F11,0)+IF($B$1=2019,'19 Total Tax Collections - S&L'!F11,0)+IF($B$1=2018,'18 Total Tax Collections - S&L'!F11,0)+IF($B$1=2017,'17 Total Tax Collections - S&L'!F11,0)+IF($B$1=2016,'16 Total Tax Collections - S&L'!F11,0)+IF($B$1=2015,'15 Total Tax Collections - S&L'!F11,0)+IF($B$1=2014,'14 Total Tax Collections - S&L'!F11,0)+IF($B$1=2013,'13 Total Tax Collections - S&L'!F11,0)+IF($B$1=2012,'12 Total Tax Collections - S&L'!F11,0)+IF($B$1=2011,'11 Total Tax Collections - S&L'!F11,0)+IF($B$1=2010,'10 Total Tax Collections - S&L'!F11,0)+IF($B$1=2009,'09 Total Tax Collections - S&L'!F11,0)+IF($B$1=2008,'08 Total Tax Collections - S&L'!F11,0)+IF($B$1=2007,'07 Total Tax Collections - S&L'!F11,0)+IF($B$1=2006,'06 Total Tax Collections - S&L'!F11,0)+IF($B$1=2005,'05 Total Tax Collections - S&L'!F11,0)+IF($B$1=2004,'04 Total Tax Collections - S&L'!F11,0)","v":0},null,null,null,null,null,2011]
[null,"Colorado",{"$f":"IF($B$1=2021,'21 Total Tax Collections - S&L'!C12,0)+IF($B$1=2020,'20 Total Tax Collections - S&L'!C12,0)+IF($B$1=2019,'19 Total Tax Collections - S&L'!C12,0)+IF($B$1=2018,'18 Total Tax Collections - S&L'!C12,0)+IF($B$1=2017,'17 Total Tax Collections - S&L'!C12,0)+IF($B$1=2016,'16 Total Tax Collections - S&L'!C12,0)+IF($B$1=2015,'15 Total Tax Collections - S&L'!C12,0)+IF($B$1=2014,'14 Total Tax Collections - S&L'!C12,0)+IF($B$1=2013,'13 Total Tax Collections - S&L'!C12,0)+IF($B$1=2012,'12 Total Tax Collections - S&L'!C12,0)+IF($B$1=2011,'11 Total Tax Collections - S&L'!C12,0)+IF($B$1=2010,'10 Total Tax Collections - S&L'!C12,0)+IF($B$1=2009,'09 Total Tax Collections - S&L'!C12,0)+IF($B$1=2008,'08 Total Tax Collections - S&L'!C12,0)+IF($B$1=2007,'07 Total Tax Collections - S&L'!C12,0)+IF($B$1=2006,'06 Total Tax Collections - S&L'!C12,0)+IF($B$1=2005,'05 Total Tax Collections - S&L'!C12,0)+IF($B$1=2004,'04 Total Tax Collections - S&L'!C12,0)","v":0},{"$f":"IF($B$1=2021,'21 Total Tax Collections - S&L'!D12,0)+IF($B$1=2020,'20 Total Tax Collections - S&L'!D12,0)+IF($B$1=2019,'19 Total Tax Collections - S&L'!D12,0)+IF($B$1=2018,'18 Total Tax Collections - S&L'!D12,0)+IF($B$1=2017,'17 Total Tax Collections - S&L'!D12,0)+IF($B$1=2016,'16 Total Tax Collections - S&L'!D12,0)+IF($B$1=2015,'15 Total Tax Collections - S&L'!D12,0)+IF($B$1=2014,'14 Total Tax Collections - S&L'!D12,0)+IF($B$1=2013,'13 Total Tax Collections - S&L'!D12,0)+IF($B$1=2012,'12 Total Tax Collections - S&L'!D12,0)+IF($B$1=2011,'11 Total Tax Collections - S&L'!D12,0)+IF($B$1=2010,'10 Total Tax Collections - S&L'!D12,0)+IF($B$1=2009,'09 Total Tax Collections - S&L'!D12,0)+IF($B$1=2008,'08 Total Tax Collections - S&L'!D12,0)+IF($B$1=2007,'07 Total Tax Collections - S&L'!D12,0)+IF($B$1=2006,'06 Total Tax Collections - S&L'!D12,0)+IF($B$1=2005,'05 Total Tax Collections - S&L'!D12,0)+IF($B$1=2004,'04 Total Tax Collections - S&L'!D12,0)","v":0},{"$f":"IF($B$1=2021,'21 Total Tax Collections - S&L'!E12,0)+IF($B$1=2020,'20 Total Tax Collections - S&L'!E12,0)+IF($B$1=2019,'19 Total Tax Collections - S&L'!E12,0)+IF($B$1=2018,'18 Total Tax Collections - S&L'!E12,0)+IF($B$1=2017,'17 Total Tax Collections - S&L'!E12,0)+IF($B$1=2016,'16 Total Tax Collections - S&L'!E12,0)+IF($B$1=2015,'15 Total Tax Collections - S&L'!E12,0)+IF($B$1=2014,'14 Total Tax Collections - S&L'!E12,0)+IF($B$1=2013,'13 Total Tax Collections - S&L'!E12,0)+IF($B$1=2012,'12 Total Tax Collections - S&L'!E12,0)+IF($B$1=2011,'11 Total Tax Collections - S&L'!E12,0)+IF($B$1=2010,'10 Total Tax Collections - S&L'!E12,0)+IF($B$1=2009,'09 Total Tax Collections - S&L'!E12,0)+IF($B$1=2008,'08 Total Tax Collections - S&L'!E12,0)+IF($B$1=2007,'07 Total Tax Collections - S&L'!E12,0)+IF($B$1=2006,'06 Total Tax Collections - S&L'!E12,0)+IF($B$1=2005,'05 Total Tax Collections - S&L'!E12,0)+IF($B$1=2004,'04 Total Tax Collections - S&L'!E12,0)","v":0},{"$f":"IF($B$1=2021,'21 Total Tax Collections - S&L'!F12,0)+IF($B$1=2020,'20 Total Tax Collections - S&L'!F12,0)+IF($B$1=2019,'19 Total Tax Collections - S&L'!F12,0)+IF($B$1=2018,'18 Total Tax Collections - S&L'!F12,0)+IF($B$1=2017,'17 Total Tax Collections - S&L'!F12,0)+IF($B$1=2016,'16 Total Tax Collections - S&L'!F12,0)+IF($B$1=2015,'15 Total Tax Collections - S&L'!F12,0)+IF($B$1=2014,'14 Total Tax Collections - S&L'!F12,0)+IF($B$1=2013,'13 Total Tax Collections - S&L'!F12,0)+IF($B$1=2012,'12 Total Tax Collections - S&L'!F12,0)+IF($B$1=2011,'11 Total Tax Collections - S&L'!F12,0)+IF($B$1=2010,'10 Total Tax Collections - S&L'!F12,0)+IF($B$1=2009,'09 Total Tax Collections - S&L'!F12,0)+IF($B$1=2008,'08 Total Tax Collections - S&L'!F12,0)+IF($B$1=2007,'07 Total Tax Collections - S&L'!F12,0)+IF($B$1=2006,'06 Total Tax Collections - S&L'!F12,0)+IF($B$1=2005,'05 Total Tax Collections - S&L'!F12,0)+IF($B$1=2004,'04 Total Tax Collections - S&L'!F12,0)","v":0},null,null,null,null,null,2010]
[null,"Connecticut",{"$f":"IF($B$1=2021,'21 Total Tax Collections - S&L'!C13,0)+IF($B$1=2020,'20 Total Tax Collections - S&L'!C13,0)+IF($B$1=2019,'19 Total Tax Collections - S&L'!C13,0)+IF($B$1=2018,'18 Total Tax Collections - S&L'!C13,0)+IF($B$1=2017,'17 Total Tax Collections - S&L'!C13,0)+IF($B$1=2016,'16 Total Tax Collections - S&L'!C13,0)+IF($B$1=2015,'15 Total Tax Collections - S&L'!C13,0)+IF($B$1=2014,'14 Total Tax Collections - S&L'!C13,0)+IF($B$1=2013,'13 Total Tax Collections - S&L'!C13,0)+IF($B$1=2012,'12 Total Tax Collections - S&L'!C13,0)+IF($B$1=2011,'11 Total Tax Collections - S&L'!C13,0)+IF($B$1=2010,'10 Total Tax Collections - S&L'!C13,0)+IF($B$1=2009,'09 Total Tax Collections - S&L'!C13,0)+IF($B$1=2008,'08 Total Tax Collections - S&L'!C13,0)+IF($B$1=2007,'07 Total Tax Collections - S&L'!C13,0)+IF($B$1=2006,'06 Total Tax Collections - S&L'!C13,0)+IF($B$1=2005,'05 Total Tax Collections - S&L'!C13,0)+IF($B$1=2004,'04 Total Tax Collections - S&L'!C13,0)","v":0},{"$f":"IF($B$1=2021,'21 Total Tax Collections - S&L'!D13,0)+IF($B$1=2020,'20 Total Tax Collections - S&L'!D13,0)+IF($B$1=2019,'19 Total Tax Collections - S&L'!D13,0)+IF($B$1=2018,'18 Total Tax Collections - S&L'!D13,0)+IF($B$1=2017,'17 Total Tax Collections - S&L'!D13,0)+IF($B$1=2016,'16 Total Tax Collections - S&L'!D13,0)+IF($B$1=2015,'15 Total Tax Collections - S&L'!D13,0)+IF($B$1=2014,'14 Total Tax Collections - S&L'!D13,0)+IF($B$1=2013,'13 Total Tax Collections - S&L'!D13,0)+IF($B$1=2012,'12 Total Tax Collections - S&L'!D13,0)+IF($B$1=2011,'11 Total Tax Collections - S&L'!D13,0)+IF($B$1=2010,'10 Total Tax Collections - S&L'!D13,0)+IF($B$1=2009,'09 Total Tax Collections - S&L'!D13,0)+IF($B$1=2008,'08 Total Tax Collections - S&L'!D13,0)+IF($B$1=2007,'07 Total Tax Collections - S&L'!D13,0)+IF($B$1=2006,'06 Total Tax Collections - S&L'!D13,0)+IF($B$1=2005,'05 Total Tax Collections - S&L'!D13,0)+IF($B$1=2004,'04 Total Tax Collections - S&L'!D13,0)","v":0},{"$f":"IF($B$1=2021,'21 Total Tax Collections - S&L'!E13,0)+IF($B$1=2020,'20 Total Tax Collections - S&L'!E13,0)+IF($B$1=2019,'19 Total Tax Collections - S&L'!E13,0)+IF($B$1=2018,'18 Total Tax Collections - S&L'!E13,0)+IF($B$1=2017,'17 Total Tax Collections - S&L'!E13,0)+IF($B$1=2016,'16 Total Tax Collections - S&L'!E13,0)+IF($B$1=2015,'15 Total Tax Collections - S&L'!E13,0)+IF($B$1=2014,'14 Total Tax Collections - S&L'!E13,0)+IF($B$1=2013,'13 Total Tax Collections - S&L'!E13,0)+IF($B$1=2012,'12 Total Tax Collections - S&L'!E13,0)+IF($B$1=2011,'11 Total Tax Collections - S&L'!E13,0)+IF($B$1=2010,'10 Total Tax Collections - S&L'!E13,0)+IF($B$1=2009,'09 Total Tax Collections - S&L'!E13,0)+IF($B$1=2008,'08 Total Tax Collections - S&L'!E13,0)+IF($B$1=2007,'07 Total Tax Collections - S&L'!E13,0)+IF($B$1=2006,'06 Total Tax Collections - S&L'!E13,0)+IF($B$1=2005,'05 Total Tax Collections - S&L'!E13,0)+IF($B$1=2004,'04 Total Tax Collections - S&L'!E13,0)","v":0},{"$f":"IF($B$1=2021,'21 Total Tax Collections - S&L'!F13,0)+IF($B$1=2020,'20 Total Tax Collections - S&L'!F13,0)+IF($B$1=2019,'19 Total Tax Collections - S&L'!F13,0)+IF($B$1=2018,'18 Total Tax Collections - S&L'!F13,0)+IF($B$1=2017,'17 Total Tax Collections - S&L'!F13,0)+IF($B$1=2016,'16 Total Tax Collections - S&L'!F13,0)+IF($B$1=2015,'15 Total Tax Collections - S&L'!F13,0)+IF($B$1=2014,'14 Total Tax Collections - S&L'!F13,0)+IF($B$1=2013,'13 Total Tax Collections - S&L'!F13,0)+IF($B$1=2012,'12 Total Tax Collections - S&L'!F13,0)+IF($B$1=2011,'11 Total Tax Collections - S&L'!F13,0)+IF($B$1=2010,'10 Total Tax Collections - S&L'!F13,0)+IF($B$1=2009,'09 Total Tax Collections - S&L'!F13,0)+IF($B$1=2008,'08 Total Tax Collections - S&L'!F13,0)+IF($B$1=2007,'07 Total Tax Collections - S&L'!F13,0)+IF($B$1=2006,'06 Total Tax Collections - S&L'!F13,0)+IF($B$1=2005,'05 Total Tax Collections - S&L'!F13,0)+IF($B$1=2004,'04 Total Tax Collections - S&L'!F13,0)","v":0},null,null,null,null,null,2009]
[null,"Delaware",{"$f":"IF($B$1=2021,'21 Total Tax Collections - S&L'!C14,0)+IF($B$1=2020,'20 Total Tax Collections - S&L'!C14,0)+IF($B$1=2019,'19 Total Tax Collections - S&L'!C14,0)+IF($B$1=2018,'18 Total Tax Collections - S&L'!C14,0)+IF($B$1=2017,'17 Total Tax Collections - S&L'!C14,0)+IF($B$1=2016,'16 Total Tax Collections - S&L'!C14,0)+IF($B$1=2015,'15 Total Tax Collections - S&L'!C14,0)+IF($B$1=2014,'14 Total Tax Collections - S&L'!C14,0)+IF($B$1=2013,'13 Total Tax Collections - S&L'!C14,0)+IF($B$1=2012,'12 Total Tax Collections - S&L'!C14,0)+IF($B$1=2011,'11 Total Tax Collections - S&L'!C14,0)+IF($B$1=2010,'10 Total Tax Collections - S&L'!C14,0)+IF($B$1=2009,'09 Total Tax Collections - S&L'!C14,0)+IF($B$1=2008,'08 Total Tax Collections - S&L'!C14,0)+IF($B$1=2007,'07 Total Tax Collections - S&L'!C14,0)+IF($B$1=2006,'06 Total Tax Collections - S&L'!C14,0)+IF($B$1=2005,'05 Total Tax Collections - S&L'!C14,0)+IF($B$1=2004,'04 Total Tax Collections - S&L'!C14,0)","v":0},{"$f":"IF($B$1=2021,'21 Total Tax Collections - S&L'!D14,0)+IF($B$1=2020,'20 Total Tax Collections - S&L'!D14,0)+IF($B$1=2019,'19 Total Tax Collections - S&L'!D14,0)+IF($B$1=2018,'18 Total Tax Collections - S&L'!D14,0)+IF($B$1=2017,'17 Total Tax Collections - S&L'!D14,0)+IF($B$1=2016,'16 Total Tax Collections - S&L'!D14,0)+IF($B$1=2015,'15 Total Tax Collections - S&L'!D14,0)+IF($B$1=2014,'14 Total Tax Collections - S&L'!D14,0)+IF($B$1=2013,'13 Total Tax Collections - S&L'!D14,0)+IF($B$1=2012,'12 Total Tax Collections - S&L'!D14,0)+IF($B$1=2011,'11 Total Tax Collections - S&L'!D14,0)+IF($B$1=2010,'10 Total Tax Collections - S&L'!D14,0)+IF($B$1=2009,'09 Total Tax Collections - S&L'!D14,0)+IF($B$1=2008,'08 Total Tax Collections - S&L'!D14,0)+IF($B$1=2007,'07 Total Tax Collections - S&L'!D14,0)+IF($B$1=2006,'06 Total Tax Collections - S&L'!D14,0)+IF($B$1=2005,'05 Total Tax Collections - S&L'!D14,0)+IF($B$1=2004,'04 Total Tax Collections - S&L'!D14,0)","v":0},{"$f":"IF($B$1=2021,'21 Total Tax Collections - S&L'!E14,0)+IF($B$1=2020,'20 Total Tax Collections - S&L'!E14,0)+IF($B$1=2019,'19 Total Tax Collections - S&L'!E14,0)+IF($B$1=2018,'18 Total Tax Collections - S&L'!E14,0)+IF($B$1=2017,'17 Total Tax Collections - S&L'!E14,0)+IF($B$1=2016,'16 Total Tax Collections - S&L'!E14,0)+IF($B$1=2015,'15 Total Tax Collections - S&L'!E14,0)+IF($B$1=2014,'14 Total Tax Collections - S&L'!E14,0)+IF($B$1=2013,'13 Total Tax Collections - S&L'!E14,0)+IF($B$1=2012,'12 Total Tax Collections - S&L'!E14,0)+IF($B$1=2011,'11 Total Tax Collections - S&L'!E14,0)+IF($B$1=2010,'10 Total Tax Collections - S&L'!E14,0)+IF($B$1=2009,'09 Total Tax Collections - S&L'!E14,0)+IF($B$1=2008,'08 Total Tax Collections - S&L'!E14,0)+IF($B$1=2007,'07 Total Tax Collections - S&L'!E14,0)+IF($B$1=2006,'06 Total Tax Collections - S&L'!E14,0)+IF($B$1=2005,'05 Total Tax Collections - S&L'!E14,0)+IF($B$1=2004,'04 Total Tax Collections - S&L'!E14,0)","v":0},{"$f":"IF($B$1=2021,'21 Total Tax Collections - S&L'!F14,0)+IF($B$1=2020,'20 Total Tax Collections - S&L'!F14,0)+IF($B$1=2019,'19 Total Tax Collections - S&L'!F14,0)+IF($B$1=2018,'18 Total Tax Collections - S&L'!F14,0)+IF($B$1=2017,'17 Total Tax Collections - S&L'!F14,0)+IF($B$1=2016,'16 Total Tax Collections - S&L'!F14,0)+IF($B$1=2015,'15 Total Tax Collections - S&L'!F14,0)+IF($B$1=2014,'14 Total Tax Collections - S&L'!F14,0)+IF($B$1=2013,'13 Total Tax Collections - S&L'!F14,0)+IF($B$1=2012,'12 Total Tax Collections - S&L'!F14,0)+IF($B$1=2011,'11 Total Tax Collections - S&L'!F14,0)+IF($B$1=2010,'10 Total Tax Collections - S&L'!F14,0)+IF($B$1=2009,'09 Total Tax Collections - S&L'!F14,0)+IF($B$1=2008,'08 Total Tax Collections - S&L'!F14,0)+IF($B$1=2007,'07 Total Tax Collections - S&L'!F14,0)+IF($B$1=2006,'06 Total Tax Collections - S&L'!F14,0)+IF($B$1=2005,'05 Total Tax Collections - S&L'!F14,0)+IF($B$1=2004,'04 Total Tax Collections - S&L'!F14,0)","v":0},null,null,null,null,null,2008]
[null,"District of Columbia",{"$f":"IF($B$1=2021,'21 Total Tax Collections - S&L'!C15,0)+IF($B$1=2020,'20 Total Tax Collections - S&L'!C15,0)+IF($B$1=2019,'19 Total Tax Collections - S&L'!C15,0)+IF($B$1=2018,'18 Total Tax Collections - S&L'!C15,0)+IF($B$1=2017,'17 Total Tax Collections - S&L'!C15,0)+IF($B$1=2016,'16 Total Tax Collections - S&L'!C15,0)+IF($B$1=2015,'15 Total Tax Collections - S&L'!C15,0)+IF($B$1=2014,'14 Total Tax Collections - S&L'!C15,0)+IF($B$1=2013,'13 Total Tax Collections - S&L'!C15,0)+IF($B$1=2012,'12 Total Tax Collections - S&L'!C15,0)+IF($B$1=2011,'11 Total Tax Collections - S&L'!C15,0)+IF($B$1=2010,'10 Total Tax Collections - S&L'!C15,0)+IF($B$1=2009,'09 Total Tax Collections - S&L'!C15,0)+IF($B$1=2008,'08 Total Tax Collections - S&L'!C15,0)+IF($B$1=2007,'07 Total Tax Collections - S&L'!C15,0)+IF($B$1=2006,'06 Total Tax Collections - S&L'!C15,0)+IF($B$1=2005,'05 Total Tax Collections - S&L'!C15,0)+IF($B$1=2004,'04 Total Tax Collections - S&L'!C15,0)","v":0},{"$f":"IF($B$1=2021,'21 Total Tax Collections - S&L'!D15,0)+IF($B$1=2020,'20 Total Tax Collections - S&L'!D15,0)+IF($B$1=2019,'19 Total Tax Collections - S&L'!D15,0)+IF($B$1=2018,'18 Total Tax Collections - S&L'!D15,0)+IF($B$1=2017,'17 Total Tax Collections - S&L'!D15,0)+IF($B$1=2016,'16 Total Tax Collections - S&L'!D15,0)+IF($B$1=2015,'15 Total Tax Collections - S&L'!D15,0)+IF($B$1=2014,'14 Total Tax Collections - S&L'!D15,0)+IF($B$1=2013,'13 Total Tax Collections - S&L'!D15,0)+IF($B$1=2012,'12 Total Tax Collections - S&L'!D15,0)+IF($B$1=2011,'11 Total Tax Collections - S&L'!D15,0)+IF($B$1=2010,'10 Total Tax Collections - S&L'!D15,0)+IF($B$1=2009,'09 Total Tax Collections - S&L'!D15,0)+IF($B$1=2008,'08 Total Tax Collections - S&L'!D15,0)+IF($B$1=2007,'07 Total Tax Collections - S&L'!D15,0)+IF($B$1=2006,'06 Total Tax Collections - S&L'!D15,0)+IF($B$1=2005,'05 Total Tax Collections - S&L'!D15,0)+IF($B$1=2004,'04 Total Tax Collections - S&L'!D15,0)","v":0},{"$f":"IF($B$1=2021,'21 Total Tax Collections - S&L'!E15,0)+IF($B$1=2020,'20 Total Tax Collections - S&L'!E15,0)+IF($B$1=2019,'19 Total Tax Collections - S&L'!E15,0)+IF($B$1=2018,'18 Total Tax Collections - S&L'!E15,0)+IF($B$1=2017,'17 Total Tax Collections - S&L'!E15,0)+IF($B$1=2016,'16 Total Tax Collections - S&L'!E15,0)+IF($B$1=2015,'15 Total Tax Collections - S&L'!E15,0)+IF($B$1=2014,'14 Total Tax Collections - S&L'!E15,0)+IF($B$1=2013,'13 Total Tax Collections - S&L'!E15,0)+IF($B$1=2012,'12 Total Tax Collections - S&L'!E15,0)+IF($B$1=2011,'11 Total Tax Collections - S&L'!E15,0)+IF($B$1=2010,'10 Total Tax Collections - S&L'!E15,0)+IF($B$1=2009,'09 Total Tax Collections - S&L'!E15,0)+IF($B$1=2008,'08 Total Tax Collections - S&L'!E15,0)+IF($B$1=2007,'07 Total Tax Collections - S&L'!E15,0)+IF($B$1=2006,'06 Total Tax Collections - S&L'!E15,0)+IF($B$1=2005,'05 Total Tax Collections - S&L'!E15,0)+IF($B$1=2004,'04 Total Tax Collections - S&L'!E15,0)","v":0},{"$f":"IF($B$1=2021,'21 Total Tax Collections - S&L'!F15,0)+IF($B$1=2020,'20 Total Tax Collections - S&L'!F15,0)+IF($B$1=2019,'19 Total Tax Collections - S&L'!F15,0)+IF($B$1=2018,'18 Total Tax Collections - S&L'!F15,0)+IF($B$1=2017,'17 Total Tax Collections - S&L'!F15,0)+IF($B$1=2016,'16 Total Tax Collections - S&L'!F15,0)+IF($B$1=2015,'15 Total Tax Collections - S&L'!F15,0)+IF($B$1=2014,'14 Total Tax Collections - S&L'!F15,0)+IF($B$1=2013,'13 Total Tax Collections - S&L'!F15,0)+IF($B$1=2012,'12 Total Tax Collections - S&L'!F15,0)+IF($B$1=2011,'11 Total Tax Collections - S&L'!F15,0)+IF($B$1=2010,'10 Total Tax Collections - S&L'!F15,0)+IF($B$1=2009,'09 Total Tax Collections - S&L'!F15,0)+IF($B$1=2008,'08 Total Tax Collections - S&L'!F15,0)+IF($B$1=2007,'07 Total Tax Collections - S&L'!F15,0)+IF($B$1=2006,'06 Total Tax Collections - S&L'!F15,0)+IF($B$1=2005,'05 Total Tax Collections - S&L'!F15,0)+IF($B$1=2004,'04 Total Tax Collections - S&L'!F15,0)","v":0},null,null,null,null,null,2007]
[null,"Florida",{"$f":"IF($B$1=2021,'21 Total Tax Collections - S&L'!C16,0)+IF($B$1=2020,'20 Total Tax Collections - S&L'!C16,0)+IF($B$1=2019,'19 Total Tax Collections - S&L'!C16,0)+IF($B$1=2018,'18 Total Tax Collections - S&L'!C16,0)+IF($B$1=2017,'17 Total Tax Collections - S&L'!C16,0)+IF($B$1=2016,'16 Total Tax Collections - S&L'!C16,0)+IF($B$1=2015,'15 Total Tax Collections - S&L'!C16,0)+IF($B$1=2014,'14 Total Tax Collections - S&L'!C16,0)+IF($B$1=2013,'13 Total Tax Collections - S&L'!C16,0)+IF($B$1=2012,'12 Total Tax Collections - S&L'!C16,0)+IF($B$1=2011,'11 Total Tax Collections - S&L'!C16,0)+IF($B$1=2010,'10 Total Tax Collections - S&L'!C16,0)+IF($B$1=2009,'09 Total Tax Collections - S&L'!C16,0)+IF($B$1=2008,'08 Total Tax Collections - S&L'!C16,0)+IF($B$1=2007,'07 Total Tax Collections - S&L'!C16,0)+IF($B$1=2006,'06 Total Tax Collections - S&L'!C16,0)+IF($B$1=2005,'05 Total Tax Collections - S&L'!C16,0)+IF($B$1=2004,'04 Total Tax Collections - S&L'!C16,0)","v":0},{"$f":"IF($B$1=2021,'21 Total Tax Collections - S&L'!D16,0)+IF($B$1=2020,'20 Total Tax Collections - S&L'!D16,0)+IF($B$1=2019,'19 Total Tax Collections - S&L'!D16,0)+IF($B$1=2018,'18 Total Tax Collections - S&L'!D16,0)+IF($B$1=2017,'17 Total Tax Collections - S&L'!D16,0)+IF($B$1=2016,'16 Total Tax Collections - S&L'!D16,0)+IF($B$1=2015,'15 Total Tax Collections - S&L'!D16,0)+IF($B$1=2014,'14 Total Tax Collections - S&L'!D16,0)+IF($B$1=2013,'13 Total Tax Collections - S&L'!D16,0)+IF($B$1=2012,'12 Total Tax Collections - S&L'!D16,0)+IF($B$1=2011,'11 Total Tax Collections - S&L'!D16,0)+IF($B$1=2010,'10 Total Tax Collections - S&L'!D16,0)+IF($B$1=2009,'09 Total Tax Collections - S&L'!D16,0)+IF($B$1=2008,'08 Total Tax Collections - S&L'!D16,0)+IF($B$1=2007,'07 Total Tax Collections - S&L'!D16,0)+IF($B$1=2006,'06 Total Tax Collections - S&L'!D16,0)+IF($B$1=2005,'05 Total Tax Collections - S&L'!D16,0)+IF($B$1=2004,'04 Total Tax Collections - S&L'!D16,0)","v":0},{"$f":"IF($B$1=2021,'21 Total Tax Collections - S&L'!E16,0)+IF($B$1=2020,'20 Total Tax Collections - S&L'!E16,0)+IF($B$1=2019,'19 Total Tax Collections - S&L'!E16,0)+IF($B$1=2018,'18 Total Tax Collections - S&L'!E16,0)+IF($B$1=2017,'17 Total Tax Collections - S&L'!E16,0)+IF($B$1=2016,'16 Total Tax Collections - S&L'!E16,0)+IF($B$1=2015,'15 Total Tax Collections - S&L'!E16,0)+IF($B$1=2014,'14 Total Tax Collections - S&L'!E16,0)+IF($B$1=2013,'13 Total Tax Collections - S&L'!E16,0)+IF($B$1=2012,'12 Total Tax Collections - S&L'!E16,0)+IF($B$1=2011,'11 Total Tax Collections - S&L'!E16,0)+IF($B$1=2010,'10 Total Tax Collections - S&L'!E16,0)+IF($B$1=2009,'09 Total Tax Collections - S&L'!E16,0)+IF($B$1=2008,'08 Total Tax Collections - S&L'!E16,0)+IF($B$1=2007,'07 Total Tax Collections - S&L'!E16,0)+IF($B$1=2006,'06 Total Tax Collections - S&L'!E16,0)+IF($B$1=2005,'05 Total Tax Collections - S&L'!E16,0)+IF($B$1=2004,'04 Total Tax Collections - S&L'!E16,0)","v":0},{"$f":"IF($B$1=2021,'21 Total Tax Collections - S&L'!F16,0)+IF($B$1=2020,'20 Total Tax Collections - S&L'!F16,0)+IF($B$1=2019,'19 Total Tax Collections - S&L'!F16,0)+IF($B$1=2018,'18 Total Tax Collections - S&L'!F16,0)+IF($B$1=2017,'17 Total Tax Collections - S&L'!F16,0)+IF($B$1=2016,'16 Total Tax Collections - S&L'!F16,0)+IF($B$1=2015,'15 Total Tax Collections - S&L'!F16,0)+IF($B$1=2014,'14 Total Tax Collections - S&L'!F16,0)+IF($B$1=2013,'13 Total Tax Collections - S&L'!F16,0)+IF($B$1=2012,'12 Total Tax Collections - S&L'!F16,0)+IF($B$1=2011,'11 Total Tax Collections - S&L'!F16,0)+IF($B$1=2010,'10 Total Tax Collections - S&L'!F16,0)+IF($B$1=2009,'09 Total Tax Collections - S&L'!F16,0)+IF($B$1=2008,'08 Total Tax Collections - S&L'!F16,0)+IF($B$1=2007,'07 Total Tax Collections - S&L'!F16,0)+IF($B$1=2006,'06 Total Tax Collections - S&L'!F16,0)+IF($B$1=2005,'05 Total Tax Collections - S&L'!F16,0)+IF($B$1=2004,'04 Total Tax Collections - S&L'!F16,0)","v":0},null,null,null,null,null,2006]
[null,"Georgia",{"$f":"IF($B$1=2021,'21 Total Tax Collections - S&L'!C17,0)+IF($B$1=2020,'20 Total Tax Collections - S&L'!C17,0)+IF($B$1=2019,'19 Total Tax Collections - S&L'!C17,0)+IF($B$1=2018,'18 Total Tax Collections - S&L'!C17,0)+IF($B$1=2017,'17 Total Tax Collections - S&L'!C17,0)+IF($B$1=2016,'16 Total Tax Collections - S&L'!C17,0)+IF($B$1=2015,'15 Total Tax Collections - S&L'!C17,0)+IF($B$1=2014,'14 Total Tax Collections - S&L'!C17,0)+IF($B$1=2013,'13 Total Tax Collections - S&L'!C17,0)+IF($B$1=2012,'12 Total Tax Collections - S&L'!C17,0)+IF($B$1=2011,'11 Total Tax Collections - S&L'!C17,0)+IF($B$1=2010,'10 Total Tax Collections - S&L'!C17,0)+IF($B$1=2009,'09 Total Tax Collections - S&L'!C17,0)+IF($B$1=2008,'08 Total Tax Collections - S&L'!C17,0)+IF($B$1=2007,'07 Total Tax Collections - S&L'!C17,0)+IF($B$1=2006,'06 Total Tax Collections - S&L'!C17,0)+IF($B$1=2005,'05 Total Tax Collections - S&L'!C17,0)+IF($B$1=2004,'04 Total Tax Collections - S&L'!C17,0)","v":0},{"$f":"IF($B$1=2021,'21 Total Tax Collections - S&L'!D17,0)+IF($B$1=2020,'20 Total Tax Collections - S&L'!D17,0)+IF($B$1=2019,'19 Total Tax Collections - S&L'!D17,0)+IF($B$1=2018,'18 Total Tax Collections - S&L'!D17,0)+IF($B$1=2017,'17 Total Tax Collections - S&L'!D17,0)+IF($B$1=2016,'16 Total Tax Collections - S&L'!D17,0)+IF($B$1=2015,'15 Total Tax Collections - S&L'!D17,0)+IF($B$1=2014,'14 Total Tax Collections - S&L'!D17,0)+IF($B$1=2013,'13 Total Tax Collections - S&L'!D17,0)+IF($B$1=2012,'12 Total Tax Collections - S&L'!D17,0)+IF($B$1=2011,'11 Total Tax Collections - S&L'!D17,0)+IF($B$1=2010,'10 Total Tax Collections - S&L'!D17,0)+IF($B$1=2009,'09 Total Tax Collections - S&L'!D17,0)+IF($B$1=2008,'08 Total Tax Collections - S&L'!D17,0)+IF($B$1=2007,'07 Total Tax Collections - S&L'!D17,0)+IF($B$1=2006,'06 Total Tax Collections - S&L'!D17,0)+IF($B$1=2005,'05 Total Tax Collections - S&L'!D17,0)+IF($B$1=2004,'04 Total Tax Collections - S&L'!D17,0)","v":0},{"$f":"IF($B$1=2021,'21 Total Tax Collections - S&L'!E17,0)+IF($B$1=2020,'20 Total Tax Collections - S&L'!E17,0)+IF($B$1=2019,'19 Total Tax Collections - S&L'!E17,0)+IF($B$1=2018,'18 Total Tax Collections - S&L'!E17,0)+IF($B$1=2017,'17 Total Tax Collections - S&L'!E17,0)+IF($B$1=2016,'16 Total Tax Collections - S&L'!E17,0)+IF($B$1=2015,'15 Total Tax Collections - S&L'!E17,0)+IF($B$1=2014,'14 Total Tax Collections - S&L'!E17,0)+IF($B$1=2013,'13 Total Tax Collections - S&L'!E17,0)+IF($B$1=2012,'12 Total Tax Collections - S&L'!E17,0)+IF($B$1=2011,'11 Total Tax Collections - S&L'!E17,0)+IF($B$1=2010,'10 Total Tax Collections - S&L'!E17,0)+IF($B$1=2009,'09 Total Tax Collections - S&L'!E17,0)+IF($B$1=2008,'08 Total Tax Collections - S&L'!E17,0)+IF($B$1=2007,'07 Total Tax Collections - S&L'!E17,0)+IF($B$1=2006,'06 Total Tax Collections - S&L'!E17,0)+IF($B$1=2005,'05 Total Tax Collections - S&L'!E17,0)+IF($B$1=2004,'04 Total Tax Collections - S&L'!E17,0)","v":0},{"$f":"IF($B$1=2021,'21 Total Tax Collections - S&L'!F17,0)+IF($B$1=2020,'20 Total Tax Collections - S&L'!F17,0)+IF($B$1=2019,'19 Total Tax Collections - S&L'!F17,0)+IF($B$1=2018,'18 Total Tax Collections - S&L'!F17,0)+IF($B$1=2017,'17 Total Tax Collections - S&L'!F17,0)+IF($B$1=2016,'16 Total Tax Collections - S&L'!F17,0)+IF($B$1=2015,'15 Total Tax Collections - S&L'!F17,0)+IF($B$1=2014,'14 Total Tax Collections - S&L'!F17,0)+IF($B$1=2013,'13 Total Tax Collections - S&L'!F17,0)+IF($B$1=2012,'12 Total Tax Collections - S&L'!F17,0)+IF($B$1=2011,'11 Total Tax Collections - S&L'!F17,0)+IF($B$1=2010,'10 Total Tax Collections - S&L'!F17,0)+IF($B$1=2009,'09 Total Tax Collections - S&L'!F17,0)+IF($B$1=2008,'08 Total Tax Collections - S&L'!F17,0)+IF($B$1=2007,'07 Total Tax Collections - S&L'!F17,0)+IF($B$1=2006,'06 Total Tax Collections - S&L'!F17,0)+IF($B$1=2005,'05 Total Tax Collections - S&L'!F17,0)+IF($B$1=2004,'04 Total Tax Collections - S&L'!F17,0)","v":0},null,null,null,null,null,2005]
[null,"Hawaii",{"$f":"IF($B$1=2021,'21 Total Tax Collections - S&L'!C18,0)+IF($B$1=2020,'20 Total Tax Collections - S&L'!C18,0)+IF($B$1=2019,'19 Total Tax Collections - S&L'!C18,0)+IF($B$1=2018,'18 Total Tax Collections - S&L'!C18,0)+IF($B$1=2017,'17 Total Tax Collections - S&L'!C18,0)+IF($B$1=2016,'16 Total Tax Collections - S&L'!C18,0)+IF($B$1=2015,'15 Total Tax Collections - S&L'!C18,0)+IF($B$1=2014,'14 Total Tax Collections - S&L'!C18,0)+IF($B$1=2013,'13 Total Tax Collections - S&L'!C18,0)+IF($B$1=2012,'12 Total Tax Collections - S&L'!C18,0)+IF($B$1=2011,'11 Total Tax Collections - S&L'!C18,0)+IF($B$1=2010,'10 Total Tax Collections - S&L'!C18,0)+IF($B$1=2009,'09 Total Tax Collections - S&L'!C18,0)+IF($B$1=2008,'08 Total Tax Collections - S&L'!C18,0)+IF($B$1=2007,'07 Total Tax Collections - S&L'!C18,0)+IF($B$1=2006,'06 Total Tax Collections - S&L'!C18,0)+IF($B$1=2005,'05 Total Tax Collections - S&L'!C18,0)+IF($B$1=2004,'04 Total Tax Collections - S&L'!C18,0)","v":0},{"$f":"IF($B$1=2021,'21 Total Tax Collections - S&L'!D18,0)+IF($B$1=2020,'20 Total Tax Collections - S&L'!D18,0)+IF($B$1=2019,'19 Total Tax Collections - S&L'!D18,0)+IF($B$1=2018,'18 Total Tax Collections - S&L'!D18,0)+IF($B$1=2017,'17 Total Tax Collections - S&L'!D18,0)+IF($B$1=2016,'16 Total Tax Collections - S&L'!D18,0)+IF($B$1=2015,'15 Total Tax Collections - S&L'!D18,0)+IF($B$1=2014,'14 Total Tax Collections - S&L'!D18,0)+IF($B$1=2013,'13 Total Tax Collections - S&L'!D18,0)+IF($B$1=2012,'12 Total Tax Collections - S&L'!D18,0)+IF($B$1=2011,'11 Total Tax Collections - S&L'!D18,0)+IF($B$1=2010,'10 Total Tax Collections - S&L'!D18,0)+IF($B$1=2009,'09 Total Tax Collections - S&L'!D18,0)+IF($B$1=2008,'08 Total Tax Collections - S&L'!D18,0)+IF($B$1=2007,'07 Total Tax Collections - S&L'!D18,0)+IF($B$1=2006,'06 Total Tax Collections - S&L'!D18,0)+IF($B$1=2005,'05 Total Tax Collections - S&L'!D18,0)+IF($B$1=2004,'04 Total Tax Collections - S&L'!D18,0)","v":0},{"$f":"IF($B$1=2021,'21 Total Tax Collections - S&L'!E18,0)+IF($B$1=2020,'20 Total Tax Collections - S&L'!E18,0)+IF($B$1=2019,'19 Total Tax Collections - S&L'!E18,0)+IF($B$1=2018,'18 Total Tax Collections - S&L'!E18,0)+IF($B$1=2017,'17 Total Tax Collections - S&L'!E18,0)+IF($B$1=2016,'16 Total Tax Collections - S&L'!E18,0)+IF($B$1=2015,'15 Total Tax Collections - S&L'!E18,0)+IF($B$1=2014,'14 Total Tax Collections - S&L'!E18,0)+IF($B$1=2013,'13 Total Tax Collections - S&L'!E18,0)+IF($B$1=2012,'12 Total Tax Collections - S&L'!E18,0)+IF($B$1=2011,'11 Total Tax Collections - S&L'!E18,0)+IF($B$1=2010,'10 Total Tax Collections - S&L'!E18,0)+IF($B$1=2009,'09 Total Tax Collections - S&L'!E18,0)+IF($B$1=2008,'08 Total Tax Collections - S&L'!E18,0)+IF($B$1=2007,'07 Total Tax Collections - S&L'!E18,0)+IF($B$1=2006,'06 Total Tax Collections - S&L'!E18,0)+IF($B$1=2005,'05 Total Tax Collections - S&L'!E18,0)+IF($B$1=2004,'04 Total Tax Collections - S&L'!E18,0)","v":0},{"$f":"IF($B$1=2021,'21 Total Tax Collections - S&L'!F18,0)+IF($B$1=2020,'20 Total Tax Collections - S&L'!F18,0)+IF($B$1=2019,'19 Total Tax Collections - S&L'!F18,0)+IF($B$1=2018,'18 Total Tax Collections - S&L'!F18,0)+IF($B$1=2017,'17 Total Tax Collections - S&L'!F18,0)+IF($B$1=2016,'16 Total Tax Collections - S&L'!F18,0)+IF($B$1=2015,'15 Total Tax Collections - S&L'!F18,0)+IF($B$1=2014,'14 Total Tax Collections - S&L'!F18,0)+IF($B$1=2013,'13 Total Tax Collections - S&L'!F18,0)+IF($B$1=2012,'12 Total Tax Collections - S&L'!F18,0)+IF($B$1=2011,'11 Total Tax Collections - S&L'!F18,0)+IF($B$1=2010,'10 Total Tax Collections - S&L'!F18,0)+IF($B$1=2009,'09 Total Tax Collections - S&L'!F18,0)+IF($B$1=2008,'08 Total Tax Collections - S&L'!F18,0)+IF($B$1=2007,'07 Total Tax Collections - S&L'!F18,0)+IF($B$1=2006,'06 Total Tax Collections - S&L'!F18,0)+IF($B$1=2005,'05 Total Tax Collections - S&L'!F18,0)+IF($B$1=2004,'04 Total Tax Collections - S&L'!F18,0)","v":0},null,null,null,null,null,2004]
[null,"Idaho",{"$f":"IF($B$1=2021,'21 Total Tax Collections - S&L'!C19,0)+IF($B$1=2020,'20 Total Tax Collections - S&L'!C19,0)+IF($B$1=2019,'19 Total Tax Collections - S&L'!C19,0)+IF($B$1=2018,'18 Total Tax Collections - S&L'!C19,0)+IF($B$1=2017,'17 Total Tax Collections - S&L'!C19,0)+IF($B$1=2016,'16 Total Tax Collections - S&L'!C19,0)+IF($B$1=2015,'15 Total Tax Collections - S&L'!C19,0)+IF($B$1=2014,'14 Total Tax Collections - S&L'!C19,0)+IF($B$1=2013,'13 Total Tax Collections - S&L'!C19,0)+IF($B$1=2012,'12 Total Tax Collections - S&L'!C19,0)+IF($B$1=2011,'11 Total Tax Collections - S&L'!C19,0)+IF($B$1=2010,'10 Total Tax Collections - S&L'!C19,0)+IF($B$1=2009,'09 Total Tax Collections - S&L'!C19,0)+IF($B$1=2008,'08 Total Tax Collections - S&L'!C19,0)+IF($B$1=2007,'07 Total Tax Collections - S&L'!C19,0)+IF($B$1=2006,'06 Total Tax Collections - S&L'!C19,0)+IF($B$1=2005,'05 Total Tax Collections - S&L'!C19,0)+IF($B$1=2004,'04 Total Tax Collections - S&L'!C19,0)","v":0},{"$f":"IF($B$1=2021,'21 Total Tax Collections - S&L'!D19,0)+IF($B$1=2020,'20 Total Tax Collections - S&L'!D19,0)+IF($B$1=2019,'19 Total Tax Collections - S&L'!D19,0)+IF($B$1=2018,'18 Total Tax Collections - S&L'!D19,0)+IF($B$1=2017,'17 Total Tax Collections - S&L'!D19,0)+IF($B$1=2016,'16 Total Tax Collections - S&L'!D19,0)+IF($B$1=2015,'15 Total Tax Collections - S&L'!D19,0)+IF($B$1=2014,'14 Total Tax Collections - S&L'!D19,0)+IF($B$1=2013,'13 Total Tax Collections - S&L'!D19,0)+IF($B$1=2012,'12 Total Tax Collections - S&L'!D19,0)+IF($B$1=2011,'11 Total Tax Collections - S&L'!D19,0)+IF($B$1=2010,'10 Total Tax Collections - S&L'!D19,0)+IF($B$1=2009,'09 Total Tax Collections - S&L'!D19,0)+IF($B$1=2008,'08 Total Tax Collections - S&L'!D19,0)+IF($B$1=2007,'07 Total Tax Collections - S&L'!D19,0)+IF($B$1=2006,'06 Total Tax Collections - S&L'!D19,0)+IF($B$1=2005,'05 Total Tax Collections - S&L'!D19,0)+IF($B$1=2004,'04 Total Tax Collections - S&L'!D19,0)","v":0},{"$f":"IF($B$1=2021,'21 Total Tax Collections - S&L'!E19,0)+IF($B$1=2020,'20 Total Tax Collections - S&L'!E19,0)+IF($B$1=2019,'19 Total Tax Collections - S&L'!E19,0)+IF($B$1=2018,'18 Total Tax Collections - S&L'!E19,0)+IF($B$1=2017,'17 Total Tax Collections - S&L'!E19,0)+IF($B$1=2016,'16 Total Tax Collections - S&L'!E19,0)+IF($B$1=2015,'15 Total Tax Collections - S&L'!E19,0)+IF($B$1=2014,'14 Total Tax Collections - S&L'!E19,0)+IF($B$1=2013,'13 Total Tax Collections - S&L'!E19,0)+IF($B$1=2012,'12 Total Tax Collections - S&L'!E19,0)+IF($B$1=2011,'11 Total Tax Collections - S&L'!E19,0)+IF($B$1=2010,'10 Total Tax Collections - S&L'!E19,0)+IF($B$1=2009,'09 Total Tax Collections - S&L'!E19,0)+IF($B$1=2008,'08 Total Tax Collections - S&L'!E19,0)+IF($B$1=2007,'07 Total Tax Collections - S&L'!E19,0)+IF($B$1=2006,'06 Total Tax Collections - S&L'!E19,0)+IF($B$1=2005,'05 Total Tax Collections - S&L'!E19,0)+IF($B$1=2004,'04 Total Tax Collections - S&L'!E19,0)","v":0},{"$f":"IF($B$1=2021,'21 Total Tax Collections - S&L'!F19,0)+IF($B$1=2020,'20 Total Tax Collections - S&L'!F19,0)+IF($B$1=2019,'19 Total Tax Collections - S&L'!F19,0)+IF($B$1=2018,'18 Total Tax Collections - S&L'!F19,0)+IF($B$1=2017,'17 Total Tax Collections - S&L'!F19,0)+IF($B$1=2016,'16 Total Tax Collections - S&L'!F19,0)+IF($B$1=2015,'15 Total Tax Collections - S&L'!F19,0)+IF($B$1=2014,'14 Total Tax Collections - S&L'!F19,0)+IF($B$1=2013,'13 Total Tax Collections - S&L'!F19,0)+IF($B$1=2012,'12 Total Tax Collections - S&L'!F19,0)+IF($B$1=2011,'11 Total Tax Collections - S&L'!F19,0)+IF($B$1=2010,'10 Total Tax Collections - S&L'!F19,0)+IF($B$1=2009,'09 Total Tax Collections - S&L'!F19,0)+IF($B$1=2008,'08 Total Tax Collections - S&L'!F19,0)+IF($B$1=2007,'07 Total Tax Collections - S&L'!F19,0)+IF($B$1=2006,'06 Total Tax Collections - S&L'!F19,0)+IF($B$1=2005,'05 Total Tax Collections - S&L'!F19,0)+IF($B$1=2004,'04 Total Tax Collections - S&L'!F19,0)","v":0}]
[null,"Illinois",{"$f":"IF($B$1=2021,'21 Total Tax Collections - S&L'!C20,0)+IF($B$1=2020,'20 Total Tax Collections - S&L'!C20,0)+IF($B$1=2019,'19 Total Tax Collections - S&L'!C20,0)+IF($B$1=2018,'18 Total Tax Collections - S&L'!C20,0)+IF($B$1=2017,'17 Total Tax Collections - S&L'!C20,0)+IF($B$1=2016,'16 Total Tax Collections - S&L'!C20,0)+IF($B$1=2015,'15 Total Tax Collections - S&L'!C20,0)+IF($B$1=2014,'14 Total Tax Collections - S&L'!C20,0)+IF($B$1=2013,'13 Total Tax Collections - S&L'!C20,0)+IF($B$1=2012,'12 Total Tax Collections - S&L'!C20,0)+IF($B$1=2011,'11 Total Tax Collections - S&L'!C20,0)+IF($B$1=2010,'10 Total Tax Collections - S&L'!C20,0)+IF($B$1=2009,'09 Total Tax Collections - S&L'!C20,0)+IF($B$1=2008,'08 Total Tax Collections - S&L'!C20,0)+IF($B$1=2007,'07 Total Tax Collections - S&L'!C20,0)+IF($B$1=2006,'06 Total Tax Collections - S&L'!C20,0)+IF($B$1=2005,'05 Total Tax Collections - S&L'!C20,0)+IF($B$1=2004,'04 Total Tax Collections - S&L'!C20,0)","v":0},{"$f":"IF($B$1=2021,'21 Total Tax Collections - S&L'!D20,0)+IF($B$1=2020,'20 Total Tax Collections - S&L'!D20,0)+IF($B$1=2019,'19 Total Tax Collections - S&L'!D20,0)+IF($B$1=2018,'18 Total Tax Collections - S&L'!D20,0)+IF($B$1=2017,'17 Total Tax Collections - S&L'!D20,0)+IF($B$1=2016,'16 Total Tax Collections - S&L'!D20,0)+IF($B$1=2015,'15 Total Tax Collections - S&L'!D20,0)+IF($B$1=2014,'14 Total Tax Collections - S&L'!D20,0)+IF($B$1=2013,'13 Total Tax Collections - S&L'!D20,0)+IF($B$1=2012,'12 Total Tax Collections - S&L'!D20,0)+IF($B$1=2011,'11 Total Tax Collections - S&L'!D20,0)+IF($B$1=2010,'10 Total Tax Collections - S&L'!D20,0)+IF($B$1=2009,'09 Total Tax Collections - S&L'!D20,0)+IF($B$1=2008,'08 Total Tax Collections - S&L'!D20,0)+IF($B$1=2007,'07 Total Tax Collections - S&L'!D20,0)+IF($B$1=2006,'06 Total Tax Collections - S&L'!D20,0)+IF($B$1=2005,'05 Total Tax Collections - S&L'!D20,0)+IF($B$1=2004,'04 Total Tax Collections - S&L'!D20,0)","v":0},{"$f":"IF($B$1=2021,'21 Total Tax Collections - S&L'!E20,0)+IF($B$1=2020,'20 Total Tax Collections - S&L'!E20,0)+IF($B$1=2019,'19 Total Tax Collections - S&L'!E20,0)+IF($B$1=2018,'18 Total Tax Collections - S&L'!E20,0)+IF($B$1=2017,'17 Total Tax Collections - S&L'!E20,0)+IF($B$1=2016,'16 Total Tax Collections - S&L'!E20,0)+IF($B$1=2015,'15 Total Tax Collections - S&L'!E20,0)+IF($B$1=2014,'14 Total Tax Collections - S&L'!E20,0)+IF($B$1=2013,'13 Total Tax Collections - S&L'!E20,0)+IF($B$1=2012,'12 Total Tax Collections - S&L'!E20,0)+IF($B$1=2011,'11 Total Tax Collections - S&L'!E20,0)+IF($B$1=2010,'10 Total Tax Collections - S&L'!E20,0)+IF($B$1=2009,'09 Total Tax Collections - S&L'!E20,0)+IF($B$1=2008,'08 Total Tax Collections - S&L'!E20,0)+IF($B$1=2007,'07 Total Tax Collections - S&L'!E20,0)+IF($B$1=2006,'06 Total Tax Collections - S&L'!E20,0)+IF($B$1=2005,'05 Total Tax Collections - S&L'!E20,0)+IF($B$1=2004,'04 Total Tax Collections - S&L'!E20,0)","v":0},{"$f":"IF($B$1=2021,'21 Total Tax Collections - S&L'!F20,0)+IF($B$1=2020,'20 Total Tax Collections - S&L'!F20,0)+IF($B$1=2019,'19 Total Tax Collections - S&L'!F20,0)+IF($B$1=2018,'18 Total Tax Collections - S&L'!F20,0)+IF($B$1=2017,'17 Total Tax Collections - S&L'!F20,0)+IF($B$1=2016,'16 Total Tax Collections - S&L'!F20,0)+IF($B$1=2015,'15 Total Tax Collections - S&L'!F20,0)+IF($B$1=2014,'14 Total Tax Collections - S&L'!F20,0)+IF($B$1=2013,'13 Total Tax Collections - S&L'!F20,0)+IF($B$1=2012,'12 Total Tax Collections - S&L'!F20,0)+IF($B$1=2011,'11 Total Tax Collections - S&L'!F20,0)+IF($B$1=2010,'10 Total Tax Collections - S&L'!F20,0)+IF($B$1=2009,'09 Total Tax Collections - S&L'!F20,0)+IF($B$1=2008,'08 Total Tax Collections - S&L'!F20,0)+IF($B$1=2007,'07 Total Tax Collections - S&L'!F20,0)+IF($B$1=2006,'06 Total Tax Collections - S&L'!F20,0)+IF($B$1=2005,'05 Total Tax Collections - S&L'!F20,0)+IF($B$1=2004,'04 Total Tax Collections - S&L'!F20,0)","v":0}]
[null,"Indiana",{"$f":"IF($B$1=2021,'21 Total Tax Collections - S&L'!C21,0)+IF($B$1=2020,'20 Total Tax Collections - S&L'!C21,0)+IF($B$1=2019,'19 Total Tax Collections - S&L'!C21,0)+IF($B$1=2018,'18 Total Tax Collections - S&L'!C21,0)+IF($B$1=2017,'17 Total Tax Collections - S&L'!C21,0)+IF($B$1=2016,'16 Total Tax Collections - S&L'!C21,0)+IF($B$1=2015,'15 Total Tax Collections - S&L'!C21,0)+IF($B$1=2014,'14 Total Tax Collections - S&L'!C21,0)+IF($B$1=2013,'13 Total Tax Collections - S&L'!C21,0)+IF($B$1=2012,'12 Total Tax Collections - S&L'!C21,0)+IF($B$1=2011,'11 Total Tax Collections - S&L'!C21,0)+IF($B$1=2010,'10 Total Tax Collections - S&L'!C21,0)+IF($B$1=2009,'09 Total Tax Collections - S&L'!C21,0)+IF($B$1=2008,'08 Total Tax Collections - S&L'!C21,0)+IF($B$1=2007,'07 Total Tax Collections - S&L'!C21,0)+IF($B$1=2006,'06 Total Tax Collections - S&L'!C21,0)+IF($B$1=2005,'05 Total Tax Collections - S&L'!C21,0)+IF($B$1=2004,'04 Total Tax Collections - S&L'!C21,0)","v":0},{"$f":"IF($B$1=2021,'21 Total Tax Collections - S&L'!D21,0)+IF($B$1=2020,'20 Total Tax Collections - S&L'!D21,0)+IF($B$1=2019,'19 Total Tax Collections - S&L'!D21,0)+IF($B$1=2018,'18 Total Tax Collections - S&L'!D21,0)+IF($B$1=2017,'17 Total Tax Collections - S&L'!D21,0)+IF($B$1=2016,'16 Total Tax Collections - S&L'!D21,0)+IF($B$1=2015,'15 Total Tax Collections - S&L'!D21,0)+IF($B$1=2014,'14 Total Tax Collections - S&L'!D21,0)+IF($B$1=2013,'13 Total Tax Collections - S&L'!D21,0)+IF($B$1=2012,'12 Total Tax Collections - S&L'!D21,0)+IF($B$1=2011,'11 Total Tax Collections - S&L'!D21,0)+IF($B$1=2010,'10 Total Tax Collections - S&L'!D21,0)+IF($B$1=2009,'09 Total Tax Collections - S&L'!D21,0)+IF($B$1=2008,'08 Total Tax Collections - S&L'!D21,0)+IF($B$1=2007,'07 Total Tax Collections - S&L'!D21,0)+IF($B$1=2006,'06 Total Tax Collections - S&L'!D21,0)+IF($B$1=2005,'05 Total Tax Collections - S&L'!D21,0)+IF($B$1=2004,'04 Total Tax Collections - S&L'!D21,0)","v":0},{"$f":"IF($B$1=2021,'21 Total Tax Collections - S&L'!E21,0)+IF($B$1=2020,'20 Total Tax Collections - S&L'!E21,0)+IF($B$1=2019,'19 Total Tax Collections - S&L'!E21,0)+IF($B$1=2018,'18 Total Tax Collections - S&L'!E21,0)+IF($B$1=2017,'17 Total Tax Collections - S&L'!E21,0)+IF($B$1=2016,'16 Total Tax Collections - S&L'!E21,0)+IF($B$1=2015,'15 Total Tax Collections - S&L'!E21,0)+IF($B$1=2014,'14 Total Tax Collections - S&L'!E21,0)+IF($B$1=2013,'13 Total Tax Collections - S&L'!E21,0)+IF($B$1=2012,'12 Total Tax Collections - S&L'!E21,0)+IF($B$1=2011,'11 Total Tax Collections - S&L'!E21,0)+IF($B$1=2010,'10 Total Tax Collections - S&L'!E21,0)+IF($B$1=2009,'09 Total Tax Collections - S&L'!E21,0)+IF($B$1=2008,'08 Total Tax Collections - S&L'!E21,0)+IF($B$1=2007,'07 Total Tax Collections - S&L'!E21,0)+IF($B$1=2006,'06 Total Tax Collections - S&L'!E21,0)+IF($B$1=2005,'05 Total Tax Collections - S&L'!E21,0)+IF($B$1=2004,'04 Total Tax Collections - S&L'!E21,0)","v":0},{"$f":"IF($B$1=2021,'21 Total Tax Collections - S&L'!F21,0)+IF($B$1=2020,'20 Total Tax Collections - S&L'!F21,0)+IF($B$1=2019,'19 Total Tax Collections - S&L'!F21,0)+IF($B$1=2018,'18 Total Tax Collections - S&L'!F21,0)+IF($B$1=2017,'17 Total Tax Collections - S&L'!F21,0)+IF($B$1=2016,'16 Total Tax Collections - S&L'!F21,0)+IF($B$1=2015,'15 Total Tax Collections - S&L'!F21,0)+IF($B$1=2014,'14 Total Tax Collections - S&L'!F21,0)+IF($B$1=2013,'13 Total Tax Collections - S&L'!F21,0)+IF($B$1=2012,'12 Total Tax Collections - S&L'!F21,0)+IF($B$1=2011,'11 Total Tax Collections - S&L'!F21,0)+IF($B$1=2010,'10 Total Tax Collections - S&L'!F21,0)+IF($B$1=2009,'09 Total Tax Collections - S&L'!F21,0)+IF($B$1=2008,'08 Total Tax Collections - S&L'!F21,0)+IF($B$1=2007,'07 Total Tax Collections - S&L'!F21,0)+IF($B$1=2006,'06 Total Tax Collections - S&L'!F21,0)+IF($B$1=2005,'05 Total Tax Collections - S&L'!F21,0)+IF($B$1=2004,'04 Total Tax Collections - S&L'!F21,0)","v":0}]
[null,"Iowa",{"$f":"IF($B$1=2021,'21 Total Tax Collections - S&L'!C22,0)+IF($B$1=2020,'20 Total Tax Collections - S&L'!C22,0)+IF($B$1=2019,'19 Total Tax Collections - S&L'!C22,0)+IF($B$1=2018,'18 Total Tax Collections - S&L'!C22,0)+IF($B$1=2017,'17 Total Tax Collections - S&L'!C22,0)+IF($B$1=2016,'16 Total Tax Collections - S&L'!C22,0)+IF($B$1=2015,'15 Total Tax Collections - S&L'!C22,0)+IF($B$1=2014,'14 Total Tax Collections - S&L'!C22,0)+IF($B$1=2013,'13 Total Tax Collections - S&L'!C22,0)+IF($B$1=2012,'12 Total Tax Collections - S&L'!C22,0)+IF($B$1=2011,'11 Total Tax Collections - S&L'!C22,0)+IF($B$1=2010,'10 Total Tax Collections - S&L'!C22,0)+IF($B$1=2009,'09 Total Tax Collections - S&L'!C22,0)+IF($B$1=2008,'08 Total Tax Collections - S&L'!C22,0)+IF($B$1=2007,'07 Total Tax Collections - S&L'!C22,0)+IF($B$1=2006,'06 Total Tax Collections - S&L'!C22,0)+IF($B$1=2005,'05 Total Tax Collections - S&L'!C22,0)+IF($B$1=2004,'04 Total Tax Collections - S&L'!C22,0)","v":0},{"$f":"IF($B$1=2021,'21 Total Tax Collections - S&L'!D22,0)+IF($B$1=2020,'20 Total Tax Collections - S&L'!D22,0)+IF($B$1=2019,'19 Total Tax Collections - S&L'!D22,0)+IF($B$1=2018,'18 Total Tax Collections - S&L'!D22,0)+IF($B$1=2017,'17 Total Tax Collections - S&L'!D22,0)+IF($B$1=2016,'16 Total Tax Collections - S&L'!D22,0)+IF($B$1=2015,'15 Total Tax Collections - S&L'!D22,0)+IF($B$1=2014,'14 Total Tax Collections - S&L'!D22,0)+IF($B$1=2013,'13 Total Tax Collections - S&L'!D22,0)+IF($B$1=2012,'12 Total Tax Collections - S&L'!D22,0)+IF($B$1=2011,'11 Total Tax Collections - S&L'!D22,0)+IF($B$1=2010,'10 Total Tax Collections - S&L'!D22,0)+IF($B$1=2009,'09 Total Tax Collections - S&L'!D22,0)+IF($B$1=2008,'08 Total Tax Collections - S&L'!D22,0)+IF($B$1=2007,'07 Total Tax Collections - S&L'!D22,0)+IF($B$1=2006,'06 Total Tax Collections - S&L'!D22,0)+IF($B$1=2005,'05 Total Tax Collections - S&L'!D22,0)+IF($B$1=2004,'04 Total Tax Collections - S&L'!D22,0)","v":0},{"$f":"IF($B$1=2021,'21 Total Tax Collections - S&L'!E22,0)+IF($B$1=2020,'20 Total Tax Collections - S&L'!E22,0)+IF($B$1=2019,'19 Total Tax Collections - S&L'!E22,0)+IF($B$1=2018,'18 Total Tax Collections - S&L'!E22,0)+IF($B$1=2017,'17 Total Tax Collections - S&L'!E22,0)+IF($B$1=2016,'16 Total Tax Collections - S&L'!E22,0)+IF($B$1=2015,'15 Total Tax Collections - S&L'!E22,0)+IF($B$1=2014,'14 Total Tax Collections - S&L'!E22,0)+IF($B$1=2013,'13 Total Tax Collections - S&L'!E22,0)+IF($B$1=2012,'12 Total Tax Collections - S&L'!E22,0)+IF($B$1=2011,'11 Total Tax Collections - S&L'!E22,0)+IF($B$1=2010,'10 Total Tax Collections - S&L'!E22,0)+IF($B$1=2009,'09 Total Tax Collections - S&L'!E22,0)+IF($B$1=2008,'08 Total Tax Collections - S&L'!E22,0)+IF($B$1=2007,'07 Total Tax Collections - S&L'!E22,0)+IF($B$1=2006,'06 Total Tax Collections - S&L'!E22,0)+IF($B$1=2005,'05 Total Tax Collections - S&L'!E22,0)+IF($B$1=2004,'04 Total Tax Collections - S&L'!E22,0)","v":0},{"$f":"IF($B$1=2021,'21 Total Tax Collections - S&L'!F22,0)+IF($B$1=2020,'20 Total Tax Collections - S&L'!F22,0)+IF($B$1=2019,'19 Total Tax Collections - S&L'!F22,0)+IF($B$1=2018,'18 Total Tax Collections - S&L'!F22,0)+IF($B$1=2017,'17 Total Tax Collections - S&L'!F22,0)+IF($B$1=2016,'16 Total Tax Collections - S&L'!F22,0)+IF($B$1=2015,'15 Total Tax Collections - S&L'!F22,0)+IF($B$1=2014,'14 Total Tax Collections - S&L'!F22,0)+IF($B$1=2013,'13 Total Tax Collections - S&L'!F22,0)+IF($B$1=2012,'12 Total Tax Collections - S&L'!F22,0)+IF($B$1=2011,'11 Total Tax Collections - S&L'!F22,0)+IF($B$1=2010,'10 Total Tax Collections - S&L'!F22,0)+IF($B$1=2009,'09 Total Tax Collections - S&L'!F22,0)+IF($B$1=2008,'08 Total Tax Collections - S&L'!F22,0)+IF($B$1=2007,'07 Total Tax Collections - S&L'!F22,0)+IF($B$1=2006,'06 Total Tax Collections - S&L'!F22,0)+IF($B$1=2005,'05 Total Tax Collections - S&L'!F22,0)+IF($B$1=2004,'04 Total Tax Collections - S&L'!F22,0)","v":0}]
[null,"Kansas",{"$f":"IF($B$1=2021,'21 Total Tax Collections - S&L'!C23,0)+IF($B$1=2020,'20 Total Tax Collections - S&L'!C23,0)+IF($B$1=2019,'19 Total Tax Collections - S&L'!C23,0)+IF($B$1=2018,'18 Total Tax Collections - S&L'!C23,0)+IF($B$1=2017,'17 Total Tax Collections - S&L'!C23,0)+IF($B$1=2016,'16 Total Tax Collections - S&L'!C23,0)+IF($B$1=2015,'15 Total Tax Collections - S&L'!C23,0)+IF($B$1=2014,'14 Total Tax Collections - S&L'!C23,0)+IF($B$1=2013,'13 Total Tax Collections - S&L'!C23,0)+IF($B$1=2012,'12 Total Tax Collections - S&L'!C23,0)+IF($B$1=2011,'11 Total Tax Collections - S&L'!C23,0)+IF($B$1=2010,'10 Total Tax Collections - S&L'!C23,0)+IF($B$1=2009,'09 Total Tax Collections - S&L'!C23,0)+IF($B$1=2008,'08 Total Tax Collections - S&L'!C23,0)+IF($B$1=2007,'07 Total Tax Collections - S&L'!C23,0)+IF($B$1=2006,'06 Total Tax Collections - S&L'!C23,0)+IF($B$1=2005,'05 Total Tax Collections - S&L'!C23,0)+IF($B$1=2004,'04 Total Tax Collections - S&L'!C23,0)","v":0},{"$f":"IF($B$1=2021,'21 Total Tax Collections - S&L'!D23,0)+IF($B$1=2020,'20 Total Tax Collections - S&L'!D23,0)+IF($B$1=2019,'19 Total Tax Collections - S&L'!D23,0)+IF($B$1=2018,'18 Total Tax Collections - S&L'!D23,0)+IF($B$1=2017,'17 Total Tax Collections - S&L'!D23,0)+IF($B$1=2016,'16 Total Tax Collections - S&L'!D23,0)+IF($B$1=2015,'15 Total Tax Collections - S&L'!D23,0)+IF($B$1=2014,'14 Total Tax Collections - S&L'!D23,0)+IF($B$1=2013,'13 Total Tax Collections - S&L'!D23,0)+IF($B$1=2012,'12 Total Tax Collections - S&L'!D23,0)+IF($B$1=2011,'11 Total Tax Collections - S&L'!D23,0)+IF($B$1=2010,'10 Total Tax Collections - S&L'!D23,0)+IF($B$1=2009,'09 Total Tax Collections - S&L'!D23,0)+IF($B$1=2008,'08 Total Tax Collections - S&L'!D23,0)+IF($B$1=2007,'07 Total Tax Collections - S&L'!D23,0)+IF($B$1=2006,'06 Total Tax Collections - S&L'!D23,0)+IF($B$1=2005,'05 Total Tax Collections - S&L'!D23,0)+IF($B$1=2004,'04 Total Tax Collections - S&L'!D23,0)","v":0},{"$f":"IF($B$1=2021,'21 Total Tax Collections - S&L'!E23,0)+IF($B$1=2020,'20 Total Tax Collections - S&L'!E23,0)+IF($B$1=2019,'19 Total Tax Collections - S&L'!E23,0)+IF($B$1=2018,'18 Total Tax Collections - S&L'!E23,0)+IF($B$1=2017,'17 Total Tax Collections - S&L'!E23,0)+IF($B$1=2016,'16 Total Tax Collections - S&L'!E23,0)+IF($B$1=2015,'15 Total Tax Collections - S&L'!E23,0)+IF($B$1=2014,'14 Total Tax Collections - S&L'!E23,0)+IF($B$1=2013,'13 Total Tax Collections - S&L'!E23,0)+IF($B$1=2012,'12 Total Tax Collections - S&L'!E23,0)+IF($B$1=2011,'11 Total Tax Collections - S&L'!E23,0)+IF($B$1=2010,'10 Total Tax Collections - S&L'!E23,0)+IF($B$1=2009,'09 Total Tax Collections - S&L'!E23,0)+IF($B$1=2008,'08 Total Tax Collections - S&L'!E23,0)+IF($B$1=2007,'07 Total Tax Collections - S&L'!E23,0)+IF($B$1=2006,'06 Total Tax Collections - S&L'!E23,0)+IF($B$1=2005,'05 Total Tax Collections - S&L'!E23,0)+IF($B$1=2004,'04 Total Tax Collections - S&L'!E23,0)","v":0},{"$f":"IF($B$1=2021,'21 Total Tax Collections - S&L'!F23,0)+IF($B$1=2020,'20 Total Tax Collections - S&L'!F23,0)+IF($B$1=2019,'19 Total Tax Collections - S&L'!F23,0)+IF($B$1=2018,'18 Total Tax Collections - S&L'!F23,0)+IF($B$1=2017,'17 Total Tax Collections - S&L'!F23,0)+IF($B$1=2016,'16 Total Tax Collections - S&L'!F23,0)+IF($B$1=2015,'15 Total Tax Collections - S&L'!F23,0)+IF($B$1=2014,'14 Total Tax Collections - S&L'!F23,0)+IF($B$1=2013,'13 Total Tax Collections - S&L'!F23,0)+IF($B$1=2012,'12 Total Tax Collections - S&L'!F23,0)+IF($B$1=2011,'11 Total Tax Collections - S&L'!F23,0)+IF($B$1=2010,'10 Total Tax Collections - S&L'!F23,0)+IF($B$1=2009,'09 Total Tax Collections - S&L'!F23,0)+IF($B$1=2008,'08 Total Tax Collections - S&L'!F23,0)+IF($B$1=2007,'07 Total Tax Collections - S&L'!F23,0)+IF($B$1=2006,'06 Total Tax Collections - S&L'!F23,0)+IF($B$1=2005,'05 Total Tax Collections - S&L'!F23,0)+IF($B$1=2004,'04 Total Tax Collections - S&L'!F23,0)","v":0}]
[null,"Kentucky",{"$f":"IF($B$1=2021,'21 Total Tax Collections - S&L'!C24,0)+IF($B$1=2020,'20 Total Tax Collections - S&L'!C24,0)+IF($B$1=2019,'19 Total Tax Collections - S&L'!C24,0)+IF($B$1=2018,'18 Total Tax Collections - S&L'!C24,0)+IF($B$1=2017,'17 Total Tax Collections - S&L'!C24,0)+IF($B$1=2016,'16 Total Tax Collections - S&L'!C24,0)+IF($B$1=2015,'15 Total Tax Collections - S&L'!C24,0)+IF($B$1=2014,'14 Total Tax Collections - S&L'!C24,0)+IF($B$1=2013,'13 Total Tax Collections - S&L'!C24,0)+IF($B$1=2012,'12 Total Tax Collections - S&L'!C24,0)+IF($B$1=2011,'11 Total Tax Collections - S&L'!C24,0)+IF($B$1=2010,'10 Total Tax Collections - S&L'!C24,0)+IF($B$1=2009,'09 Total Tax Collections - S&L'!C24,0)+IF($B$1=2008,'08 Total Tax Collections - S&L'!C24,0)+IF($B$1=2007,'07 Total Tax Collections - S&L'!C24,0)+IF($B$1=2006,'06 Total Tax Collections - S&L'!C24,0)+IF($B$1=2005,'05 Total Tax Collections - S&L'!C24,0)+IF($B$1=2004,'04 Total Tax Collections - S&L'!C24,0)","v":0},{"$f":"IF($B$1=2021,'21 Total Tax Collections - S&L'!D24,0)+IF($B$1=2020,'20 Total Tax Collections - S&L'!D24,0)+IF($B$1=2019,'19 Total Tax Collections - S&L'!D24,0)+IF($B$1=2018,'18 Total Tax Collections - S&L'!D24,0)+IF($B$1=2017,'17 Total Tax Collections - S&L'!D24,0)+IF($B$1=2016,'16 Total Tax Collections - S&L'!D24,0)+IF($B$1=2015,'15 Total Tax Collections - S&L'!D24,0)+IF($B$1=2014,'14 Total Tax Collections - S&L'!D24,0)+IF($B$1=2013,'13 Total Tax Collections - S&L'!D24,0)+IF($B$1=2012,'12 Total Tax Collections - S&L'!D24,0)+IF($B$1=2011,'11 Total Tax Collections - S&L'!D24,0)+IF($B$1=2010,'10 Total Tax Collections - S&L'!D24,0)+IF($B$1=2009,'09 Total Tax Collections - S&L'!D24,0)+IF($B$1=2008,'08 Total Tax Collections - S&L'!D24,0)+IF($B$1=2007,'07 Total Tax Collections - S&L'!D24,0)+IF($B$1=2006,'06 Total Tax Collections - S&L'!D24,0)+IF($B$1=2005,'05 Total Tax Collections - S&L'!D24,0)+IF($B$1=2004,'04 Total Tax Collections - S&L'!D24,0)","v":0},{"$f":"IF($B$1=2021,'21 Total Tax Collections - S&L'!E24,0)+IF($B$1=2020,'20 Total Tax Collections - S&L'!E24,0)+IF($B$1=2019,'19 Total Tax Collections - S&L'!E24,0)+IF($B$1=2018,'18 Total Tax Collections - S&L'!E24,0)+IF($B$1=2017,'17 Total Tax Collections - S&L'!E24,0)+IF($B$1=2016,'16 Total Tax Collections - S&L'!E24,0)+IF($B$1=2015,'15 Total Tax Collections - S&L'!E24,0)+IF($B$1=2014,'14 Total Tax Collections - S&L'!E24,0)+IF($B$1=2013,'13 Total Tax Collections - S&L'!E24,0)+IF($B$1=2012,'12 Total Tax Collections - S&L'!E24,0)+IF($B$1=2011,'11 Total Tax Collections - S&L'!E24,0)+IF($B$1=2010,'10 Total Tax Collections - S&L'!E24,0)+IF($B$1=2009,'09 Total Tax Collections - S&L'!E24,0)+IF($B$1=2008,'08 Total Tax Collections - S&L'!E24,0)+IF($B$1=2007,'07 Total Tax Collections - S&L'!E24,0)+IF($B$1=2006,'06 Total Tax Collections - S&L'!E24,0)+IF($B$1=2005,'05 Total Tax Collections - S&L'!E24,0)+IF($B$1=2004,'04 Total Tax Collections - S&L'!E24,0)","v":0},{"$f":"IF($B$1=2021,'21 Total Tax Collections - S&L'!F24,0)+IF($B$1=2020,'20 Total Tax Collections - S&L'!F24,0)+IF($B$1=2019,'19 Total Tax Collections - S&L'!F24,0)+IF($B$1=2018,'18 Total Tax Collections - S&L'!F24,0)+IF($B$1=2017,'17 Total Tax Collections - S&L'!F24,0)+IF($B$1=2016,'16 Total Tax Collections - S&L'!F24,0)+IF($B$1=2015,'15 Total Tax Collections - S&L'!F24,0)+IF($B$1=2014,'14 Total Tax Collections - S&L'!F24,0)+IF($B$1=2013,'13 Total Tax Collections - S&L'!F24,0)+IF($B$1=2012,'12 Total Tax Collections - S&L'!F24,0)+IF($B$1=2011,'11 Total Tax Collections - S&L'!F24,0)+IF($B$1=2010,'10 Total Tax Collections - S&L'!F24,0)+IF($B$1=2009,'09 Total Tax Collections - S&L'!F24,0)+IF($B$1=2008,'08 Total Tax Collections - S&L'!F24,0)+IF($B$1=2007,'07 Total Tax Collections - S&L'!F24,0)+IF($B$1=2006,'06 Total Tax Collections - S&L'!F24,0)+IF($B$1=2005,'05 Total Tax Collections - S&L'!F24,0)+IF($B$1=2004,'04 Total Tax Collections - S&L'!F24,0)","v":0}]
[null,"Louisiana",{"$f":"IF($B$1=2021,'21 Total Tax Collections - S&L'!C25,0)+IF($B$1=2020,'20 Total Tax Collections - S&L'!C25,0)+IF($B$1=2019,'19 Total Tax Collections - S&L'!C25,0)+IF($B$1=2018,'18 Total Tax Collections - S&L'!C25,0)+IF($B$1=2017,'17 Total Tax Collections - S&L'!C25,0)+IF($B$1=2016,'16 Total Tax Collections - S&L'!C25,0)+IF($B$1=2015,'15 Total Tax Collections - S&L'!C25,0)+IF($B$1=2014,'14 Total Tax Collections - S&L'!C25,0)+IF($B$1=2013,'13 Total Tax Collections - S&L'!C25,0)+IF($B$1=2012,'12 Total Tax Collections - S&L'!C25,0)+IF($B$1=2011,'11 Total Tax Collections - S&L'!C25,0)+IF($B$1=2010,'10 Total Tax Collections - S&L'!C25,0)+IF($B$1=2009,'09 Total Tax Collections - S&L'!C25,0)+IF($B$1=2008,'08 Total Tax Collections - S&L'!C25,0)+IF($B$1=2007,'07 Total Tax Collections - S&L'!C25,0)+IF($B$1=2006,'06 Total Tax Collections - S&L'!C25,0)+IF($B$1=2005,'05 Total Tax Collections - S&L'!C25,0)+IF($B$1=2004,'04 Total Tax Collections - S&L'!C25,0)","v":0},{"$f":"IF($B$1=2021,'21 Total Tax Collections - S&L'!D25,0)+IF($B$1=2020,'20 Total Tax Collections - S&L'!D25,0)+IF($B$1=2019,'19 Total Tax Collections - S&L'!D25,0)+IF($B$1=2018,'18 Total Tax Collections - S&L'!D25,0)+IF($B$1=2017,'17 Total Tax Collections - S&L'!D25,0)+IF($B$1=2016,'16 Total Tax Collections - S&L'!D25,0)+IF($B$1=2015,'15 Total Tax Collections - S&L'!D25,0)+IF($B$1=2014,'14 Total Tax Collections - S&L'!D25,0)+IF($B$1=2013,'13 Total Tax Collections - S&L'!D25,0)+IF($B$1=2012,'12 Total Tax Collections - S&L'!D25,0)+IF($B$1=2011,'11 Total Tax Collections - S&L'!D25,0)+IF($B$1=2010,'10 Total Tax Collections - S&L'!D25,0)+IF($B$1=2009,'09 Total Tax Collections - S&L'!D25,0)+IF($B$1=2008,'08 Total Tax Collections - S&L'!D25,0)+IF($B$1=2007,'07 Total Tax Collections - S&L'!D25,0)+IF($B$1=2006,'06 Total Tax Collections - S&L'!D25,0)+IF($B$1=2005,'05 Total Tax Collections - S&L'!D25,0)+IF($B$1=2004,'04 Total Tax Collections - S&L'!D25,0)","v":0},{"$f":"IF($B$1=2021,'21 Total Tax Collections - S&L'!E25,0)+IF($B$1=2020,'20 Total Tax Collections - S&L'!E25,0)+IF($B$1=2019,'19 Total Tax Collections - S&L'!E25,0)+IF($B$1=2018,'18 Total Tax Collections - S&L'!E25,0)+IF($B$1=2017,'17 Total Tax Collections - S&L'!E25,0)+IF($B$1=2016,'16 Total Tax Collections - S&L'!E25,0)+IF($B$1=2015,'15 Total Tax Collections - S&L'!E25,0)+IF($B$1=2014,'14 Total Tax Collections - S&L'!E25,0)+IF($B$1=2013,'13 Total Tax Collections - S&L'!E25,0)+IF($B$1=2012,'12 Total Tax Collections - S&L'!E25,0)+IF($B$1=2011,'11 Total Tax Collections - S&L'!E25,0)+IF($B$1=2010,'10 Total Tax Collections - S&L'!E25,0)+IF($B$1=2009,'09 Total Tax Collections - S&L'!E25,0)+IF($B$1=2008,'08 Total Tax Collections - S&L'!E25,0)+IF($B$1=2007,'07 Total Tax Collections - S&L'!E25,0)+IF($B$1=2006,'06 Total Tax Collections - S&L'!E25,0)+IF($B$1=2005,'05 Total Tax Collections - S&L'!E25,0)+IF($B$1=2004,'04 Total Tax Collections - S&L'!E25,0)","v":0},{"$f":"IF($B$1=2021,'21 Total Tax Collections - S&L'!F25,0)+IF($B$1=2020,'20 Total Tax Collections - S&L'!F25,0)+IF($B$1=2019,'19 Total Tax Collections - S&L'!F25,0)+IF($B$1=2018,'18 Total Tax Collections - S&L'!F25,0)+IF($B$1=2017,'17 Total Tax Collections - S&L'!F25,0)+IF($B$1=2016,'16 Total Tax Collections - S&L'!F25,0)+IF($B$1=2015,'15 Total Tax Collections - S&L'!F25,0)+IF($B$1=2014,'14 Total Tax Collections - S&L'!F25,0)+IF($B$1=2013,'13 Total Tax Collections - S&L'!F25,0)+IF($B$1=2012,'12 Total Tax Collections - S&L'!F25,0)+IF($B$1=2011,'11 Total Tax Collections - S&L'!F25,0)+IF($B$1=2010,'10 Total Tax Collections - S&L'!F25,0)+IF($B$1=2009,'09 Total Tax Collections - S&L'!F25,0)+IF($B$1=2008,'08 Total Tax Collections - S&L'!F25,0)+IF($B$1=2007,'07 Total Tax Collections - S&L'!F25,0)+IF($B$1=2006,'06 Total Tax Collections - S&L'!F25,0)+IF($B$1=2005,'05 Total Tax Collections - S&L'!F25,0)+IF($B$1=2004,'04 Total Tax Collections - S&L'!F25,0)","v":0}]
[null,"Maine",{"$f":"IF($B$1=2021,'21 Total Tax Collections - S&L'!C26,0)+IF($B$1=2020,'20 Total Tax Collections - S&L'!C26,0)+IF($B$1=2019,'19 Total Tax Collections - S&L'!C26,0)+IF($B$1=2018,'18 Total Tax Collections - S&L'!C26,0)+IF($B$1=2017,'17 Total Tax Collections - S&L'!C26,0)+IF($B$1=2016,'16 Total Tax Collections - S&L'!C26,0)+IF($B$1=2015,'15 Total Tax Collections - S&L'!C26,0)+IF($B$1=2014,'14 Total Tax Collections - S&L'!C26,0)+IF($B$1=2013,'13 Total Tax Collections - S&L'!C26,0)+IF($B$1=2012,'12 Total Tax Collections - S&L'!C26,0)+IF($B$1=2011,'11 Total Tax Collections - S&L'!C26,0)+IF($B$1=2010,'10 Total Tax Collections - S&L'!C26,0)+IF($B$1=2009,'09 Total Tax Collections - S&L'!C26,0)+IF($B$1=2008,'08 Total Tax Collections - S&L'!C26,0)+IF($B$1=2007,'07 Total Tax Collections - S&L'!C26,0)+IF($B$1=2006,'06 Total Tax Collections - S&L'!C26,0)+IF($B$1=2005,'05 Total Tax Collections - S&L'!C26,0)+IF($B$1=2004,'04 Total Tax Collections - S&L'!C26,0)","v":0},{"$f":"IF($B$1=2021,'21 Total Tax Collections - S&L'!D26,0)+IF($B$1=2020,'20 Total Tax Collections - S&L'!D26,0)+IF($B$1=2019,'19 Total Tax Collections - S&L'!D26,0)+IF($B$1=2018,'18 Total Tax Collections - S&L'!D26,0)+IF($B$1=2017,'17 Total Tax Collections - S&L'!D26,0)+IF($B$1=2016,'16 Total Tax Collections - S&L'!D26,0)+IF($B$1=2015,'15 Total Tax Collections - S&L'!D26,0)+IF($B$1=2014,'14 Total Tax Collections - S&L'!D26,0)+IF($B$1=2013,'13 Total Tax Collections - S&L'!D26,0)+IF($B$1=2012,'12 Total Tax Collections - S&L'!D26,0)+IF($B$1=2011,'11 Total Tax Collections - S&L'!D26,0)+IF($B$1=2010,'10 Total Tax Collections - S&L'!D26,0)+IF($B$1=2009,'09 Total Tax Collections - S&L'!D26,0)+IF($B$1=2008,'08 Total Tax Collections - S&L'!D26,0)+IF($B$1=2007,'07 Total Tax Collections - S&L'!D26,0)+IF($B$1=2006,'06 Total Tax Collections - S&L'!D26,0)+IF($B$1=2005,'05 Total Tax Collections - S&L'!D26,0)+IF($B$1=2004,'04 Total Tax Collections - S&L'!D26,0)","v":0},{"$f":"IF($B$1=2021,'21 Total Tax Collections - S&L'!E26,0)+IF($B$1=2020,'20 Total Tax Collections - S&L'!E26,0)+IF($B$1=2019,'19 Total Tax Collections - S&L'!E26,0)+IF($B$1=2018,'18 Total Tax Collections - S&L'!E26,0)+IF($B$1=2017,'17 Total Tax Collections - S&L'!E26,0)+IF($B$1=2016,'16 Total Tax Collections - S&L'!E26,0)+IF($B$1=2015,'15 Total Tax Collections - S&L'!E26,0)+IF($B$1=2014,'14 Total Tax Collections - S&L'!E26,0)+IF($B$1=2013,'13 Total Tax Collections - S&L'!E26,0)+IF($B$1=2012,'12 Total Tax Collections - S&L'!E26,0)+IF($B$1=2011,'11 Total Tax Collections - S&L'!E26,0)+IF($B$1=2010,'10 Total Tax Collections - S&L'!E26,0)+IF($B$1=2009,'09 Total Tax Collections - S&L'!E26,0)+IF($B$1=2008,'08 Total Tax Collections - S&L'!E26,0)+IF($B$1=2007,'07 Total Tax Collections - S&L'!E26,0)+IF($B$1=2006,'06 Total Tax Collections - S&L'!E26,0)+IF($B$1=2005,'05 Total Tax Collections - S&L'!E26,0)+IF($B$1=2004,'04 Total Tax Collections - S&L'!E26,0)","v":0},{"$f":"IF($B$1=2021,'21 Total Tax Collections - S&L'!F26,0)+IF($B$1=2020,'20 Total Tax Collections - S&L'!F26,0)+IF($B$1=2019,'19 Total Tax Collections - S&L'!F26,0)+IF($B$1=2018,'18 Total Tax Collections - S&L'!F26,0)+IF($B$1=2017,'17 Total Tax Collections - S&L'!F26,0)+IF($B$1=2016,'16 Total Tax Collections - S&L'!F26,0)+IF($B$1=2015,'15 Total Tax Collections - S&L'!F26,0)+IF($B$1=2014,'14 Total Tax Collections - S&L'!F26,0)+IF($B$1=2013,'13 Total Tax Collections - S&L'!F26,0)+IF($B$1=2012,'12 Total Tax Collections - S&L'!F26,0)+IF($B$1=2011,'11 Total Tax Collections - S&L'!F26,0)+IF($B$1=2010,'10 Total Tax Collections - S&L'!F26,0)+IF($B$1=2009,'09 Total Tax Collections - S&L'!F26,0)+IF($B$1=2008,'08 Total Tax Collections - S&L'!F26,0)+IF($B$1=2007,'07 Total Tax Collections - S&L'!F26,0)+IF($B$1=2006,'06 Total Tax Collections - S&L'!F26,0)+IF($B$1=2005,'05 Total Tax Collections - S&L'!F26,0)+IF($B$1=2004,'04 Total Tax Collections - S&L'!F26,0)","v":0}]
[null,"Maryland",{"$f":"IF($B$1=2021,'21 Total Tax Collections - S&L'!C27,0)+IF($B$1=2020,'20 Total Tax Collections - S&L'!C27,0)+IF($B$1=2019,'19 Total Tax Collections - S&L'!C27,0)+IF($B$1=2018,'18 Total Tax Collections - S&L'!C27,0)+IF($B$1=2017,'17 Total Tax Collections - S&L'!C27,0)+IF($B$1=2016,'16 Total Tax Collections - S&L'!C27,0)+IF($B$1=2015,'15 Total Tax Collections - S&L'!C27,0)+IF($B$1=2014,'14 Total Tax Collections - S&L'!C27,0)+IF($B$1=2013,'13 Total Tax Collections - S&L'!C27,0)+IF($B$1=2012,'12 Total Tax Collections - S&L'!C27,0)+IF($B$1=2011,'11 Total Tax Collections - S&L'!C27,0)+IF($B$1=2010,'10 Total Tax Collections - S&L'!C27,0)+IF($B$1=2009,'09 Total Tax Collections - S&L'!C27,0)+IF($B$1=2008,'08 Total Tax Collections - S&L'!C27,0)+IF($B$1=2007,'07 Total Tax Collections - S&L'!C27,0)+IF($B$1=2006,'06 Total Tax Collections - S&L'!C27,0)+IF($B$1=2005,'05 Total Tax Collections - S&L'!C27,0)+IF($B$1=2004,'04 Total Tax Collections - S&L'!C27,0)","v":0},{"$f":"IF($B$1=2021,'21 Total Tax Collections - S&L'!D27,0)+IF($B$1=2020,'20 Total Tax Collections - S&L'!D27,0)+IF($B$1=2019,'19 Total Tax Collections - S&L'!D27,0)+IF($B$1=2018,'18 Total Tax Collections - S&L'!D27,0)+IF($B$1=2017,'17 Total Tax Collections - S&L'!D27,0)+IF($B$1=2016,'16 Total Tax Collections - S&L'!D27,0)+IF($B$1=2015,'15 Total Tax Collections - S&L'!D27,0)+IF($B$1=2014,'14 Total Tax Collections - S&L'!D27,0)+IF($B$1=2013,'13 Total Tax Collections - S&L'!D27,0)+IF($B$1=2012,'12 Total Tax Collections - S&L'!D27,0)+IF($B$1=2011,'11 Total Tax Collections - S&L'!D27,0)+IF($B$1=2010,'10 Total Tax Collections - S&L'!D27,0)+IF($B$1=2009,'09 Total Tax Collections - S&L'!D27,0)+IF($B$1=2008,'08 Total Tax Collections - S&L'!D27,0)+IF($B$1=2007,'07 Total Tax Collections - S&L'!D27,0)+IF($B$1=2006,'06 Total Tax Collections - S&L'!D27,0)+IF($B$1=2005,'05 Total Tax Collections - S&L'!D27,0)+IF($B$1=2004,'04 Total Tax Collections - S&L'!D27,0)","v":0},{"$f":"IF($B$1=2021,'21 Total Tax Collections - S&L'!E27,0)+IF($B$1=2020,'20 Total Tax Collections - S&L'!E27,0)+IF($B$1=2019,'19 Total Tax Collections - S&L'!E27,0)+IF($B$1=2018,'18 Total Tax Collections - S&L'!E27,0)+IF($B$1=2017,'17 Total Tax Collections - S&L'!E27,0)+IF($B$1=2016,'16 Total Tax Collections - S&L'!E27,0)+IF($B$1=2015,'15 Total Tax Collections - S&L'!E27,0)+IF($B$1=2014,'14 Total Tax Collections - S&L'!E27,0)+IF($B$1=2013,'13 Total Tax Collections - S&L'!E27,0)+IF($B$1=2012,'12 Total Tax Collections - S&L'!E27,0)+IF($B$1=2011,'11 Total Tax Collections - S&L'!E27,0)+IF($B$1=2010,'10 Total Tax Collections - S&L'!E27,0)+IF($B$1=2009,'09 Total Tax Collections - S&L'!E27,0)+IF($B$1=2008,'08 Total Tax Collections - S&L'!E27,0)+IF($B$1=2007,'07 Total Tax Collections - S&L'!E27,0)+IF($B$1=2006,'06 Total Tax Collections - S&L'!E27,0)+IF($B$1=2005,'05 Total Tax Collections - S&L'!E27,0)+IF($B$1=2004,'04 Total Tax Collections - S&L'!E27,0)","v":0},{"$f":"IF($B$1=2021,'21 Total Tax Collections - S&L'!F27,0)+IF($B$1=2020,'20 Total Tax Collections - S&L'!F27,0)+IF($B$1=2019,'19 Total Tax Collections - S&L'!F27,0)+IF($B$1=2018,'18 Total Tax Collections - S&L'!F27,0)+IF($B$1=2017,'17 Total Tax Collections - S&L'!F27,0)+IF($B$1=2016,'16 Total Tax Collections - S&L'!F27,0)+IF($B$1=2015,'15 Total Tax Collections - S&L'!F27,0)+IF($B$1=2014,'14 Total Tax Collections - S&L'!F27,0)+IF($B$1=2013,'13 Total Tax Collections - S&L'!F27,0)+IF($B$1=2012,'12 Total Tax Collections - S&L'!F27,0)+IF($B$1=2011,'11 Total Tax Collections - S&L'!F27,0)+IF($B$1=2010,'10 Total Tax Collections - S&L'!F27,0)+IF($B$1=2009,'09 Total Tax Collections - S&L'!F27,0)+IF($B$1=2008,'08 Total Tax Collections - S&L'!F27,0)+IF($B$1=2007,'07 Total Tax Collections - S&L'!F27,0)+IF($B$1=2006,'06 Total Tax Collections - S&L'!F27,0)+IF($B$1=2005,'05 Total Tax Collections - S&L'!F27,0)+IF($B$1=2004,'04 Total Tax Collections - S&L'!F27,0)","v":0}]
[null,"Massachusetts",{"$f":"IF($B$1=2021,'21 Total Tax Collections - S&L'!C28,0)+IF($B$1=2020,'20 Total Tax Collections - S&L'!C28,0)+IF($B$1=2019,'19 Total Tax Collections - S&L'!C28,0)+IF($B$1=2018,'18 Total Tax Collections - S&L'!C28,0)+IF($B$1=2017,'17 Total Tax Collections - S&L'!C28,0)+IF($B$1=2016,'16 Total Tax Collections - S&L'!C28,0)+IF($B$1=2015,'15 Total Tax Collections - S&L'!C28,0)+IF($B$1=2014,'14 Total Tax Collections - S&L'!C28,0)+IF($B$1=2013,'13 Total Tax Collections - S&L'!C28,0)+IF($B$1=2012,'12 Total Tax Collections - S&L'!C28,0)+IF($B$1=2011,'11 Total Tax Collections - S&L'!C28,0)+IF($B$1=2010,'10 Total Tax Collections - S&L'!C28,0)+IF($B$1=2009,'09 Total Tax Collections - S&L'!C28,0)+IF($B$1=2008,'08 Total Tax Collections - S&L'!C28,0)+IF($B$1=2007,'07 Total Tax Collections - S&L'!C28,0)+IF($B$1=2006,'06 Total Tax Collections - S&L'!C28,0)+IF($B$1=2005,'05 Total Tax Collections - S&L'!C28,0)+IF($B$1=2004,'04 Total Tax Collections - S&L'!C28,0)","v":0},{"$f":"IF($B$1=2021,'21 Total Tax Collections - S&L'!D28,0)+IF($B$1=2020,'20 Total Tax Collections - S&L'!D28,0)+IF($B$1=2019,'19 Total Tax Collections - S&L'!D28,0)+IF($B$1=2018,'18 Total Tax Collections - S&L'!D28,0)+IF($B$1=2017,'17 Total Tax Collections - S&L'!D28,0)+IF($B$1=2016,'16 Total Tax Collections - S&L'!D28,0)+IF($B$1=2015,'15 Total Tax Collections - S&L'!D28,0)+IF($B$1=2014,'14 Total Tax Collections - S&L'!D28,0)+IF($B$1=2013,'13 Total Tax Collections - S&L'!D28,0)+IF($B$1=2012,'12 Total Tax Collections - S&L'!D28,0)+IF($B$1=2011,'11 Total Tax Collections - S&L'!D28,0)+IF($B$1=2010,'10 Total Tax Collections - S&L'!D28,0)+IF($B$1=2009,'09 Total Tax Collections - S&L'!D28,0)+IF($B$1=2008,'08 Total Tax Collections - S&L'!D28,0)+IF($B$1=2007,'07 Total Tax Collections - S&L'!D28,0)+IF($B$1=2006,'06 Total Tax Collections - S&L'!D28,0)+IF($B$1=2005,'05 Total Tax Collections - S&L'!D28,0)+IF($B$1=2004,'04 Total Tax Collections - S&L'!D28,0)","v":0},{"$f":"IF($B$1=2021,'21 Total Tax Collections - S&L'!E28,0)+IF($B$1=2020,'20 Total Tax Collections - S&L'!E28,0)+IF($B$1=2019,'19 Total Tax Collections - S&L'!E28,0)+IF($B$1=2018,'18 Total Tax Collections - S&L'!E28,0)+IF($B$1=2017,'17 Total Tax Collections - S&L'!E28,0)+IF($B$1=2016,'16 Total Tax Collections - S&L'!E28,0)+IF($B$1=2015,'15 Total Tax Collections - S&L'!E28,0)+IF($B$1=2014,'14 Total Tax Collections - S&L'!E28,0)+IF($B$1=2013,'13 Total Tax Collections - S&L'!E28,0)+IF($B$1=2012,'12 Total Tax Collections - S&L'!E28,0)+IF($B$1=2011,'11 Total Tax Collections - S&L'!E28,0)+IF($B$1=2010,'10 Total Tax Collections - S&L'!E28,0)+IF($B$1=2009,'09 Total Tax Collections - S&L'!E28,0)+IF($B$1=2008,'08 Total Tax Collections - S&L'!E28,0)+IF($B$1=2007,'07 Total Tax Collections - S&L'!E28,0)+IF($B$1=2006,'06 Total Tax Collections - S&L'!E28,0)+IF($B$1=2005,'05 Total Tax Collections - S&L'!E28,0)+IF($B$1=2004,'04 Total Tax Collections - S&L'!E28,0)","v":0},{"$f":"IF($B$1=2021,'21 Total Tax Collections - S&L'!F28,0)+IF($B$1=2020,'20 Total Tax Collections - S&L'!F28,0)+IF($B$1=2019,'19 Total Tax Collections - S&L'!F28,0)+IF($B$1=2018,'18 Total Tax Collections - S&L'!F28,0)+IF($B$1=2017,'17 Total Tax Collections - S&L'!F28,0)+IF($B$1=2016,'16 Total Tax Collections - S&L'!F28,0)+IF($B$1=2015,'15 Total Tax Collections - S&L'!F28,0)+IF($B$1=2014,'14 Total Tax Collections - S&L'!F28,0)+IF($B$1=2013,'13 Total Tax Collections - S&L'!F28,0)+IF($B$1=2012,'12 Total Tax Collections - S&L'!F28,0)+IF($B$1=2011,'11 Total Tax Collections - S&L'!F28,0)+IF($B$1=2010,'10 Total Tax Collections - S&L'!F28,0)+IF($B$1=2009,'09 Total Tax Collections - S&L'!F28,0)+IF($B$1=2008,'08 Total Tax Collections - S&L'!F28,0)+IF($B$1=2007,'07 Total Tax Collections - S&L'!F28,0)+IF($B$1=2006,'06 Total Tax Collections - S&L'!F28,0)+IF($B$1=2005,'05 Total Tax Collections - S&L'!F28,0)+IF($B$1=2004,'04 Total Tax Collections - S&L'!F28,0)","v":0}]
[null,"Michigan",{"$f":"IF($B$1=2021,'21 Total Tax Collections - S&L'!C29,0)+IF($B$1=2020,'20 Total Tax Collections - S&L'!C29,0)+IF($B$1=2019,'19 Total Tax Collections - S&L'!C29,0)+IF($B$1=2018,'18 Total Tax Collections - S&L'!C29,0)+IF($B$1=2017,'17 Total Tax Collections - S&L'!C29,0)+IF($B$1=2016,'16 Total Tax Collections - S&L'!C29,0)+IF($B$1=2015,'15 Total Tax Collections - S&L'!C29,0)+IF($B$1=2014,'14 Total Tax Collections - S&L'!C29,0)+IF($B$1=2013,'13 Total Tax Collections - S&L'!C29,0)+IF($B$1=2012,'12 Total Tax Collections - S&L'!C29,0)+IF($B$1=2011,'11 Total Tax Collections - S&L'!C29,0)+IF($B$1=2010,'10 Total Tax Collections - S&L'!C29,0)+IF($B$1=2009,'09 Total Tax Collections - S&L'!C29,0)+IF($B$1=2008,'08 Total Tax Collections - S&L'!C29,0)+IF($B$1=2007,'07 Total Tax Collections - S&L'!C29,0)+IF($B$1=2006,'06 Total Tax Collections - S&L'!C29,0)+IF($B$1=2005,'05 Total Tax Collections - S&L'!C29,0)+IF($B$1=2004,'04 Total Tax Collections - S&L'!C29,0)","v":0},{"$f":"IF($B$1=2021,'21 Total Tax Collections - S&L'!D29,0)+IF($B$1=2020,'20 Total Tax Collections - S&L'!D29,0)+IF($B$1=2019,'19 Total Tax Collections - S&L'!D29,0)+IF($B$1=2018,'18 Total Tax Collections - S&L'!D29,0)+IF($B$1=2017,'17 Total Tax Collections - S&L'!D29,0)+IF($B$1=2016,'16 Total Tax Collections - S&L'!D29,0)+IF($B$1=2015,'15 Total Tax Collections - S&L'!D29,0)+IF($B$1=2014,'14 Total Tax Collections - S&L'!D29,0)+IF($B$1=2013,'13 Total Tax Collections - S&L'!D29,0)+IF($B$1=2012,'12 Total Tax Collections - S&L'!D29,0)+IF($B$1=2011,'11 Total Tax Collections - S&L'!D29,0)+IF($B$1=2010,'10 Total Tax Collections - S&L'!D29,0)+IF($B$1=2009,'09 Total Tax Collections - S&L'!D29,0)+IF($B$1=2008,'08 Total Tax Collections - S&L'!D29,0)+IF($B$1=2007,'07 Total Tax Collections - S&L'!D29,0)+IF($B$1=2006,'06 Total Tax Collections - S&L'!D29,0)+IF($B$1=2005,'05 Total Tax Collections - S&L'!D29,0)+IF($B$1=2004,'04 Total Tax Collections - S&L'!D29,0)","v":0},{"$f":"IF($B$1=2021,'21 Total Tax Collections - S&L'!E29,0)+IF($B$1=2020,'20 Total Tax Collections - S&L'!E29,0)+IF($B$1=2019,'19 Total Tax Collections - S&L'!E29,0)+IF($B$1=2018,'18 Total Tax Collections - S&L'!E29,0)+IF($B$1=2017,'17 Total Tax Collections - S&L'!E29,0)+IF($B$1=2016,'16 Total Tax Collections - S&L'!E29,0)+IF($B$1=2015,'15 Total Tax Collections - S&L'!E29,0)+IF($B$1=2014,'14 Total Tax Collections - S&L'!E29,0)+IF($B$1=2013,'13 Total Tax Collections - S&L'!E29,0)+IF($B$1=2012,'12 Total Tax Collections - S&L'!E29,0)+IF($B$1=2011,'11 Total Tax Collections - S&L'!E29,0)+IF($B$1=2010,'10 Total Tax Collections - S&L'!E29,0)+IF($B$1=2009,'09 Total Tax Collections - S&L'!E29,0)+IF($B$1=2008,'08 Total Tax Collections - S&L'!E29,0)+IF($B$1=2007,'07 Total Tax Collections - S&L'!E29,0)+IF($B$1=2006,'06 Total Tax Collections - S&L'!E29,0)+IF($B$1=2005,'05 Total Tax Collections - S&L'!E29,0)+IF($B$1=2004,'04 Total Tax Collections - S&L'!E29,0)","v":0},{"$f":"IF($B$1=2021,'21 Total Tax Collections - S&L'!F29,0)+IF($B$1=2020,'20 Total Tax Collections - S&L'!F29,0)+IF($B$1=2019,'19 Total Tax Collections - S&L'!F29,0)+IF($B$1=2018,'18 Total Tax Collections - S&L'!F29,0)+IF($B$1=2017,'17 Total Tax Collections - S&L'!F29,0)+IF($B$1=2016,'16 Total Tax Collections - S&L'!F29,0)+IF($B$1=2015,'15 Total Tax Collections - S&L'!F29,0)+IF($B$1=2014,'14 Total Tax Collections - S&L'!F29,0)+IF($B$1=2013,'13 Total Tax Collections - S&L'!F29,0)+IF($B$1=2012,'12 Total Tax Collections - S&L'!F29,0)+IF($B$1=2011,'11 Total Tax Collections - S&L'!F29,0)+IF($B$1=2010,'10 Total Tax Collections - S&L'!F29,0)+IF($B$1=2009,'09 Total Tax Collections - S&L'!F29,0)+IF($B$1=2008,'08 Total Tax Collections - S&L'!F29,0)+IF($B$1=2007,'07 Total Tax Collections - S&L'!F29,0)+IF($B$1=2006,'06 Total Tax Collections - S&L'!F29,0)+IF($B$1=2005,'05 Total Tax Collections - S&L'!F29,0)+IF($B$1=2004,'04 Total Tax Collections - S&L'!F29,0)","v":0}]
[null,"MINNESOTA",{"$f":"IF($B$1=2021,'21 Total Tax Collections - S&L'!C30,0)+IF($B$1=2020,'20 Total Tax Collections - S&L'!C30,0)+IF($B$1=2019,'19 Total Tax Collections - S&L'!C30,0)+IF($B$1=2018,'18 Total Tax Collections - S&L'!C30,0)+IF($B$1=2017,'17 Total Tax Collections - S&L'!C30,0)+IF($B$1=2016,'16 Total Tax Collections - S&L'!C30,0)+IF($B$1=2015,'15 Total Tax Collections - S&L'!C30,0)+IF($B$1=2014,'14 Total Tax Collections - S&L'!C30,0)+IF($B$1=2013,'13 Total Tax Collections - S&L'!C30,0)+IF($B$1=2012,'12 Total Tax Collections - S&L'!C30,0)+IF($B$1=2011,'11 Total Tax Collections - S&L'!C30,0)+IF($B$1=2010,'10 Total Tax Collections - S&L'!C30,0)+IF($B$1=2009,'09 Total Tax Collections - S&L'!C30,0)+IF($B$1=2008,'08 Total Tax Collections - S&L'!C30,0)+IF($B$1=2007,'07 Total Tax Collections - S&L'!C30,0)+IF($B$1=2006,'06 Total Tax Collections - S&L'!C30,0)+IF($B$1=2005,'05 Total Tax Collections - S&L'!C30,0)+IF($B$1=2004,'04 Total Tax Collections - S&L'!C30,0)","v":0},{"$f":"IF($B$1=2021,'21 Total Tax Collections - S&L'!D30,0)+IF($B$1=2020,'20 Total Tax Collections - S&L'!D30,0)+IF($B$1=2019,'19 Total Tax Collections - S&L'!D30,0)+IF($B$1=2018,'18 Total Tax Collections - S&L'!D30,0)+IF($B$1=2017,'17 Total Tax Collections - S&L'!D30,0)+IF($B$1=2016,'16 Total Tax Collections - S&L'!D30,0)+IF($B$1=2015,'15 Total Tax Collections - S&L'!D30,0)+IF($B$1=2014,'14 Total Tax Collections - S&L'!D30,0)+IF($B$1=2013,'13 Total Tax Collections - S&L'!D30,0)+IF($B$1=2012,'12 Total Tax Collections - S&L'!D30,0)+IF($B$1=2011,'11 Total Tax Collections - S&L'!D30,0)+IF($B$1=2010,'10 Total Tax Collections - S&L'!D30,0)+IF($B$1=2009,'09 Total Tax Collections - S&L'!D30,0)+IF($B$1=2008,'08 Total Tax Collections - S&L'!D30,0)+IF($B$1=2007,'07 Total Tax Collections - S&L'!D30,0)+IF($B$1=2006,'06 Total Tax Collections - S&L'!D30,0)+IF($B$1=2005,'05 Total Tax Collections - S&L'!D30,0)+IF($B$1=2004,'04 Total Tax Collections - S&L'!D30,0)","v":0},{"$f":"IF($B$1=2021,'21 Total Tax Collections - S&L'!E30,0)+IF($B$1=2020,'20 Total Tax Collections - S&L'!E30,0)+IF($B$1=2019,'19 Total Tax Collections - S&L'!E30,0)+IF($B$1=2018,'18 Total Tax Collections - S&L'!E30,0)+IF($B$1=2017,'17 Total Tax Collections - S&L'!E30,0)+IF($B$1=2016,'16 Total Tax Collections - S&L'!E30,0)+IF($B$1=2015,'15 Total Tax Collections - S&L'!E30,0)+IF($B$1=2014,'14 Total Tax Collections - S&L'!E30,0)+IF($B$1=2013,'13 Total Tax Collections - S&L'!E30,0)+IF($B$1=2012,'12 Total Tax Collections - S&L'!E30,0)+IF($B$1=2011,'11 Total Tax Collections - S&L'!E30,0)+IF($B$1=2010,'10 Total Tax Collections - S&L'!E30,0)+IF($B$1=2009,'09 Total Tax Collections - S&L'!E30,0)+IF($B$1=2008,'08 Total Tax Collections - S&L'!E30,0)+IF($B$1=2007,'07 Total Tax Collections - S&L'!E30,0)+IF($B$1=2006,'06 Total Tax Collections - S&L'!E30,0)+IF($B$1=2005,'05 Total Tax Collections - S&L'!E30,0)+IF($B$1=2004,'04 Total Tax Collections - S&L'!E30,0)","v":0},{"$f":"IF($B$1=2021,'21 Total Tax Collections - S&L'!F30,0)+IF($B$1=2020,'20 Total Tax Collections - S&L'!F30,0)+IF($B$1=2019,'19 Total Tax Collections - S&L'!F30,0)+IF($B$1=2018,'18 Total Tax Collections - S&L'!F30,0)+IF($B$1=2017,'17 Total Tax Collections - S&L'!F30,0)+IF($B$1=2016,'16 Total Tax Collections - S&L'!F30,0)+IF($B$1=2015,'15 Total Tax Collections - S&L'!F30,0)+IF($B$1=2014,'14 Total Tax Collections - S&L'!F30,0)+IF($B$1=2013,'13 Total Tax Collections - S&L'!F30,0)+IF($B$1=2012,'12 Total Tax Collections - S&L'!F30,0)+IF($B$1=2011,'11 Total Tax Collections - S&L'!F30,0)+IF($B$1=2010,'10 Total Tax Collections - S&L'!F30,0)+IF($B$1=2009,'09 Total Tax Collections - S&L'!F30,0)+IF($B$1=2008,'08 Total Tax Collections - S&L'!F30,0)+IF($B$1=2007,'07 Total Tax Collections - S&L'!F30,0)+IF($B$1=2006,'06 Total Tax Collections - S&L'!F30,0)+IF($B$1=2005,'05 Total Tax Collections - S&L'!F30,0)+IF($B$1=2004,'04 Total Tax Collections - S&L'!F30,0)","v":0}]
[null,"Mississippi",{"$f":"IF($B$1=2021,'21 Total Tax Collections - S&L'!C31,0)+IF($B$1=2020,'20 Total Tax Collections - S&L'!C31,0)+IF($B$1=2019,'19 Total Tax Collections - S&L'!C31,0)+IF($B$1=2018,'18 Total Tax Collections - S&L'!C31,0)+IF($B$1=2017,'17 Total Tax Collections - S&L'!C31,0)+IF($B$1=2016,'16 Total Tax Collections - S&L'!C31,0)+IF($B$1=2015,'15 Total Tax Collections - S&L'!C31,0)+IF($B$1=2014,'14 Total Tax Collections - S&L'!C31,0)+IF($B$1=2013,'13 Total Tax Collections - S&L'!C31,0)+IF($B$1=2012,'12 Total Tax Collections - S&L'!C31,0)+IF($B$1=2011,'11 Total Tax Collections - S&L'!C31,0)+IF($B$1=2010,'10 Total Tax Collections - S&L'!C31,0)+IF($B$1=2009,'09 Total Tax Collections - S&L'!C31,0)+IF($B$1=2008,'08 Total Tax Collections - S&L'!C31,0)+IF($B$1=2007,'07 Total Tax Collections - S&L'!C31,0)+IF($B$1=2006,'06 Total Tax Collections - S&L'!C31,0)+IF($B$1=2005,'05 Total Tax Collections - S&L'!C31,0)+IF($B$1=2004,'04 Total Tax Collections - S&L'!C31,0)","v":0},{"$f":"IF($B$1=2021,'21 Total Tax Collections - S&L'!D31,0)+IF($B$1=2020,'20 Total Tax Collections - S&L'!D31,0)+IF($B$1=2019,'19 Total Tax Collections - S&L'!D31,0)+IF($B$1=2018,'18 Total Tax Collections - S&L'!D31,0)+IF($B$1=2017,'17 Total Tax Collections - S&L'!D31,0)+IF($B$1=2016,'16 Total Tax Collections - S&L'!D31,0)+IF($B$1=2015,'15 Total Tax Collections - S&L'!D31,0)+IF($B$1=2014,'14 Total Tax Collections - S&L'!D31,0)+IF($B$1=2013,'13 Total Tax Collections - S&L'!D31,0)+IF($B$1=2012,'12 Total Tax Collections - S&L'!D31,0)+IF($B$1=2011,'11 Total Tax Collections - S&L'!D31,0)+IF($B$1=2010,'10 Total Tax Collections - S&L'!D31,0)+IF($B$1=2009,'09 Total Tax Collections - S&L'!D31,0)+IF($B$1=2008,'08 Total Tax Collections - S&L'!D31,0)+IF($B$1=2007,'07 Total Tax Collections - S&L'!D31,0)+IF($B$1=2006,'06 Total Tax Collections - S&L'!D31,0)+IF($B$1=2005,'05 Total Tax Collections - S&L'!D31,0)+IF($B$1=2004,'04 Total Tax Collections - S&L'!D31,0)","v":0},{"$f":"IF($B$1=2021,'21 Total Tax Collections - S&L'!E31,0)+IF($B$1=2020,'20 Total Tax Collections - S&L'!E31,0)+IF($B$1=2019,'19 Total Tax Collections - S&L'!E31,0)+IF($B$1=2018,'18 Total Tax Collections - S&L'!E31,0)+IF($B$1=2017,'17 Total Tax Collections - S&L'!E31,0)+IF($B$1=2016,'16 Total Tax Collections - S&L'!E31,0)+IF($B$1=2015,'15 Total Tax Collections - S&L'!E31,0)+IF($B$1=2014,'14 Total Tax Collections - S&L'!E31,0)+IF($B$1=2013,'13 Total Tax Collections - S&L'!E31,0)+IF($B$1=2012,'12 Total Tax Collections - S&L'!E31,0)+IF($B$1=2011,'11 Total Tax Collections - S&L'!E31,0)+IF($B$1=2010,'10 Total Tax Collections - S&L'!E31,0)+IF($B$1=2009,'09 Total Tax Collections - S&L'!E31,0)+IF($B$1=2008,'08 Total Tax Collections - S&L'!E31,0)+IF($B$1=2007,'07 Total Tax Collections - S&L'!E31,0)+IF($B$1=2006,'06 Total Tax Collections - S&L'!E31,0)+IF($B$1=2005,'05 Total Tax Collections - S&L'!E31,0)+IF($B$1=2004,'04 Total Tax Collections - S&L'!E31,0)","v":0},{"$f":"IF($B$1=2021,'21 Total Tax Collections - S&L'!F31,0)+IF($B$1=2020,'20 Total Tax Collections - S&L'!F31,0)+IF($B$1=2019,'19 Total Tax Collections - S&L'!F31,0)+IF($B$1=2018,'18 Total Tax Collections - S&L'!F31,0)+IF($B$1=2017,'17 Total Tax Collections - S&L'!F31,0)+IF($B$1=2016,'16 Total Tax Collections - S&L'!F31,0)+IF($B$1=2015,'15 Total Tax Collections - S&L'!F31,0)+IF($B$1=2014,'14 Total Tax Collections - S&L'!F31,0)+IF($B$1=2013,'13 Total Tax Collections - S&L'!F31,0)+IF($B$1=2012,'12 Total Tax Collections - S&L'!F31,0)+IF($B$1=2011,'11 Total Tax Collections - S&L'!F31,0)+IF($B$1=2010,'10 Total Tax Collections - S&L'!F31,0)+IF($B$1=2009,'09 Total Tax Collections - S&L'!F31,0)+IF($B$1=2008,'08 Total Tax Collections - S&L'!F31,0)+IF($B$1=2007,'07 Total Tax Collections - S&L'!F31,0)+IF($B$1=2006,'06 Total Tax Collections - S&L'!F31,0)+IF($B$1=2005,'05 Total Tax Collections - S&L'!F31,0)+IF($B$1=2004,'04 Total Tax Collections - S&L'!F31,0)","v":0}]
[null,"Missouri",{"$f":"IF($B$1=2021,'21 Total Tax Collections - S&L'!C32,0)+IF($B$1=2020,'20 Total Tax Collections - S&L'!C32,0)+IF($B$1=2019,'19 Total Tax Collections - S&L'!C32,0)+IF($B$1=2018,'18 Total Tax Collections - S&L'!C32,0)+IF($B$1=2017,'17 Total Tax Collections - S&L'!C32,0)+IF($B$1=2016,'16 Total Tax Collections - S&L'!C32,0)+IF($B$1=2015,'15 Total Tax Collections - S&L'!C32,0)+IF($B$1=2014,'14 Total Tax Collections - S&L'!C32,0)+IF($B$1=2013,'13 Total Tax Collections - S&L'!C32,0)+IF($B$1=2012,'12 Total Tax Collections - S&L'!C32,0)+IF($B$1=2011,'11 Total Tax Collections - S&L'!C32,0)+IF($B$1=2010,'10 Total Tax Collections - S&L'!C32,0)+IF($B$1=2009,'09 Total Tax Collections - S&L'!C32,0)+IF($B$1=2008,'08 Total Tax Collections - S&L'!C32,0)+IF($B$1=2007,'07 Total Tax Collections - S&L'!C32,0)+IF($B$1=2006,'06 Total Tax Collections - S&L'!C32,0)+IF($B$1=2005,'05 Total Tax Collections - S&L'!C32,0)+IF($B$1=2004,'04 Total Tax Collections - S&L'!C32,0)","v":0},{"$f":"IF($B$1=2021,'21 Total Tax Collections - S&L'!D32,0)+IF($B$1=2020,'20 Total Tax Collections - S&L'!D32,0)+IF($B$1=2019,'19 Total Tax Collections - S&L'!D32,0)+IF($B$1=2018,'18 Total Tax Collections - S&L'!D32,0)+IF($B$1=2017,'17 Total Tax Collections - S&L'!D32,0)+IF($B$1=2016,'16 Total Tax Collections - S&L'!D32,0)+IF($B$1=2015,'15 Total Tax Collections - S&L'!D32,0)+IF($B$1=2014,'14 Total Tax Collections - S&L'!D32,0)+IF($B$1=2013,'13 Total Tax Collections - S&L'!D32,0)+IF($B$1=2012,'12 Total Tax Collections - S&L'!D32,0)+IF($B$1=2011,'11 Total Tax Collections - S&L'!D32,0)+IF($B$1=2010,'10 Total Tax Collections - S&L'!D32,0)+IF($B$1=2009,'09 Total Tax Collections - S&L'!D32,0)+IF($B$1=2008,'08 Total Tax Collections - S&L'!D32,0)+IF($B$1=2007,'07 Total Tax Collections - S&L'!D32,0)+IF($B$1=2006,'06 Total Tax Collections - S&L'!D32,0)+IF($B$1=2005,'05 Total Tax Collections - S&L'!D32,0)+IF($B$1=2004,'04 Total Tax Collections - S&L'!D32,0)","v":0},{"$f":"IF($B$1=2021,'21 Total Tax Collections - S&L'!E32,0)+IF($B$1=2020,'20 Total Tax Collections - S&L'!E32,0)+IF($B$1=2019,'19 Total Tax Collections - S&L'!E32,0)+IF($B$1=2018,'18 Total Tax Collections - S&L'!E32,0)+IF($B$1=2017,'17 Total Tax Collections - S&L'!E32,0)+IF($B$1=2016,'16 Total Tax Collections - S&L'!E32,0)+IF($B$1=2015,'15 Total Tax Collections - S&L'!E32,0)+IF($B$1=2014,'14 Total Tax Collections - S&L'!E32,0)+IF($B$1=2013,'13 Total Tax Collections - S&L'!E32,0)+IF($B$1=2012,'12 Total Tax Collections - S&L'!E32,0)+IF($B$1=2011,'11 Total Tax Collections - S&L'!E32,0)+IF($B$1=2010,'10 Total Tax Collections - S&L'!E32,0)+IF($B$1=2009,'09 Total Tax Collections - S&L'!E32,0)+IF($B$1=2008,'08 Total Tax Collections - S&L'!E32,0)+IF($B$1=2007,'07 Total Tax Collections - S&L'!E32,0)+IF($B$1=2006,'06 Total Tax Collections - S&L'!E32,0)+IF($B$1=2005,'05 Total Tax Collections - S&L'!E32,0)+IF($B$1=2004,'04 Total Tax Collections - S&L'!E32,0)","v":0},{"$f":"IF($B$1=2021,'21 Total Tax Collections - S&L'!F32,0)+IF($B$1=2020,'20 Total Tax Collections - S&L'!F32,0)+IF($B$1=2019,'19 Total Tax Collections - S&L'!F32,0)+IF($B$1=2018,'18 Total Tax Collections - S&L'!F32,0)+IF($B$1=2017,'17 Total Tax Collections - S&L'!F32,0)+IF($B$1=2016,'16 Total Tax Collections - S&L'!F32,0)+IF($B$1=2015,'15 Total Tax Collections - S&L'!F32,0)+IF($B$1=2014,'14 Total Tax Collections - S&L'!F32,0)+IF($B$1=2013,'13 Total Tax Collections - S&L'!F32,0)+IF($B$1=2012,'12 Total Tax Collections - S&L'!F32,0)+IF($B$1=2011,'11 Total Tax Collections - S&L'!F32,0)+IF($B$1=2010,'10 Total Tax Collections - S&L'!F32,0)+IF($B$1=2009,'09 Total Tax Collections - S&L'!F32,0)+IF($B$1=2008,'08 Total Tax Collections - S&L'!F32,0)+IF($B$1=2007,'07 Total Tax Collections - S&L'!F32,0)+IF($B$1=2006,'06 Total Tax Collections - S&L'!F32,0)+IF($B$1=2005,'05 Total Tax Collections - S&L'!F32,0)+IF($B$1=2004,'04 Total Tax Collections - S&L'!F32,0)","v":0}]
[null,"Montana",{"$f":"IF($B$1=2021,'21 Total Tax Collections - S&L'!C33,0)+IF($B$1=2020,'20 Total Tax Collections - S&L'!C33,0)+IF($B$1=2019,'19 Total Tax Collections - S&L'!C33,0)+IF($B$1=2018,'18 Total Tax Collections - S&L'!C33,0)+IF($B$1=2017,'17 Total Tax Collections - S&L'!C33,0)+IF($B$1=2016,'16 Total Tax Collections - S&L'!C33,0)+IF($B$1=2015,'15 Total Tax Collections - S&L'!C33,0)+IF($B$1=2014,'14 Total Tax Collections - S&L'!C33,0)+IF($B$1=2013,'13 Total Tax Collections - S&L'!C33,0)+IF($B$1=2012,'12 Total Tax Collections - S&L'!C33,0)+IF($B$1=2011,'11 Total Tax Collections - S&L'!C33,0)+IF($B$1=2010,'10 Total Tax Collections - S&L'!C33,0)+IF($B$1=2009,'09 Total Tax Collections - S&L'!C33,0)+IF($B$1=2008,'08 Total Tax Collections - S&L'!C33,0)+IF($B$1=2007,'07 Total Tax Collections - S&L'!C33,0)+IF($B$1=2006,'06 Total Tax Collections - S&L'!C33,0)+IF($B$1=2005,'05 Total Tax Collections - S&L'!C33,0)+IF($B$1=2004,'04 Total Tax Collections - S&L'!C33,0)","v":0},{"$f":"IF($B$1=2021,'21 Total Tax Collections - S&L'!D33,0)+IF($B$1=2020,'20 Total Tax Collections - S&L'!D33,0)+IF($B$1=2019,'19 Total Tax Collections - S&L'!D33,0)+IF($B$1=2018,'18 Total Tax Collections - S&L'!D33,0)+IF($B$1=2017,'17 Total Tax Collections - S&L'!D33,0)+IF($B$1=2016,'16 Total Tax Collections - S&L'!D33,0)+IF($B$1=2015,'15 Total Tax Collections - S&L'!D33,0)+IF($B$1=2014,'14 Total Tax Collections - S&L'!D33,0)+IF($B$1=2013,'13 Total Tax Collections - S&L'!D33,0)+IF($B$1=2012,'12 Total Tax Collections - S&L'!D33,0)+IF($B$1=2011,'11 Total Tax Collections - S&L'!D33,0)+IF($B$1=2010,'10 Total Tax Collections - S&L'!D33,0)+IF($B$1=2009,'09 Total Tax Collections - S&L'!D33,0)+IF($B$1=2008,'08 Total Tax Collections - S&L'!D33,0)+IF($B$1=2007,'07 Total Tax Collections - S&L'!D33,0)+IF($B$1=2006,'06 Total Tax Collections - S&L'!D33,0)+IF($B$1=2005,'05 Total Tax Collections - S&L'!D33,0)+IF($B$1=2004,'04 Total Tax Collections - S&L'!D33,0)","v":0},{"$f":"IF($B$1=2021,'21 Total Tax Collections - S&L'!E33,0)+IF($B$1=2020,'20 Total Tax Collections - S&L'!E33,0)+IF($B$1=2019,'19 Total Tax Collections - S&L'!E33,0)+IF($B$1=2018,'18 Total Tax Collections - S&L'!E33,0)+IF($B$1=2017,'17 Total Tax Collections - S&L'!E33,0)+IF($B$1=2016,'16 Total Tax Collections - S&L'!E33,0)+IF($B$1=2015,'15 Total Tax Collections - S&L'!E33,0)+IF($B$1=2014,'14 Total Tax Collections - S&L'!E33,0)+IF($B$1=2013,'13 Total Tax Collections - S&L'!E33,0)+IF($B$1=2012,'12 Total Tax Collections - S&L'!E33,0)+IF($B$1=2011,'11 Total Tax Collections - S&L'!E33,0)+IF($B$1=2010,'10 Total Tax Collections - S&L'!E33,0)+IF($B$1=2009,'09 Total Tax Collections - S&L'!E33,0)+IF($B$1=2008,'08 Total Tax Collections - S&L'!E33,0)+IF($B$1=2007,'07 Total Tax Collections - S&L'!E33,0)+IF($B$1=2006,'06 Total Tax Collections - S&L'!E33,0)+IF($B$1=2005,'05 Total Tax Collections - S&L'!E33,0)+IF($B$1=2004,'04 Total Tax Collections - S&L'!E33,0)","v":0},{"$f":"IF($B$1=2021,'21 Total Tax Collections - S&L'!F33,0)+IF($B$1=2020,'20 Total Tax Collections - S&L'!F33,0)+IF($B$1=2019,'19 Total Tax Collections - S&L'!F33,0)+IF($B$1=2018,'18 Total Tax Collections - S&L'!F33,0)+IF($B$1=2017,'17 Total Tax Collections - S&L'!F33,0)+IF($B$1=2016,'16 Total Tax Collections - S&L'!F33,0)+IF($B$1=2015,'15 Total Tax Collections - S&L'!F33,0)+IF($B$1=2014,'14 Total Tax Collections - S&L'!F33,0)+IF($B$1=2013,'13 Total Tax Collections - S&L'!F33,0)+IF($B$1=2012,'12 Total Tax Collections - S&L'!F33,0)+IF($B$1=2011,'11 Total Tax Collections - S&L'!F33,0)+IF($B$1=2010,'10 Total Tax Collections - S&L'!F33,0)+IF($B$1=2009,'09 Total Tax Collections - S&L'!F33,0)+IF($B$1=2008,'08 Total Tax Collections - S&L'!F33,0)+IF($B$1=2007,'07 Total Tax Collections - S&L'!F33,0)+IF($B$1=2006,'06 Total Tax Collections - S&L'!F33,0)+IF($B$1=2005,'05 Total Tax Collections - S&L'!F33,0)+IF($B$1=2004,'04 Total Tax Collections - S&L'!F33,0)","v":0}]
[null,"Nebraska",{"$f":"IF($B$1=2021,'21 Total Tax Collections - S&L'!C34,0)+IF($B$1=2020,'20 Total Tax Collections - S&L'!C34,0)+IF($B$1=2019,'19 Total Tax Collections - S&L'!C34,0)+IF($B$1=2018,'18 Total Tax Collections - S&L'!C34,0)+IF($B$1=2017,'17 Total Tax Collections - S&L'!C34,0)+IF($B$1=2016,'16 Total Tax Collections - S&L'!C34,0)+IF($B$1=2015,'15 Total Tax Collections - S&L'!C34,0)+IF($B$1=2014,'14 Total Tax Collections - S&L'!C34,0)+IF($B$1=2013,'13 Total Tax Collections - S&L'!C34,0)+IF($B$1=2012,'12 Total Tax Collections - S&L'!C34,0)+IF($B$1=2011,'11 Total Tax Collections - S&L'!C34,0)+IF($B$1=2010,'10 Total Tax Collections - S&L'!C34,0)+IF($B$1=2009,'09 Total Tax Collections - S&L'!C34,0)+IF($B$1=2008,'08 Total Tax Collections - S&L'!C34,0)+IF($B$1=2007,'07 Total Tax Collections - S&L'!C34,0)+IF($B$1=2006,'06 Total Tax Collections - S&L'!C34,0)+IF($B$1=2005,'05 Total Tax Collections - S&L'!C34,0)+IF($B$1=2004,'04 Total Tax Collections - S&L'!C34,0)","v":0},{"$f":"IF($B$1=2021,'21 Total Tax Collections - S&L'!D34,0)+IF($B$1=2020,'20 Total Tax Collections - S&L'!D34,0)+IF($B$1=2019,'19 Total Tax Collections - S&L'!D34,0)+IF($B$1=2018,'18 Total Tax Collections - S&L'!D34,0)+IF($B$1=2017,'17 Total Tax Collections - S&L'!D34,0)+IF($B$1=2016,'16 Total Tax Collections - S&L'!D34,0)+IF($B$1=2015,'15 Total Tax Collections - S&L'!D34,0)+IF($B$1=2014,'14 Total Tax Collections - S&L'!D34,0)+IF($B$1=2013,'13 Total Tax Collections - S&L'!D34,0)+IF($B$1=2012,'12 Total Tax Collections - S&L'!D34,0)+IF($B$1=2011,'11 Total Tax Collections - S&L'!D34,0)+IF($B$1=2010,'10 Total Tax Collections - S&L'!D34,0)+IF($B$1=2009,'09 Total Tax Collections - S&L'!D34,0)+IF($B$1=2008,'08 Total Tax Collections - S&L'!D34,0)+IF($B$1=2007,'07 Total Tax Collections - S&L'!D34,0)+IF($B$1=2006,'06 Total Tax Collections - S&L'!D34,0)+IF($B$1=2005,'05 Total Tax Collections - S&L'!D34,0)+IF($B$1=2004,'04 Total Tax Collections - S&L'!D34,0)","v":0},{"$f":"IF($B$1=2021,'21 Total Tax Collections - S&L'!E34,0)+IF($B$1=2020,'20 Total Tax Collections - S&L'!E34,0)+IF($B$1=2019,'19 Total Tax Collections - S&L'!E34,0)+IF($B$1=2018,'18 Total Tax Collections - S&L'!E34,0)+IF($B$1=2017,'17 Total Tax Collections - S&L'!E34,0)+IF($B$1=2016,'16 Total Tax Collections - S&L'!E34,0)+IF($B$1=2015,'15 Total Tax Collections - S&L'!E34,0)+IF($B$1=2014,'14 Total Tax Collections - S&L'!E34,0)+IF($B$1=2013,'13 Total Tax Collections - S&L'!E34,0)+IF($B$1=2012,'12 Total Tax Collections - S&L'!E34,0)+IF($B$1=2011,'11 Total Tax Collections - S&L'!E34,0)+IF($B$1=2010,'10 Total Tax Collections - S&L'!E34,0)+IF($B$1=2009,'09 Total Tax Collections - S&L'!E34,0)+IF($B$1=2008,'08 Total Tax Collections - S&L'!E34,0)+IF($B$1=2007,'07 Total Tax Collections - S&L'!E34,0)+IF($B$1=2006,'06 Total Tax Collections - S&L'!E34,0)+IF($B$1=2005,'05 Total Tax Collections - S&L'!E34,0)+IF($B$1=2004,'04 Total Tax Collections - S&L'!E34,0)","v":0},{"$f":"IF($B$1=2021,'21 Total Tax Collections - S&L'!F34,0)+IF($B$1=2020,'20 Total Tax Collections - S&L'!F34,0)+IF($B$1=2019,'19 Total Tax Collections - S&L'!F34,0)+IF($B$1=2018,'18 Total Tax Collections - S&L'!F34,0)+IF($B$1=2017,'17 Total Tax Collections - S&L'!F34,0)+IF($B$1=2016,'16 Total Tax Collections - S&L'!F34,0)+IF($B$1=2015,'15 Total Tax Collections - S&L'!F34,0)+IF($B$1=2014,'14 Total Tax Collections - S&L'!F34,0)+IF($B$1=2013,'13 Total Tax Collections - S&L'!F34,0)+IF($B$1=2012,'12 Total Tax Collections - S&L'!F34,0)+IF($B$1=2011,'11 Total Tax Collections - S&L'!F34,0)+IF($B$1=2010,'10 Total Tax Collections - S&L'!F34,0)+IF($B$1=2009,'09 Total Tax Collections - S&L'!F34,0)+IF($B$1=2008,'08 Total Tax Collections - S&L'!F34,0)+IF($B$1=2007,'07 Total Tax Collections - S&L'!F34,0)+IF($B$1=2006,'06 Total Tax Collections - S&L'!F34,0)+IF($B$1=2005,'05 Total Tax Collections - S&L'!F34,0)+IF($B$1=2004,'04 Total Tax Collections - S&L'!F34,0)","v":0}]
[null,"Nevada",{"$f":"IF($B$1=2021,'21 Total Tax Collections - S&L'!C35,0)+IF($B$1=2020,'20 Total Tax Collections - S&L'!C35,0)+IF($B$1=2019,'19 Total Tax Collections - S&L'!C35,0)+IF($B$1=2018,'18 Total Tax Collections - S&L'!C35,0)+IF($B$1=2017,'17 Total Tax Collections - S&L'!C35,0)+IF($B$1=2016,'16 Total Tax Collections - S&L'!C35,0)+IF($B$1=2015,'15 Total Tax Collections - S&L'!C35,0)+IF($B$1=2014,'14 Total Tax Collections - S&L'!C35,0)+IF($B$1=2013,'13 Total Tax Collections - S&L'!C35,0)+IF($B$1=2012,'12 Total Tax Collections - S&L'!C35,0)+IF($B$1=2011,'11 Total Tax Collections - S&L'!C35,0)+IF($B$1=2010,'10 Total Tax Collections - S&L'!C35,0)+IF($B$1=2009,'09 Total Tax Collections - S&L'!C35,0)+IF($B$1=2008,'08 Total Tax Collections - S&L'!C35,0)+IF($B$1=2007,'07 Total Tax Collections - S&L'!C35,0)+IF($B$1=2006,'06 Total Tax Collections - S&L'!C35,0)+IF($B$1=2005,'05 Total Tax Collections - S&L'!C35,0)+IF($B$1=2004,'04 Total Tax Collections - S&L'!C35,0)","v":0},{"$f":"IF($B$1=2021,'21 Total Tax Collections - S&L'!D35,0)+IF($B$1=2020,'20 Total Tax Collections - S&L'!D35,0)+IF($B$1=2019,'19 Total Tax Collections - S&L'!D35,0)+IF($B$1=2018,'18 Total Tax Collections - S&L'!D35,0)+IF($B$1=2017,'17 Total Tax Collections - S&L'!D35,0)+IF($B$1=2016,'16 Total Tax Collections - S&L'!D35,0)+IF($B$1=2015,'15 Total Tax Collections - S&L'!D35,0)+IF($B$1=2014,'14 Total Tax Collections - S&L'!D35,0)+IF($B$1=2013,'13 Total Tax Collections - S&L'!D35,0)+IF($B$1=2012,'12 Total Tax Collections - S&L'!D35,0)+IF($B$1=2011,'11 Total Tax Collections - S&L'!D35,0)+IF($B$1=2010,'10 Total Tax Collections - S&L'!D35,0)+IF($B$1=2009,'09 Total Tax Collections - S&L'!D35,0)+IF($B$1=2008,'08 Total Tax Collections - S&L'!D35,0)+IF($B$1=2007,'07 Total Tax Collections - S&L'!D35,0)+IF($B$1=2006,'06 Total Tax Collections - S&L'!D35,0)+IF($B$1=2005,'05 Total Tax Collections - S&L'!D35,0)+IF($B$1=2004,'04 Total Tax Collections - S&L'!D35,0)","v":0},{"$f":"IF($B$1=2021,'21 Total Tax Collections - S&L'!E35,0)+IF($B$1=2020,'20 Total Tax Collections - S&L'!E35,0)+IF($B$1=2019,'19 Total Tax Collections - S&L'!E35,0)+IF($B$1=2018,'18 Total Tax Collections - S&L'!E35,0)+IF($B$1=2017,'17 Total Tax Collections - S&L'!E35,0)+IF($B$1=2016,'16 Total Tax Collections - S&L'!E35,0)+IF($B$1=2015,'15 Total Tax Collections - S&L'!E35,0)+IF($B$1=2014,'14 Total Tax Collections - S&L'!E35,0)+IF($B$1=2013,'13 Total Tax Collections - S&L'!E35,0)+IF($B$1=2012,'12 Total Tax Collections - S&L'!E35,0)+IF($B$1=2011,'11 Total Tax Collections - S&L'!E35,0)+IF($B$1=2010,'10 Total Tax Collections - S&L'!E35,0)+IF($B$1=2009,'09 Total Tax Collections - S&L'!E35,0)+IF($B$1=2008,'08 Total Tax Collections - S&L'!E35,0)+IF($B$1=2007,'07 Total Tax Collections - S&L'!E35,0)+IF($B$1=2006,'06 Total Tax Collections - S&L'!E35,0)+IF($B$1=2005,'05 Total Tax Collections - S&L'!E35,0)+IF($B$1=2004,'04 Total Tax Collections - S&L'!E35,0)","v":0},{"$f":"IF($B$1=2021,'21 Total Tax Collections - S&L'!F35,0)+IF($B$1=2020,'20 Total Tax Collections - S&L'!F35,0)+IF($B$1=2019,'19 Total Tax Collections - S&L'!F35,0)+IF($B$1=2018,'18 Total Tax Collections - S&L'!F35,0)+IF($B$1=2017,'17 Total Tax Collections - S&L'!F35,0)+IF($B$1=2016,'16 Total Tax Collections - S&L'!F35,0)+IF($B$1=2015,'15 Total Tax Collections - S&L'!F35,0)+IF($B$1=2014,'14 Total Tax Collections - S&L'!F35,0)+IF($B$1=2013,'13 Total Tax Collections - S&L'!F35,0)+IF($B$1=2012,'12 Total Tax Collections - S&L'!F35,0)+IF($B$1=2011,'11 Total Tax Collections - S&L'!F35,0)+IF($B$1=2010,'10 Total Tax Collections - S&L'!F35,0)+IF($B$1=2009,'09 Total Tax Collections - S&L'!F35,0)+IF($B$1=2008,'08 Total Tax Collections - S&L'!F35,0)+IF($B$1=2007,'07 Total Tax Collections - S&L'!F35,0)+IF($B$1=2006,'06 Total Tax Collections - S&L'!F35,0)+IF($B$1=2005,'05 Total Tax Collections - S&L'!F35,0)+IF($B$1=2004,'04 Total Tax Collections - S&L'!F35,0)","v":0}]
[null,"New Hampshire",{"$f":"IF($B$1=2021,'21 Total Tax Collections - S&L'!C36,0)+IF($B$1=2020,'20 Total Tax Collections - S&L'!C36,0)+IF($B$1=2019,'19 Total Tax Collections - S&L'!C36,0)+IF($B$1=2018,'18 Total Tax Collections - S&L'!C36,0)+IF($B$1=2017,'17 Total Tax Collections - S&L'!C36,0)+IF($B$1=2016,'16 Total Tax Collections - S&L'!C36,0)+IF($B$1=2015,'15 Total Tax Collections - S&L'!C36,0)+IF($B$1=2014,'14 Total Tax Collections - S&L'!C36,0)+IF($B$1=2013,'13 Total Tax Collections - S&L'!C36,0)+IF($B$1=2012,'12 Total Tax Collections - S&L'!C36,0)+IF($B$1=2011,'11 Total Tax Collections - S&L'!C36,0)+IF($B$1=2010,'10 Total Tax Collections - S&L'!C36,0)+IF($B$1=2009,'09 Total Tax Collections - S&L'!C36,0)+IF($B$1=2008,'08 Total Tax Collections - S&L'!C36,0)+IF($B$1=2007,'07 Total Tax Collections - S&L'!C36,0)+IF($B$1=2006,'06 Total Tax Collections - S&L'!C36,0)+IF($B$1=2005,'05 Total Tax Collections - S&L'!C36,0)+IF($B$1=2004,'04 Total Tax Collections - S&L'!C36,0)","v":0},{"$f":"IF($B$1=2021,'21 Total Tax Collections - S&L'!D36,0)+IF($B$1=2020,'20 Total Tax Collections - S&L'!D36,0)+IF($B$1=2019,'19 Total Tax Collections - S&L'!D36,0)+IF($B$1=2018,'18 Total Tax Collections - S&L'!D36,0)+IF($B$1=2017,'17 Total Tax Collections - S&L'!D36,0)+IF($B$1=2016,'16 Total Tax Collections - S&L'!D36,0)+IF($B$1=2015,'15 Total Tax Collections - S&L'!D36,0)+IF($B$1=2014,'14 Total Tax Collections - S&L'!D36,0)+IF($B$1=2013,'13 Total Tax Collections - S&L'!D36,0)+IF($B$1=2012,'12 Total Tax Collections - S&L'!D36,0)+IF($B$1=2011,'11 Total Tax Collections - S&L'!D36,0)+IF($B$1=2010,'10 Total Tax Collections - S&L'!D36,0)+IF($B$1=2009,'09 Total Tax Collections - S&L'!D36,0)+IF($B$1=2008,'08 Total Tax Collections - S&L'!D36,0)+IF($B$1=2007,'07 Total Tax Collections - S&L'!D36,0)+IF($B$1=2006,'06 Total Tax Collections - S&L'!D36,0)+IF($B$1=2005,'05 Total Tax Collections - S&L'!D36,0)+IF($B$1=2004,'04 Total Tax Collections - S&L'!D36,0)","v":0},{"$f":"IF($B$1=2021,'21 Total Tax Collections - S&L'!E36,0)+IF($B$1=2020,'20 Total Tax Collections - S&L'!E36,0)+IF($B$1=2019,'19 Total Tax Collections - S&L'!E36,0)+IF($B$1=2018,'18 Total Tax Collections - S&L'!E36,0)+IF($B$1=2017,'17 Total Tax Collections - S&L'!E36,0)+IF($B$1=2016,'16 Total Tax Collections - S&L'!E36,0)+IF($B$1=2015,'15 Total Tax Collections - S&L'!E36,0)+IF($B$1=2014,'14 Total Tax Collections - S&L'!E36,0)+IF($B$1=2013,'13 Total Tax Collections - S&L'!E36,0)+IF($B$1=2012,'12 Total Tax Collections - S&L'!E36,0)+IF($B$1=2011,'11 Total Tax Collections - S&L'!E36,0)+IF($B$1=2010,'10 Total Tax Collections - S&L'!E36,0)+IF($B$1=2009,'09 Total Tax Collections - S&L'!E36,0)+IF($B$1=2008,'08 Total Tax Collections - S&L'!E36,0)+IF($B$1=2007,'07 Total Tax Collections - S&L'!E36,0)+IF($B$1=2006,'06 Total Tax Collections - S&L'!E36,0)+IF($B$1=2005,'05 Total Tax Collections - S&L'!E36,0)+IF($B$1=2004,'04 Total Tax Collections - S&L'!E36,0)","v":0},{"$f":"IF($B$1=2021,'21 Total Tax Collections - S&L'!F36,0)+IF($B$1=2020,'20 Total Tax Collections - S&L'!F36,0)+IF($B$1=2019,'19 Total Tax Collections - S&L'!F36,0)+IF($B$1=2018,'18 Total Tax Collections - S&L'!F36,0)+IF($B$1=2017,'17 Total Tax Collections - S&L'!F36,0)+IF($B$1=2016,'16 Total Tax Collections - S&L'!F36,0)+IF($B$1=2015,'15 Total Tax Collections - S&L'!F36,0)+IF($B$1=2014,'14 Total Tax Collections - S&L'!F36,0)+IF($B$1=2013,'13 Total Tax Collections - S&L'!F36,0)+IF($B$1=2012,'12 Total Tax Collections - S&L'!F36,0)+IF($B$1=2011,'11 Total Tax Collections - S&L'!F36,0)+IF($B$1=2010,'10 Total Tax Collections - S&L'!F36,0)+IF($B$1=2009,'09 Total Tax Collections - S&L'!F36,0)+IF($B$1=2008,'08 Total Tax Collections - S&L'!F36,0)+IF($B$1=2007,'07 Total Tax Collections - S&L'!F36,0)+IF($B$1=2006,'06 Total Tax Collections - S&L'!F36,0)+IF($B$1=2005,'05 Total Tax Collections - S&L'!F36,0)+IF($B$1=2004,'04 Total Tax Collections - S&L'!F36,0)","v":0}]
[null,"New Jersey",{"$f":"IF($B$1=2021,'21 Total Tax Collections - S&L'!C37,0)+IF($B$1=2020,'20 Total Tax Collections - S&L'!C37,0)+IF($B$1=2019,'19 Total Tax Collections - S&L'!C37,0)+IF($B$1=2018,'18 Total Tax Collections - S&L'!C37,0)+IF($B$1=2017,'17 Total Tax Collections - S&L'!C37,0)+IF($B$1=2016,'16 Total Tax Collections - S&L'!C37,0)+IF($B$1=2015,'15 Total Tax Collections - S&L'!C37,0)+IF($B$1=2014,'14 Total Tax Collections - S&L'!C37,0)+IF($B$1=2013,'13 Total Tax Collections - S&L'!C37,0)+IF($B$1=2012,'12 Total Tax Collections - S&L'!C37,0)+IF($B$1=2011,'11 Total Tax Collections - S&L'!C37,0)+IF($B$1=2010,'10 Total Tax Collections - S&L'!C37,0)+IF($B$1=2009,'09 Total Tax Collections - S&L'!C37,0)+IF($B$1=2008,'08 Total Tax Collections - S&L'!C37,0)+IF($B$1=2007,'07 Total Tax Collections - S&L'!C37,0)+IF($B$1=2006,'06 Total Tax Collections - S&L'!C37,0)+IF($B$1=2005,'05 Total Tax Collections - S&L'!C37,0)+IF($B$1=2004,'04 Total Tax Collections - S&L'!C37,0)","v":0},{"$f":"IF($B$1=2021,'21 Total Tax Collections - S&L'!D37,0)+IF($B$1=2020,'20 Total Tax Collections - S&L'!D37,0)+IF($B$1=2019,'19 Total Tax Collections - S&L'!D37,0)+IF($B$1=2018,'18 Total Tax Collections - S&L'!D37,0)+IF($B$1=2017,'17 Total Tax Collections - S&L'!D37,0)+IF($B$1=2016,'16 Total Tax Collections - S&L'!D37,0)+IF($B$1=2015,'15 Total Tax Collections - S&L'!D37,0)+IF($B$1=2014,'14 Total Tax Collections - S&L'!D37,0)+IF($B$1=2013,'13 Total Tax Collections - S&L'!D37,0)+IF($B$1=2012,'12 Total Tax Collections - S&L'!D37,0)+IF($B$1=2011,'11 Total Tax Collections - S&L'!D37,0)+IF($B$1=2010,'10 Total Tax Collections - S&L'!D37,0)+IF($B$1=2009,'09 Total Tax Collections - S&L'!D37,0)+IF($B$1=2008,'08 Total Tax Collections - S&L'!D37,0)+IF($B$1=2007,'07 Total Tax Collections - S&L'!D37,0)+IF($B$1=2006,'06 Total Tax Collections - S&L'!D37,0)+IF($B$1=2005,'05 Total Tax Collections - S&L'!D37,0)+IF($B$1=2004,'04 Total Tax Collections - S&L'!D37,0)","v":0},{"$f":"IF($B$1=2021,'21 Total Tax Collections - S&L'!E37,0)+IF($B$1=2020,'20 Total Tax Collections - S&L'!E37,0)+IF($B$1=2019,'19 Total Tax Collections - S&L'!E37,0)+IF($B$1=2018,'18 Total Tax Collections - S&L'!E37,0)+IF($B$1=2017,'17 Total Tax Collections - S&L'!E37,0)+IF($B$1=2016,'16 Total Tax Collections - S&L'!E37,0)+IF($B$1=2015,'15 Total Tax Collections - S&L'!E37,0)+IF($B$1=2014,'14 Total Tax Collections - S&L'!E37,0)+IF($B$1=2013,'13 Total Tax Collections - S&L'!E37,0)+IF($B$1=2012,'12 Total Tax Collections - S&L'!E37,0)+IF($B$1=2011,'11 Total Tax Collections - S&L'!E37,0)+IF($B$1=2010,'10 Total Tax Collections - S&L'!E37,0)+IF($B$1=2009,'09 Total Tax Collections - S&L'!E37,0)+IF($B$1=2008,'08 Total Tax Collections - S&L'!E37,0)+IF($B$1=2007,'07 Total Tax Collections - S&L'!E37,0)+IF($B$1=2006,'06 Total Tax Collections - S&L'!E37,0)+IF($B$1=2005,'05 Total Tax Collections - S&L'!E37,0)+IF($B$1=2004,'04 Total Tax Collections - S&L'!E37,0)","v":0},{"$f":"IF($B$1=2021,'21 Total Tax Collections - S&L'!F37,0)+IF($B$1=2020,'20 Total Tax Collections - S&L'!F37,0)+IF($B$1=2019,'19 Total Tax Collections - S&L'!F37,0)+IF($B$1=2018,'18 Total Tax Collections - S&L'!F37,0)+IF($B$1=2017,'17 Total Tax Collections - S&L'!F37,0)+IF($B$1=2016,'16 Total Tax Collections - S&L'!F37,0)+IF($B$1=2015,'15 Total Tax Collections - S&L'!F37,0)+IF($B$1=2014,'14 Total Tax Collections - S&L'!F37,0)+IF($B$1=2013,'13 Total Tax Collections - S&L'!F37,0)+IF($B$1=2012,'12 Total Tax Collections - S&L'!F37,0)+IF($B$1=2011,'11 Total Tax Collections - S&L'!F37,0)+IF($B$1=2010,'10 Total Tax Collections - S&L'!F37,0)+IF($B$1=2009,'09 Total Tax Collections - S&L'!F37,0)+IF($B$1=2008,'08 Total Tax Collections - S&L'!F37,0)+IF($B$1=2007,'07 Total Tax Collections - S&L'!F37,0)+IF($B$1=2006,'06 Total Tax Collections - S&L'!F37,0)+IF($B$1=2005,'05 Total Tax Collections - S&L'!F37,0)+IF($B$1=2004,'04 Total Tax Collections - S&L'!F37,0)","v":0}]
[null,"New Mexico",{"$f":"IF($B$1=2021,'21 Total Tax Collections - S&L'!C38,0)+IF($B$1=2020,'20 Total Tax Collections - S&L'!C38,0)+IF($B$1=2019,'19 Total Tax Collections - S&L'!C38,0)+IF($B$1=2018,'18 Total Tax Collections - S&L'!C38,0)+IF($B$1=2017,'17 Total Tax Collections - S&L'!C38,0)+IF($B$1=2016,'16 Total Tax Collections - S&L'!C38,0)+IF($B$1=2015,'15 Total Tax Collections - S&L'!C38,0)+IF($B$1=2014,'14 Total Tax Collections - S&L'!C38,0)+IF($B$1=2013,'13 Total Tax Collections - S&L'!C38,0)+IF($B$1=2012,'12 Total Tax Collections - S&L'!C38,0)+IF($B$1=2011,'11 Total Tax Collections - S&L'!C38,0)+IF($B$1=2010,'10 Total Tax Collections - S&L'!C38,0)+IF($B$1=2009,'09 Total Tax Collections - S&L'!C38,0)+IF($B$1=2008,'08 Total Tax Collections - S&L'!C38,0)+IF($B$1=2007,'07 Total Tax Collections - S&L'!C38,0)+IF($B$1=2006,'06 Total Tax Collections - S&L'!C38,0)+IF($B$1=2005,'05 Total Tax Collections - S&L'!C38,0)+IF($B$1=2004,'04 Total Tax Collections - S&L'!C38,0)","v":0},{"$f":"IF($B$1=2021,'21 Total Tax Collections - S&L'!D38,0)+IF($B$1=2020,'20 Total Tax Collections - S&L'!D38,0)+IF($B$1=2019,'19 Total Tax Collections - S&L'!D38,0)+IF($B$1=2018,'18 Total Tax Collections - S&L'!D38,0)+IF($B$1=2017,'17 Total Tax Collections - S&L'!D38,0)+IF($B$1=2016,'16 Total Tax Collections - S&L'!D38,0)+IF($B$1=2015,'15 Total Tax Collections - S&L'!D38,0)+IF($B$1=2014,'14 Total Tax Collections - S&L'!D38,0)+IF($B$1=2013,'13 Total Tax Collections - S&L'!D38,0)+IF($B$1=2012,'12 Total Tax Collections - S&L'!D38,0)+IF($B$1=2011,'11 Total Tax Collections - S&L'!D38,0)+IF($B$1=2010,'10 Total Tax Collections - S&L'!D38,0)+IF($B$1=2009,'09 Total Tax Collections - S&L'!D38,0)+IF($B$1=2008,'08 Total Tax Collections - S&L'!D38,0)+IF($B$1=2007,'07 Total Tax Collections - S&L'!D38,0)+IF($B$1=2006,'06 Total Tax Collections - S&L'!D38,0)+IF($B$1=2005,'05 Total Tax Collections - S&L'!D38,0)+IF($B$1=2004,'04 Total Tax Collections - S&L'!D38,0)","v":0},{"$f":"IF($B$1=2021,'21 Total Tax Collections - S&L'!E38,0)+IF($B$1=2020,'20 Total Tax Collections - S&L'!E38,0)+IF($B$1=2019,'19 Total Tax Collections - S&L'!E38,0)+IF($B$1=2018,'18 Total Tax Collections - S&L'!E38,0)+IF($B$1=2017,'17 Total Tax Collections - S&L'!E38,0)+IF($B$1=2016,'16 Total Tax Collections - S&L'!E38,0)+IF($B$1=2015,'15 Total Tax Collections - S&L'!E38,0)+IF($B$1=2014,'14 Total Tax Collections - S&L'!E38,0)+IF($B$1=2013,'13 Total Tax Collections - S&L'!E38,0)+IF($B$1=2012,'12 Total Tax Collections - S&L'!E38,0)+IF($B$1=2011,'11 Total Tax Collections - S&L'!E38,0)+IF($B$1=2010,'10 Total Tax Collections - S&L'!E38,0)+IF($B$1=2009,'09 Total Tax Collections - S&L'!E38,0)+IF($B$1=2008,'08 Total Tax Collections - S&L'!E38,0)+IF($B$1=2007,'07 Total Tax Collections - S&L'!E38,0)+IF($B$1=2006,'06 Total Tax Collections - S&L'!E38,0)+IF($B$1=2005,'05 Total Tax Collections - S&L'!E38,0)+IF($B$1=2004,'04 Total Tax Collections - S&L'!E38,0)","v":0},{"$f":"IF($B$1=2021,'21 Total Tax Collections - S&L'!F38,0)+IF($B$1=2020,'20 Total Tax Collections - S&L'!F38,0)+IF($B$1=2019,'19 Total Tax Collections - S&L'!F38,0)+IF($B$1=2018,'18 Total Tax Collections - S&L'!F38,0)+IF($B$1=2017,'17 Total Tax Collections - S&L'!F38,0)+IF($B$1=2016,'16 Total Tax Collections - S&L'!F38,0)+IF($B$1=2015,'15 Total Tax Collections - S&L'!F38,0)+IF($B$1=2014,'14 Total Tax Collections - S&L'!F38,0)+IF($B$1=2013,'13 Total Tax Collections - S&L'!F38,0)+IF($B$1=2012,'12 Total Tax Collections - S&L'!F38,0)+IF($B$1=2011,'11 Total Tax Collections - S&L'!F38,0)+IF($B$1=2010,'10 Total Tax Collections - S&L'!F38,0)+IF($B$1=2009,'09 Total Tax Collections - S&L'!F38,0)+IF($B$1=2008,'08 Total Tax Collections - S&L'!F38,0)+IF($B$1=2007,'07 Total Tax Collections - S&L'!F38,0)+IF($B$1=2006,'06 Total Tax Collections - S&L'!F38,0)+IF($B$1=2005,'05 Total Tax Collections - S&L'!F38,0)+IF($B$1=2004,'04 Total Tax Collections - S&L'!F38,0)","v":0}]
[null,"New York",{"$f":"IF($B$1=2021,'21 Total Tax Collections - S&L'!C39,0)+IF($B$1=2020,'20 Total Tax Collections - S&L'!C39,0)+IF($B$1=2019,'19 Total Tax Collections - S&L'!C39,0)+IF($B$1=2018,'18 Total Tax Collections - S&L'!C39,0)+IF($B$1=2017,'17 Total Tax Collections - S&L'!C39,0)+IF($B$1=2016,'16 Total Tax Collections - S&L'!C39,0)+IF($B$1=2015,'15 Total Tax Collections - S&L'!C39,0)+IF($B$1=2014,'14 Total Tax Collections - S&L'!C39,0)+IF($B$1=2013,'13 Total Tax Collections - S&L'!C39,0)+IF($B$1=2012,'12 Total Tax Collections - S&L'!C39,0)+IF($B$1=2011,'11 Total Tax Collections - S&L'!C39,0)+IF($B$1=2010,'10 Total Tax Collections - S&L'!C39,0)+IF($B$1=2009,'09 Total Tax Collections - S&L'!C39,0)+IF($B$1=2008,'08 Total Tax Collections - S&L'!C39,0)+IF($B$1=2007,'07 Total Tax Collections - S&L'!C39,0)+IF($B$1=2006,'06 Total Tax Collections - S&L'!C39,0)+IF($B$1=2005,'05 Total Tax Collections - S&L'!C39,0)+IF($B$1=2004,'04 Total Tax Collections - S&L'!C39,0)","v":0},{"$f":"IF($B$1=2021,'21 Total Tax Collections - S&L'!D39,0)+IF($B$1=2020,'20 Total Tax Collections - S&L'!D39,0)+IF($B$1=2019,'19 Total Tax Collections - S&L'!D39,0)+IF($B$1=2018,'18 Total Tax Collections - S&L'!D39,0)+IF($B$1=2017,'17 Total Tax Collections - S&L'!D39,0)+IF($B$1=2016,'16 Total Tax Collections - S&L'!D39,0)+IF($B$1=2015,'15 Total Tax Collections - S&L'!D39,0)+IF($B$1=2014,'14 Total Tax Collections - S&L'!D39,0)+IF($B$1=2013,'13 Total Tax Collections - S&L'!D39,0)+IF($B$1=2012,'12 Total Tax Collections - S&L'!D39,0)+IF($B$1=2011,'11 Total Tax Collections - S&L'!D39,0)+IF($B$1=2010,'10 Total Tax Collections - S&L'!D39,0)+IF($B$1=2009,'09 Total Tax Collections - S&L'!D39,0)+IF($B$1=2008,'08 Total Tax Collections - S&L'!D39,0)+IF($B$1=2007,'07 Total Tax Collections - S&L'!D39,0)+IF($B$1=2006,'06 Total Tax Collections - S&L'!D39,0)+IF($B$1=2005,'05 Total Tax Collections - S&L'!D39,0)+IF($B$1=2004,'04 Total Tax Collections - S&L'!D39,0)","v":0},{"$f":"IF($B$1=2021,'21 Total Tax Collections - S&L'!E39,0)+IF($B$1=2020,'20 Total Tax Collections - S&L'!E39,0)+IF($B$1=2019,'19 Total Tax Collections - S&L'!E39,0)+IF($B$1=2018,'18 Total Tax Collections - S&L'!E39,0)+IF($B$1=2017,'17 Total Tax Collections - S&L'!E39,0)+IF($B$1=2016,'16 Total Tax Collections - S&L'!E39,0)+IF($B$1=2015,'15 Total Tax Collections - S&L'!E39,0)+IF($B$1=2014,'14 Total Tax Collections - S&L'!E39,0)+IF($B$1=2013,'13 Total Tax Collections - S&L'!E39,0)+IF($B$1=2012,'12 Total Tax Collections - S&L'!E39,0)+IF($B$1=2011,'11 Total Tax Collections - S&L'!E39,0)+IF($B$1=2010,'10 Total Tax Collections - S&L'!E39,0)+IF($B$1=2009,'09 Total Tax Collections - S&L'!E39,0)+IF($B$1=2008,'08 Total Tax Collections - S&L'!E39,0)+IF($B$1=2007,'07 Total Tax Collections - S&L'!E39,0)+IF($B$1=2006,'06 Total Tax Collections - S&L'!E39,0)+IF($B$1=2005,'05 Total Tax Collections - S&L'!E39,0)+IF($B$1=2004,'04 Total Tax Collections - S&L'!E39,0)","v":0},{"$f":"IF($B$1=2021,'21 Total Tax Collections - S&L'!F39,0)+IF($B$1=2020,'20 Total Tax Collections - S&L'!F39,0)+IF($B$1=2019,'19 Total Tax Collections - S&L'!F39,0)+IF($B$1=2018,'18 Total Tax Collections - S&L'!F39,0)+IF($B$1=2017,'17 Total Tax Collections - S&L'!F39,0)+IF($B$1=2016,'16 Total Tax Collections - S&L'!F39,0)+IF($B$1=2015,'15 Total Tax Collections - S&L'!F39,0)+IF($B$1=2014,'14 Total Tax Collections - S&L'!F39,0)+IF($B$1=2013,'13 Total Tax Collections - S&L'!F39,0)+IF($B$1=2012,'12 Total Tax Collections - S&L'!F39,0)+IF($B$1=2011,'11 Total Tax Collections - S&L'!F39,0)+IF($B$1=2010,'10 Total Tax Collections - S&L'!F39,0)+IF($B$1=2009,'09 Total Tax Collections - S&L'!F39,0)+IF($B$1=2008,'08 Total Tax Collections - S&L'!F39,0)+IF($B$1=2007,'07 Total Tax Collections - S&L'!F39,0)+IF($B$1=2006,'06 Total Tax Collections - S&L'!F39,0)+IF($B$1=2005,'05 Total Tax Collections - S&L'!F39,0)+IF($B$1=2004,'04 Total Tax Collections - S&L'!F39,0)","v":0}]
[null,"North Carolina",{"$f":"IF($B$1=2021,'21 Total Tax Collections - S&L'!C40,0)+IF($B$1=2020,'20 Total Tax Collections - S&L'!C40,0)+IF($B$1=2019,'19 Total Tax Collections - S&L'!C40,0)+IF($B$1=2018,'18 Total Tax Collections - S&L'!C40,0)+IF($B$1=2017,'17 Total Tax Collections - S&L'!C40,0)+IF($B$1=2016,'16 Total Tax Collections - S&L'!C40,0)+IF($B$1=2015,'15 Total Tax Collections - S&L'!C40,0)+IF($B$1=2014,'14 Total Tax Collections - S&L'!C40,0)+IF($B$1=2013,'13 Total Tax Collections - S&L'!C40,0)+IF($B$1=2012,'12 Total Tax Collections - S&L'!C40,0)+IF($B$1=2011,'11 Total Tax Collections - S&L'!C40,0)+IF($B$1=2010,'10 Total Tax Collections - S&L'!C40,0)+IF($B$1=2009,'09 Total Tax Collections - S&L'!C40,0)+IF($B$1=2008,'08 Total Tax Collections - S&L'!C40,0)+IF($B$1=2007,'07 Total Tax Collections - S&L'!C40,0)+IF($B$1=2006,'06 Total Tax Collections - S&L'!C40,0)+IF($B$1=2005,'05 Total Tax Collections - S&L'!C40,0)+IF($B$1=2004,'04 Total Tax Collections - S&L'!C40,0)","v":0},{"$f":"IF($B$1=2021,'21 Total Tax Collections - S&L'!D40,0)+IF($B$1=2020,'20 Total Tax Collections - S&L'!D40,0)+IF($B$1=2019,'19 Total Tax Collections - S&L'!D40,0)+IF($B$1=2018,'18 Total Tax Collections - S&L'!D40,0)+IF($B$1=2017,'17 Total Tax Collections - S&L'!D40,0)+IF($B$1=2016,'16 Total Tax Collections - S&L'!D40,0)+IF($B$1=2015,'15 Total Tax Collections - S&L'!D40,0)+IF($B$1=2014,'14 Total Tax Collections - S&L'!D40,0)+IF($B$1=2013,'13 Total Tax Collections - S&L'!D40,0)+IF($B$1=2012,'12 Total Tax Collections - S&L'!D40,0)+IF($B$1=2011,'11 Total Tax Collections - S&L'!D40,0)+IF($B$1=2010,'10 Total Tax Collections - S&L'!D40,0)+IF($B$1=2009,'09 Total Tax Collections - S&L'!D40,0)+IF($B$1=2008,'08 Total Tax Collections - S&L'!D40,0)+IF($B$1=2007,'07 Total Tax Collections - S&L'!D40,0)+IF($B$1=2006,'06 Total Tax Collections - S&L'!D40,0)+IF($B$1=2005,'05 Total Tax Collections - S&L'!D40,0)+IF($B$1=2004,'04 Total Tax Collections - S&L'!D40,0)","v":0},{"$f":"IF($B$1=2021,'21 Total Tax Collections - S&L'!E40,0)+IF($B$1=2020,'20 Total Tax Collections - S&L'!E40,0)+IF($B$1=2019,'19 Total Tax Collections - S&L'!E40,0)+IF($B$1=2018,'18 Total Tax Collections - S&L'!E40,0)+IF($B$1=2017,'17 Total Tax Collections - S&L'!E40,0)+IF($B$1=2016,'16 Total Tax Collections - S&L'!E40,0)+IF($B$1=2015,'15 Total Tax Collections - S&L'!E40,0)+IF($B$1=2014,'14 Total Tax Collections - S&L'!E40,0)+IF($B$1=2013,'13 Total Tax Collections - S&L'!E40,0)+IF($B$1=2012,'12 Total Tax Collections - S&L'!E40,0)+IF($B$1=2011,'11 Total Tax Collections - S&L'!E40,0)+IF($B$1=2010,'10 Total Tax Collections - S&L'!E40,0)+IF($B$1=2009,'09 Total Tax Collections - S&L'!E40,0)+IF($B$1=2008,'08 Total Tax Collections - S&L'!E40,0)+IF($B$1=2007,'07 Total Tax Collections - S&L'!E40,0)+IF($B$1=2006,'06 Total Tax Collections - S&L'!E40,0)+IF($B$1=2005,'05 Total Tax Collections - S&L'!E40,0)+IF($B$1=2004,'04 Total Tax Collections - S&L'!E40,0)","v":0},{"$f":"IF($B$1=2021,'21 Total Tax Collections - S&L'!F40,0)+IF($B$1=2020,'20 Total Tax Collections - S&L'!F40,0)+IF($B$1=2019,'19 Total Tax Collections - S&L'!F40,0)+IF($B$1=2018,'18 Total Tax Collections - S&L'!F40,0)+IF($B$1=2017,'17 Total Tax Collections - S&L'!F40,0)+IF($B$1=2016,'16 Total Tax Collections - S&L'!F40,0)+IF($B$1=2015,'15 Total Tax Collections - S&L'!F40,0)+IF($B$1=2014,'14 Total Tax Collections - S&L'!F40,0)+IF($B$1=2013,'13 Total Tax Collections - S&L'!F40,0)+IF($B$1=2012,'12 Total Tax Collections - S&L'!F40,0)+IF($B$1=2011,'11 Total Tax Collections - S&L'!F40,0)+IF($B$1=2010,'10 Total Tax Collections - S&L'!F40,0)+IF($B$1=2009,'09 Total Tax Collections - S&L'!F40,0)+IF($B$1=2008,'08 Total Tax Collections - S&L'!F40,0)+IF($B$1=2007,'07 Total Tax Collections - S&L'!F40,0)+IF($B$1=2006,'06 Total Tax Collections - S&L'!F40,0)+IF($B$1=2005,'05 Total Tax Collections - S&L'!F40,0)+IF($B$1=2004,'04 Total Tax Collections - S&L'!F40,0)","v":0}]
[null,"North Dakota",{"$f":"IF($B$1=2021,'21 Total Tax Collections - S&L'!C41,0)+IF($B$1=2020,'20 Total Tax Collections - S&L'!C41,0)+IF($B$1=2019,'19 Total Tax Collections - S&L'!C41,0)+IF($B$1=2018,'18 Total Tax Collections - S&L'!C41,0)+IF($B$1=2017,'17 Total Tax Collections - S&L'!C41,0)+IF($B$1=2016,'16 Total Tax Collections - S&L'!C41,0)+IF($B$1=2015,'15 Total Tax Collections - S&L'!C41,0)+IF($B$1=2014,'14 Total Tax Collections - S&L'!C41,0)+IF($B$1=2013,'13 Total Tax Collections - S&L'!C41,0)+IF($B$1=2012,'12 Total Tax Collections - S&L'!C41,0)+IF($B$1=2011,'11 Total Tax Collections - S&L'!C41,0)+IF($B$1=2010,'10 Total Tax Collections - S&L'!C41,0)+IF($B$1=2009,'09 Total Tax Collections - S&L'!C41,0)+IF($B$1=2008,'08 Total Tax Collections - S&L'!C41,0)+IF($B$1=2007,'07 Total Tax Collections - S&L'!C41,0)+IF($B$1=2006,'06 Total Tax Collections - S&L'!C41,0)+IF($B$1=2005,'05 Total Tax Collections - S&L'!C41,0)+IF($B$1=2004,'04 Total Tax Collections - S&L'!C41,0)","v":0},{"$f":"IF($B$1=2021,'21 Total Tax Collections - S&L'!D41,0)+IF($B$1=2020,'20 Total Tax Collections - S&L'!D41,0)+IF($B$1=2019,'19 Total Tax Collections - S&L'!D41,0)+IF($B$1=2018,'18 Total Tax Collections - S&L'!D41,0)+IF($B$1=2017,'17 Total Tax Collections - S&L'!D41,0)+IF($B$1=2016,'16 Total Tax Collections - S&L'!D41,0)+IF($B$1=2015,'15 Total Tax Collections - S&L'!D41,0)+IF($B$1=2014,'14 Total Tax Collections - S&L'!D41,0)+IF($B$1=2013,'13 Total Tax Collections - S&L'!D41,0)+IF($B$1=2012,'12 Total Tax Collections - S&L'!D41,0)+IF($B$1=2011,'11 Total Tax Collections - S&L'!D41,0)+IF($B$1=2010,'10 Total Tax Collections - S&L'!D41,0)+IF($B$1=2009,'09 Total Tax Collections - S&L'!D41,0)+IF($B$1=2008,'08 Total Tax Collections - S&L'!D41,0)+IF($B$1=2007,'07 Total Tax Collections - S&L'!D41,0)+IF($B$1=2006,'06 Total Tax Collections - S&L'!D41,0)+IF($B$1=2005,'05 Total Tax Collections - S&L'!D41,0)+IF($B$1=2004,'04 Total Tax Collections - S&L'!D41,0)","v":0},{"$f":"IF($B$1=2021,'21 Total Tax Collections - S&L'!E41,0)+IF($B$1=2020,'20 Total Tax Collections - S&L'!E41,0)+IF($B$1=2019,'19 Total Tax Collections - S&L'!E41,0)+IF($B$1=2018,'18 Total Tax Collections - S&L'!E41,0)+IF($B$1=2017,'17 Total Tax Collections - S&L'!E41,0)+IF($B$1=2016,'16 Total Tax Collections - S&L'!E41,0)+IF($B$1=2015,'15 Total Tax Collections - S&L'!E41,0)+IF($B$1=2014,'14 Total Tax Collections - S&L'!E41,0)+IF($B$1=2013,'13 Total Tax Collections - S&L'!E41,0)+IF($B$1=2012,'12 Total Tax Collections - S&L'!E41,0)+IF($B$1=2011,'11 Total Tax Collections - S&L'!E41,0)+IF($B$1=2010,'10 Total Tax Collections - S&L'!E41,0)+IF($B$1=2009,'09 Total Tax Collections - S&L'!E41,0)+IF($B$1=2008,'08 Total Tax Collections - S&L'!E41,0)+IF($B$1=2007,'07 Total Tax Collections - S&L'!E41,0)+IF($B$1=2006,'06 Total Tax Collections - S&L'!E41,0)+IF($B$1=2005,'05 Total Tax Collections - S&L'!E41,0)+IF($B$1=2004,'04 Total Tax Collections - S&L'!E41,0)","v":0},{"$f":"IF($B$1=2021,'21 Total Tax Collections - S&L'!F41,0)+IF($B$1=2020,'20 Total Tax Collections - S&L'!F41,0)+IF($B$1=2019,'19 Total Tax Collections - S&L'!F41,0)+IF($B$1=2018,'18 Total Tax Collections - S&L'!F41,0)+IF($B$1=2017,'17 Total Tax Collections - S&L'!F41,0)+IF($B$1=2016,'16 Total Tax Collections - S&L'!F41,0)+IF($B$1=2015,'15 Total Tax Collections - S&L'!F41,0)+IF($B$1=2014,'14 Total Tax Collections - S&L'!F41,0)+IF($B$1=2013,'13 Total Tax Collections - S&L'!F41,0)+IF($B$1=2012,'12 Total Tax Collections - S&L'!F41,0)+IF($B$1=2011,'11 Total Tax Collections - S&L'!F41,0)+IF($B$1=2010,'10 Total Tax Collections - S&L'!F41,0)+IF($B$1=2009,'09 Total Tax Collections - S&L'!F41,0)+IF($B$1=2008,'08 Total Tax Collections - S&L'!F41,0)+IF($B$1=2007,'07 Total Tax Collections - S&L'!F41,0)+IF($B$1=2006,'06 Total Tax Collections - S&L'!F41,0)+IF($B$1=2005,'05 Total Tax Collections - S&L'!F41,0)+IF($B$1=2004,'04 Total Tax Collections - S&L'!F41,0)","v":0}]
[null,"Ohio",{"$f":"IF($B$1=2021,'21 Total Tax Collections - S&L'!C42,0)+IF($B$1=2020,'20 Total Tax Collections - S&L'!C42,0)+IF($B$1=2019,'19 Total Tax Collections - S&L'!C42,0)+IF($B$1=2018,'18 Total Tax Collections - S&L'!C42,0)+IF($B$1=2017,'17 Total Tax Collections - S&L'!C42,0)+IF($B$1=2016,'16 Total Tax Collections - S&L'!C42,0)+IF($B$1=2015,'15 Total Tax Collections - S&L'!C42,0)+IF($B$1=2014,'14 Total Tax Collections - S&L'!C42,0)+IF($B$1=2013,'13 Total Tax Collections - S&L'!C42,0)+IF($B$1=2012,'12 Total Tax Collections - S&L'!C42,0)+IF($B$1=2011,'11 Total Tax Collections - S&L'!C42,0)+IF($B$1=2010,'10 Total Tax Collections - S&L'!C42,0)+IF($B$1=2009,'09 Total Tax Collections - S&L'!C42,0)+IF($B$1=2008,'08 Total Tax Collections - S&L'!C42,0)+IF($B$1=2007,'07 Total Tax Collections - S&L'!C42,0)+IF($B$1=2006,'06 Total Tax Collections - S&L'!C42,0)+IF($B$1=2005,'05 Total Tax Collections - S&L'!C42,0)+IF($B$1=2004,'04 Total Tax Collections - S&L'!C42,0)","v":0},{"$f":"IF($B$1=2021,'21 Total Tax Collections - S&L'!D42,0)+IF($B$1=2020,'20 Total Tax Collections - S&L'!D42,0)+IF($B$1=2019,'19 Total Tax Collections - S&L'!D42,0)+IF($B$1=2018,'18 Total Tax Collections - S&L'!D42,0)+IF($B$1=2017,'17 Total Tax Collections - S&L'!D42,0)+IF($B$1=2016,'16 Total Tax Collections - S&L'!D42,0)+IF($B$1=2015,'15 Total Tax Collections - S&L'!D42,0)+IF($B$1=2014,'14 Total Tax Collections - S&L'!D42,0)+IF($B$1=2013,'13 Total Tax Collections - S&L'!D42,0)+IF($B$1=2012,'12 Total Tax Collections - S&L'!D42,0)+IF($B$1=2011,'11 Total Tax Collections - S&L'!D42,0)+IF($B$1=2010,'10 Total Tax Collections - S&L'!D42,0)+IF($B$1=2009,'09 Total Tax Collections - S&L'!D42,0)+IF($B$1=2008,'08 Total Tax Collections - S&L'!D42,0)+IF($B$1=2007,'07 Total Tax Collections - S&L'!D42,0)+IF($B$1=2006,'06 Total Tax Collections - S&L'!D42,0)+IF($B$1=2005,'05 Total Tax Collections - S&L'!D42,0)+IF($B$1=2004,'04 Total Tax Collections - S&L'!D42,0)","v":0},{"$f":"IF($B$1=2021,'21 Total Tax Collections - S&L'!E42,0)+IF($B$1=2020,'20 Total Tax Collections - S&L'!E42,0)+IF($B$1=2019,'19 Total Tax Collections - S&L'!E42,0)+IF($B$1=2018,'18 Total Tax Collections - S&L'!E42,0)+IF($B$1=2017,'17 Total Tax Collections - S&L'!E42,0)+IF($B$1=2016,'16 Total Tax Collections - S&L'!E42,0)+IF($B$1=2015,'15 Total Tax Collections - S&L'!E42,0)+IF($B$1=2014,'14 Total Tax Collections - S&L'!E42,0)+IF($B$1=2013,'13 Total Tax Collections - S&L'!E42,0)+IF($B$1=2012,'12 Total Tax Collections - S&L'!E42,0)+IF($B$1=2011,'11 Total Tax Collections - S&L'!E42,0)+IF($B$1=2010,'10 Total Tax Collections - S&L'!E42,0)+IF($B$1=2009,'09 Total Tax Collections - S&L'!E42,0)+IF($B$1=2008,'08 Total Tax Collections - S&L'!E42,0)+IF($B$1=2007,'07 Total Tax Collections - S&L'!E42,0)+IF($B$1=2006,'06 Total Tax Collections - S&L'!E42,0)+IF($B$1=2005,'05 Total Tax Collections - S&L'!E42,0)+IF($B$1=2004,'04 Total Tax Collections - S&L'!E42,0)","v":0},{"$f":"IF($B$1=2021,'21 Total Tax Collections - S&L'!F42,0)+IF($B$1=2020,'20 Total Tax Collections - S&L'!F42,0)+IF($B$1=2019,'19 Total Tax Collections - S&L'!F42,0)+IF($B$1=2018,'18 Total Tax Collections - S&L'!F42,0)+IF($B$1=2017,'17 Total Tax Collections - S&L'!F42,0)+IF($B$1=2016,'16 Total Tax Collections - S&L'!F42,0)+IF($B$1=2015,'15 Total Tax Collections - S&L'!F42,0)+IF($B$1=2014,'14 Total Tax Collections - S&L'!F42,0)+IF($B$1=2013,'13 Total Tax Collections - S&L'!F42,0)+IF($B$1=2012,'12 Total Tax Collections - S&L'!F42,0)+IF($B$1=2011,'11 Total Tax Collections - S&L'!F42,0)+IF($B$1=2010,'10 Total Tax Collections - S&L'!F42,0)+IF($B$1=2009,'09 Total Tax Collections - S&L'!F42,0)+IF($B$1=2008,'08 Total Tax Collections - S&L'!F42,0)+IF($B$1=2007,'07 Total Tax Collections - S&L'!F42,0)+IF($B$1=2006,'06 Total Tax Collections - S&L'!F42,0)+IF($B$1=2005,'05 Total Tax Collections - S&L'!F42,0)+IF($B$1=2004,'04 Total Tax Collections - S&L'!F42,0)","v":0}]
[null,"Oklahoma",{"$f":"IF($B$1=2021,'21 Total Tax Collections - S&L'!C43,0)+IF($B$1=2020,'20 Total Tax Collections - S&L'!C43,0)+IF($B$1=2019,'19 Total Tax Collections - S&L'!C43,0)+IF($B$1=2018,'18 Total Tax Collections - S&L'!C43,0)+IF($B$1=2017,'17 Total Tax Collections - S&L'!C43,0)+IF($B$1=2016,'16 Total Tax Collections - S&L'!C43,0)+IF($B$1=2015,'15 Total Tax Collections - S&L'!C43,0)+IF($B$1=2014,'14 Total Tax Collections - S&L'!C43,0)+IF($B$1=2013,'13 Total Tax Collections - S&L'!C43,0)+IF($B$1=2012,'12 Total Tax Collections - S&L'!C43,0)+IF($B$1=2011,'11 Total Tax Collections - S&L'!C43,0)+IF($B$1=2010,'10 Total Tax Collections - S&L'!C43,0)+IF($B$1=2009,'09 Total Tax Collections - S&L'!C43,0)+IF($B$1=2008,'08 Total Tax Collections - S&L'!C43,0)+IF($B$1=2007,'07 Total Tax Collections - S&L'!C43,0)+IF($B$1=2006,'06 Total Tax Collections - S&L'!C43,0)+IF($B$1=2005,'05 Total Tax Collections - S&L'!C43,0)+IF($B$1=2004,'04 Total Tax Collections - S&L'!C43,0)","v":0},{"$f":"IF($B$1=2021,'21 Total Tax Collections - S&L'!D43,0)+IF($B$1=2020,'20 Total Tax Collections - S&L'!D43,0)+IF($B$1=2019,'19 Total Tax Collections - S&L'!D43,0)+IF($B$1=2018,'18 Total Tax Collections - S&L'!D43,0)+IF($B$1=2017,'17 Total Tax Collections - S&L'!D43,0)+IF($B$1=2016,'16 Total Tax Collections - S&L'!D43,0)+IF($B$1=2015,'15 Total Tax Collections - S&L'!D43,0)+IF($B$1=2014,'14 Total Tax Collections - S&L'!D43,0)+IF($B$1=2013,'13 Total Tax Collections - S&L'!D43,0)+IF($B$1=2012,'12 Total Tax Collections - S&L'!D43,0)+IF($B$1=2011,'11 Total Tax Collections - S&L'!D43,0)+IF($B$1=2010,'10 Total Tax Collections - S&L'!D43,0)+IF($B$1=2009,'09 Total Tax Collections - S&L'!D43,0)+IF($B$1=2008,'08 Total Tax Collections - S&L'!D43,0)+IF($B$1=2007,'07 Total Tax Collections - S&L'!D43,0)+IF($B$1=2006,'06 Total Tax Collections - S&L'!D43,0)+IF($B$1=2005,'05 Total Tax Collections - S&L'!D43,0)+IF($B$1=2004,'04 Total Tax Collections - S&L'!D43,0)","v":0},{"$f":"IF($B$1=2021,'21 Total Tax Collections - S&L'!E43,0)+IF($B$1=2020,'20 Total Tax Collections - S&L'!E43,0)+IF($B$1=2019,'19 Total Tax Collections - S&L'!E43,0)+IF($B$1=2018,'18 Total Tax Collections - S&L'!E43,0)+IF($B$1=2017,'17 Total Tax Collections - S&L'!E43,0)+IF($B$1=2016,'16 Total Tax Collections - S&L'!E43,0)+IF($B$1=2015,'15 Total Tax Collections - S&L'!E43,0)+IF($B$1=2014,'14 Total Tax Collections - S&L'!E43,0)+IF($B$1=2013,'13 Total Tax Collections - S&L'!E43,0)+IF($B$1=2012,'12 Total Tax Collections - S&L'!E43,0)+IF($B$1=2011,'11 Total Tax Collections - S&L'!E43,0)+IF($B$1=2010,'10 Total Tax Collections - S&L'!E43,0)+IF($B$1=2009,'09 Total Tax Collections - S&L'!E43,0)+IF($B$1=2008,'08 Total Tax Collections - S&L'!E43,0)+IF($B$1=2007,'07 Total Tax Collections - S&L'!E43,0)+IF($B$1=2006,'06 Total Tax Collections - S&L'!E43,0)+IF($B$1=2005,'05 Total Tax Collections - S&L'!E43,0)+IF($B$1=2004,'04 Total Tax Collections - S&L'!E43,0)","v":0},{"$f":"IF($B$1=2021,'21 Total Tax Collections - S&L'!F43,0)+IF($B$1=2020,'20 Total Tax Collections - S&L'!F43,0)+IF($B$1=2019,'19 Total Tax Collections - S&L'!F43,0)+IF($B$1=2018,'18 Total Tax Collections - S&L'!F43,0)+IF($B$1=2017,'17 Total Tax Collections - S&L'!F43,0)+IF($B$1=2016,'16 Total Tax Collections - S&L'!F43,0)+IF($B$1=2015,'15 Total Tax Collections - S&L'!F43,0)+IF($B$1=2014,'14 Total Tax Collections - S&L'!F43,0)+IF($B$1=2013,'13 Total Tax Collections - S&L'!F43,0)+IF($B$1=2012,'12 Total Tax Collections - S&L'!F43,0)+IF($B$1=2011,'11 Total Tax Collections - S&L'!F43,0)+IF($B$1=2010,'10 Total Tax Collections - S&L'!F43,0)+IF($B$1=2009,'09 Total Tax Collections - S&L'!F43,0)+IF($B$1=2008,'08 Total Tax Collections - S&L'!F43,0)+IF($B$1=2007,'07 Total Tax Collections - S&L'!F43,0)+IF($B$1=2006,'06 Total Tax Collections - S&L'!F43,0)+IF($B$1=2005,'05 Total Tax Collections - S&L'!F43,0)+IF($B$1=2004,'04 Total Tax Collections - S&L'!F43,0)","v":0}]
[null,"Oregon",{"$f":"IF($B$1=2021,'21 Total Tax Collections - S&L'!C44,0)+IF($B$1=2020,'20 Total Tax Collections - S&L'!C44,0)+IF($B$1=2019,'19 Total Tax Collections - S&L'!C44,0)+IF($B$1=2018,'18 Total Tax Collections - S&L'!C44,0)+IF($B$1=2017,'17 Total Tax Collections - S&L'!C44,0)+IF($B$1=2016,'16 Total Tax Collections - S&L'!C44,0)+IF($B$1=2015,'15 Total Tax Collections - S&L'!C44,0)+IF($B$1=2014,'14 Total Tax Collections - S&L'!C44,0)+IF($B$1=2013,'13 Total Tax Collections - S&L'!C44,0)+IF($B$1=2012,'12 Total Tax Collections - S&L'!C44,0)+IF($B$1=2011,'11 Total Tax Collections - S&L'!C44,0)+IF($B$1=2010,'10 Total Tax Collections - S&L'!C44,0)+IF($B$1=2009,'09 Total Tax Collections - S&L'!C44,0)+IF($B$1=2008,'08 Total Tax Collections - S&L'!C44,0)+IF($B$1=2007,'07 Total Tax Collections - S&L'!C44,0)+IF($B$1=2006,'06 Total Tax Collections - S&L'!C44,0)+IF($B$1=2005,'05 Total Tax Collections - S&L'!C44,0)+IF($B$1=2004,'04 Total Tax Collections - S&L'!C44,0)","v":0},{"$f":"IF($B$1=2021,'21 Total Tax Collections - S&L'!D44,0)+IF($B$1=2020,'20 Total Tax Collections - S&L'!D44,0)+IF($B$1=2019,'19 Total Tax Collections - S&L'!D44,0)+IF($B$1=2018,'18 Total Tax Collections - S&L'!D44,0)+IF($B$1=2017,'17 Total Tax Collections - S&L'!D44,0)+IF($B$1=2016,'16 Total Tax Collections - S&L'!D44,0)+IF($B$1=2015,'15 Total Tax Collections - S&L'!D44,0)+IF($B$1=2014,'14 Total Tax Collections - S&L'!D44,0)+IF($B$1=2013,'13 Total Tax Collections - S&L'!D44,0)+IF($B$1=2012,'12 Total Tax Collections - S&L'!D44,0)+IF($B$1=2011,'11 Total Tax Collections - S&L'!D44,0)+IF($B$1=2010,'10 Total Tax Collections - S&L'!D44,0)+IF($B$1=2009,'09 Total Tax Collections - S&L'!D44,0)+IF($B$1=2008,'08 Total Tax Collections - S&L'!D44,0)+IF($B$1=2007,'07 Total Tax Collections - S&L'!D44,0)+IF($B$1=2006,'06 Total Tax Collections - S&L'!D44,0)+IF($B$1=2005,'05 Total Tax Collections - S&L'!D44,0)+IF($B$1=2004,'04 Total Tax Collections - S&L'!D44,0)","v":0},{"$f":"IF($B$1=2021,'21 Total Tax Collections - S&L'!E44,0)+IF($B$1=2020,'20 Total Tax Collections - S&L'!E44,0)+IF($B$1=2019,'19 Total Tax Collections - S&L'!E44,0)+IF($B$1=2018,'18 Total Tax Collections - S&L'!E44,0)+IF($B$1=2017,'17 Total Tax Collections - S&L'!E44,0)+IF($B$1=2016,'16 Total Tax Collections - S&L'!E44,0)+IF($B$1=2015,'15 Total Tax Collections - S&L'!E44,0)+IF($B$1=2014,'14 Total Tax Collections - S&L'!E44,0)+IF($B$1=2013,'13 Total Tax Collections - S&L'!E44,0)+IF($B$1=2012,'12 Total Tax Collections - S&L'!E44,0)+IF($B$1=2011,'11 Total Tax Collections - S&L'!E44,0)+IF($B$1=2010,'10 Total Tax Collections - S&L'!E44,0)+IF($B$1=2009,'09 Total Tax Collections - S&L'!E44,0)+IF($B$1=2008,'08 Total Tax Collections - S&L'!E44,0)+IF($B$1=2007,'07 Total Tax Collections - S&L'!E44,0)+IF($B$1=2006,'06 Total Tax Collections - S&L'!E44,0)+IF($B$1=2005,'05 Total Tax Collections - S&L'!E44,0)+IF($B$1=2004,'04 Total Tax Collections - S&L'!E44,0)","v":0},{"$f":"IF($B$1=2021,'21 Total Tax Collections - S&L'!F44,0)+IF($B$1=2020,'20 Total Tax Collections - S&L'!F44,0)+IF($B$1=2019,'19 Total Tax Collections - S&L'!F44,0)+IF($B$1=2018,'18 Total Tax Collections - S&L'!F44,0)+IF($B$1=2017,'17 Total Tax Collections - S&L'!F44,0)+IF($B$1=2016,'16 Total Tax Collections - S&L'!F44,0)+IF($B$1=2015,'15 Total Tax Collections - S&L'!F44,0)+IF($B$1=2014,'14 Total Tax Collections - S&L'!F44,0)+IF($B$1=2013,'13 Total Tax Collections - S&L'!F44,0)+IF($B$1=2012,'12 Total Tax Collections - S&L'!F44,0)+IF($B$1=2011,'11 Total Tax Collections - S&L'!F44,0)+IF($B$1=2010,'10 Total Tax Collections - S&L'!F44,0)+IF($B$1=2009,'09 Total Tax Collections - S&L'!F44,0)+IF($B$1=2008,'08 Total Tax Collections - S&L'!F44,0)+IF($B$1=2007,'07 Total Tax Collections - S&L'!F44,0)+IF($B$1=2006,'06 Total Tax Collections - S&L'!F44,0)+IF($B$1=2005,'05 Total Tax Collections - S&L'!F44,0)+IF($B$1=2004,'04 Total Tax Collections - S&L'!F44,0)","v":0}]
[null,"Pennsylvania",{"$f":"IF($B$1=2021,'21 Total Tax Collections - S&L'!C45,0)+IF($B$1=2020,'20 Total Tax Collections - S&L'!C45,0)+IF($B$1=2019,'19 Total Tax Collections - S&L'!C45,0)+IF($B$1=2018,'18 Total Tax Collections - S&L'!C45,0)+IF($B$1=2017,'17 Total Tax Collections - S&L'!C45,0)+IF($B$1=2016,'16 Total Tax Collections - S&L'!C45,0)+IF($B$1=2015,'15 Total Tax Collections - S&L'!C45,0)+IF($B$1=2014,'14 Total Tax Collections - S&L'!C45,0)+IF($B$1=2013,'13 Total Tax Collections - S&L'!C45,0)+IF($B$1=2012,'12 Total Tax Collections - S&L'!C45,0)+IF($B$1=2011,'11 Total Tax Collections - S&L'!C45,0)+IF($B$1=2010,'10 Total Tax Collections - S&L'!C45,0)+IF($B$1=2009,'09 Total Tax Collections - S&L'!C45,0)+IF($B$1=2008,'08 Total Tax Collections - S&L'!C45,0)+IF($B$1=2007,'07 Total Tax Collections - S&L'!C45,0)+IF($B$1=2006,'06 Total Tax Collections - S&L'!C45,0)+IF($B$1=2005,'05 Total Tax Collections - S&L'!C45,0)+IF($B$1=2004,'04 Total Tax Collections - S&L'!C45,0)","v":0},{"$f":"IF($B$1=2021,'21 Total Tax Collections - S&L'!D45,0)+IF($B$1=2020,'20 Total Tax Collections - S&L'!D45,0)+IF($B$1=2019,'19 Total Tax Collections - S&L'!D45,0)+IF($B$1=2018,'18 Total Tax Collections - S&L'!D45,0)+IF($B$1=2017,'17 Total Tax Collections - S&L'!D45,0)+IF($B$1=2016,'16 Total Tax Collections - S&L'!D45,0)+IF($B$1=2015,'15 Total Tax Collections - S&L'!D45,0)+IF($B$1=2014,'14 Total Tax Collections - S&L'!D45,0)+IF($B$1=2013,'13 Total Tax Collections - S&L'!D45,0)+IF($B$1=2012,'12 Total Tax Collections - S&L'!D45,0)+IF($B$1=2011,'11 Total Tax Collections - S&L'!D45,0)+IF($B$1=2010,'10 Total Tax Collections - S&L'!D45,0)+IF($B$1=2009,'09 Total Tax Collections - S&L'!D45,0)+IF($B$1=2008,'08 Total Tax Collections - S&L'!D45,0)+IF($B$1=2007,'07 Total Tax Collections - S&L'!D45,0)+IF($B$1=2006,'06 Total Tax Collections - S&L'!D45,0)+IF($B$1=2005,'05 Total Tax Collections - S&L'!D45,0)+IF($B$1=2004,'04 Total Tax Collections - S&L'!D45,0)","v":0},{"$f":"IF($B$1=2021,'21 Total Tax Collections - S&L'!E45,0)+IF($B$1=2020,'20 Total Tax Collections - S&L'!E45,0)+IF($B$1=2019,'19 Total Tax Collections - S&L'!E45,0)+IF($B$1=2018,'18 Total Tax Collections - S&L'!E45,0)+IF($B$1=2017,'17 Total Tax Collections - S&L'!E45,0)+IF($B$1=2016,'16 Total Tax Collections - S&L'!E45,0)+IF($B$1=2015,'15 Total Tax Collections - S&L'!E45,0)+IF($B$1=2014,'14 Total Tax Collections - S&L'!E45,0)+IF($B$1=2013,'13 Total Tax Collections - S&L'!E45,0)+IF($B$1=2012,'12 Total Tax Collections - S&L'!E45,0)+IF($B$1=2011,'11 Total Tax Collections - S&L'!E45,0)+IF($B$1=2010,'10 Total Tax Collections - S&L'!E45,0)+IF($B$1=2009,'09 Total Tax Collections - S&L'!E45,0)+IF($B$1=2008,'08 Total Tax Collections - S&L'!E45,0)+IF($B$1=2007,'07 Total Tax Collections - S&L'!E45,0)+IF($B$1=2006,'06 Total Tax Collections - S&L'!E45,0)+IF($B$1=2005,'05 Total Tax Collections - S&L'!E45,0)+IF($B$1=2004,'04 Total Tax Collections - S&L'!E45,0)","v":0},{"$f":"IF($B$1=2021,'21 Total Tax Collections - S&L'!F45,0)+IF($B$1=2020,'20 Total Tax Collections - S&L'!F45,0)+IF($B$1=2019,'19 Total Tax Collections - S&L'!F45,0)+IF($B$1=2018,'18 Total Tax Collections - S&L'!F45,0)+IF($B$1=2017,'17 Total Tax Collections - S&L'!F45,0)+IF($B$1=2016,'16 Total Tax Collections - S&L'!F45,0)+IF($B$1=2015,'15 Total Tax Collections - S&L'!F45,0)+IF($B$1=2014,'14 Total Tax Collections - S&L'!F45,0)+IF($B$1=2013,'13 Total Tax Collections - S&L'!F45,0)+IF($B$1=2012,'12 Total Tax Collections - S&L'!F45,0)+IF($B$1=2011,'11 Total Tax Collections - S&L'!F45,0)+IF($B$1=2010,'10 Total Tax Collections - S&L'!F45,0)+IF($B$1=2009,'09 Total Tax Collections - S&L'!F45,0)+IF($B$1=2008,'08 Total Tax Collections - S&L'!F45,0)+IF($B$1=2007,'07 Total Tax Collections - S&L'!F45,0)+IF($B$1=2006,'06 Total Tax Collections - S&L'!F45,0)+IF($B$1=2005,'05 Total Tax Collections - S&L'!F45,0)+IF($B$1=2004,'04 Total Tax Collections - S&L'!F45,0)","v":0}]
[null,"Rhode Island",{"$f":"IF($B$1=2021,'21 Total Tax Collections - S&L'!C46,0)+IF($B$1=2020,'20 Total Tax Collections - S&L'!C46,0)+IF($B$1=2019,'19 Total Tax Collections - S&L'!C46,0)+IF($B$1=2018,'18 Total Tax Collections - S&L'!C46,0)+IF($B$1=2017,'17 Total Tax Collections - S&L'!C46,0)+IF($B$1=2016,'16 Total Tax Collections - S&L'!C46,0)+IF($B$1=2015,'15 Total Tax Collections - S&L'!C46,0)+IF($B$1=2014,'14 Total Tax Collections - S&L'!C46,0)+IF($B$1=2013,'13 Total Tax Collections - S&L'!C46,0)+IF($B$1=2012,'12 Total Tax Collections - S&L'!C46,0)+IF($B$1=2011,'11 Total Tax Collections - S&L'!C46,0)+IF($B$1=2010,'10 Total Tax Collections - S&L'!C46,0)+IF($B$1=2009,'09 Total Tax Collections - S&L'!C46,0)+IF($B$1=2008,'08 Total Tax Collections - S&L'!C46,0)+IF($B$1=2007,'07 Total Tax Collections - S&L'!C46,0)+IF($B$1=2006,'06 Total Tax Collections - S&L'!C46,0)+IF($B$1=2005,'05 Total Tax Collections - S&L'!C46,0)+IF($B$1=2004,'04 Total Tax Collections - S&L'!C46,0)","v":0},{"$f":"IF($B$1=2021,'21 Total Tax Collections - S&L'!D46,0)+IF($B$1=2020,'20 Total Tax Collections - S&L'!D46,0)+IF($B$1=2019,'19 Total Tax Collections - S&L'!D46,0)+IF($B$1=2018,'18 Total Tax Collections - S&L'!D46,0)+IF($B$1=2017,'17 Total Tax Collections - S&L'!D46,0)+IF($B$1=2016,'16 Total Tax Collections - S&L'!D46,0)+IF($B$1=2015,'15 Total Tax Collections - S&L'!D46,0)+IF($B$1=2014,'14 Total Tax Collections - S&L'!D46,0)+IF($B$1=2013,'13 Total Tax Collections - S&L'!D46,0)+IF($B$1=2012,'12 Total Tax Collections - S&L'!D46,0)+IF($B$1=2011,'11 Total Tax Collections - S&L'!D46,0)+IF($B$1=2010,'10 Total Tax Collections - S&L'!D46,0)+IF($B$1=2009,'09 Total Tax Collections - S&L'!D46,0)+IF($B$1=2008,'08 Total Tax Collections - S&L'!D46,0)+IF($B$1=2007,'07 Total Tax Collections - S&L'!D46,0)+IF($B$1=2006,'06 Total Tax Collections - S&L'!D46,0)+IF($B$1=2005,'05 Total Tax Collections - S&L'!D46,0)+IF($B$1=2004,'04 Total Tax Collections - S&L'!D46,0)","v":0},{"$f":"IF($B$1=2021,'21 Total Tax Collections - S&L'!E46,0)+IF($B$1=2020,'20 Total Tax Collections - S&L'!E46,0)+IF($B$1=2019,'19 Total Tax Collections - S&L'!E46,0)+IF($B$1=2018,'18 Total Tax Collections - S&L'!E46,0)+IF($B$1=2017,'17 Total Tax Collections - S&L'!E46,0)+IF($B$1=2016,'16 Total Tax Collections - S&L'!E46,0)+IF($B$1=2015,'15 Total Tax Collections - S&L'!E46,0)+IF($B$1=2014,'14 Total Tax Collections - S&L'!E46,0)+IF($B$1=2013,'13 Total Tax Collections - S&L'!E46,0)+IF($B$1=2012,'12 Total Tax Collections - S&L'!E46,0)+IF($B$1=2011,'11 Total Tax Collections - S&L'!E46,0)+IF($B$1=2010,'10 Total Tax Collections - S&L'!E46,0)+IF($B$1=2009,'09 Total Tax Collections - S&L'!E46,0)+IF($B$1=2008,'08 Total Tax Collections - S&L'!E46,0)+IF($B$1=2007,'07 Total Tax Collections - S&L'!E46,0)+IF($B$1=2006,'06 Total Tax Collections - S&L'!E46,0)+IF($B$1=2005,'05 Total Tax Collections - S&L'!E46,0)+IF($B$1=2004,'04 Total Tax Collections - S&L'!E46,0)","v":0},{"$f":"IF($B$1=2021,'21 Total Tax Collections - S&L'!F46,0)+IF($B$1=2020,'20 Total Tax Collections - S&L'!F46,0)+IF($B$1=2019,'19 Total Tax Collections - S&L'!F46,0)+IF($B$1=2018,'18 Total Tax Collections - S&L'!F46,0)+IF($B$1=2017,'17 Total Tax Collections - S&L'!F46,0)+IF($B$1=2016,'16 Total Tax Collections - S&L'!F46,0)+IF($B$1=2015,'15 Total Tax Collections - S&L'!F46,0)+IF($B$1=2014,'14 Total Tax Collections - S&L'!F46,0)+IF($B$1=2013,'13 Total Tax Collections - S&L'!F46,0)+IF($B$1=2012,'12 Total Tax Collections - S&L'!F46,0)+IF($B$1=2011,'11 Total Tax Collections - S&L'!F46,0)+IF($B$1=2010,'10 Total Tax Collections - S&L'!F46,0)+IF($B$1=2009,'09 Total Tax Collections - S&L'!F46,0)+IF($B$1=2008,'08 Total Tax Collections - S&L'!F46,0)+IF($B$1=2007,'07 Total Tax Collections - S&L'!F46,0)+IF($B$1=2006,'06 Total Tax Collections - S&L'!F46,0)+IF($B$1=2005,'05 Total Tax Collections - S&L'!F46,0)+IF($B$1=2004,'04 Total Tax Collections - S&L'!F46,0)","v":0}]
[null,"South Carolina",{"$f":"IF($B$1=2021,'21 Total Tax Collections - S&L'!C47,0)+IF($B$1=2020,'20 Total Tax Collections - S&L'!C47,0)+IF($B$1=2019,'19 Total Tax Collections - S&L'!C47,0)+IF($B$1=2018,'18 Total Tax Collections - S&L'!C47,0)+IF($B$1=2017,'17 Total Tax Collections - S&L'!C47,0)+IF($B$1=2016,'16 Total Tax Collections - S&L'!C47,0)+IF($B$1=2015,'15 Total Tax Collections - S&L'!C47,0)+IF($B$1=2014,'14 Total Tax Collections - S&L'!C47,0)+IF($B$1=2013,'13 Total Tax Collections - S&L'!C47,0)+IF($B$1=2012,'12 Total Tax Collections - S&L'!C47,0)+IF($B$1=2011,'11 Total Tax Collections - S&L'!C47,0)+IF($B$1=2010,'10 Total Tax Collections - S&L'!C47,0)+IF($B$1=2009,'09 Total Tax Collections - S&L'!C47,0)+IF($B$1=2008,'08 Total Tax Collections - S&L'!C47,0)+IF($B$1=2007,'07 Total Tax Collections - S&L'!C47,0)+IF($B$1=2006,'06 Total Tax Collections - S&L'!C47,0)+IF($B$1=2005,'05 Total Tax Collections - S&L'!C47,0)+IF($B$1=2004,'04 Total Tax Collections - S&L'!C47,0)","v":0},{"$f":"IF($B$1=2021,'21 Total Tax Collections - S&L'!D47,0)+IF($B$1=2020,'20 Total Tax Collections - S&L'!D47,0)+IF($B$1=2019,'19 Total Tax Collections - S&L'!D47,0)+IF($B$1=2018,'18 Total Tax Collections - S&L'!D47,0)+IF($B$1=2017,'17 Total Tax Collections - S&L'!D47,0)+IF($B$1=2016,'16 Total Tax Collections - S&L'!D47,0)+IF($B$1=2015,'15 Total Tax Collections - S&L'!D47,0)+IF($B$1=2014,'14 Total Tax Collections - S&L'!D47,0)+IF($B$1=2013,'13 Total Tax Collections - S&L'!D47,0)+IF($B$1=2012,'12 Total Tax Collections - S&L'!D47,0)+IF($B$1=2011,'11 Total Tax Collections - S&L'!D47,0)+IF($B$1=2010,'10 Total Tax Collections - S&L'!D47,0)+IF($B$1=2009,'09 Total Tax Collections - S&L'!D47,0)+IF($B$1=2008,'08 Total Tax Collections - S&L'!D47,0)+IF($B$1=2007,'07 Total Tax Collections - S&L'!D47,0)+IF($B$1=2006,'06 Total Tax Collections - S&L'!D47,0)+IF($B$1=2005,'05 Total Tax Collections - S&L'!D47,0)+IF($B$1=2004,'04 Total Tax Collections - S&L'!D47,0)","v":0},{"$f":"IF($B$1=2021,'21 Total Tax Collections - S&L'!E47,0)+IF($B$1=2020,'20 Total Tax Collections - S&L'!E47,0)+IF($B$1=2019,'19 Total Tax Collections - S&L'!E47,0)+IF($B$1=2018,'18 Total Tax Collections - S&L'!E47,0)+IF($B$1=2017,'17 Total Tax Collections - S&L'!E47,0)+IF($B$1=2016,'16 Total Tax Collections - S&L'!E47,0)+IF($B$1=2015,'15 Total Tax Collections - S&L'!E47,0)+IF($B$1=2014,'14 Total Tax Collections - S&L'!E47,0)+IF($B$1=2013,'13 Total Tax Collections - S&L'!E47,0)+IF($B$1=2012,'12 Total Tax Collections - S&L'!E47,0)+IF($B$1=2011,'11 Total Tax Collections - S&L'!E47,0)+IF($B$1=2010,'10 Total Tax Collections - S&L'!E47,0)+IF($B$1=2009,'09 Total Tax Collections - S&L'!E47,0)+IF($B$1=2008,'08 Total Tax Collections - S&L'!E47,0)+IF($B$1=2007,'07 Total Tax Collections - S&L'!E47,0)+IF($B$1=2006,'06 Total Tax Collections - S&L'!E47,0)+IF($B$1=2005,'05 Total Tax Collections - S&L'!E47,0)+IF($B$1=2004,'04 Total Tax Collections - S&L'!E47,0)","v":0},{"$f":"IF($B$1=2021,'21 Total Tax Collections - S&L'!F47,0)+IF($B$1=2020,'20 Total Tax Collections - S&L'!F47,0)+IF($B$1=2019,'19 Total Tax Collections - S&L'!F47,0)+IF($B$1=2018,'18 Total Tax Collections - S&L'!F47,0)+IF($B$1=2017,'17 Total Tax Collections - S&L'!F47,0)+IF($B$1=2016,'16 Total Tax Collections - S&L'!F47,0)+IF($B$1=2015,'15 Total Tax Collections - S&L'!F47,0)+IF($B$1=2014,'14 Total Tax Collections - S&L'!F47,0)+IF($B$1=2013,'13 Total Tax Collections - S&L'!F47,0)+IF($B$1=2012,'12 Total Tax Collections - S&L'!F47,0)+IF($B$1=2011,'11 Total Tax Collections - S&L'!F47,0)+IF($B$1=2010,'10 Total Tax Collections - S&L'!F47,0)+IF($B$1=2009,'09 Total Tax Collections - S&L'!F47,0)+IF($B$1=2008,'08 Total Tax Collections - S&L'!F47,0)+IF($B$1=2007,'07 Total Tax Collections - S&L'!F47,0)+IF($B$1=2006,'06 Total Tax Collections - S&L'!F47,0)+IF($B$1=2005,'05 Total Tax Collections - S&L'!F47,0)+IF($B$1=2004,'04 Total Tax Collections - S&L'!F47,0)","v":0}]
[null,"South Dakota",{"$f":"IF($B$1=2021,'21 Total Tax Collections - S&L'!C48,0)+IF($B$1=2020,'20 Total Tax Collections - S&L'!C48,0)+IF($B$1=2019,'19 Total Tax Collections - S&L'!C48,0)+IF($B$1=2018,'18 Total Tax Collections - S&L'!C48,0)+IF($B$1=2017,'17 Total Tax Collections - S&L'!C48,0)+IF($B$1=2016,'16 Total Tax Collections - S&L'!C48,0)+IF($B$1=2015,'15 Total Tax Collections - S&L'!C48,0)+IF($B$1=2014,'14 Total Tax Collections - S&L'!C48,0)+IF($B$1=2013,'13 Total Tax Collections - S&L'!C48,0)+IF($B$1=2012,'12 Total Tax Collections - S&L'!C48,0)+IF($B$1=2011,'11 Total Tax Collections - S&L'!C48,0)+IF($B$1=2010,'10 Total Tax Collections - S&L'!C48,0)+IF($B$1=2009,'09 Total Tax Collections - S&L'!C48,0)+IF($B$1=2008,'08 Total Tax Collections - S&L'!C48,0)+IF($B$1=2007,'07 Total Tax Collections - S&L'!C48,0)+IF($B$1=2006,'06 Total Tax Collections - S&L'!C48,0)+IF($B$1=2005,'05 Total Tax Collections - S&L'!C48,0)+IF($B$1=2004,'04 Total Tax Collections - S&L'!C48,0)","v":0},{"$f":"IF($B$1=2021,'21 Total Tax Collections - S&L'!D48,0)+IF($B$1=2020,'20 Total Tax Collections - S&L'!D48,0)+IF($B$1=2019,'19 Total Tax Collections - S&L'!D48,0)+IF($B$1=2018,'18 Total Tax Collections - S&L'!D48,0)+IF($B$1=2017,'17 Total Tax Collections - S&L'!D48,0)+IF($B$1=2016,'16 Total Tax Collections - S&L'!D48,0)+IF($B$1=2015,'15 Total Tax Collections - S&L'!D48,0)+IF($B$1=2014,'14 Total Tax Collections - S&L'!D48,0)+IF($B$1=2013,'13 Total Tax Collections - S&L'!D48,0)+IF($B$1=2012,'12 Total Tax Collections - S&L'!D48,0)+IF($B$1=2011,'11 Total Tax Collections - S&L'!D48,0)+IF($B$1=2010,'10 Total Tax Collections - S&L'!D48,0)+IF($B$1=2009,'09 Total Tax Collections - S&L'!D48,0)+IF($B$1=2008,'08 Total Tax Collections - S&L'!D48,0)+IF($B$1=2007,'07 Total Tax Collections - S&L'!D48,0)+IF($B$1=2006,'06 Total Tax Collections - S&L'!D48,0)+IF($B$1=2005,'05 Total Tax Collections - S&L'!D48,0)+IF($B$1=2004,'04 Total Tax Collections - S&L'!D48,0)","v":0},{"$f":"IF($B$1=2021,'21 Total Tax Collections - S&L'!E48,0)+IF($B$1=2020,'20 Total Tax Collections - S&L'!E48,0)+IF($B$1=2019,'19 Total Tax Collections - S&L'!E48,0)+IF($B$1=2018,'18 Total Tax Collections - S&L'!E48,0)+IF($B$1=2017,'17 Total Tax Collections - S&L'!E48,0)+IF($B$1=2016,'16 Total Tax Collections - S&L'!E48,0)+IF($B$1=2015,'15 Total Tax Collections - S&L'!E48,0)+IF($B$1=2014,'14 Total Tax Collections - S&L'!E48,0)+IF($B$1=2013,'13 Total Tax Collections - S&L'!E48,0)+IF($B$1=2012,'12 Total Tax Collections - S&L'!E48,0)+IF($B$1=2011,'11 Total Tax Collections - S&L'!E48,0)+IF($B$1=2010,'10 Total Tax Collections - S&L'!E48,0)+IF($B$1=2009,'09 Total Tax Collections - S&L'!E48,0)+IF($B$1=2008,'08 Total Tax Collections - S&L'!E48,0)+IF($B$1=2007,'07 Total Tax Collections - S&L'!E48,0)+IF($B$1=2006,'06 Total Tax Collections - S&L'!E48,0)+IF($B$1=2005,'05 Total Tax Collections - S&L'!E48,0)+IF($B$1=2004,'04 Total Tax Collections - S&L'!E48,0)","v":0},{"$f":"IF($B$1=2021,'21 Total Tax Collections - S&L'!F48,0)+IF($B$1=2020,'20 Total Tax Collections - S&L'!F48,0)+IF($B$1=2019,'19 Total Tax Collections - S&L'!F48,0)+IF($B$1=2018,'18 Total Tax Collections - S&L'!F48,0)+IF($B$1=2017,'17 Total Tax Collections - S&L'!F48,0)+IF($B$1=2016,'16 Total Tax Collections - S&L'!F48,0)+IF($B$1=2015,'15 Total Tax Collections - S&L'!F48,0)+IF($B$1=2014,'14 Total Tax Collections - S&L'!F48,0)+IF($B$1=2013,'13 Total Tax Collections - S&L'!F48,0)+IF($B$1=2012,'12 Total Tax Collections - S&L'!F48,0)+IF($B$1=2011,'11 Total Tax Collections - S&L'!F48,0)+IF($B$1=2010,'10 Total Tax Collections - S&L'!F48,0)+IF($B$1=2009,'09 Total Tax Collections - S&L'!F48,0)+IF($B$1=2008,'08 Total Tax Collections - S&L'!F48,0)+IF($B$1=2007,'07 Total Tax Collections - S&L'!F48,0)+IF($B$1=2006,'06 Total Tax Collections - S&L'!F48,0)+IF($B$1=2005,'05 Total Tax Collections - S&L'!F48,0)+IF($B$1=2004,'04 Total Tax Collections - S&L'!F48,0)","v":0}]
[null,"Tennessee",{"$f":"IF($B$1=2021,'21 Total Tax Collections - S&L'!C49,0)+IF($B$1=2020,'20 Total Tax Collections - S&L'!C49,0)+IF($B$1=2019,'19 Total Tax Collections - S&L'!C49,0)+IF($B$1=2018,'18 Total Tax Collections - S&L'!C49,0)+IF($B$1=2017,'17 Total Tax Collections - S&L'!C49,0)+IF($B$1=2016,'16 Total Tax Collections - S&L'!C49,0)+IF($B$1=2015,'15 Total Tax Collections - S&L'!C49,0)+IF($B$1=2014,'14 Total Tax Collections - S&L'!C49,0)+IF($B$1=2013,'13 Total Tax Collections - S&L'!C49,0)+IF($B$1=2012,'12 Total Tax Collections - S&L'!C49,0)+IF($B$1=2011,'11 Total Tax Collections - S&L'!C49,0)+IF($B$1=2010,'10 Total Tax Collections - S&L'!C49,0)+IF($B$1=2009,'09 Total Tax Collections - S&L'!C49,0)+IF($B$1=2008,'08 Total Tax Collections - S&L'!C49,0)+IF($B$1=2007,'07 Total Tax Collections - S&L'!C49,0)+IF($B$1=2006,'06 Total Tax Collections - S&L'!C49,0)+IF($B$1=2005,'05 Total Tax Collections - S&L'!C49,0)+IF($B$1=2004,'04 Total Tax Collections - S&L'!C49,0)","v":0},{"$f":"IF($B$1=2021,'21 Total Tax Collections - S&L'!D49,0)+IF($B$1=2020,'20 Total Tax Collections - S&L'!D49,0)+IF($B$1=2019,'19 Total Tax Collections - S&L'!D49,0)+IF($B$1=2018,'18 Total Tax Collections - S&L'!D49,0)+IF($B$1=2017,'17 Total Tax Collections - S&L'!D49,0)+IF($B$1=2016,'16 Total Tax Collections - S&L'!D49,0)+IF($B$1=2015,'15 Total Tax Collections - S&L'!D49,0)+IF($B$1=2014,'14 Total Tax Collections - S&L'!D49,0)+IF($B$1=2013,'13 Total Tax Collections - S&L'!D49,0)+IF($B$1=2012,'12 Total Tax Collections - S&L'!D49,0)+IF($B$1=2011,'11 Total Tax Collections - S&L'!D49,0)+IF($B$1=2010,'10 Total Tax Collections - S&L'!D49,0)+IF($B$1=2009,'09 Total Tax Collections - S&L'!D49,0)+IF($B$1=2008,'08 Total Tax Collections - S&L'!D49,0)+IF($B$1=2007,'07 Total Tax Collections - S&L'!D49,0)+IF($B$1=2006,'06 Total Tax Collections - S&L'!D49,0)+IF($B$1=2005,'05 Total Tax Collections - S&L'!D49,0)+IF($B$1=2004,'04 Total Tax Collections - S&L'!D49,0)","v":0},{"$f":"IF($B$1=2021,'21 Total Tax Collections - S&L'!E49,0)+IF($B$1=2020,'20 Total Tax Collections - S&L'!E49,0)+IF($B$1=2019,'19 Total Tax Collections - S&L'!E49,0)+IF($B$1=2018,'18 Total Tax Collections - S&L'!E49,0)+IF($B$1=2017,'17 Total Tax Collections - S&L'!E49,0)+IF($B$1=2016,'16 Total Tax Collections - S&L'!E49,0)+IF($B$1=2015,'15 Total Tax Collections - S&L'!E49,0)+IF($B$1=2014,'14 Total Tax Collections - S&L'!E49,0)+IF($B$1=2013,'13 Total Tax Collections - S&L'!E49,0)+IF($B$1=2012,'12 Total Tax Collections - S&L'!E49,0)+IF($B$1=2011,'11 Total Tax Collections - S&L'!E49,0)+IF($B$1=2010,'10 Total Tax Collections - S&L'!E49,0)+IF($B$1=2009,'09 Total Tax Collections - S&L'!E49,0)+IF($B$1=2008,'08 Total Tax Collections - S&L'!E49,0)+IF($B$1=2007,'07 Total Tax Collections - S&L'!E49,0)+IF($B$1=2006,'06 Total Tax Collections - S&L'!E49,0)+IF($B$1=2005,'05 Total Tax Collections - S&L'!E49,0)+IF($B$1=2004,'04 Total Tax Collections - S&L'!E49,0)","v":0},{"$f":"IF($B$1=2021,'21 Total Tax Collections - S&L'!F49,0)+IF($B$1=2020,'20 Total Tax Collections - S&L'!F49,0)+IF($B$1=2019,'19 Total Tax Collections - S&L'!F49,0)+IF($B$1=2018,'18 Total Tax Collections - S&L'!F49,0)+IF($B$1=2017,'17 Total Tax Collections - S&L'!F49,0)+IF($B$1=2016,'16 Total Tax Collections - S&L'!F49,0)+IF($B$1=2015,'15 Total Tax Collections - S&L'!F49,0)+IF($B$1=2014,'14 Total Tax Collections - S&L'!F49,0)+IF($B$1=2013,'13 Total Tax Collections - S&L'!F49,0)+IF($B$1=2012,'12 Total Tax Collections - S&L'!F49,0)+IF($B$1=2011,'11 Total Tax Collections - S&L'!F49,0)+IF($B$1=2010,'10 Total Tax Collections - S&L'!F49,0)+IF($B$1=2009,'09 Total Tax Collections - S&L'!F49,0)+IF($B$1=2008,'08 Total Tax Collections - S&L'!F49,0)+IF($B$1=2007,'07 Total Tax Collections - S&L'!F49,0)+IF($B$1=2006,'06 Total Tax Collections - S&L'!F49,0)+IF($B$1=2005,'05 Total Tax Collections - S&L'!F49,0)+IF($B$1=2004,'04 Total Tax Collections - S&L'!F49,0)","v":0}]
[null,"Texas",{"$f":"IF($B$1=2021,'21 Total Tax Collections - S&L'!C50,0)+IF($B$1=2020,'20 Total Tax Collections - S&L'!C50,0)+IF($B$1=2019,'19 Total Tax Collections - S&L'!C50,0)+IF($B$1=2018,'18 Total Tax Collections - S&L'!C50,0)+IF($B$1=2017,'17 Total Tax Collections - S&L'!C50,0)+IF($B$1=2016,'16 Total Tax Collections - S&L'!C50,0)+IF($B$1=2015,'15 Total Tax Collections - S&L'!C50,0)+IF($B$1=2014,'14 Total Tax Collections - S&L'!C50,0)+IF($B$1=2013,'13 Total Tax Collections - S&L'!C50,0)+IF($B$1=2012,'12 Total Tax Collections - S&L'!C50,0)+IF($B$1=2011,'11 Total Tax Collections - S&L'!C50,0)+IF($B$1=2010,'10 Total Tax Collections - S&L'!C50,0)+IF($B$1=2009,'09 Total Tax Collections - S&L'!C50,0)+IF($B$1=2008,'08 Total Tax Collections - S&L'!C50,0)+IF($B$1=2007,'07 Total Tax Collections - S&L'!C50,0)+IF($B$1=2006,'06 Total Tax Collections - S&L'!C50,0)+IF($B$1=2005,'05 Total Tax Collections - S&L'!C50,0)+IF($B$1=2004,'04 Total Tax Collections - S&L'!C50,0)","v":0},{"$f":"IF($B$1=2021,'21 Total Tax Collections - S&L'!D50,0)+IF($B$1=2020,'20 Total Tax Collections - S&L'!D50,0)+IF($B$1=2019,'19 Total Tax Collections - S&L'!D50,0)+IF($B$1=2018,'18 Total Tax Collections - S&L'!D50,0)+IF($B$1=2017,'17 Total Tax Collections - S&L'!D50,0)+IF($B$1=2016,'16 Total Tax Collections - S&L'!D50,0)+IF($B$1=2015,'15 Total Tax Collections - S&L'!D50,0)+IF($B$1=2014,'14 Total Tax Collections - S&L'!D50,0)+IF($B$1=2013,'13 Total Tax Collections - S&L'!D50,0)+IF($B$1=2012,'12 Total Tax Collections - S&L'!D50,0)+IF($B$1=2011,'11 Total Tax Collections - S&L'!D50,0)+IF($B$1=2010,'10 Total Tax Collections - S&L'!D50,0)+IF($B$1=2009,'09 Total Tax Collections - S&L'!D50,0)+IF($B$1=2008,'08 Total Tax Collections - S&L'!D50,0)+IF($B$1=2007,'07 Total Tax Collections - S&L'!D50,0)+IF($B$1=2006,'06 Total Tax Collections - S&L'!D50,0)+IF($B$1=2005,'05 Total Tax Collections - S&L'!D50,0)+IF($B$1=2004,'04 Total Tax Collections - S&L'!D50,0)","v":0},{"$f":"IF($B$1=2021,'21 Total Tax Collections - S&L'!E50,0)+IF($B$1=2020,'20 Total Tax Collections - S&L'!E50,0)+IF($B$1=2019,'19 Total Tax Collections - S&L'!E50,0)+IF($B$1=2018,'18 Total Tax Collections - S&L'!E50,0)+IF($B$1=2017,'17 Total Tax Collections - S&L'!E50,0)+IF($B$1=2016,'16 Total Tax Collections - S&L'!E50,0)+IF($B$1=2015,'15 Total Tax Collections - S&L'!E50,0)+IF($B$1=2014,'14 Total Tax Collections - S&L'!E50,0)+IF($B$1=2013,'13 Total Tax Collections - S&L'!E50,0)+IF($B$1=2012,'12 Total Tax Collections - S&L'!E50,0)+IF($B$1=2011,'11 Total Tax Collections - S&L'!E50,0)+IF($B$1=2010,'10 Total Tax Collections - S&L'!E50,0)+IF($B$1=2009,'09 Total Tax Collections - S&L'!E50,0)+IF($B$1=2008,'08 Total Tax Collections - S&L'!E50,0)+IF($B$1=2007,'07 Total Tax Collections - S&L'!E50,0)+IF($B$1=2006,'06 Total Tax Collections - S&L'!E50,0)+IF($B$1=2005,'05 Total Tax Collections - S&L'!E50,0)+IF($B$1=2004,'04 Total Tax Collections - S&L'!E50,0)","v":0},{"$f":"IF($B$1=2021,'21 Total Tax Collections - S&L'!F50,0)+IF($B$1=2020,'20 Total Tax Collections - S&L'!F50,0)+IF($B$1=2019,'19 Total Tax Collections - S&L'!F50,0)+IF($B$1=2018,'18 Total Tax Collections - S&L'!F50,0)+IF($B$1=2017,'17 Total Tax Collections - S&L'!F50,0)+IF($B$1=2016,'16 Total Tax Collections - S&L'!F50,0)+IF($B$1=2015,'15 Total Tax Collections - S&L'!F50,0)+IF($B$1=2014,'14 Total Tax Collections - S&L'!F50,0)+IF($B$1=2013,'13 Total Tax Collections - S&L'!F50,0)+IF($B$1=2012,'12 Total Tax Collections - S&L'!F50,0)+IF($B$1=2011,'11 Total Tax Collections - S&L'!F50,0)+IF($B$1=2010,'10 Total Tax Collections - S&L'!F50,0)+IF($B$1=2009,'09 Total Tax Collections - S&L'!F50,0)+IF($B$1=2008,'08 Total Tax Collections - S&L'!F50,0)+IF($B$1=2007,'07 Total Tax Collections - S&L'!F50,0)+IF($B$1=2006,'06 Total Tax Collections - S&L'!F50,0)+IF($B$1=2005,'05 Total Tax Collections - S&L'!F50,0)+IF($B$1=2004,'04 Total Tax Collections - S&L'!F50,0)","v":0}]
[null,"Utah",{"$f":"IF($B$1=2021,'21 Total Tax Collections - S&L'!C51,0)+IF($B$1=2020,'20 Total Tax Collections - S&L'!C51,0)+IF($B$1=2019,'19 Total Tax Collections - S&L'!C51,0)+IF($B$1=2018,'18 Total Tax Collections - S&L'!C51,0)+IF($B$1=2017,'17 Total Tax Collections - S&L'!C51,0)+IF($B$1=2016,'16 Total Tax Collections - S&L'!C51,0)+IF($B$1=2015,'15 Total Tax Collections - S&L'!C51,0)+IF($B$1=2014,'14 Total Tax Collections - S&L'!C51,0)+IF($B$1=2013,'13 Total Tax Collections - S&L'!C51,0)+IF($B$1=2012,'12 Total Tax Collections - S&L'!C51,0)+IF($B$1=2011,'11 Total Tax Collections - S&L'!C51,0)+IF($B$1=2010,'10 Total Tax Collections - S&L'!C51,0)+IF($B$1=2009,'09 Total Tax Collections - S&L'!C51,0)+IF($B$1=2008,'08 Total Tax Collections - S&L'!C51,0)+IF($B$1=2007,'07 Total Tax Collections - S&L'!C51,0)+IF($B$1=2006,'06 Total Tax Collections - S&L'!C51,0)+IF($B$1=2005,'05 Total Tax Collections - S&L'!C51,0)+IF($B$1=2004,'04 Total Tax Collections - S&L'!C51,0)","v":0},{"$f":"IF($B$1=2021,'21 Total Tax Collections - S&L'!D51,0)+IF($B$1=2020,'20 Total Tax Collections - S&L'!D51,0)+IF($B$1=2019,'19 Total Tax Collections - S&L'!D51,0)+IF($B$1=2018,'18 Total Tax Collections - S&L'!D51,0)+IF($B$1=2017,'17 Total Tax Collections - S&L'!D51,0)+IF($B$1=2016,'16 Total Tax Collections - S&L'!D51,0)+IF($B$1=2015,'15 Total Tax Collections - S&L'!D51,0)+IF($B$1=2014,'14 Total Tax Collections - S&L'!D51,0)+IF($B$1=2013,'13 Total Tax Collections - S&L'!D51,0)+IF($B$1=2012,'12 Total Tax Collections - S&L'!D51,0)+IF($B$1=2011,'11 Total Tax Collections - S&L'!D51,0)+IF($B$1=2010,'10 Total Tax Collections - S&L'!D51,0)+IF($B$1=2009,'09 Total Tax Collections - S&L'!D51,0)+IF($B$1=2008,'08 Total Tax Collections - S&L'!D51,0)+IF($B$1=2007,'07 Total Tax Collections - S&L'!D51,0)+IF($B$1=2006,'06 Total Tax Collections - S&L'!D51,0)+IF($B$1=2005,'05 Total Tax Collections - S&L'!D51,0)+IF($B$1=2004,'04 Total Tax Collections - S&L'!D51,0)","v":0},{"$f":"IF($B$1=2021,'21 Total Tax Collections - S&L'!E51,0)+IF($B$1=2020,'20 Total Tax Collections - S&L'!E51,0)+IF($B$1=2019,'19 Total Tax Collections - S&L'!E51,0)+IF($B$1=2018,'18 Total Tax Collections - S&L'!E51,0)+IF($B$1=2017,'17 Total Tax Collections - S&L'!E51,0)+IF($B$1=2016,'16 Total Tax Collections - S&L'!E51,0)+IF($B$1=2015,'15 Total Tax Collections - S&L'!E51,0)+IF($B$1=2014,'14 Total Tax Collections - S&L'!E51,0)+IF($B$1=2013,'13 Total Tax Collections - S&L'!E51,0)+IF($B$1=2012,'12 Total Tax Collections - S&L'!E51,0)+IF($B$1=2011,'11 Total Tax Collections - S&L'!E51,0)+IF($B$1=2010,'10 Total Tax Collections - S&L'!E51,0)+IF($B$1=2009,'09 Total Tax Collections - S&L'!E51,0)+IF($B$1=2008,'08 Total Tax Collections - S&L'!E51,0)+IF($B$1=2007,'07 Total Tax Collections - S&L'!E51,0)+IF($B$1=2006,'06 Total Tax Collections - S&L'!E51,0)+IF($B$1=2005,'05 Total Tax Collections - S&L'!E51,0)+IF($B$1=2004,'04 Total Tax Collections - S&L'!E51,0)","v":0},{"$f":"IF($B$1=2021,'21 Total Tax Collections - S&L'!F51,0)+IF($B$1=2020,'20 Total Tax Collections - S&L'!F51,0)+IF($B$1=2019,'19 Total Tax Collections - S&L'!F51,0)+IF($B$1=2018,'18 Total Tax Collections - S&L'!F51,0)+IF($B$1=2017,'17 Total Tax Collections - S&L'!F51,0)+IF($B$1=2016,'16 Total Tax Collections - S&L'!F51,0)+IF($B$1=2015,'15 Total Tax Collections - S&L'!F51,0)+IF($B$1=2014,'14 Total Tax Collections - S&L'!F51,0)+IF($B$1=2013,'13 Total Tax Collections - S&L'!F51,0)+IF($B$1=2012,'12 Total Tax Collections - S&L'!F51,0)+IF($B$1=2011,'11 Total Tax Collections - S&L'!F51,0)+IF($B$1=2010,'10 Total Tax Collections - S&L'!F51,0)+IF($B$1=2009,'09 Total Tax Collections - S&L'!F51,0)+IF($B$1=2008,'08 Total Tax Collections - S&L'!F51,0)+IF($B$1=2007,'07 Total Tax Collections - S&L'!F51,0)+IF($B$1=2006,'06 Total Tax Collections - S&L'!F51,0)+IF($B$1=2005,'05 Total Tax Collections - S&L'!F51,0)+IF($B$1=2004,'04 Total Tax Collections - S&L'!F51,0)","v":0}]
[null,"Vermont",{"$f":"IF($B$1=2021,'21 Total Tax Collections - S&L'!C52,0)+IF($B$1=2020,'20 Total Tax Collections - S&L'!C52,0)+IF($B$1=2019,'19 Total Tax Collections - S&L'!C52,0)+IF($B$1=2018,'18 Total Tax Collections - S&L'!C52,0)+IF($B$1=2017,'17 Total Tax Collections - S&L'!C52,0)+IF($B$1=2016,'16 Total Tax Collections - S&L'!C52,0)+IF($B$1=2015,'15 Total Tax Collections - S&L'!C52,0)+IF($B$1=2014,'14 Total Tax Collections - S&L'!C52,0)+IF($B$1=2013,'13 Total Tax Collections - S&L'!C52,0)+IF($B$1=2012,'12 Total Tax Collections - S&L'!C52,0)+IF($B$1=2011,'11 Total Tax Collections - S&L'!C52,0)+IF($B$1=2010,'10 Total Tax Collections - S&L'!C52,0)+IF($B$1=2009,'09 Total Tax Collections - S&L'!C52,0)+IF($B$1=2008,'08 Total Tax Collections - S&L'!C52,0)+IF($B$1=2007,'07 Total Tax Collections - S&L'!C52,0)+IF($B$1=2006,'06 Total Tax Collections - S&L'!C52,0)+IF($B$1=2005,'05 Total Tax Collections - S&L'!C52,0)+IF($B$1=2004,'04 Total Tax Collections - S&L'!C52,0)","v":0},{"$f":"IF($B$1=2021,'21 Total Tax Collections - S&L'!D52,0)+IF($B$1=2020,'20 Total Tax Collections - S&L'!D52,0)+IF($B$1=2019,'19 Total Tax Collections - S&L'!D52,0)+IF($B$1=2018,'18 Total Tax Collections - S&L'!D52,0)+IF($B$1=2017,'17 Total Tax Collections - S&L'!D52,0)+IF($B$1=2016,'16 Total Tax Collections - S&L'!D52,0)+IF($B$1=2015,'15 Total Tax Collections - S&L'!D52,0)+IF($B$1=2014,'14 Total Tax Collections - S&L'!D52,0)+IF($B$1=2013,'13 Total Tax Collections - S&L'!D52,0)+IF($B$1=2012,'12 Total Tax Collections - S&L'!D52,0)+IF($B$1=2011,'11 Total Tax Collections - S&L'!D52,0)+IF($B$1=2010,'10 Total Tax Collections - S&L'!D52,0)+IF($B$1=2009,'09 Total Tax Collections - S&L'!D52,0)+IF($B$1=2008,'08 Total Tax Collections - S&L'!D52,0)+IF($B$1=2007,'07 Total Tax Collections - S&L'!D52,0)+IF($B$1=2006,'06 Total Tax Collections - S&L'!D52,0)+IF($B$1=2005,'05 Total Tax Collections - S&L'!D52,0)+IF($B$1=2004,'04 Total Tax Collections - S&L'!D52,0)","v":0},{"$f":"IF($B$1=2021,'21 Total Tax Collections - S&L'!E52,0)+IF($B$1=2020,'20 Total Tax Collections - S&L'!E52,0)+IF($B$1=2019,'19 Total Tax Collections - S&L'!E52,0)+IF($B$1=2018,'18 Total Tax Collections - S&L'!E52,0)+IF($B$1=2017,'17 Total Tax Collections - S&L'!E52,0)+IF($B$1=2016,'16 Total Tax Collections - S&L'!E52,0)+IF($B$1=2015,'15 Total Tax Collections - S&L'!E52,0)+IF($B$1=2014,'14 Total Tax Collections - S&L'!E52,0)+IF($B$1=2013,'13 Total Tax Collections - S&L'!E52,0)+IF($B$1=2012,'12 Total Tax Collections - S&L'!E52,0)+IF($B$1=2011,'11 Total Tax Collections - S&L'!E52,0)+IF($B$1=2010,'10 Total Tax Collections - S&L'!E52,0)+IF($B$1=2009,'09 Total Tax Collections - S&L'!E52,0)+IF($B$1=2008,'08 Total Tax Collections - S&L'!E52,0)+IF($B$1=2007,'07 Total Tax Collections - S&L'!E52,0)+IF($B$1=2006,'06 Total Tax Collections - S&L'!E52,0)+IF($B$1=2005,'05 Total Tax Collections - S&L'!E52,0)+IF($B$1=2004,'04 Total Tax Collections - S&L'!E52,0)","v":0},{"$f":"IF($B$1=2021,'21 Total Tax Collections - S&L'!F52,0)+IF($B$1=2020,'20 Total Tax Collections - S&L'!F52,0)+IF($B$1=2019,'19 Total Tax Collections - S&L'!F52,0)+IF($B$1=2018,'18 Total Tax Collections - S&L'!F52,0)+IF($B$1=2017,'17 Total Tax Collections - S&L'!F52,0)+IF($B$1=2016,'16 Total Tax Collections - S&L'!F52,0)+IF($B$1=2015,'15 Total Tax Collections - S&L'!F52,0)+IF($B$1=2014,'14 Total Tax Collections - S&L'!F52,0)+IF($B$1=2013,'13 Total Tax Collections - S&L'!F52,0)+IF($B$1=2012,'12 Total Tax Collections - S&L'!F52,0)+IF($B$1=2011,'11 Total Tax Collections - S&L'!F52,0)+IF($B$1=2010,'10 Total Tax Collections - S&L'!F52,0)+IF($B$1=2009,'09 Total Tax Collections - S&L'!F52,0)+IF($B$1=2008,'08 Total Tax Collections - S&L'!F52,0)+IF($B$1=2007,'07 Total Tax Collections - S&L'!F52,0)+IF($B$1=2006,'06 Total Tax Collections - S&L'!F52,0)+IF($B$1=2005,'05 Total Tax Collections - S&L'!F52,0)+IF($B$1=2004,'04 Total Tax Collections - S&L'!F52,0)","v":0}]
[null,"Virginia",{"$f":"IF($B$1=2021,'21 Total Tax Collections - S&L'!C53,0)+IF($B$1=2020,'20 Total Tax Collections - S&L'!C53,0)+IF($B$1=2019,'19 Total Tax Collections - S&L'!C53,0)+IF($B$1=2018,'18 Total Tax Collections - S&L'!C53,0)+IF($B$1=2017,'17 Total Tax Collections - S&L'!C53,0)+IF($B$1=2016,'16 Total Tax Collections - S&L'!C53,0)+IF($B$1=2015,'15 Total Tax Collections - S&L'!C53,0)+IF($B$1=2014,'14 Total Tax Collections - S&L'!C53,0)+IF($B$1=2013,'13 Total Tax Collections - S&L'!C53,0)+IF($B$1=2012,'12 Total Tax Collections - S&L'!C53,0)+IF($B$1=2011,'11 Total Tax Collections - S&L'!C53,0)+IF($B$1=2010,'10 Total Tax Collections - S&L'!C53,0)+IF($B$1=2009,'09 Total Tax Collections - S&L'!C53,0)+IF($B$1=2008,'08 Total Tax Collections - S&L'!C53,0)+IF($B$1=2007,'07 Total Tax Collections - S&L'!C53,0)+IF($B$1=2006,'06 Total Tax Collections - S&L'!C53,0)+IF($B$1=2005,'05 Total Tax Collections - S&L'!C53,0)+IF($B$1=2004,'04 Total Tax Collections - S&L'!C53,0)","v":0},{"$f":"IF($B$1=2021,'21 Total Tax Collections - S&L'!D53,0)+IF($B$1=2020,'20 Total Tax Collections - S&L'!D53,0)+IF($B$1=2019,'19 Total Tax Collections - S&L'!D53,0)+IF($B$1=2018,'18 Total Tax Collections - S&L'!D53,0)+IF($B$1=2017,'17 Total Tax Collections - S&L'!D53,0)+IF($B$1=2016,'16 Total Tax Collections - S&L'!D53,0)+IF($B$1=2015,'15 Total Tax Collections - S&L'!D53,0)+IF($B$1=2014,'14 Total Tax Collections - S&L'!D53,0)+IF($B$1=2013,'13 Total Tax Collections - S&L'!D53,0)+IF($B$1=2012,'12 Total Tax Collections - S&L'!D53,0)+IF($B$1=2011,'11 Total Tax Collections - S&L'!D53,0)+IF($B$1=2010,'10 Total Tax Collections - S&L'!D53,0)+IF($B$1=2009,'09 Total Tax Collections - S&L'!D53,0)+IF($B$1=2008,'08 Total Tax Collections - S&L'!D53,0)+IF($B$1=2007,'07 Total Tax Collections - S&L'!D53,0)+IF($B$1=2006,'06 Total Tax Collections - S&L'!D53,0)+IF($B$1=2005,'05 Total Tax Collections - S&L'!D53,0)+IF($B$1=2004,'04 Total Tax Collections - S&L'!D53,0)","v":0},{"$f":"IF($B$1=2021,'21 Total Tax Collections - S&L'!E53,0)+IF($B$1=2020,'20 Total Tax Collections - S&L'!E53,0)+IF($B$1=2019,'19 Total Tax Collections - S&L'!E53,0)+IF($B$1=2018,'18 Total Tax Collections - S&L'!E53,0)+IF($B$1=2017,'17 Total Tax Collections - S&L'!E53,0)+IF($B$1=2016,'16 Total Tax Collections - S&L'!E53,0)+IF($B$1=2015,'15 Total Tax Collections - S&L'!E53,0)+IF($B$1=2014,'14 Total Tax Collections - S&L'!E53,0)+IF($B$1=2013,'13 Total Tax Collections - S&L'!E53,0)+IF($B$1=2012,'12 Total Tax Collections - S&L'!E53,0)+IF($B$1=2011,'11 Total Tax Collections - S&L'!E53,0)+IF($B$1=2010,'10 Total Tax Collections - S&L'!E53,0)+IF($B$1=2009,'09 Total Tax Collections - S&L'!E53,0)+IF($B$1=2008,'08 Total Tax Collections - S&L'!E53,0)+IF($B$1=2007,'07 Total Tax Collections - S&L'!E53,0)+IF($B$1=2006,'06 Total Tax Collections - S&L'!E53,0)+IF($B$1=2005,'05 Total Tax Collections - S&L'!E53,0)+IF($B$1=2004,'04 Total Tax Collections - S&L'!E53,0)","v":0},{"$f":"IF($B$1=2021,'21 Total Tax Collections - S&L'!F53,0)+IF($B$1=2020,'20 Total Tax Collections - S&L'!F53,0)+IF($B$1=2019,'19 Total Tax Collections - S&L'!F53,0)+IF($B$1=2018,'18 Total Tax Collections - S&L'!F53,0)+IF($B$1=2017,'17 Total Tax Collections - S&L'!F53,0)+IF($B$1=2016,'16 Total Tax Collections - S&L'!F53,0)+IF($B$1=2015,'15 Total Tax Collections - S&L'!F53,0)+IF($B$1=2014,'14 Total Tax Collections - S&L'!F53,0)+IF($B$1=2013,'13 Total Tax Collections - S&L'!F53,0)+IF($B$1=2012,'12 Total Tax Collections - S&L'!F53,0)+IF($B$1=2011,'11 Total Tax Collections - S&L'!F53,0)+IF($B$1=2010,'10 Total Tax Collections - S&L'!F53,0)+IF($B$1=2009,'09 Total Tax Collections - S&L'!F53,0)+IF($B$1=2008,'08 Total Tax Collections - S&L'!F53,0)+IF($B$1=2007,'07 Total Tax Collections - S&L'!F53,0)+IF($B$1=2006,'06 Total Tax Collections - S&L'!F53,0)+IF($B$1=2005,'05 Total Tax Collections - S&L'!F53,0)+IF($B$1=2004,'04 Total Tax Collections - S&L'!F53,0)","v":0}]
[null,"Washington",{"$f":"IF($B$1=2021,'21 Total Tax Collections - S&L'!C54,0)+IF($B$1=2020,'20 Total Tax Collections - S&L'!C54,0)+IF($B$1=2019,'19 Total Tax Collections - S&L'!C54,0)+IF($B$1=2018,'18 Total Tax Collections - S&L'!C54,0)+IF($B$1=2017,'17 Total Tax Collections - S&L'!C54,0)+IF($B$1=2016,'16 Total Tax Collections - S&L'!C54,0)+IF($B$1=2015,'15 Total Tax Collections - S&L'!C54,0)+IF($B$1=2014,'14 Total Tax Collections - S&L'!C54,0)+IF($B$1=2013,'13 Total Tax Collections - S&L'!C54,0)+IF($B$1=2012,'12 Total Tax Collections - S&L'!C54,0)+IF($B$1=2011,'11 Total Tax Collections - S&L'!C54,0)+IF($B$1=2010,'10 Total Tax Collections - S&L'!C54,0)+IF($B$1=2009,'09 Total Tax Collections - S&L'!C54,0)+IF($B$1=2008,'08 Total Tax Collections - S&L'!C54,0)+IF($B$1=2007,'07 Total Tax Collections - S&L'!C54,0)+IF($B$1=2006,'06 Total Tax Collections - S&L'!C54,0)+IF($B$1=2005,'05 Total Tax Collections - S&L'!C54,0)+IF($B$1=2004,'04 Total Tax Collections - S&L'!C54,0)","v":0},{"$f":"IF($B$1=2021,'21 Total Tax Collections - S&L'!D54,0)+IF($B$1=2020,'20 Total Tax Collections - S&L'!D54,0)+IF($B$1=2019,'19 Total Tax Collections - S&L'!D54,0)+IF($B$1=2018,'18 Total Tax Collections - S&L'!D54,0)+IF($B$1=2017,'17 Total Tax Collections - S&L'!D54,0)+IF($B$1=2016,'16 Total Tax Collections - S&L'!D54,0)+IF($B$1=2015,'15 Total Tax Collections - S&L'!D54,0)+IF($B$1=2014,'14 Total Tax Collections - S&L'!D54,0)+IF($B$1=2013,'13 Total Tax Collections - S&L'!D54,0)+IF($B$1=2012,'12 Total Tax Collections - S&L'!D54,0)+IF($B$1=2011,'11 Total Tax Collections - S&L'!D54,0)+IF($B$1=2010,'10 Total Tax Collections - S&L'!D54,0)+IF($B$1=2009,'09 Total Tax Collections - S&L'!D54,0)+IF($B$1=2008,'08 Total Tax Collections - S&L'!D54,0)+IF($B$1=2007,'07 Total Tax Collections - S&L'!D54,0)+IF($B$1=2006,'06 Total Tax Collections - S&L'!D54,0)+IF($B$1=2005,'05 Total Tax Collections - S&L'!D54,0)+IF($B$1=2004,'04 Total Tax Collections - S&L'!D54,0)","v":0},{"$f":"IF($B$1=2021,'21 Total Tax Collections - S&L'!E54,0)+IF($B$1=2020,'20 Total Tax Collections - S&L'!E54,0)+IF($B$1=2019,'19 Total Tax Collections - S&L'!E54,0)+IF($B$1=2018,'18 Total Tax Collections - S&L'!E54,0)+IF($B$1=2017,'17 Total Tax Collections - S&L'!E54,0)+IF($B$1=2016,'16 Total Tax Collections - S&L'!E54,0)+IF($B$1=2015,'15 Total Tax Collections - S&L'!E54,0)+IF($B$1=2014,'14 Total Tax Collections - S&L'!E54,0)+IF($B$1=2013,'13 Total Tax Collections - S&L'!E54,0)+IF($B$1=2012,'12 Total Tax Collections - S&L'!E54,0)+IF($B$1=2011,'11 Total Tax Collections - S&L'!E54,0)+IF($B$1=2010,'10 Total Tax Collections - S&L'!E54,0)+IF($B$1=2009,'09 Total Tax Collections - S&L'!E54,0)+IF($B$1=2008,'08 Total Tax Collections - S&L'!E54,0)+IF($B$1=2007,'07 Total Tax Collections - S&L'!E54,0)+IF($B$1=2006,'06 Total Tax Collections - S&L'!E54,0)+IF($B$1=2005,'05 Total Tax Collections - S&L'!E54,0)+IF($B$1=2004,'04 Total Tax Collections - S&L'!E54,0)","v":0},{"$f":"IF($B$1=2021,'21 Total Tax Collections - S&L'!F54,0)+IF($B$1=2020,'20 Total Tax Collections - S&L'!F54,0)+IF($B$1=2019,'19 Total Tax Collections - S&L'!F54,0)+IF($B$1=2018,'18 Total Tax Collections - S&L'!F54,0)+IF($B$1=2017,'17 Total Tax Collections - S&L'!F54,0)+IF($B$1=2016,'16 Total Tax Collections - S&L'!F54,0)+IF($B$1=2015,'15 Total Tax Collections - S&L'!F54,0)+IF($B$1=2014,'14 Total Tax Collections - S&L'!F54,0)+IF($B$1=2013,'13 Total Tax Collections - S&L'!F54,0)+IF($B$1=2012,'12 Total Tax Collections - S&L'!F54,0)+IF($B$1=2011,'11 Total Tax Collections - S&L'!F54,0)+IF($B$1=2010,'10 Total Tax Collections - S&L'!F54,0)+IF($B$1=2009,'09 Total Tax Collections - S&L'!F54,0)+IF($B$1=2008,'08 Total Tax Collections - S&L'!F54,0)+IF($B$1=2007,'07 Total Tax Collections - S&L'!F54,0)+IF($B$1=2006,'06 Total Tax Collections - S&L'!F54,0)+IF($B$1=2005,'05 Total Tax Collections - S&L'!F54,0)+IF($B$1=2004,'04 Total Tax Collections - S&L'!F54,0)","v":0}]
[null,"West Virginia",{"$f":"IF($B$1=2021,'21 Total Tax Collections - S&L'!C55,0)+IF($B$1=2020,'20 Total Tax Collections - S&L'!C55,0)+IF($B$1=2019,'19 Total Tax Collections - S&L'!C55,0)+IF($B$1=2018,'18 Total Tax Collections - S&L'!C55,0)+IF($B$1=2017,'17 Total Tax Collections - S&L'!C55,0)+IF($B$1=2016,'16 Total Tax Collections - S&L'!C55,0)+IF($B$1=2015,'15 Total Tax Collections - S&L'!C55,0)+IF($B$1=2014,'14 Total Tax Collections - S&L'!C55,0)+IF($B$1=2013,'13 Total Tax Collections - S&L'!C55,0)+IF($B$1=2012,'12 Total Tax Collections - S&L'!C55,0)+IF($B$1=2011,'11 Total Tax Collections - S&L'!C55,0)+IF($B$1=2010,'10 Total Tax Collections - S&L'!C55,0)+IF($B$1=2009,'09 Total Tax Collections - S&L'!C55,0)+IF($B$1=2008,'08 Total Tax Collections - S&L'!C55,0)+IF($B$1=2007,'07 Total Tax Collections - S&L'!C55,0)+IF($B$1=2006,'06 Total Tax Collections - S&L'!C55,0)+IF($B$1=2005,'05 Total Tax Collections - S&L'!C55,0)+IF($B$1=2004,'04 Total Tax Collections - S&L'!C55,0)","v":0},{"$f":"IF($B$1=2021,'21 Total Tax Collections - S&L'!D55,0)+IF($B$1=2020,'20 Total Tax Collections - S&L'!D55,0)+IF($B$1=2019,'19 Total Tax Collections - S&L'!D55,0)+IF($B$1=2018,'18 Total Tax Collections - S&L'!D55,0)+IF($B$1=2017,'17 Total Tax Collections - S&L'!D55,0)+IF($B$1=2016,'16 Total Tax Collections - S&L'!D55,0)+IF($B$1=2015,'15 Total Tax Collections - S&L'!D55,0)+IF($B$1=2014,'14 Total Tax Collections - S&L'!D55,0)+IF($B$1=2013,'13 Total Tax Collections - S&L'!D55,0)+IF($B$1=2012,'12 Total Tax Collections - S&L'!D55,0)+IF($B$1=2011,'11 Total Tax Collections - S&L'!D55,0)+IF($B$1=2010,'10 Total Tax Collections - S&L'!D55,0)+IF($B$1=2009,'09 Total Tax Collections - S&L'!D55,0)+IF($B$1=2008,'08 Total Tax Collections - S&L'!D55,0)+IF($B$1=2007,'07 Total Tax Collections - S&L'!D55,0)+IF($B$1=2006,'06 Total Tax Collections - S&L'!D55,0)+IF($B$1=2005,'05 Total Tax Collections - S&L'!D55,0)+IF($B$1=2004,'04 Total Tax Collections - S&L'!D55,0)","v":0},{"$f":"IF($B$1=2021,'21 Total Tax Collections - S&L'!E55,0)+IF($B$1=2020,'20 Total Tax Collections - S&L'!E55,0)+IF($B$1=2019,'19 Total Tax Collections - S&L'!E55,0)+IF($B$1=2018,'18 Total Tax Collections - S&L'!E55,0)+IF($B$1=2017,'17 Total Tax Collections - S&L'!E55,0)+IF($B$1=2016,'16 Total Tax Collections - S&L'!E55,0)+IF($B$1=2015,'15 Total Tax Collections - S&L'!E55,0)+IF($B$1=2014,'14 Total Tax Collections - S&L'!E55,0)+IF($B$1=2013,'13 Total Tax Collections - S&L'!E55,0)+IF($B$1=2012,'12 Total Tax Collections - S&L'!E55,0)+IF($B$1=2011,'11 Total Tax Collections - S&L'!E55,0)+IF($B$1=2010,'10 Total Tax Collections - S&L'!E55,0)+IF($B$1=2009,'09 Total Tax Collections - S&L'!E55,0)+IF($B$1=2008,'08 Total Tax Collections - S&L'!E55,0)+IF($B$1=2007,'07 Total Tax Collections - S&L'!E55,0)+IF($B$1=2006,'06 Total Tax Collections - S&L'!E55,0)+IF($B$1=2005,'05 Total Tax Collections - S&L'!E55,0)+IF($B$1=2004,'04 Total Tax Collections - S&L'!E55,0)","v":0},{"$f":"IF($B$1=2021,'21 Total Tax Collections - S&L'!F55,0)+IF($B$1=2020,'20 Total Tax Collections - S&L'!F55,0)+IF($B$1=2019,'19 Total Tax Collections - S&L'!F55,0)+IF($B$1=2018,'18 Total Tax Collections - S&L'!F55,0)+IF($B$1=2017,'17 Total Tax Collections - S&L'!F55,0)+IF($B$1=2016,'16 Total Tax Collections - S&L'!F55,0)+IF($B$1=2015,'15 Total Tax Collections - S&L'!F55,0)+IF($B$1=2014,'14 Total Tax Collections - S&L'!F55,0)+IF($B$1=2013,'13 Total Tax Collections - S&L'!F55,0)+IF($B$1=2012,'12 Total Tax Collections - S&L'!F55,0)+IF($B$1=2011,'11 Total Tax Collections - S&L'!F55,0)+IF($B$1=2010,'10 Total Tax Collections - S&L'!F55,0)+IF($B$1=2009,'09 Total Tax Collections - S&L'!F55,0)+IF($B$1=2008,'08 Total Tax Collections - S&L'!F55,0)+IF($B$1=2007,'07 Total Tax Collections - S&L'!F55,0)+IF($B$1=2006,'06 Total Tax Collections - S&L'!F55,0)+IF($B$1=2005,'05 Total Tax Collections - S&L'!F55,0)+IF($B$1=2004,'04 Total Tax Collections - S&L'!F55,0)","v":0}]
[null,"Wisconsin",{"$f":"IF($B$1=2021,'21 Total Tax Collections - S&L'!C56,0)+IF($B$1=2020,'20 Total Tax Collections - S&L'!C56,0)+IF($B$1=2019,'19 Total Tax Collections - S&L'!C56,0)+IF($B$1=2018,'18 Total Tax Collections - S&L'!C56,0)+IF($B$1=2017,'17 Total Tax Collections - S&L'!C56,0)+IF($B$1=2016,'16 Total Tax Collections - S&L'!C56,0)+IF($B$1=2015,'15 Total Tax Collections - S&L'!C56,0)+IF($B$1=2014,'14 Total Tax Collections - S&L'!C56,0)+IF($B$1=2013,'13 Total Tax Collections - S&L'!C56,0)+IF($B$1=2012,'12 Total Tax Collections - S&L'!C56,0)+IF($B$1=2011,'11 Total Tax Collections - S&L'!C56,0)+IF($B$1=2010,'10 Total Tax Collections - S&L'!C56,0)+IF($B$1=2009,'09 Total Tax Collections - S&L'!C56,0)+IF($B$1=2008,'08 Total Tax Collections - S&L'!C56,0)+IF($B$1=2007,'07 Total Tax Collections - S&L'!C56,0)+IF($B$1=2006,'06 Total Tax Collections - S&L'!C56,0)+IF($B$1=2005,'05 Total Tax Collections - S&L'!C56,0)+IF($B$1=2004,'04 Total Tax Collections - S&L'!C56,0)","v":0},{"$f":"IF($B$1=2021,'21 Total Tax Collections - S&L'!D56,0)+IF($B$1=2020,'20 Total Tax Collections - S&L'!D56,0)+IF($B$1=2019,'19 Total Tax Collections - S&L'!D56,0)+IF($B$1=2018,'18 Total Tax Collections - S&L'!D56,0)+IF($B$1=2017,'17 Total Tax Collections - S&L'!D56,0)+IF($B$1=2016,'16 Total Tax Collections - S&L'!D56,0)+IF($B$1=2015,'15 Total Tax Collections - S&L'!D56,0)+IF($B$1=2014,'14 Total Tax Collections - S&L'!D56,0)+IF($B$1=2013,'13 Total Tax Collections - S&L'!D56,0)+IF($B$1=2012,'12 Total Tax Collections - S&L'!D56,0)+IF($B$1=2011,'11 Total Tax Collections - S&L'!D56,0)+IF($B$1=2010,'10 Total Tax Collections - S&L'!D56,0)+IF($B$1=2009,'09 Total Tax Collections - S&L'!D56,0)+IF($B$1=2008,'08 Total Tax Collections - S&L'!D56,0)+IF($B$1=2007,'07 Total Tax Collections - S&L'!D56,0)+IF($B$1=2006,'06 Total Tax Collections - S&L'!D56,0)+IF($B$1=2005,'05 Total Tax Collections - S&L'!D56,0)+IF($B$1=2004,'04 Total Tax Collections - S&L'!D56,0)","v":0},{"$f":"IF($B$1=2021,'21 Total Tax Collections - S&L'!E56,0)+IF($B$1=2020,'20 Total Tax Collections - S&L'!E56,0)+IF($B$1=2019,'19 Total Tax Collections - S&L'!E56,0)+IF($B$1=2018,'18 Total Tax Collections - S&L'!E56,0)+IF($B$1=2017,'17 Total Tax Collections - S&L'!E56,0)+IF($B$1=2016,'16 Total Tax Collections - S&L'!E56,0)+IF($B$1=2015,'15 Total Tax Collections - S&L'!E56,0)+IF($B$1=2014,'14 Total Tax Collections - S&L'!E56,0)+IF($B$1=2013,'13 Total Tax Collections - S&L'!E56,0)+IF($B$1=2012,'12 Total Tax Collections - S&L'!E56,0)+IF($B$1=2011,'11 Total Tax Collections - S&L'!E56,0)+IF($B$1=2010,'10 Total Tax Collections - S&L'!E56,0)+IF($B$1=2009,'09 Total Tax Collections - S&L'!E56,0)+IF($B$1=2008,'08 Total Tax Collections - S&L'!E56,0)+IF($B$1=2007,'07 Total Tax Collections - S&L'!E56,0)+IF($B$1=2006,'06 Total Tax Collections - S&L'!E56,0)+IF($B$1=2005,'05 Total Tax Collections - S&L'!E56,0)+IF($B$1=2004,'04 Total Tax Collections - S&L'!E56,0)","v":0},{"$f":"IF($B$1=2021,'21 Total Tax Collections - S&L'!F56,0)+IF($B$1=2020,'20 Total Tax Collections - S&L'!F56,0)+IF($B$1=2019,'19 Total Tax Collections - S&L'!F56,0)+IF($B$1=2018,'18 Total Tax Collections - S&L'!F56,0)+IF($B$1=2017,'17 Total Tax Collections - S&L'!F56,0)+IF($B$1=2016,'16 Total Tax Collections - S&L'!F56,0)+IF($B$1=2015,'15 Total Tax Collections - S&L'!F56,0)+IF($B$1=2014,'14 Total Tax Collections - S&L'!F56,0)+IF($B$1=2013,'13 Total Tax Collections - S&L'!F56,0)+IF($B$1=2012,'12 Total Tax Collections - S&L'!F56,0)+IF($B$1=2011,'11 Total Tax Collections - S&L'!F56,0)+IF($B$1=2010,'10 Total Tax Collections - S&L'!F56,0)+IF($B$1=2009,'09 Total Tax Collections - S&L'!F56,0)+IF($B$1=2008,'08 Total Tax Collections - S&L'!F56,0)+IF($B$1=2007,'07 Total Tax Collections - S&L'!F56,0)+IF($B$1=2006,'06 Total Tax Collections - S&L'!F56,0)+IF($B$1=2005,'05 Total Tax Collections - S&L'!F56,0)+IF($B$1=2004,'04 Total Tax Collections - S&L'!F56,0)","v":0}]
[null,"Wyoming",{"$f":"IF($B$1=2021,'21 Total Tax Collections - S&L'!C57,0)+IF($B$1=2020,'20 Total Tax Collections - S&L'!C57,0)+IF($B$1=2019,'19 Total Tax Collections - S&L'!C57,0)+IF($B$1=2018,'18 Total Tax Collections - S&L'!C57,0)+IF($B$1=2017,'17 Total Tax Collections - S&L'!C57,0)+IF($B$1=2016,'16 Total Tax Collections - S&L'!C57,0)+IF($B$1=2015,'15 Total Tax Collections - S&L'!C57,0)+IF($B$1=2014,'14 Total Tax Collections - S&L'!C57,0)+IF($B$1=2013,'13 Total Tax Collections - S&L'!C57,0)+IF($B$1=2012,'12 Total Tax Collections - S&L'!C57,0)+IF($B$1=2011,'11 Total Tax Collections - S&L'!C57,0)+IF($B$1=2010,'10 Total Tax Collections - S&L'!C57,0)+IF($B$1=2009,'09 Total Tax Collections - S&L'!C57,0)+IF($B$1=2008,'08 Total Tax Collections - S&L'!C57,0)+IF($B$1=2007,'07 Total Tax Collections - S&L'!C57,0)+IF($B$1=2006,'06 Total Tax Collections - S&L'!C57,0)+IF($B$1=2005,'05 Total Tax Collections - S&L'!C57,0)+IF($B$1=2004,'04 Total Tax Collections - S&L'!C57,0)","v":0},{"$f":"IF($B$1=2021,'21 Total Tax Collections - S&L'!D57,0)+IF($B$1=2020,'20 Total Tax Collections - S&L'!D57,0)+IF($B$1=2019,'19 Total Tax Collections - S&L'!D57,0)+IF($B$1=2018,'18 Total Tax Collections - S&L'!D57,0)+IF($B$1=2017,'17 Total Tax Collections - S&L'!D57,0)+IF($B$1=2016,'16 Total Tax Collections - S&L'!D57,0)+IF($B$1=2015,'15 Total Tax Collections - S&L'!D57,0)+IF($B$1=2014,'14 Total Tax Collections - S&L'!D57,0)+IF($B$1=2013,'13 Total Tax Collections - S&L'!D57,0)+IF($B$1=2012,'12 Total Tax Collections - S&L'!D57,0)+IF($B$1=2011,'11 Total Tax Collections - S&L'!D57,0)+IF($B$1=2010,'10 Total Tax Collections - S&L'!D57,0)+IF($B$1=2009,'09 Total Tax Collections - S&L'!D57,0)+IF($B$1=2008,'08 Total Tax Collections - S&L'!D57,0)+IF($B$1=2007,'07 Total Tax Collections - S&L'!D57,0)+IF($B$1=2006,'06 Total Tax Collections - S&L'!D57,0)+IF($B$1=2005,'05 Total Tax Collections - S&L'!D57,0)+IF($B$1=2004,'04 Total Tax Collections - S&L'!D57,0)","v":0},{"$f":"IF($B$1=2021,'21 Total Tax Collections - S&L'!E57,0)+IF($B$1=2020,'20 Total Tax Collections - S&L'!E57,0)+IF($B$1=2019,'19 Total Tax Collections - S&L'!E57,0)+IF($B$1=2018,'18 Total Tax Collections - S&L'!E57,0)+IF($B$1=2017,'17 Total Tax Collections - S&L'!E57,0)+IF($B$1=2016,'16 Total Tax Collections - S&L'!E57,0)+IF($B$1=2015,'15 Total Tax Collections - S&L'!E57,0)+IF($B$1=2014,'14 Total Tax Collections - S&L'!E57,0)+IF($B$1=2013,'13 Total Tax Collections - S&L'!E57,0)+IF($B$1=2012,'12 Total Tax Collections - S&L'!E57,0)+IF($B$1=2011,'11 Total Tax Collections - S&L'!E57,0)+IF($B$1=2010,'10 Total Tax Collections - S&L'!E57,0)+IF($B$1=2009,'09 Total Tax Collections - S&L'!E57,0)+IF($B$1=2008,'08 Total Tax Collections - S&L'!E57,0)+IF($B$1=2007,'07 Total Tax Collections - S&L'!E57,0)+IF($B$1=2006,'06 Total Tax Collections - S&L'!E57,0)+IF($B$1=2005,'05 Total Tax Collections - S&L'!E57,0)+IF($B$1=2004,'04 Total Tax Collections - S&L'!E57,0)","v":0},{"$f":"IF($B$1=2021,'21 Total Tax Collections - S&L'!F57,0)+IF($B$1=2020,'20 Total Tax Collections - S&L'!F57,0)+IF($B$1=2019,'19 Total Tax Collections - S&L'!F57,0)+IF($B$1=2018,'18 Total Tax Collections - S&L'!F57,0)+IF($B$1=2017,'17 Total Tax Collections - S&L'!F57,0)+IF($B$1=2016,'16 Total Tax Collections - S&L'!F57,0)+IF($B$1=2015,'15 Total Tax Collections - S&L'!F57,0)+IF($B$1=2014,'14 Total Tax Collections - S&L'!F57,0)+IF($B$1=2013,'13 Total Tax Collections - S&L'!F57,0)+IF($B$1=2012,'12 Total Tax Collections - S&L'!F57,0)+IF($B$1=2011,'11 Total Tax Collections - S&L'!F57,0)+IF($B$1=2010,'10 Total Tax Collections - S&L'!F57,0)+IF($B$1=2009,'09 Total Tax Collections - S&L'!F57,0)+IF($B$1=2008,'08 Total Tax Collections - S&L'!F57,0)+IF($B$1=2007,'07 Total Tax Collections - S&L'!F57,0)+IF($B$1=2006,'06 Total Tax Collections - S&L'!F57,0)+IF($B$1=2005,'05 Total Tax Collections - S&L'!F57,0)+IF($B$1=2004,'04 Total Tax Collections - S&L'!F57,0)","v":0}]
[null,"U.S. Average",{"$f":"IF($B$1=2021,'21 Total Tax Collections - S&L'!C59,0)+IF($B$1=2020,'20 Total Tax Collections - S&L'!C59,0)+IF($B$1=2019,'19 Total Tax Collections - S&L'!C59,0)+IF($B$1=2018,'18 Total Tax Collections - S&L'!C59,0)+IF($B$1=2017,'17 Total Tax Collections - S&L'!C59,0)+IF($B$1=2016,'16 Total Tax Collections - S&L'!C59,0)+IF($B$1=2015,'15 Total Tax Collections - S&L'!C59,0)+IF($B$1=2014,'14 Total Tax Collections - S&L'!C59,0)+IF($B$1=2013,'13 Total Tax Collections - S&L'!C59,0)+IF($B$1=2012,'12 Total Tax Collections - S&L'!C59,0)+IF($B$1=2011,'11 Total Tax Collections - S&L'!C59,0)+IF($B$1=2010,'10 Total Tax Collections - S&L'!C59,0)+IF($B$1=2009,'09 Total Tax Collections - S&L'!C59,0)+IF($B$1=2008,'08 Total Tax Collections - S&L'!C59,0)+IF($B$1=2007,'07 Total Tax Collections - S&L'!C59,0)+IF($B$1=2006,'06 Total Tax Collections - S&L'!C59,0)+IF($B$1=2005,'05 Total Tax Collections - S&L'!C59,0)+IF($B$1=2004,'04 Total Tax Collections - S&L'!C59,0)","v":0},"This cell intentionally left blank",{"$f":"IF($B$1=2021,'21 Total Tax Collections - S&L'!E59,0)+IF($B$1=2020,'20 Total Tax Collections - S&L'!E59,0)+IF($B$1=2019,'19 Total Tax Collections - S&L'!E59,0)+IF($B$1=2018,'18 Total Tax Collections - S&L'!E59,0)+IF($B$1=2017,'17 Total Tax Collections - S&L'!E59,0)+IF($B$1=2016,'16 Total Tax Collections - S&L'!E59,0)+IF($B$1=2015,'15 Total Tax Collections - S&L'!E59,0)+IF($B$1=2014,'14 Total Tax Collections - S&L'!E59,0)+IF($B$1=2013,'13 Total Tax Collections - S&L'!E59,0)+IF($B$1=2012,'12 Total Tax Collections - S&L'!E59,0)+IF($B$1=2011,'11 Total Tax Collections - S&L'!E59,0)+IF($B$1=2010,'10 Total Tax Collections - S&L'!E59,0)+IF($B$1=2009,'09 Total Tax Collections - S&L'!E59,0)+IF($B$1=2008,'08 Total Tax Collections - S&L'!E59,0)+IF($B$1=2007,'07 Total Tax Collections - S&L'!E59,0)+IF($B$1=2006,'06 Total Tax Collections - S&L'!E59,0)+IF($B$1=2005,'05 Total Tax Collections - S&L'!E59,0)+IF($B$1=2004,'04 Total Tax Collections - S&L'!E59,0)","v":0},"This cell intentionally left blank"]
[]
[null,"Source:  Census Bureau - Fiscal Year data, includes Wash. D.C."]
[null,"Reflects revised BEA State Personal Incomes as of October 2020 and Census population estimates as of October 2020"]
[]
[null,"Per capita calculations use the latest US Census mid-year population estimates for July 1 of the fiscal year.  Percent of income calculations use the latest US BEA state personal income estimates for the calendar year that includes the first half of the fiscal year."]
[]
[]
[null,"Minnesota Department of Revenue, Tax Research Division, March 2024"]
[null,"end of worksheet"]
["No further data"]

{"sheet":"21 Total Tax Collections - S&L","index":1,"n_rows":65,"n_cols":6,"rows_kept":65,"cut":false,"hidden":true,"merged":[]}
[]
[null,"Total Tax Collections - State and Local"]
[null,null,"FY",2021]
[]
[null,null,"Per Capita",null,"% of Income"]
[null,"State","Amount","Rank","Amount","Rank"]
[null,"Alabama",4237.0761405397316,50,9.2677008878489689E-2,39]
[null,"Alaska",4188.8959413333478,51,6.7790672812197597E-2,51]
[null,"Arizona",4640.1739492630086,41,9.005939166224522E-2,41]
[null,"Arkansas",4856.6424998728589,36,0.10348553989572989,26]
[null,"California",9217.0531373036865,4,0.13036322971161127,5]
[null,"Colorado",6403.8435825943852,18,9.9197289780460385E-2,31]
[null,"Connecticut",9424.0216594840967,3,0.12266456301890698,7]
[null,"Delaware",6716.6679770343953,14,0.12195789903575094,8]
[null,"District of Columbia",13298.628420537954,1,0.14779345149272333,1]
[null,"Florida",4380.953486998781,48,7.8311410591705197E-2,50]
[null,"Georgia",4577.638695631982,44,8.9422901521397327E-2,43]
[null,"Hawaii",7756.2933868821146,7,0.13562560037118798,3]
[null,"Idaho",4582.4722183421427,43,9.4967988377218038E-2,36]
[null,"Illinois",7350.3299460235949,10,0.11841419384528877,10]
[null,"Indiana",5361.0989131628057,27,0.10403683382767513,23]
[null,"Iowa",5927.6280463797448,23,0.11297434301929503,14]
[null,"Kansas",5944.0060015208028,22,0.10799331126429842,20]
[null,"Kentucky",4674.4544488081783,39,9.9382757111019279E-2,30]
[null,"Louisiana",4835.1709862207372,37,9.5726889587745764E-2,34]
[null,"Maine",6790.8437031217554,13,0.12631421996045511,6]
[null,"Maryland",7242.0982053927301,11,0.11174363486475081,16]
[null,"Massachusetts",8106.8111747445173,6,0.10465820374367059,21]
[null,"Michigan",4980.4773178670712,33,9.4052155456077577E-2,38]
[null,"MINNESOTA",7456.9258952728642,9,0.12172492064589922,9]
[null,"Mississippi",4441.1486900195487,46,0.10416267428962195,22]
[null,"Missouri",4637.5443833639956,42,8.9249724494834412E-2,44]
[null,"Montana",5102.9833840613182,32,9.6979460150355259E-2,33]
[null,"Nebraska",6353.3541730963343,19,0.11203802510159636,15]
[null,"Nevada",5105.5933094372558,31,9.434618239822587E-2,37]
[null,"New Hampshire",5408.5059152939984,26,8.01898762582548E-2,47]
[null,"New Jersey",8305.1690657740146,5,0.11699747406270672,11]
[null,"New Mexico",5175.4793008097122,30,0.11089758177503867,18]
[null,"New York",10331.140961809277,2,0.14601163264411376,2]
[null,"North Carolina",4889.1479511654725,34,9.5472695249113809E-2,35]
[null,"North Dakota",7011.9097506986454,12,0.11454520446689934,13]
[null,"Ohio",5342.5441898917934,28,0.10075006411941599,29]
[null,"Oklahoma",4465.4438173743647,45,8.9455929031908327E-2,42]
[null,"Oregon",6485.3723926009925,17,0.11508133618218772,12]
[null,"Pennsylvania",6254.9941558057799,20,0.10383732427213402,25]
[null,"Rhode Island",6487.5308231197332,16,0.10989959324609384,19]
[null,"South Carolina",4413.2846266684592,47,9.1571843350248497E-2,40]
[null,"South Dakota",4654.8645114063947,40,7.9016125152244696E-2,49]
[null,"Tennessee",4259.0380421422515,49,8.2524191288022034E-2,46]
[null,"Texas",4860.6346644444793,35,8.917100016180203E-2,45]
[null,"Utah",5652.0288471818712,25,0.11105531828254879,17]
[null,"Vermont",7528.0630382767722,8,0.1306667417864559,4]
[null,"Virginia",6187.1909062399473,21,0.10089039712921183,28]
[null,"Washington",6662.7085635814128,15,9.8666474847229985E-2,32]
[null,"West Virginia",4696.6826582194826,38,0.1038635761261317,24]
[null,"Wisconsin",5705.4514879931485,24,0.10264652509741108,27]
[null,"Wyoming",5204.0905427769239,29,7.9640050282044239E-2,48]
[]
[null,"U.S. Average",6334.4620011626948,null,0.10725358796932488]
[null,"Source:  Census Bureau - Fiscal Year data, includes Wash. D.C."]
[null,{"$f":"'Total Tax Collections tables'!B62","v":"Reflects revised BEA State Personal Incomes as of October 2020 and Census population estimates as of October 2020"}]
[]
[null,"Per capita calculations use the latest US Census mid-year population estimates for July 1"]
[null,"of the fiscal year.  Percent of income calculations use the latest US BEA state personal"]
[null,"income estimates for the calendar year that includes the first half of the fiscal year."]

{"sheet":"20 Total Tax Collections - S&L","index":2,"n_rows":65,"n_cols":6,"rows_kept":65,"cut":false,"hidden":true,"merged":[]}
[]
[null,"Total Tax Collections - State and Local"]
[null,null,"FY",2020]
[]
[null,null,"Per Capita",null,"% of Income"]
[null,"State","Amount","Rank","Amount","Rank"]
[null,"Alabama",3834.9213212471236,50,8.7196928606738763E-2,43]
[null,"Alaska",4530.5939345531333,32,7.20986568752707E-2,51]
[null,"Arizona",4000.1254480117705,46,8.8552262522330824E-2,39]
[null,"Arkansas",4309.8608094579085,38,9.6977028230054788E-2,28]
[null,"California",7024.7207140770242,8,0.10506092589397223,17]
[null,"Colorado",5645.3173784750952,18,9.3094382010348545E-2,33]
[null,"Connecticut",8551.1314852997166,3,0.11038169263106555,10]
[null,"Delaware",5888.6714652987557,16,0.10952711604684168,12]
[null,"District of Columbia",11692.286649009,1,0.14158822030443055,2]
[null,"Florida",4016.8516423083602,45,7.7531732244863164E-2,49]
[null,"Georgia",4081.0938021853749,44,8.5345341557420365E-2,45]
[null,"Hawaii",7719.1795912739526,5,0.13453985989730757,4]
[null,"Idaho",4120.4928751396483,43,9.1636380014705102E-2,35]
[null,"Illinois",6500.0803970278521,12,0.10987843801715379,11]
[null,"Indiana",4728.3853788471952,30,9.7463541976580081E-2,26]
[null,"Iowa",5477.1521712399408,21,0.10588763898004504,14]
[null,"Kansas",5249.5190995965759,24,9.8273760726153181E-2,24]
[null,"Kentucky",4354.3705724785141,37,9.9696904302148628E-2,22]
[null,"Louisiana",4415.4176312579675,36,9.2965811039946111E-2,34]
[null,"Maine",6477.7463983391362,13,0.1284978343402525,5]
[null,"Maryland",6941.0687469636559,9,0.10756024744589519,13]
[null,"Massachusetts",7400.2085130296709,7,9.9766326764693977E-2,21]
[null,"Michigan",4305.9697157142064,39,8.7292327306736472E-2,42]
[null,"MINNESOTA",6564.4604833860149,11,0.11192641754010449,9]
[null,"Mississippi",3956.7097188674884,49,0.10135813224975866,18]
[null,"Missouri",3968.6226946453153,48,8.1753363306786772E-2,48]
[null,"Montana",4493.8333871625991,34,9.1331872554920257E-2,36]
[null,"Nebraska",5721.9109474223142,17,0.10513094784276018,16]
[null,"Nevada",4763.4331646941828,29,9.486315526288569E-2,31]
[null,"New Hampshire",5174.7078735979212,26,8.1881778773268604E-2,47]
[null,"New Jersey",7916.6669575049282,4,0.11234145272238667,8]
[null,"New Mexico",5023.2153819055902,27,0.11646510778023246,7]
[null,"New York",10365.898431051794,2,0.14367158741280045,1]
[null,"North Carolina",4151.7140697472259,41,8.7852071305924581E-2,41]
[null,"North Dakota",7680.0978428321114,6,0.13476393117869326,3]
[null,"Ohio",4897.1082123935612,28,9.7587781875443105E-2,25]
[null,"Oklahoma",4145.8288482441776,42,8.8100492453056817E-2,40]
[null,"Oregon",5202.1632877182574,25,9.8352422860362373E-2,23]
[null,"Pennsylvania",5643.4873311599686,19,9.7105629739126842E-2,27]
[null,"Rhode Island",5943.5667494383351,15,0.10523174759492993,15]
[null,"South Carolina",3989.490881633717,47,8.8982540594421677E-2,38]
[null,"South Dakota",4437.5384360329199,35,8.2983319403160172E-2,46]
[null,"Tennessee",3736.8960831639038,51,7.7406003560593087E-2,50]
[null,"Texas",4721.1076866234962,31,9.0518576298701831E-2,37]
[null,"Utah",4510.6793206762468,33,9.3432171440626724E-2,32]
[null,"Vermont",6648.5456735975313,10,0.12011810806815777,6]
[null,"Virginia",5623.8095221465692,20,9.4877389354661903E-2,30]
[null,"Washington",6175.6384387463258,14,9.6350188257448011E-2,29]
[null,"West Virginia",4289.8413087948311,40,0.10096252897753795,19]
[null,"Wisconsin",5322.9105784586955,22,0.1001799591041637,20]
[null,"Wyoming",5306.2037202401398,23,8.5849380568837577E-2,44]
[]
[null,"U.S. Average",5650.0984662013589,null,0.10039863032247145]
[null,"Source:  Census Bureau - Fiscal Year data, includes Wash. D.C."]
[null,{"$f":"'Total Tax Collections tables'!B62","v":"Reflects revised BEA State Personal Incomes as of October 2020 and Census population estimates as of October 2020"}]
[]
[null,"Per capita calculations use the latest US Census mid-year population estimates for July 1"]
[null,"of the fiscal year.  Percent of income calculations use the latest US BEA state personal"]
[null,"income estimates for the calendar year that includes the first half of the fiscal year."]

{"sheet":"19 Total Tax Collections - S&L","index":3,"n_rows":65,"n_cols":6,"rows_kept":65,"cut":false,"hidden":true,"merged":[]}
[]
[null,"Total Tax Collections - State and Local"]
[null,null,"FY",2019]
[]
[null,null,"Per Capita",null,"% of Income"]
[null,"State","Amount","Rank","Amount","Rank"]
[null,"Alabama",3676.3228391341545,51,8.634949871307053E-2,46]
[null,"Alaska",5121.3896616066004,27,8.4439052865024705E-2,48]
[null,"Arizona",4091.7367717415036,45,9.3296178917589193E-2,38]
[null,"Arkansas",4289.8299558221806,39,9.9280016871489102E-2,29]
[null,"California",7355.2798079723334,7,0.11557886777961804,10]
[null,"Colorado",5605.8991070262646,18,9.6310553413855429E-2,33]
[null,"Connecticut",8628.6596282431128,3,0.11507045172140093,11]
[null,"Delaware",5902.4055109862347,16,0.11246969361936948,13]
[null,"District of Columbia",12130.515239837392,1,0.15020578709308405,2]
[null,"Florida",3983.8013660377719,46,7.902730593878908E-2,50]
[null,"Georgia",4101.5626861621695,44,8.8229644113499053E-2,44]
[null,"Hawaii",7848.3980190299681,6,0.14167362987195947,4]
[null,"Idaho",3911.4536964240247,48,8.9624169472488399E-2,42]
[null,"Illinois",6496.3504456068313,12,0.11322329076624743,12]
[null,"Indiana",4773.4920685141105,32,0.10142832028506817,26]
[null,"Iowa",5380.6070863720925,23,0.10745724324902568,16]
[null,"Kansas",5339.5950453675787,24,0.10423493188777733,21]
[null,"Kentucky",4272.074970571929,40,0.10105123551436705,27]
[null,"Louisiana",4513.2952761511915,34,9.7447896903376408E-2,32]
[null,"Maine",6152.1166304124645,13,0.12657417441134336,5]
[null,"Maryland",6788.6164997154992,9,0.10843520396098724,15]
[null,"Massachusetts",7337.2787795667264,8,0.10233617772406786,24]
[null,"Michigan",4466.5494859894361,36,9.3513403084550098E-2,37]
[null,"MINNESOTA",6721.6344967189352,10,0.11785761032960917,8]
[null,"Mississippi",3961.1081300029,47,0.10447623841698157,20]
[null,"Missouri",4124.9520157303677,43,8.7787492414654028E-2,45]
[null,"Montana",4496.5362310975715,35,9.4014934249394527E-2,35]
[null,"Nebraska",5559.1953714004494,20,0.10558877359453918,19]
[null,"Nevada",4915.7490724495774,29,0.10002968927341219,28]
[null,"New Hampshire",5188.3003079330829,26,8.4791650390448933E-2,47]
[null,"New Jersey",7902.4044745721494,5,0.11642749905825484,9]
[null,"New Mexico",5116.8459612109518,28,0.12303423213913027,7]
[null,"New York",9866.2571855096339,2,0.14313771619474722,3]
[null,"North Carolina",4238.9192344378625,41,9.2661318930419401E-2,39]
[null,"North Dakota",8451.4094653715838,4,0.15228679723540442,1]
[null,"Ohio",4808.2228743016994,30,9.8744514954742235E-2,30]
[null,"Oklahoma",4211.7465606899823,42,9.2262784996811217E-2,40]
[null,"Oregon",5419.7376460409932,22,0.10614067069269251,18]
[null,"Pennsylvania",5768.8338897963431,17,0.10296549638601485,23]
[null,"Rhode Island",5932.0524353832161,15,0.10909342629032512,14]
[null,"South Carolina",3872.8400917199906,49,8.9314802812365479E-2,43]
[null,"South Dakota",4356.8810129100593,38,8.3339365909243235E-2,49]
[null,"Tennessee",3687.3935266549074,50,7.876966946385823E-2,51]
[null,"Texas",4744.3159254240281,33,9.3968013654997379E-2,36]
[null,"Utah",4806.3056346963995,31,0.10394462785498709,22]
[null,"Vermont",6677.9975288025908,11,0.12467565457009758,6]
[null,"Virginia",5473.0121273234818,21,9.4801914424401293E-2,34]
[null,"Washington",5990.0988759789534,14,9.7454256988119561E-2,31]
[null,"West Virginia",4435.5284471642117,37,0.10695570332177994,17]
[null,"Wisconsin",5240.9416749077791,25,0.10177548052710396,25]
[null,"Wyoming",5565.4443386625517,19,9.1887733852148976E-2,41]
[]
[null,"U.S. Average",5678.04188223854,null,0.10447509104738552]
[null,"Source:  Census Bureau - Fiscal Year data, includes Wash. D.C."]
[null,{"$f":"'Total Tax Collections tables'!B62","v":"Reflects revised BEA State Personal Incomes as of October 2020 and Census population estimates as of October 2020"}]
[]
[null,"Per capita calculations use the latest US Census mid-year population estimates for July 1"]
[null,"of the fiscal year.  Percent of income calculations use the latest US BEA state personal"]
[null,"income estimates for the calendar year that includes the first half of the fiscal year."]

{"sheet":"18 Total Tax Collections - S&L","index":4,"n_rows":65,"n_cols":6,"rows_kept":65,"cut":false,"hidden":true,"merged":[]}
[]
[null,"Total Tax Collections - State and Local"]
[null,null,"FY",2018]
[]
[null,null,"Per Capita",null,"% of Income"]
[null,"State","Amount","Rank","Amount","Rank"]
[null,"Alabama",3526.6141550563552,50,8.6184911184911187E-2,48]
[null,"Alaska",4816.9557049755213,27,8.3410247229969092E-2,49]
[null,"Arizona",3824.2238360754309,47,9.1244005566527508E-2,38]
[null,"Arkansas",4135.205016524721,37,9.9546437252500897E-2,27]
[null,"California",6813.134230685293,8,0.11281677440660509,10]
[null,"Colorado",5242.3819076423306,20,9.5613940915667744E-2,32]
[null,"Connecticut",8494.378583908252,3,0.11834595285798101,7]
[null,"Delaware",5524.5406684143309,16,0.10973983783327812,12]
[null,"District of Columbia",11310.803125093544,1,0.14413989911191605,3]
[null,"Florida",3957.6925913880877,43,8.2687750720629727E-2,50]
[null,"Georgia",3898.4292936697298,44,8.7677494022801297E-2,46]
[null,"Hawaii",7332.1556561238858,6,0.13685539012161407,4]
[null,"Idaho",3860.481018385226,45,9.3077763239446318E-2,35]
[null,"Illinois",5946.1178044200178,12,0.10912411505008772,13]
[null,"Indiana",4091.0129599042457,39,9.0929224471124698E-2,39]
[null,"Iowa",5159.6960952392446,22,0.10849971582617779,14]
[null,"Kansas",5185.1915205235773,21,0.10617069086413049,18]
[null,"Kentucky",3973.5868731693354,41,9.7337845109710303E-2,30]
[null,"Louisiana",4377.6034457227843,32,9.9412611848646124E-2,28]
[null,"Maine",5540.289173649815,15,0.11937673986013536,6]
[null,"Maryland",6526.9614543353146,9,0.10763856856945744,15]
[null,"Massachusetts",7006.3875245454683,7,0.1027099810500815,21]
[null,"Michigan",4424.0843816030174,31,9.6389866951694839E-2,31]
[null,"MINNESOTA",6417.8679898092296,10,0.11761252897805055,8]
[null,"Mississippi",3767.0156523606015,48,0.10284458670476557,20]
[null,"Missouri",3970.3176755576096,42,8.7778535405702546E-2,45]
[null,"Montana",4263.4790438074233,34,9.3003210395016384E-2,36]
[null,"Nebraska",5363.8896476656273,18,0.10644672295027229,16]
[null,"Nevada",4698.3821776271652,28,0.100508882747451,26]
[null,"New Hampshire",5272.1777068487181,19,9.0036616725591587E-2,41]
[null,"New Jersey",7423.4438908285765,5,0.11424318826313049,9]
[null,"New Mexico",4133.5287070879767,38,0.10404424499889345,19]
[null,"New York",9829.3296930505767,2,0.14889919994613979,1]
[null,"North Carolina",4071.2071291412753,40,9.2688539027989431E-2,37]
[null,"North Dakota",7611.2877268889824,4,0.14492702114138886,2]
[null,"Ohio",4639.8776808590974,29,9.922380706439124E-2,29]
[null,"Oklahoma",3850.0754396628627,46,8.8112017517620711E-2,44]
[null,"Oregon",4959.2148136032401,26,0.10264150971410754,23]
[null,"Pennsylvania",5466.253915147674,17,0.10265123958697794,22]
[null,"Rhode Island",5789.2405368298014,14,0.11024221453287199,11]
[null,"South Carolina",3705.2669115581821,49,8.8844931074765793E-2,43]
[null,"South Dakota",4326.6002653926607,33,8.7483000554567356E-2,47]
[null,"Tennessee",3285.5112749055579,51,7.3315160744043623E-2,51]
[null,"Texas",4481.396129320171,30,9.3692856978543154E-2,34]
[null,"Utah",4147.1668437158123,36,9.5464259019188771E-2,33]
[null,"Vermont",6349.1330294478494,11,0.12281637951600059,5]
[null,"Virginia",4993.9504446739002,25,9.0169460387137162E-2,40]
[null,"Washington",5817.4424621162334,13,0.10089925951334706,25]
[null,"West Virginia",4164.8270705778614,35,0.10624304572747877,17]
[null,"Wisconsin",5016.7112476723687,24,0.1021352820807299,24]
[null,"Wyoming",5064.3679633518641,23,8.939065384004205E-2,42]
[]
[null,"U.S. Average",5391.7035166888736,null,0.10399371929239959]
[null,"Source:  Census Bureau - Fiscal Year data, includes Wash. D.C."]
[null,{"$f":"'Total Tax Collections tables'!B62","v":"Reflects revised BEA State Personal Incomes as of October 2020 and Census population estimates as of October 2020"}]
[]
[null,"Per capita calculations use the latest US Census mid-year population estimates for July 1"]
[null,"of the fiscal year.  Percent of income calculations use the latest US BEA state personal"]
[null,"income estimates for the calendar year that includes the first half of the fiscal year."]

{"sheet":"17 Total Tax Collections - S&L","index":5,"n_rows":65,"n_cols":6,"rows_kept":65,"cut":false,"hidden":true,"merged":[]}
[]
[null,"Total Tax Collections - State and Local"]
[null,null,"FY",2017]
[]
[null,null,"Per Capita",null,"% of Income"]
[null,"State","Amount","Rank","Amount","Rank"]
[null,"Alabama",3370.4679837012559,50,8.5443814524404013E-2,47]
[null,"Alaska",4097.0366364742458,33,7.2596345483116789E-2,51]
[null,"Arizona",3672.5763230251869,46,9.1347884687568076E-2,37]
[null,"Arkansas",4004.6712390611547,36,9.9541028354874023E-2,27]
[null,"California",6198.3545509880623,9,0.10730228683461931,13]
[null,"Colorado",4907.4515960323488,20,9.4746936040095028E-2,32]
[null,"Connecticut",7736.0185845173237,3,0.11049343149254173,9]
[null,"Delaware",4889.3107711666635,22,0.10095000625784928,23]
[null,"District of Columbia",10972.810711088983,1,0.1428563506308102,2]
[null,"Florida",3707.4730391178273,45,8.1836955812146339E-2,49]
[null,"Georgia",3748.1753220118862,43,8.8298837647415571E-2,44]
[null,"Hawaii",6639.520834488796,6,0.12946674789179718,3]
[null,"Idaho",3707.7629292402989,44,9.3319110777688563E-2,35]
[null,"Illinois",5765.6508092917447,12,0.10963702116559346,11]
[null,"Indiana",3944.5656839706589,39,9.0646805972704372E-2,38]
[null,"Iowa",4995.4952173290249,18,0.10767004399120725,12]
[null,"Kansas",4643.7519897081811,26,9.7918411020036233E-2,29]
[null,"Kentucky",3893.503715409764,41,9.8250982939335776E-2,28]
[null,"Louisiana",4281.6994107772944,29,0.10051637580924042,25]
[null,"Maine",5315.6100799333435,15,0.11886117878074035,6]
[null,"Maryland",6259.7062219822874,8,0.10644041138077449,14]
[null,"Massachusetts",6568.9335342530221,7,0.10047593596600075,26]
[null,"Michigan",4187.1587951366046,31,9.4016509113243052E-2,33]
[null,"MINNESOTA",6180.9946768279433,10,0.11735756790176097,7]
[null,"Mississippi",3658.358847720101,47,0.10257570711103146,21]
[null,"Missouri",3822.2604136133114,42,8.652251611736167E-2,46]
[null,"Montana",3903.8216330540572,40,8.9665600960226965E-2,39]
[null,"Nebraska",5120.4036437333607,17,0.10376183399878369,17]
[null,"Nevada",4520.011919573185,28,0.10145490685107508,22]
[null,"New Hampshire",4975.754511275687,19,8.8470765190842918E-2,42]
[null,"New Jersey",7096.3067460842212,4,0.11310981252709826,8]
[null,"New Mexico",4055.0783446091946,35,0.10391659571340191,16]
[null,"New York",9081.767074849824,2,0.1475793176515246,1]
[null,"North Carolina",3963.5191371290462,37,9.3604801409419278E-2,34]
[null,"North Dakota",6682.7398661089192,5,0.12901700593289689,4]
[null,"Ohio",4633.5303375315725,27,0.1026751862300381,19]
[null,"Oklahoma",3507.9940152356107,49,8.385472390817654E-2,48]
[null,"Oregon",4717.0750248876284,25,0.10258415549544385,20]
[null,"Pennsylvania",5209.6364763446209,16,0.10057925465412772,24]
[null,"Rhode Island",5568.6514668841583,13,0.10981978397241184,10]
[null,"South Carolina",3524.1072573700508,48,8.797649682706668E-2,45]
[null,"South Dakota",4261.7073830178215,30,8.8466027729553615E-2,43]
[null,"Tennessee",3259.4064898948382,51,7.5419068346117765E-2,50]
[null,"Texas",4165.3263426721487,32,9.2181652980742823E-2,36]
[null,"Utah",4068.4908492048803,34,9.7878217789521535E-2,30]
[null,"Vermont",6093.6070499596372,11,0.12098925107330259,5]
[null,"Virginia",4792.6576521278748,24,8.9661870400231644E-2,40]
[null,"Washington",5343.0971034418098,14,9.7439456159331625E-2,31]
[null,"West Virginia",3954.8212331948639,38,0.1057863024023719,15]
[null,"Wisconsin",4892.5424848182774,21,0.10310178490905127,18]
[null,"Wyoming",4847.6519654328404,23,8.8683644223385802E-2,41]
[]
[null,"U.S. Average",5087.458768434617,null,0.10399371929239959]
[null,"Source:  Census Bureau - Fiscal Year data, includes Wash. D.C."]
[null,{"$f":"'Total Tax Collections tables'!B62","v":"Reflects revised BEA State Personal Incomes as of October 2020 and Census population estimates as of October 2020"}]
[]
[null,"Per capita calculations use the latest US Census mid-year population estimates for July 1"]
[null,"of the fiscal year.  Percent of income calculations use the latest US BEA state personal"]
[null,"income estimates for the calendar year that includes the first half of the fiscal year."]

{"sheet":"16 Total Tax Collections - S&L","index":6,"n_rows":65,"n_cols":6,"rows_kept":65,"cut":false,"hidden":true,"merged":[]}
[]
[null,"Total Tax Collections - State and Local"]
[null,null,"FY",2016]
[]
[null,null,"Per Capita",null,"% of Income"]
[null,"State","Amount","Rank","Amount","Rank"]
[null,"Alabama",3203.6462342836057,51,8.320762876558449E-2,46]
[null,"Alaska",3812.5579902468494,40,6.6847012366697406E-2,51]
[null,"Arizona",3562.5774967561506,45,9.1370379684106787E-2,35]
[null,"Arkansas",3954.7978370858846,31,0.1017342746493291,20]
[null,"California",6090.5491723903979,9,0.10988135506575553,10]
[null,"Colorado",4612.312646218923,23,8.9942279043396828E-2,38]
[null,"Connecticut",7238.615476011506,3,0.10529821285285851,15]
[null,"Delaware",4774.6171577385967,22,0.10068699152674165,24]
[null,"District of Columbia",10805.343917270509,1,0.1456164776128778,2]
[null,"Florida",3482.6690105691805,47,7.8160679370893077E-2,50]
[null,"Georgia",3662.7432382481766,43,8.9261315612103723E-2,39]
[null,"Hawaii",6469.7042584403807,6,0.13138467423361214,3]
[null,"Idaho",3507.53982637424,46,8.9969090454620274E-2,37]
[null,"Illinois",5658.0301779970914,12,0.10925090193199963,11]
[null,"Indiana",3872.838948198676,37,9.1846345916714353E-2,34]
[null,"Iowa",4882.629554710812,19,0.10605549217138002,13]
[null,"Kansas",4492.1077209444838,26,9.5291962957862353E-2,30]
[null,"Kentucky",3820.9076187821761,38,9.8386663139194738E-2,27]
[null,"Louisiana",3894.376166978217,35,9.1058268862546893E-2,36]
[null,"Maine",5201.0785882211558,15,0.11943468017068602,5]
[null,"Maryland",6046.9770972432889,10,0.10638952730656628,12]
[null,"Massachusetts",6466.7512059000101,7,0.10228241617381681,18]
[null,"Michigan",4074.5240351330253,29,9.4047403128139806E-2,32]
[null,"MINNESOTA",6092.2763460029855,8,0.11817841603623797,7]
[null,"Mississippi",3609.2287315388226,44,0.10282346088248108,17]
[null,"Missouri",3684.6990317227796,42,8.6219398749772233E-2,45]
[null,"Montana",3818.4237502918249,39,8.8587597821895611E-2,40]
[null,"Nebraska",5091.8006174432976,16,0.1016671293652997,21]
[null,"Nevada",4305.5423505670988,28,9.9040509761687365E-2,26]
[null,"New Hampshire",4791.1698164370109,20,8.7587321258341275E-2,42]
[null,"New Jersey",6787.7361424555438,4,0.1110570631117319,8]
[null,"New Mexico",3877.3316373509224,36,0.10148983405292097,22]
[null,"New York",9045.4641424377623,2,0.15150109545141016,1]
[null,"North Carolina",3919.1402032101241,33,9.4799955416778103E-2,31]
[null,"North Dakota",6640.476010567997,5,0.12390057309354263,4]
[null,"Ohio",4468.7062822416119,27,0.10078099859101938,23]
[null,"Oklahoma",3452.8919322730726,48,7.8539199773859703E-2,48]
[null,"Oregon",4502.1224987803698,25,0.10175543013208871,19]
[null,"Pennsylvania",5059.6881708334577,17,0.10065116913099539,25]
[null,"Rhode Island",5564.7269841059606,13,0.11097402548400363,9]
[null,"South Carolina",3436.2314412285828,49,8.8333093978364724E-2,41]
[null,"South Dakota",3931.8789185180035,32,8.1654741361674874E-2,47]
[null,"Tennessee",3324.2620666843136,50,7.8290858866155888E-2,49]
[null,"Texas",4015.2705547083469,30,8.7475317571649419E-2,43]
[null,"Utah",3745.3754388086822,41,9.350233515266286E-2,33]
[null,"Vermont",5901.1086453168791,11,0.11923315676078469,6]
[null,"Virginia",4562.2191606033375,24,8.704745003501399E-2,44]
[null,"Washington",5040.7609381083203,18,9.5595066696823883E-2,29]
[null,"West Virginia",3911.6137217773053,34,0.10573126532588685,14]
[null,"Wisconsin",4782.1489434012865,21,0.10292033567205243,16]
[null,"Wyoming",5550.4407058138941,14,9.6765797592690939E-2,28]
[]
[null,"U.S. Average",4950.9618838306005,null,0.10180442786411921]
[null,"Source:  Census Bureau - Fiscal Year data, includes Wash. D.C."]
[null,{"$f":"'Total Tax Collections tables'!B62","v":"Reflects revised BEA State Personal Incomes as of October 2020 and Census population estimates as of October 2020"}]
[]
[null,"Per capita calculations use the latest US Census mid-year population estimates for July 1"]
[null,"of the fiscal year.  Percent of income calculations use the latest US BEA state personal"]
[null,"income estimates for the calendar year that includes the first half of the fiscal year."]

{"sheet":"15 Total Tax Collections - S&L","index":7,"n_rows":65,"n_cols":6,"rows_kept":65,"cut":false,"hidden":true,"merged":[]}
[]
[null,"Total Tax Collections - State and Local"]
[null,null,"FY",2015]
[]
[null,null,"Per Capita",null,"% of Income"]
[null,"State","Amount","Rank","Amount","Rank"]
[null,"Alabama",3146.3817328810696,51,8.5450982758320582E-2,46]
[null,"Alaska",3502.8815183087863,45,6.4236923978687382E-2,51]
[null,"Arizona",3493.1749174024758,46,9.292854436941253E-2,40]
[null,"Arkansas",3871.3823578635215,35,0.10223198942390423,28]
[null,"California",5858.3196951048922,10,0.1151367176277054,10]
[null,"Colorado",4605.8223178434855,23,9.3769966168681065E-2,38]
[null,"Connecticut",7403.4904512193289,4,0.11129448778104316,15]
[null,"Delaware",4768.7952742644638,19,0.10675138991295889,20]
[null,"District of Columbia",10567.646149455359,1,0.15402270486652475,3]
[null,"Florida",3448.749171747193,47,8.1613396675282071E-2,50]
[null,"Georgia",3520.0366095300469,44,9.0960532346052059E-2,42]
[null,"Hawaii",6106.2931179538955,8,0.1317189332831796,4]
[null,"Idaho",3444.1916809553491,48,9.351616485127448E-2,39]
[null,"Illinois",5740.7831566507675,13,0.11743034990871853,8]
[null,"Indiana",3840.6140686860913,37,9.5123831108754664E-2,34]
[null,"Iowa",4764.6845106563369,20,0.10787879673206356,17]
[null,"Kansas",4394.6714644456288,26,9.4580096196269364E-2,35]
[null,"Kentucky",3784.5941379769642,39,0.10249772947964887,27]
[null,"Louisiana",3949.3054370697446,34,9.4475472395055604E-2,36]
[null,"Maine",5111.7355419205032,15,0.12393916300541355,5]
[null,"Maryland",5851.784358162512,11,0.1088438417155496,16]
[null,"Massachusetts",6339.6623963313523,7,0.1076133260379656,18]
[null,"Michigan",4009.39639066481,33,9.8220293615875989E-2,30]
[null,"MINNESOTA",5952.7323089021484,9,0.12155161317297405,7]
[null,"Mississippi",3677.8923504093564,41,0.10724532577996655,19]
[null,"Missouri",3650.6787822100437,42,8.8949291192656973E-2,44]
[null,"Montana",4060.3520120740977,32,0.1001847525206897,29]
[null,"Nebraska",5057.6267820892244,16,0.10514537616825649,23]
[null,"Nevada",4110.3235211790825,30,0.10272851808724293,26]
[null,"New Hampshire",4648.9428884608615,22,8.8816476911384584E-2,45]
[null,"New Jersey",6662.1665555617683,5,0.11604796178129864,9]
[null,"New Mexico",4156.7659048036176,28,0.11300594784088587,14]
[null,"New York",8711.1466824088584,3,0.15560763372715375,2]
[null,"North Carolina",3788.5010311927081,38,9.6805615332204456E-2,32]
[null,"North Dakota",9206.8108083761326,2,0.16165647502446764,1]
[null,"Ohio",4416.3952703896166,25,0.10476589936201086,24]
[null,"Oklahoma",3703.4543239302388,40,8.252710095628088E-2,48]
[null,"Oregon",4373.8100756945596,27,0.10594581272154981,21]
[null,"Pennsylvania",4953.9223304917787,17,0.10325968886197787,25]
[null,"Rhode Island",5419.9121899848096,14,0.11343531197291493,13]
[null,"South Carolina",3427.5200652110416,49,9.3827808118056244E-2,37]
[null,"South Dakota",3855.2543452500836,36,8.4098813806134626E-2,47]
[null,"Tennessee",3272.4108087637082,50,8.2123525743752923E-2,49]
[null,"Texas",4122.6165257324019,29,9.1561792836445832E-2,41]
[null,"Utah",3635.1298880337376,43,9.7872943043733562E-2,31]
[null,"Vermont",5815.2821260138835,12,0.12295854335695011,6]
[null,"Virginia",4466.0405865252378,24,8.9570252185124669E-2,43]
[null,"Washington",4776.9976811936222,18,9.5181395796918311E-2,33]
[null,"West Virginia",4107.5967772005906,31,0.11441847430042842,11]
[null,"Wisconsin",4670.6893570269795,21,0.10546699757297875,22]
[null,"Wyoming",6393.6891530825696,6,0.11394443539678048,12]
[]
[null,"U.S. Average",4881.0761886849559,null,0.10579831572841117]
[null,"Source:  Census Bureau - Fiscal Year data, includes Wash. D.C."]
[null,{"$f":"'Total Tax Collections tables'!B62","v":"Reflects revised BEA State Personal Incomes as of October 2020 and Census population estimates as of October 2020"}]
[]
[null,"Per capita calculations use the latest US Census mid-year population estimates for July 1"]
[null,"of the fiscal year.  Percent of income calculations use the latest US BEA state personal"]
[null,"income estimates for the calendar year that includes the first half of the fiscal year."]

{"sheet":"14 Total Tax Collections - S&L","index":8,"n_rows":65,"n_cols":6,"rows_kept":65,"cut":false,"hidden":true,"merged":[]}
[]
[null,"Total Tax Collections - State and Local"]
[null,null,"FY",2014]
[]
[null,null,"Per Capita",null,"% of Income"]
[null,"State","Amount","Rank","Amount","Rank"]
[null,"Alabama",3003.7974782861133,51,8.4194942922553931E-2,46]
[null,"Alaska",7558.6496630265838,4,0.14686393458974881,4]
[null,"Arizona",3349.9482811961261,46,9.2953543636428992E-2,40]
[null,"Arkansas",3755.7484010311059,36,0.10466208305889962,23]
[null,"California",5464.3285132860456,14,0.11351750237492389,13]
[null,"Colorado",4370.1664109489075,24,9.4786239338127645E-2,39]
[null,"Connecticut",7254.6988715915068,5,0.11299342935923205,15]
[null,"Delaware",4411.5191433106438,22,0.10167512196579383,27]
[null,"District of Columbia",9678.8446218162226,2,0.14766335338931172,3]
[null,"Florida",3325.0976519830992,47,8.2780290436723067E-2,50]
[null,"Georgia",3380.078140373706,45,9.1863359568417707E-2,42]
[null,"Hawaii",5721.0122646325171,9,0.12905972426505666,5]
[null,"Idaho",3237.3501100682447,48,9.1841078341764998E-2,43]
[null,"Illinois",5503.8447119357043,13,0.11788117343974173,9]
[null,"Indiana",3749.2178062549115,37,9.6150154347132838E-2,36]
[null,"Iowa",4425.9855921596636,21,0.10301393253714365,25]
[null,"Kansas",4382.4099111528058,23,9.5762990678452703E-2,37]
[null,"Kentucky",3606.8992537372619,40,0.1016509226096735,28]
[null,"Louisiana",3889.6440958028174,32,9.7441095028712829E-2,32]
[null,"Maine",4805.3285479503938,17,0.12128190748700758,7]
[null,"Maryland",5608.8726969254913,11,0.10714809109961759,19]
[null,"Massachusetts",6018.2768335760275,7,0.10592381839425788,20]
[null,"Michigan",3774.3457465267184,35,9.641406262067688E-2,35]
[null,"MINNESOTA",5644.6205274825788,10,0.12021855338943202,8]
[null,"Mississippi",3502.9257452212269,43,0.10517548971324771,21]
[null,"Missouri",3474.8296053575937,44,8.7452139813076549E-2,44]
[null,"Montana",3841.1768098882849,34,9.8043505769637856E-2,31]
[null,"Nebraska",4882.8452883748996,16,0.10715157377029369,18]
[null,"Nevada",3882.0729025952228,33,0.10136044459395319,29]
[null,"New Hampshire",4325.0335091135003,25,8.4188683117730312E-2,47]
[null,"New Jersey",6457.9854949035862,6,0.11666564336953587,10]
[null,"New Mexico",3972.329171435375,30,0.1141846074071441,11]
[null,"New York",8422.8954868051678,3,0.15491381577152791,2]
[null,"North Carolina",3624.5719544785752,39,9.6758942294347491E-2,33]
[null,"North Dakota",9747.3226256379203,1,0.1789756728652204,1]
[null,"Ohio",4207.9863844708589,27,0.10364231608781997,24]
[null,"Oklahoma",3567.1609457539512,41,8.4115126323084211E-2,48]
[null,"Oregon",4102.7121708126579,28,0.10493906121346622,22]
[null,"Pennsylvania",4707.9395632640153,18,0.10215108786251247,26]
[null,"Rhode Island",5172.4888096502536,15,0.11183279876203851,16]
[null,"South Carolina",3220.5745967115604,49,9.2414056304429504E-2,41]
[null,"South Dakota",3686.7391306897689,38,8.3353032366753885E-2,49]
[null,"Tennessee",3093.0827148777562,50,8.0301087744767879E-2,51]
[null,"Texas",4049.8117054412564,29,9.4976461660654043E-2,38]
[null,"Utah",3506.3786696471184,42,9.8554902323868196E-2,30]
[null,"Vermont",5539.6309953683021,12,0.12147405371346327,6]
[null,"Virginia",4209.1487551596829,26,8.7378379387860375E-2,45]
[null,"Washington",4562.8152379094654,20,9.6608652858360622E-2,34]
[null,"West Virginia",3956.9275645193925,31,0.11391944764727532,12]
[null,"Wisconsin",4584.2422265857203,19,0.10757815541552672,17]
[null,"Wyoming",5949.8870883178379,8,0.113048443510351,14]
[]
[null,"U.S. Average",4679.8076456076624,null,0.10596488276318937]
[null,"Source:  Census Bureau - Fiscal Year data, includes Wash. D.C."]
[null,{"$f":"'Total Tax Collections tables'!B62","v":"Reflects revised BEA State Personal Incomes as of October 2020 and Census population estimates as of October 2020"}]
[]
[null,"Per capita calculations use the latest US Census mid-year population estimates for July 1"]
[null,"of the fiscal year.  Percent of income calculations use the latest US BEA state personal"]
[null,"income estimates for the calendar year that includes the first half of the fiscal year."]

{"sheet":"13 Total Tax Collections - S&L","index":9,"n_rows":65,"n_cols":6,"rows_kept":65,"cut":false,"hidden":true,"merged":[]}
[]
[null,"Total Tax Collections - State and Local"]
[null,null,"FY",2013]
[]
[null,null,"Per Capita",null,"% of Income"]
[null,"State","Amount","Rank","Amount","Rank"]
[null,"Alabama",3048.2729338563672,51,8.4819480374208209E-2,47]
[null,"Alaska",9211.2261032054048,2,0.17776001361211835,1]
[null,"Arizona",3416.8446366719909,45,9.3935091247110303E-2,39]
[null,"Arkansas",3639.23343037103,37,0.10057387400771355,28]
[null,"California",5327.5550859829491,14,0.11292375956375254,13]
[null,"Colorado",4338.8351875839953,24,9.4935896235564726E-2,35]
[null,"Connecticut",7262.7914514974,5,0.11585402062612374,10]
[null,"Delaware",4611.1300228129157,20,0.10400098801502866,18]
[null,"District of Columbia",9514.0668780983469,1,0.14108836747846221,4]
[null,"Florida",3378.4888356493698,46,8.2916656902725053E-2,49]
[null,"Georgia",3324.3060494445212,47,8.9886865256474102E-2,43]
[null,"Hawaii",5707.9612284518707,9,0.12972996623384064,5]
[null,"Idaho",3165.3171377461967,49,9.1817423010773822E-2,40]
[null,"Illinois",5373.988834391811,13,0.11680051994333995,9]
[null,"Indiana",3792.6449634564578,34,0.10034255758162071,29]
[null,"Iowa",4458.6896033405083,21,0.1031400382914658,22]
[null,"Kansas",4457.4183919879224,22,0.10224746228107484,24]
[null,"Kentucky",3508.3733090826418,41,9.8296459808753289E-2,32]
[null,"Louisiana",3796.2202411630838,33,9.4134425093449464E-2,38]
[null,"Maine",4818.4941352129554,16,0.12172926379023484,7]
[null,"Maryland",5469.9880728566523,11,0.10382968449927904,19]
[null,"Massachusetts",5722.9759077988492,8,0.10164540842513552,25]
[null,"Michigan",3749.5238122172746,35,9.7162065833107561E-2,34]
[null,"MINNESOTA",5548.4797550650383,10,0.11819092232302693,8]
[null,"Mississippi",3431.1522392690545,44,0.10374470956008386,20]
[null,"Missouri",3459.7728745333166,43,8.6964627679756795E-2,44]
[null,"Montana",3797.8868338193338,32,9.8020646908933834E-2,33]
[null,"Nebraska",4652.9818648692026,18,0.10284859283039577,23]
[null,"Nevada",3876.8330032691051,30,9.9559404445010713E-2,30]
[null,"New Hampshire",4196.9636943734595,27,8.3117558419438034E-2,48]
[null,"New Jersey",6309.308995772496,6,0.11482459423892526,11]
[null,"New Mexico",3673.4758420424655,36,0.10334382480023166,21]
[null,"New York",8048.9516242724103,4,0.15089188247268007,3]
[null,"North Carolina",3609.6586721639028,38,9.4312644560554132E-2,37]
[null,"North Dakota",8822.665299477907,3,0.16426412460722545,2]
[null,"Ohio",4274.428995201617,25,0.10618416650977219,17]
[null,"Oklahoma",3491.9563347221483,42,8.4844041233383766E-2,46]
[null,"Oregon",3908.6305348991732,28,0.1007620133089287,27]
[null,"Pennsylvania",4625.9052268480336,19,0.10115009731421085,26]
[null,"Rhode Island",5130.9561801423934,15,0.11136322055817892,15]
[null,"South Carolina",3196.3605730777285,48,9.1013353332199343E-2,41]
[null,"South Dakota",3508.6126326499225,40,7.9342458098361615E-2,51]
[null,"Tennessee",3106.1044036988174,50,7.9868574741234488E-2,50]
[null,"Texas",3863.0302761356184,31,9.0178469921055757E-2,42]
[null,"Utah",3508.7187487623487,39,9.9134064426836546E-2,31]
[null,"Vermont",5420.2755732871547,12,0.12258365415923766,6]
[null,"Virginia",4238.907820933432,26,8.6727208712603726E-2,45]
[null,"Washington",4415.8484363386478,23,9.4313210227505481E-2,36]
[null,"West Virginia",3899.0758155084905,29,0.11002647712301676,16]
[null,"Wisconsin",4803.2644033335573,17,0.11348707289292045,12]
[null,"Wyoming",5794.852271616498,7,0.11231168315267918,14]
[]
[null,"U.S. Average",4599.7870380344284,null,0.10467835594054722]
[null,"Source:  Census Bureau - Fiscal Year data, includes Wash. D.C."]
[null,{"$f":"'Total Tax Collections tables'!B62","v":"Reflects revised BEA State Personal Incomes as of October 2020 and Census population estimates as of October 2020"}]
[]
[null,"Per capita calculations use the latest US Census mid-year population estimates for July 1"]
[null,"of the fiscal year.  Percent of income calculations use the latest US BEA state personal"]
[null,"income estimates for the calendar year that includes the first half of the fiscal year."]

{"sheet":"12 Total Tax Collections - S&L","index":10,"n_rows":65,"n_cols":6,"rows_kept":65,"cut":false,"hidden":true,"merged":[]}
[]
[null,"Total Tax Collections - State and Local"]
[null,null,"FY",2012]
[]
[null,null,"Per Capita",null,"% of Income"]
[null,"State","Amount","Rank","Amount","Rank"]
[null,"Alabama",2963.6171590682816,51,8.4440692824726757E-2,47]
[null,"Alaska",11868.480145727463,1,0.23758998257942024,1]
[null,"Arizona",3378.2769558122354,43,9.5871742360176634E-2,37]
[null,"Arkansas",3523.8672737302168,38,0.10415344515986956,22]
[null,"California",4826.4669840318447,15,0.10861976411870515,16]
[null,"Colorado",4066.6604259735341,24,9.2987449380697987E-2,39]
[null,"Connecticut",6947.0725393142857,5,0.11610507396668113,7]
[null,"Delaware",4502.2620240562901,18,0.10442466323082779,17]
[null,"District of Columbia",9380.2550437402224,3,0.14260596538948214,5]
[null,"Florida",3383.9837709973544,45,8.4543021350439049E-2,48]
[null,"Georgia",3257.9405239492989,46,8.9991297148738297E-2,42]
[null,"Hawaii",5346.2866596631866,9,0.12581166555729967,6]
[null,"Idaho",3041.9047213295935,49,9.1388242015426044E-2,41]
[null,"Illinois",5163.3953175131637,11,0.1166961705239189,10]
[null,"Indiana",3751.0655320364685,32,0.10351678605992816,24]
[null,"Iowa",4407.7745953697477,20,0.10520244813531855,21]
[null,"Kansas",4333.4720354670944,22,0.10277810183377659,23]
[null,"Kentucky",3429.4163804824775,41,9.9464398746276578E-2,30]
[null,"Louisiana",3682.6857493880975,33,9.6218377995255927E-2,38]
[null,"Maine",4618.829427310654,17,0.11975330912789239,9]
[null,"Maryland",5281.0835311013561,13,0.10276917654967946,32]
[null,"Massachusetts",5567.1455049581091,8,0.10318019120762051,25]
[null,"Michigan",3664.5800965097274,34,9.8243612534582386E-2,33]
[null,"MINNESOTA",5225.0151149264102,10,0.11626162775143767,11]
[null,"Mississippi",3252.9434027987113,47,0.10197667325453104,27]
[null,"Missouri",3382.0770436420871,42,8.9123822767307653E-2,45]
[null,"Montana",3603.2231780706893,36,9.822528648098322E-2,34]
[null,"Nebraska",4378.5098166837561,21,0.10066501823241288,29]
[null,"Nevada",3845.1950978520254,28,0.10323335103001478,20]
[null,"New Hampshire",3997.7205872893228,27,8.3484342268672018E-2,50]
[null,"New Jersey",6072.6249882674638,7,0.11380184072918186,12]
[null,"New Mexico",3655.9958979121179,35,0.1061246203032873,19]
[null,"New York",7738.7279561295036,4,0.15063647622816317,3]
[null,"North Carolina",3534.4427800042699,37,9.746539497447558E-2,35]
[null,"North Dakota",7315.3097477447973,2,0.15664173690251304,2]
[null,"Ohio",4054.1713776998754,25,0.10453359542770098,18]
[null,"Oklahoma",3474.8364123856404,39,8.9747122528773773E-2,43]
[null,"Oregon",3796.8620654636916,30,0.10204900427917013,28]
[null,"Pennsylvania",4465.3044844003916,19,0.10167091363325063,26]
[null,"Rhode Island",5007.1788770924932,14,0.11308866186114108,15]
[null,"South Carolina",3028.261038548158,50,8.9409504857883404E-2,44]
[null,"South Dakota",3469.3810797825627,40,7.9415991042470213E-2,51]
[null,"Tennessee",3005.1968338783749,48,8.1235893082261909E-2,49]
[null,"Texas",3746.5101704152598,31,9.2388504414162978E-2,40]
[null,"Utah",3345.7735993191295,44,9.8635772751269377E-2,31]
[null,"Vermont",5127.5051963767446,12,0.11997353443951896,8]
[null,"Virginia",4061.960310856065,26,8.6049567704935728E-2,46]
[null,"Washington",4267.2695312885116,23,9.6302040242760178E-2,36]
[null,"West Virginia",3804.2302816973493,29,0.11127656341793504,14]
[null,"Wisconsin",4627.0599686855076,16,0.11365449051149967,13]
[null,"Wyoming",6305.0599570250224,6,0.13044359096701749,4]
[]
[null,"U.S. Average",4418.6714830458441,null,0.10487951148892849]
[null,"Source:  Census Bureau - Fiscal Year data, includes Wash. D.C."]
[null,{"$f":"'Total Tax Collections tables'!B62","v":"Reflects revised BEA State Personal Incomes as of October 2020 and Census population estimates as of October 2020"}]
[]
[null,"Per capita calculations use the latest US Census mid-year population estimates for July 1"]
[null,"of the fiscal year.  Percent of income calculations use the latest US BEA state personal"]
[null,"income estimates for the calendar year that includes the first half of the fiscal year."]

{"sheet":"11 Total Tax Collections - S&L","index":11,"n_rows":65,"n_cols":6,"rows_kept":65,"cut":false,"hidden":true,"merged":[]}
[]
[null,"Total Tax Collections - State and Local"]
[null,null,"FY",2011]
[]
[null,null,"Per Capita",null,"% of Income"]
[null,"State","Amount","Rank","Amount","Rank"]
[null,"Alabama",2889.15,51,8.5999999999999993E-2,49]
[null,"Alaska",10073.99,1,0.223,1]
[null,"Arizona",3348.45,40,9.9000000000000005E-2,36]
[null,"Arkansas",3385.89,39,0.106,21]
[null,"California",4915.04,12,0.11700000000000001,11]
[null,"Colorado",4259.3,20,0.10299999999999999,28]
[null,"Connecticut",6346.38,6,0.115,14]
[null,"Delaware",4484.18,18,0.11,17]
[null,"District of Columbia",8673.07,2,0.127,5]
[null,"Florida",3419.89,38,0.09,44]
[null,"Georgia",3172.78,46,9.2999999999999999E-2,42]
[null,"Hawaii",4769.33,14,0.11600000000000001,13]
[null,"Idaho",2974.86,49,9.4E-2,41]
[null,"Illinois",4630.88,15,0.11,16]
[null,"Indiana",3552.98,33,0.104,27]
[null,"Iowa",4128.18,23,0.106,20]
[null,"Kansas",4095.92,24,0.106,23]
[null,"Kentucky",3333.42,41,0.10199999999999999,31]
[null,"Louisiana",3631.31,32,9.8000000000000004E-2,39]
[null,"Maine",4556.88,16,0.123,7]
[null,"Maryland",4972.47,11,0.1,34]
[null,"Massachusetts",5424.72,8,0.106,22]
[null,"Michigan",3655.26,30,0.104,26]
[null,"MINNESOTA",5016.13,9,0.11899999999999999,8]
[null,"Mississippi",3113.12,47,0.10100000000000001,32]
[null,"Missouri",3268.75,43,8.8999999999999996E-2,46]
[null,"Montana",3442.64,37,0.1,35]
[null,"Nebraska",4234.29,21,0.107,19]
[null,"Nevada",3755.23,29,0.10299999999999999,29]
[null,"New Hampshire",4030.4,25,0.09,45]
[null,"New Jersey",6015.99,7,0.11799999999999999,9]
[null,"New Mexico",3487.6,36,0.106,24]
[null,"New York",7421.64,3,0.151,3]
[null,"North Carolina",3492.93,35,9.9000000000000005E-2,37]
[null,"North Dakota",6877.57,4,0.16200000000000001,2]
[null,"Ohio",3909.86,27,0.108,18]
[null,"Oklahoma",3173.91,45,8.8999999999999996E-2,48]
[null,"Oregon",3647.84,31,0.10199999999999999,30]
[null,"Pennsylvania",4376.2700000000004,19,0.105,25]
[null,"Rhode Island",4835.45,13,0.112,15]
[null,"South Carolina",2940.89,50,9.0999999999999998E-2,43]
[null,"South Dakota",3277.29,42,8.1000000000000003E-2,51]
[null,"Tennessee",2980.99,48,8.5000000000000006E-2,50]
[null,"Texas",3541.63,34,9.4E-2,40]
[null,"Utah",3218.2,44,0.10100000000000001,33]
[null,"Vermont",5011.43,10,0.125,6]
[null,"Virginia",3967.36,26,8.8999999999999996E-2,47]
[null,"Washington",4163.6400000000003,22,9.9000000000000005E-2,38]
[null,"West Virginia",3760.44,28,0.11799999999999999,10]
[null,"Wisconsin",4484.43,17,0.11600000000000001,12]
[null,"Wyoming",6474.44,5,0.14399999999999999,4]
[]
[null,"U.S. Average",4295.54,null,0.108]
[null,"Source:  Census Bureau - Fiscal Year data, includes Wash. D.C."]
[null,{"$f":"'Total Tax Collections tables'!B62","v":"Reflects revised BEA State Personal Incomes as of October 2020 and Census population estimates as of October 2020"}]
[]
[null,"Per capita calculations use the latest US Census mid-year population estimates for July 1"]
[null,"of the fiscal year.  Percent of income calculations use the latest US BEA state personal"]
[null,"income estimates for the calendar year that includes the first half of the fiscal year."]

{"sheet":"10 Total Tax Collections - S&L","index":12,"n_rows":65,"n_cols":6,"rows_kept":65,"cut":false,"hidden":true,"merged":[]}
[]
[null,"Total Tax Collections - State and Local"]
[null,null,"FY",2010]
[]
[null,null,"Per Capita",null,"% of Income"]
[null,"State","Amount","Rank","Amount","Rank"]
[null,"Alabama",2817.62,50,8.5999999999999993E-2,49]
[null,"Alaska",8636.7199999999993,1,0.19900000000000001,1]
[null,"Arizona",3147.9,43,9.4E-2,41]
[null,"Arkansas",3245.97,38,0.104,20]
[null,"California",4612.78,12,0.112,12]
[null,"Colorado",4046.76,19,9.9000000000000005E-2,30]
[null,"Connecticut",5972.23,5,0.112,14]
[null,"Delaware",3971.55,22,9.8000000000000004E-2,35]
[null,"District of Columbia",8313.8700000000008,2,0.125,5]
[null,"Florida",3490.71,34,9.4E-2,39]
[null,"Georgia",3094.79,44,9.0999999999999998E-2,42]
[null,"Hawaii",4837.3100000000004,10,0.11899999999999999,8]
[null,"Idaho",2762.29,51,8.7999999999999995E-2,47]
[null,"Illinois",4258.57,17,0.10299999999999999,21]
[null,"Indiana",3591.67,30,0.107,16]
[null,"Iowa",3913.99,25,0.10199999999999999,26]
[null,"Kansas",3988.78,20,0.104,19]
[null,"Kentucky",3168.13,39,9.9000000000000005E-2,33]
[null,"Louisiana",3560.09,31,9.9000000000000005E-2,29]
[null,"Maine",4373.92,15,0.11899999999999999,7]
[null,"Maryland",4852.1499999999996,9,0.1,28]
[null,"Massachusetts",5083.79,8,0.10199999999999999,25]
[null,"Michigan",3612.23,29,0.105,18]
[null,"MINNESOTA",4585.43,13,0.112,13]
[null,"Mississippi",3011.7,46,0.1,27]
[null,"Missouri",3161.24,40,8.7999999999999995E-2,48]
[null,"Montana",3247.78,37,9.7000000000000003E-2,36]
[null,"Nebraska",3988.14,21,0.10199999999999999,24]
[null,"Nevada",3751.68,28,0.10299999999999999,23]
[null,"New Hampshire",3922.13,24,0.09,43]
[null,"New Jersey",5788.54,6,0.11600000000000001,9]
[null,"New Mexico",3155.14,42,9.8000000000000004E-2,34]
[null,"New York",7029.52,3,0.14799999999999999,2]
[null,"North Carolina",3415.93,36,9.9000000000000005E-2,31]
[null,"North Dakota",5157.8599999999997,7,0.13100000000000001,4]
[null,"Ohio",3752.43,27,0.106,17]
[null,"Oklahoma",3029.33,45,8.7999999999999995E-2,46]
[null,"Oregon",3494.44,33,9.9000000000000005E-2,32]
[null,"Pennsylvania",4153.5200000000004,18,0.10299999999999999,22]
[null,"Rhode Island",4573.55,14,0.111,15]
[null,"South Carolina",2853.28,49,8.8999999999999996E-2,44]
[null,"South Dakota",3156.99,41,8.2000000000000003E-2,51]
[null,"Tennessee",2864.09,48,8.4000000000000005E-2,50]
[null,"Texas",3428.45,35,9.4E-2,38]
[null,"Utah",3002.48,47,9.4E-2,40]
[null,"Vermont",4720.05,11,0.12,6]
[null,"Virginia",3865.9,26,8.8999999999999996E-2,45]
[null,"Washington",3966.6,23,9.5000000000000001E-2,37]
[null,"West Virginia",3508.99,32,0.113,11]
[null,"Wisconsin",4316.92,16,0.113,10]
[null,"Wyoming",6249.45,4,0.14499999999999999,3]
[]
[null,"U.S. Average",4108.59,null,0.105]
[null,"Source:  Census Bureau - Fiscal Year data, includes Wash. D.C."]
[null,{"$f":"'Total Tax Collections tables'!B62","v":"Reflects revised BEA State Personal Incomes as of October 2020 and Census population estimates as of October 2020"}]
[]
[null,"Per capita calculations use the latest US Census mid-year population estimates for July 1"]
[null,"of the fiscal year.  Percent of income calculations use the latest US BEA state personal"]
[null,"income estimates for the calendar year that includes the first half of the fiscal year."]

{"sheet":"09 Total Tax Collections - S&L","index":13,"n_rows":65,"n_cols":6,"rows_kept":65,"cut":false,"hidden":true,"merged":[]}
[]
[null,"Total Tax Collections - State and Local"]
[null,null,"FY",2009]
[]
[null,null,"Per Capita",null,"% of Income"]
[null,"State","Amount","Rank","Amount","Rank"]
[null,"Alabama",2866.97,50,8.5000000000000006E-2,49]
[null,"Alaska",9405.0499999999993,1,0.21199999999999999,1]
[null,"Arizona",3128.52,46,9.1999999999999998E-2,41]
[null,"Arkansas",3282.92,40,0.10199999999999999,21]
[null,"California",4625.79,12,0.107,13]
[null,"Colorado",3995.75,24,9.5000000000000001E-2,36]
[null,"Connecticut",5978.26,5,0.106,16]
[null,"Delaware",4045.85,21,9.8000000000000004E-2,31]
[null,"District of Columbia",8359.9,2,0.123,5]
[null,"Florida",3691.34,31,9.2999999999999999E-2,37]
[null,"Georgia",3197.37,44,9.1999999999999998E-2,39]
[null,"Hawaii",4947.26,8,0.11600000000000001,8]
[null,"Idaho",2922.97,48,0.09,43]
[null,"Illinois",4280.1000000000004,17,0.1,27]
[null,"Indiana",3725.5,30,0.107,14]
[null,"Iowa",3968.86,25,0.1,25]
[null,"Kansas",4100.41,19,0.10100000000000001,23]
[null,"Kentucky",3221.38,42,9.9000000000000005E-2,30]
[null,"Louisiana",3911.39,26,0.105,19]
[null,"Maine",4351.5200000000004,15,0.11799999999999999,6]
[null,"Maryland",4911.51,10,9.9000000000000005E-2,29]
[null,"Massachusetts",4913.9799999999996,9,9.7000000000000003E-2,32]
[null,"Michigan",3603.19,32,0.10100000000000001,22]
[null,"MINNESOTA",4555.33,13,0.106,15]
[null,"Mississippi",3057.45,47,0.1,28]
[null,"Missouri",3258.96,41,8.7999999999999995E-2,47]
[null,"Montana",3579.23,33,0.10299999999999999,20]
[null,"Nebraska",4081.32,20,0.10100000000000001,24]
[null,"Nevada",3833.87,27,9.6000000000000002E-2,35]
[null,"New Hampshire",3767.23,29,8.5000000000000006E-2,48]
[null,"New Jersey",5905.67,6,0.114,9]
[null,"New Mexico",3503.48,36,0.105,18]
[null,"New York",6940,4,0.14299999999999999,3]
[null,"North Carolina",3391.73,37,9.6000000000000002E-2,34]
[null,"North Dakota",5137.6400000000003,7,0.124,4]
[null,"Ohio",3821.74,28,0.105,17]
[null,"Oklahoma",3361.37,38,0.09,44]
[null,"Oregon",3328.43,39,9.1999999999999998E-2,40]
[null,"Pennsylvania",4130.3900000000003,18,0.1,26]
[null,"Rhode Island",4530.6899999999996,14,0.108,12]
[null,"South Carolina",2914.94,49,8.8999999999999996E-2,46]
[null,"South Dakota",3198.37,43,8.1000000000000003E-2,51]
[null,"Tennessee",2860.58,51,8.2000000000000003E-2,50]
[null,"Texas",3525.38,34,9.0999999999999998E-2,42]
[null,"Utah",3136.34,45,9.6000000000000002E-2,33]
[null,"Vermont",4698.1400000000003,11,0.11700000000000001,7]
[null,"Virginia",3996.5,23,0.09,45]
[null,"Washington",4037.78,22,9.2999999999999999E-2,38]
[null,"West Virginia",3515.73,35,0.112,10]
[null,"Wisconsin",4282.4799999999996,16,0.111,11]
[null,"Wyoming",7468.2,3,0.152,2]
[]
[null,"U.S. Average",4161.63,null,0.10299999999999999]
[null,"Source:  Census Bureau - Fiscal Year data, includes Wash. D.C."]
[null,{"$f":"'Total Tax Collections tables'!B62","v":"Reflects revised BEA State Personal Incomes as of October 2020 and Census population estimates as of October 2020"}]
[]
[null,"Per capita calculations use the latest US Census mid-year population estimates for July 1"]
[null,"of the fiscal year.  Percent of income calculations use the latest US BEA state personal"]
[null,"income estimates for the calendar year that includes the first half of the fiscal year."]

{"sheet":"08 Total Tax Collections - S&L","index":14,"n_rows":65,"n_cols":6,"rows_kept":65,"cut":false,"hidden":true,"merged":[]}
[]
[null,"Total Tax Collections - State and Local"]
[null,null,"FY",2008]
[]
[null,null,"Per Capita",null,"% of Income"]
[null,"State","Amount","Rank","Amount","Rank"]
[null,"Alabama",2997.8,51,9.1999999999999998E-2,48]
[null,"Alaska",14594.36,1,0.35299999999999998,1]
[null,"Arizona",3451.48,39,0.10100000000000001,35]
[null,"Arkansas",3279.6,45,0.106,28]
[null,"California",5085.1099999999997,9,0.11899999999999999,11]
[null,"Colorado",3969.23,28,9.7000000000000003E-2,43]
[null,"Connecticut",6427.43,5,0.115,14]
[null,"Delaware",4244.82,20,0.104,33]
[null,"District of Columbia",9147.9699999999993,2,0.14599999999999999,4]
[null,"Florida",3988.94,27,0.1,37]
[null,"Georgia",3466.17,38,0.10100000000000001,36]
[null,"Hawaii",5246.15,7,0.128,6]
[null,"Idaho",3222.92,46,9.9000000000000005E-2,41]
[null,"Illinois",4376.6400000000003,16,0.105,30]
[null,"Indiana",3699.33,32,0.109,20]
[null,"Iowa",3848.91,29,0.104,32]
[null,"Kansas",4244.6099999999997,21,0.112,19]
[null,"Kentucky",3294.68,44,0.105,31]
[null,"Louisiana",4035.22,25,0.115,13]
[null,"Maine",4502.6499999999996,15,0.126,7]
[null,"Maryland",4806.7299999999996,11,0.1,39]
[null,"Massachusetts",5218.7700000000004,8,0.106,29]
[null,"Michigan",3764.06,30,0.108,22]
[null,"MINNESOTA",4725.66,12,0.114,16]
[null,"Mississippi",3121.83,47,0.106,27]
[null,"Missouri",3319.52,43,9.4E-2,47]
[null,"Montana",3556.91,36,0.107,25]
[null,"Nebraska",4168.3100000000004,23,0.108,21]
[null,"Nevada",4060.15,24,0.1,38]
[null,"New Hampshire",3753.77,31,8.6999999999999994E-2,50]
[null,"New Jersey",6208.23,6,0.122,8]
[null,"New Mexico",3677.09,34,0.115,12]
[null,"New York",7096.89,3,0.15,3]
[null,"North Carolina",3687.61,33,0.107,26]
[null,"North Dakota",4934.91,10,0.13400000000000001,5]
[null,"Ohio",4032.17,26,0.114,17]
[null,"Oklahoma",3386.92,41,9.8000000000000004E-2,42]
[null,"Oregon",3376.63,42,9.6000000000000002E-2,44]
[null,"Pennsylvania",4304.53,18,0.108,23]
[null,"Rhode Island",4629.1400000000003,14,0.113,18]
[null,"South Carolina",3056.83,49,9.6000000000000002E-2,46]
[null,"South Dakota",3109.79,48,8.5000000000000006E-2,51]
[null,"Tennessee",3035.91,50,0.09,49]
[null,"Texas",3587.61,35,9.9000000000000005E-2,40]
[null,"Utah",3436.19,40,0.107,24]
[null,"Vermont",4721.6000000000004,13,0.122,9]
[null,"Virginia",4184.13,22,9.6000000000000002E-2,45]
[null,"Washington",4349,17,0.10299999999999999,34]
[null,"West Virginia",3539.28,37,0.12,10]
[null,"Wisconsin",4298.8500000000004,19,0.114,15]
[null,"Wyoming",6942.65,4,0.151,2]
[]
[null,"U.S. Average",4368.29,null,0.111]
[null,"Source:  Census Bureau - Fiscal Year data, includes Wash. D.C."]
[null,{"$f":"'Total Tax Collections tables'!B62","v":"Reflects revised BEA State Personal Incomes as of October 2020 and Census population estimates as of October 2020"}]
[]
[null,"Per capita calculations use the latest US Census mid-year population estimates for July 1"]
[null,"of the fiscal year.  Percent of income calculations use the latest US BEA state personal"]
[null,"income estimates for the calendar year that includes the first half of the fiscal year."]

{"sheet":"07 Total Tax Collections - S&L","index":15,"n_rows":65,"n_cols":6,"rows_kept":65,"cut":false,"hidden":true,"merged":[]}
[]
[null,"Total Tax Collections - State and Local"]
[null,null,"FY",2007]
[]
[null,null,"Per Capita",null,"% of Income"]
[null,"State","Amount","Rank","Amount","Rank"]
[null,"Alabama",2913.05,51,9.1999999999999998E-2,49]
[null,"Alaska",7247.25,2,0.187,1]
[null,"Arizona",3666.97,32,0.111,22]
[null,"Arkansas",3223.29,44,0.11,24]
[null,"California",4965.2,8,0.12,12]
[null,"Colorado",3841.04,28,9.7000000000000003E-2,46]
[null,"Connecticut",6180.8,5,0.11700000000000001,14]
[null,"Delaware",4226.1000000000004,17,0.105,33]
[null,"District of Columbia",8854.2099999999991,1,0.15,3]
[null,"Florida",3994.49,26,0.104,38]
[null,"Georgia",3470.8,35,0.105,34]
[null,"Hawaii",5138.17,7,0.13200000000000001,5]
[null,"Idaho",3158.93,46,0.10100000000000001,40]
[null,"Illinois",4309.38,15,0.108,28]
[null,"Indiana",3435.89,37,0.104,36]
[null,"Iowa",3663.08,33,0.106,31]
[null,"Kansas",4090.38,21,0.114,19]
[null,"Kentucky",3216.9,45,0.106,32]
[null,"Louisiana",4020.76,25,0.123,10]
[null,"Maine",4363.3900000000003,14,0.127,7]
[null,"Maryland",4618.12,11,0.1,43]
[null,"Massachusetts",4941.83,9,0.104,35]
[null,"Michigan",3690.85,30,0.109,26]
[null,"MINNESOTA",4558.17,12,0.11600000000000001,16]
[null,"Mississippi",3015.75,49,0.108,29]
[null,"Missouri",3234.75,43,9.5000000000000001E-2,47]
[null,"Montana",3407.79,40,0.109,27]
[null,"Nebraska",4084.86,22,0.113,20]
[null,"Nevada",4067.89,23,0.104,37]
[null,"New Hampshire",3599.65,34,8.6999999999999994E-2,51]
[null,"New Jersey",5954.68,6,0.123,9]
[null,"New Mexico",3783.92,29,0.124,8]
[null,"New York",6900.34,3,0.157,2]
[null,"North Carolina",3669.44,31,0.11,23]
[null,"North Dakota",4062.37,24,0.122,11]
[null,"Ohio",3961.12,27,0.11600000000000001,17]
[null,"Oklahoma",3271.74,42,9.7000000000000003E-2,45]
[null,"Oregon",3411.21,39,0.1,42]
[null,"Pennsylvania",4159.91,20,0.109,25]
[null,"Rhode Island",4537.05,13,0.11600000000000001,15]
[null,"South Carolina",3138.97,47,0.10199999999999999,39]
[null,"South Dakota",3005.06,50,0.09,50]
[null,"Tennessee",3027.24,48,9.2999999999999999E-2,48]
[null,"Texas",3439.55,36,9.9000000000000005E-2,44]
[null,"Utah",3412.83,38,0.113,21]
[null,"Vermont",4734.16,10,0.128,6]
[null,"Virginia",4193.3500000000004,18,0.1,41]
[null,"Washington",4259.1899999999996,16,0.108,30]
[null,"West Virginia",3356.2,41,0.11799999999999999,13]
[null,"Wisconsin",4163.4399999999996,19,0.115,18]
[null,"Wyoming",6202.98,4,0.14000000000000001,4]
[]
[null,"U.S. Average",4255.13,null,0.113]
[null,"Source:  Census Bureau - Fiscal Year data, includes Wash. D.C."]
[null,{"$f":"'Total Tax Collections tables'!B62","v":"Reflects revised BEA State Personal Incomes as of October 2020 and Census population estimates as of October 2020"}]
[]
[null,"Per capita calculations use the latest US Census mid-year population estimates for July 1"]
[null,"of the fiscal year.  Percent of income calculations use the latest US BEA state personal"]
[null,"income estimates for the calendar year that includes the first half of the fiscal year."]

{"sheet":"06 Total Tax Collections - S&L","index":16,"n_rows":65,"n_cols":6,"rows_kept":65,"cut":false,"hidden":true,"merged":[]}
[]
[null,"Total Tax Collections - State and Local"]
[null,null,"FY",2006]
[]
[null,null,"Per Capita",null,"% of Income"]
[null,"State","Amount","Rank","Amount","Rank"]
[null,"Alabama",2774.44,51,9.1999999999999998E-2,48]
[null,"Alaska",5410.59,6,0.14699999999999999,3]
[null,"Arizona",3439.02,35,0.112,22]
[null,"Arkansas",3105.44,45,0.112,23]
[null,"California",4726.22,9,0.122,11]
[null,"Colorado",3635.47,28,9.7000000000000003E-2,46]
[null,"Connecticut",5702.34,4,0.11600000000000001,18]
[null,"Delaware",4241.8999999999996,15,0.111,25]
[null,"District of Columbia",7809.7,1,0.14299999999999999,4]
[null,"Florida",3849.7,23,0.108,32]
[null,"Georgia",3317.49,37,0.105,37]
[null,"Hawaii",4859.99,7,0.13400000000000001,5]
[null,"Idaho",3071.89,46,0.105,36]
[null,"Illinois",4086.4,16,0.109,28]
[null,"Indiana",3550.98,31,0.113,21]
[null,"Iowa",3458.84,33,0.105,40]
[null,"Kansas",3790.27,25,0.114,20]
[null,"Kentucky",3157.87,42,0.109,29]
[null,"Louisiana",3732.13,26,0.11799999999999999,13]
[null,"Maine",4255.0200000000004,14,0.13200000000000001,6]
[null,"Maryland",4581.7299999999996,10,0.105,39]
[null,"Massachusetts",4738.24,8,0.107,33]
[null,"Michigan",3572.94,30,0.109,31]
[null,"MINNESOTA",4364.95,13,0.11600000000000001,16]
[null,"Mississippi",2823.54,50,0.105,38]
[null,"Missouri",3115.2,44,9.6000000000000002E-2,47]
[null,"Montana",3190.74,41,0.109,30]
[null,"Nebraska",3888.93,22,0.112,24]
[null,"Nevada",3915.87,21,0.104,41]
[null,"New Hampshire",3442.97,34,8.8999999999999996E-2,50]
[null,"New Jersey",5485.76,5,0.122,10]
[null,"New Mexico",3590.24,29,0.124,8]
[null,"New York",6359.94,2,0.155,2]
[null,"North Carolina",3468.89,32,0.109,27]
[null,"North Dakota",3718.08,27,0.11600000000000001,17]
[null,"Ohio",3840.34,24,0.11799999999999999,14]
[null,"Oklahoma",3147.6,43,0.10199999999999999,42]
[null,"Oregon",3391.62,36,0.106,35]
[null,"Pennsylvania",3935.11,20,0.11,26]
[null,"Rhode Island",4413.2,12,0.12,12]
[null,"South Carolina",2873,47,9.9000000000000005E-2,45]
[null,"South Dakota",2838.17,48,8.5999999999999993E-2,51]
[null,"Tennessee",2833.32,49,9.0999999999999998E-2,49]
[null,"Texas",3235.32,39,0.1,43]
[null,"Utah",3202.36,40,0.114,19]
[null,"Vermont",4440.74,11,0.128,7]
[null,"Virginia",3943.39,19,0.1,44]
[null,"Washington",3945.58,18,0.107,34]
[null,"West Virginia",3249.24,38,0.122,9]
[null,"Wisconsin",4001.14,17,0.11700000000000001,15]
[null,"Wyoming",6117.2,3,0.156,1]
[]
[null,"U.S. Average",4037.82,null,0.114]
[null,"Source:  Census Bureau - Fiscal Year data, includes Wash. D.C."]
[null,{"$f":"'Total Tax Collections tables'!B62","v":"Reflects revised BEA State Personal Incomes as of October 2020 and Census population estimates as of October 2020"}]
[]
[null,"Per capita calculations use the latest US Census mid-year population estimates for July 1"]
[null,"of the fiscal year.  Percent of income calculations use the latest US BEA state personal"]
[null,"income estimates for the calendar year that includes the first half of the fiscal year."]

{"sheet":"05 Total Tax Collections - S&L","index":17,"n_rows":65,"n_cols":6,"rows_kept":65,"cut":false,"hidden":true,"merged":[]}
[]
[null,"Total Tax Collections - State and Local"]
[null,null,"FY",2005]
[]
[null,null,"Per Capita",null,"% of Income"]
[null,"State","Amount","Rank","Amount","Rank"]
[null,"Alabama",2565.64,51,8.8999999999999996E-2,48]
[null,"Alaska",4401.92,7,0.125,6]
[null,"Arizona",3036.61,37,0.106,28]
[null,"Arkansas",2896.09,45,0.109,23]
[null,"California",4097.6000000000004,13,0.111,19]
[null,"Colorado",3364.81,27,9.4E-2,47]
[null,"Connecticut",5434.15,3,0.11600000000000001,13]
[null,"Delaware",3902.09,15,0.106,29]
[null,"District of Columbia",7265.24,1,0.14299999999999999,3]
[null,"Florida",3362.88,28,0.10100000000000001,39]
[null,"Georgia",3021.33,39,9.9000000000000005E-2,41]
[null,"Hawaii",4362.75,8,0.128,5]
[null,"Idaho",2933.57,41,0.104,33]
[null,"Illinois",3842.79,17,0.107,27]
[null,"Indiana",3518.32,24,0.114,15]
[null,"Iowa",3290.41,31,0.10199999999999999,37]
[null,"Kansas",3450.28,26,0.108,24]
[null,"Kentucky",2931.84,42,0.105,30]
[null,"Louisiana",3179.85,32,0.114,16]
[null,"Maine",4089.65,14,0.129,4]
[null,"Maryland",4254.8599999999997,9,0.10199999999999999,36]
[null,"Massachusetts",4459.43,6,0.105,31]
[null,"Michigan",3497.88,25,0.109,22]
[null,"MINNESOTA",4103.87,12,0.112,17]
[null,"Mississippi",2582.89,50,0.10299999999999999,35]
[null,"Missouri",2992.14,40,9.5000000000000001E-2,46]
[null,"Montana",2910.63,44,0.104,32]
[null,"Nebraska",3755.78,18,0.112,18]
[null,"Nevada",3754.38,19,0.108,25]
[null,"New Hampshire",3310.56,30,8.6999999999999994E-2,50]
[null,"New Jersey",5088.3599999999997,5,0.11799999999999999,10]
[null,"New Mexico",3170.39,33,0.11600000000000001,12]
[null,"New York",5787.81,2,0.14899999999999999,1]
[null,"North Carolina",3149.81,34,0.104,34]
[null,"North Dakota",3338.54,29,0.11,21]
[null,"Ohio",3635.59,23,0.115,14]
[null,"Oklahoma",2851.33,46,9.8000000000000004E-2,45]
[null,"Oregon",3069.69,36,9.8000000000000004E-2,43]
[null,"Pennsylvania",3705.81,20,0.107,26]
[null,"Rhode Island",4225.04,10,0.11799999999999999,9]
[null,"South Carolina",2772.58,47,0.1,40]
[null,"South Dakota",2716.4,48,8.4000000000000005E-2,51]
[null,"Tennessee",2667.44,49,8.7999999999999995E-2,49]
[null,"Texas",3032.78,38,9.9000000000000005E-2,42]
[null,"Utah",2928.79,43,0.111,20]
[null,"Vermont",4160.8,11,0.123,7]
[null,"Virginia",3656.74,22,9.8000000000000004E-2,44]
[null,"Washington",3668.41,21,0.10100000000000001,38]
[null,"West Virginia",3077.12,35,0.12,8]
[null,"Wisconsin",3862.45,16,0.11600000000000001,11]
[null,"Wyoming",5226.01,4,0.14599999999999999,2]
[]
[null,"U.S. Average",3714.29,null,0.109]
[null,"Source:  Census Bureau - Fiscal Year data, includes Wash. D.C."]
[null,{"$f":"'Total Tax Collections tables'!B62","v":"Reflects revised BEA State Personal Incomes as of October 2020 and Census population estimates as of October 2020"}]
[]
[null,"Per capita calculations use the latest US Census mid-year population estimates for July 1"]
[null,"of the fiscal year.  Percent of income calculations use the latest US BEA state personal"]
[null,"income estimates for the calendar year that includes the first half of the fiscal year."]

{"sheet":"04 Total Tax Collections - S&L","index":18,"n_rows":65,"n_cols":6,"rows_kept":65,"cut":false,"hidden":true,"merged":[]}
[]
[null,"Total Tax Collections - State and Local"]
[null,null,"FY",2004]
[]
[null,null,"Per Capita",null,"% of Income"]
[null,"State","Amount","Rank","Amount","Rank"]
[null,"Alabama",2334.87,51,8.5999999999999993E-2,50]
[null,"Alaska",3580.71,17,0.105,23]
[null,"Arizona",2861.6,38,0.105,22]
[null,"Arkansas",2539.2399999999998,49,0.1,37]
[null,"California",3769.63,12,0.108,18]
[null,"Colorado",3170.12,26,9.0999999999999998E-2,47]
[null,"Connecticut",4955.9799999999996,3,0.113,9]
[null,"Delaware",3622.29,15,0.10299999999999999,28]
[null,"District of Columbia",6831.66,1,0.14399999999999999,1]
[null,"Florida",3095.75,28,9.9000000000000005E-2,40]
[null,"Georgia",2878.13,36,9.8000000000000004E-2,43]
[null,"Hawaii",3841.1,10,0.121,5]
[null,"Idaho",2734.63,42,0.10299999999999999,29]
[null,"Illinois",3579.98,18,0.104,26]
[null,"Indiana",3005.11,30,0.10199999999999999,33]
[null,"Iowa",3066.19,29,0.10299999999999999,32]
[null,"Kansas",3384.39,23,0.11,14]
[null,"Kentucky",2762.92,40,0.104,25]
[null,"Louisiana",2910.33,34,0.11,16]
[null,"Maine",3889.12,9,0.129,4]
[null,"Maryland",4009.39,7,0.10299999999999999,31]
[null,"Massachusetts",4187.5600000000004,6,0.104,27]
[null,"Michigan",3318.19,25,0.107,19]
[null,"MINNESOTA",3823.9,11,0.109,17]
[null,"Mississippi",2456.2399999999998,50,0.10299999999999999,30]
[null,"Missouri",2822.88,39,9.4E-2,46]
[null,"Montana",2625.95,46,9.9000000000000005E-2,39]
[null,"Nebraska",3620.68,16,0.112,12]
[null,"Nevada",3423.19,21,0.106,21]
[null,"New Hampshire",3136.85,27,8.7999999999999995E-2,48]
[null,"New Jersey",4593.6400000000003,4,0.112,11]
[null,"New Mexico",2877.72,37,0.11,15]
[null,"New York",5255.81,2,0.14299999999999999,2]
[null,"North Carolina",2931.85,32,0.10199999999999999,34]
[null,"North Dakota",2987.64,31,0.10100000000000001,36]
[null,"Ohio",3415.87,22,0.112,10]
[null,"Oklahoma",2684.62,44,9.7000000000000003E-2,44]
[null,"Oregon",2931.07,33,9.8000000000000004E-2,41]
[null,"Pennsylvania",3448.22,20,0.104,24]
[null,"Rhode Island",3922.17,8,0.115,8]
[null,"South Carolina",2660.27,45,0.1,38]
[null,"South Dakota",2603.61,47,8.5000000000000006E-2,51]
[null,"Tennessee",2542.44,48,8.6999999999999994E-2,49]
[null,"Texas",2886.04,35,9.8000000000000004E-2,42]
[null,"Utah",2714.82,43,0.107,20]
[null,"Vermont",3698.46,14,0.11600000000000001,7]
[null,"Virginia",3347.52,24,9.5000000000000001E-2,45]
[null,"Washington",3464.41,19,0.10100000000000001,35]
[null,"West Virginia",2754.67,41,0.111,13]
[null,"Wisconsin",3708.87,13,0.11700000000000001,6]
[null,"Wyoming",4463.8500000000004,5,0.13400000000000001,3]
[]
[null,"U.S. Average",3448.42,null,0.107]
[null,"Source:  Census Bureau - Fiscal Year data, includes Wash. D.C."]
[null,{"$f":"'Total Tax Collections tables'!B62","v":"Reflects revised BEA State Personal Incomes as of October 2020 and Census population estimates as of October 2020"}]
[]
[null,"Per capita calculations use the latest US Census mid-year population estimates for July 1"]
[null,"of the fiscal year.  Percent of income calculations use the latest US BEA state personal"]
[null,"income estimates for the calendar year that includes the first half of the fiscal year."]