{"text_format":"1","workbook":"xlsx","n_sheets":19,"sheets":["Individual Income Tax tables","21 Individual Income Tax - S&L","20 Individual Income Tax - S&L","19 Individual Income Tax - S&L","18 Individual Income Tax - S&L","17 Individual Income Tax - S&L","16 Individual Income Tax - S&L","15 Individual Income Tax - S&L","14 Individual Income Tax - S&L","13 Individual Income Tax - S&L","12 Individual Income Tax - S&L","11 Individual Income Tax - S&L","10 Individual Income Tax - S&L","09 Individual Income Tax - S&L","08 Individual Income Tax - S&L","07 Individual Income Tax - S&L","06 Individual Income Tax - S&L","05 Individual Income Tax - S&L","04 Individual Income Tax - S&L"],"not_rendered":{"charts":0,"images":57,"macros":1,"external_links":0,"defined_names":19,"comments":0,"pivot_tables":0},"unopened":[],"bounds":{"document_bytes":16777216,"sheet_cells":100000,"rows_first":2000,"rows_last":500,"rows_between":2000,"halvings":0,"cell_chars":16384,"cell_head_chars":4096},"cells_cut":0,"cells_raw":0,"read":"whole","date_system":"1900"}

{"sheet":"Individual Income Tax tables","index":0,"n_rows":70,"n_cols":12,"rows_kept":70,"cut":false,"hidden":false,"merged":[[69,0,69,7],[2,1,2,5],[5,2,5,3],[5,4,5,5],[68,1,68,5],[67,1,67,5],[58,1,59,1],[58,2,59,2],[58,3,60,3],[61,1,61,5],[0,0,68,0],[1,1,1,5],[0,2,0,5],[58,4,59,4],[58,5,60,5],[62,1,63,5],[64,1,66,5],[3,1,4,2],[3,3,4,5],[0,6,68,7]]}
["This cell intentionally left blank","Select Year","This cell intentionally left blank",null,null,null,"This cell intentionally left blank",null,null,null,null,"Select Year"]
[null,"This cell intentionally left blank",null,null,null,null,null,null,null,null,null,2021]
[null,"Individual Income Tax - State and Local",null,null,null,null,null,null,null,null,null,2020]
[null,"FY",null,{"$f":"IF(B1=2021,'21 Individual Income Tax - S&L'!D3,0)+IF(B1=2020,'20 Individual Income Tax - S&L'!D3,0)+IF(B1=2019,'19 Individual Income Tax - S&L'!D3,0)+IF(B1=2018,'18 Individual Income Tax - S&L'!D3,0)+IF(B1=2017,'17 Individual Income Tax - S&L'!D3,0)+IF(B1=2016,'16 Individual Income Tax - S&L'!D3,0)+IF(B1=2015,'15 Individual Income Tax - S&L'!D3,0)+IF(B1=2014,'14 Individual Income Tax - S&L'!D3,0)+IF(B1=2013,'13 Individual Income Tax - S&L'!D3,0)+IF(B1=2012,'12 Individual Income Tax - S&L'!D3,0)+IF(B1=2011,'11 Individual Income Tax - S&L'!D3,0)+IF(B1=2010,'10 Individual Income Tax - S&L'!D3,0)+IF(B1=2009,'09 Individual Income Tax - S&L'!D3,0)+IF(B1=2008,'08 Individual Income Tax - S&L'!D3,0)+IF(B1=2007,'07 Individual Income Tax - S&L'!D3,0)+IF(B1=2006,'06 Individual Income Tax - S&L'!D3,0)+IF(B1=2005,'05 Individual Income Tax - S&L'!D3)+IF(B1=2004,'04 Individual Income Tax - S&L'!D3,0)","v":0},null,null,null,null,null,null,null,2019]
[null,null,null,null,null,null,null,null,null,null,null,2018]
[null,"This cell intentionally left blank","Dollars Per Capita",null,"% of Income",null,null,null,null,null,null,2017]
[null,"State","Amount","Rank","Amount","Rank",null,null,null,null,null,2016]
[null,"Alabama",{"$f":"IF($B$1=2021,'21 Individual Income Tax - S&L'!C7,0)+IF($B$1=2020,'20 Individual Income Tax - S&L'!C7,0)+IF($B$1=2019,'19 Individual Income Tax - S&L'!C7,0)+IF($B$1=2018,'18 Individual Income Tax - S&L'!C7,0)+IF($B$1=2017,'17 Individual Income Tax - S&L'!C7,0)+IF($B$1=2016,'16 Individual Income Tax - S&L'!C7,0)+IF($B$1=2015,'15 Individual Income Tax - S&L'!C7,0)+IF($B$1=2014,'14 Individual Income Tax - S&L'!C7,0)+IF($B$1=2013,'13 Individual Income Tax - S&L'!C7,0)+IF($B$1=2012,'12 Individual Income Tax - S&L'!C7,0)+IF($B$1=2011,'11 Individual Income Tax - S&L'!C7,0)+IF($B$1=2010,'10 Individual Income Tax - S&L'!C7,0)+IF($B$1=2009,'09 Individual Income Tax - S&L'!C7,0)+IF($B$1=2008,'08 Individual Income Tax - S&L'!C7,0)+IF($B$1=2007,'07 Individual Income Tax - S&L'!C7,0)+IF($B$1=2006,'06 Individual Income Tax - S&L'!C7,0)+IF($B$1=2005,'05 Individual Income Tax - S&L'!C7,0)+IF($B$1=2004,'04 Individual Income Tax - S&L'!C7,0)","v":0},{"$f":"IF($B$1=2021,'21 Individual Income Tax - S&L'!D7,0)+IF($B$1=2020,'20 Individual Income Tax - S&L'!D7,0)+IF($B$1=2019,'19 Individual Income Tax - S&L'!D7,0)+IF($B$1=2018,'18 Individual Income Tax - S&L'!D7,0)+IF($B$1=2017,'17 Individual Income Tax - S&L'!D7,0)+IF($B$1=2016,'16 Individual Income Tax - S&L'!D7,0)+IF($B$1=2015,'15 Individual Income Tax - S&L'!D7,0)+IF($B$1=2014,'14 Individual Income Tax - S&L'!D7,0)+IF($B$1=2013,'13 Individual Income Tax - S&L'!D7,0)+IF($B$1=2012,'12 Individual Income Tax - S&L'!D7,0)+IF($B$1=2011,'11 Individual Income Tax - S&L'!D7,0)+IF($B$1=2010,'10 Individual Income Tax - S&L'!D7,0)+IF($B$1=2009,'09 Individual Income Tax - S&L'!D7,0)+IF($B$1=2008,'08 Individual Income Tax - S&L'!D7,0)+IF($B$1=2007,'07 Individual Income Tax - S&L'!D7,0)+IF($B$1=2006,'06 Individual Income Tax - S&L'!D7,0)+IF($B$1=2005,'05 Individual Income Tax - S&L'!D7,0)+IF($B$1=2004,'04 Individual Income Tax - S&L'!D7,0)","v":0},{"$f":"IF($B$1=2021,'21 Individual Income Tax - S&L'!E7,0)+IF($B$1=2020,'20 Individual Income Tax - S&L'!E7,0)+IF($B$1=2019,'19 Individual Income Tax - S&L'!E7,0)+IF($B$1=2018,'18 Individual Income Tax - S&L'!E7,0)+IF($B$1=2017,'17 Individual Income Tax - S&L'!E7,0)+IF($B$1=2016,'16 Individual Income Tax - S&L'!E7,0)+IF($B$1=2015,'15 Individual Income Tax - S&L'!E7,0)+IF($B$1=2014,'14 Individual Income Tax - S&L'!E7,0)+IF($B$1=2013,'13 Individual Income Tax - S&L'!E7,0)+IF($B$1=2012,'12 Individual Income Tax - S&L'!E7,0)+IF($B$1=2011,'11 Individual Income Tax - S&L'!E7,0)+IF($B$1=2010,'10 Individual Income Tax - S&L'!E7,0)+IF($B$1=2009,'09 Individual Income Tax - S&L'!E7,0)+IF($B$1=2008,'08 Individual Income Tax - S&L'!E7,0)+IF($B$1=2007,'07 Individual Income Tax - S&L'!E7,0)+IF($B$1=2006,'06 Individual Income Tax - S&L'!E7,0)+IF($B$1=2005,'05 Individual Income Tax - S&L'!E7,0)+IF($B$1=2004,'04 Individual Income Tax - S&L'!E7,0)","v":0},{"$f":"IF($B$1=2021,'21 Individual Income Tax - S&L'!F7,0)+IF($B$1=2020,'20 Individual Income Tax - S&L'!F7,0)+IF($B$1=2019,'19 Individual Income Tax - S&L'!F7,0)+IF($B$1=2018,'18 Individual Income Tax - S&L'!F7,0)+IF($B$1=2017,'17 Individual Income Tax - S&L'!F7,0)+IF($B$1=2016,'16 Individual Income Tax - S&L'!F7,0)+IF($B$1=2015,'15 Individual Income Tax - S&L'!F7,0)+IF($B$1=2014,'14 Individual Income Tax - S&L'!F7,0)+IF($B$1=2013,'13 Individual Income Tax - S&L'!F7,0)+IF($B$1=2012,'12 Individual Income Tax - S&L'!F7,0)+IF($B$1=2011,'11 Individual Income Tax - S&L'!F7,0)+IF($B$1=2010,'10 Individual Income Tax - S&L'!F7,0)+IF($B$1=2009,'09 Individual Income Tax - S&L'!F7,0)+IF($B$1=2008,'08 Individual Income Tax - S&L'!F7,0)+IF($B$1=2007,'07 Individual Income Tax - S&L'!F7,0)+IF($B$1=2006,'06 Individual Income Tax - S&L'!F7,0)+IF($B$1=2005,'05 Individual Income Tax - S&L'!F7,0)+IF($B$1=2004,'04 Individual Income Tax - S&L'!F7,0)","v":0},null,null,null,null,null,2015]
[null,"Alaska",{"$f":"IF($B$1=2021,'21 Individual Income Tax - S&L'!C8,0)+IF($B$1=2020,'20 Individual Income Tax - S&L'!C8,0)+IF($B$1=2019,'19 Individual Income Tax - S&L'!C8,0)+IF($B$1=2018,'18 Individual Income Tax - S&L'!C8,0)+IF($B$1=2017,'17 Individual Income Tax - S&L'!C8,0)+IF($B$1=2016,'16 Individual Income Tax - S&L'!C8,0)+IF($B$1=2015,'15 Individual Income Tax - S&L'!C8,0)+IF($B$1=2014,'14 Individual Income Tax - S&L'!C8,0)+IF($B$1=2013,'13 Individual Income Tax - S&L'!C8,0)+IF($B$1=2012,'12 Individual Income Tax - S&L'!C8,0)+IF($B$1=2011,'11 Individual Income Tax - S&L'!C8,0)+IF($B$1=2010,'10 Individual Income Tax - S&L'!C8,0)+IF($B$1=2009,'09 Individual Income Tax - S&L'!C8,0)+IF($B$1=2008,'08 Individual Income Tax - S&L'!C8,0)+IF($B$1=2007,'07 Individual Income Tax - S&L'!C8,0)+IF($B$1=2006,'06 Individual Income Tax - S&L'!C8,0)+IF($B$1=2005,'05 Individual Income Tax - S&L'!C8,0)+IF($B$1=2004,'04 Individual Income Tax - S&L'!C8,0)","v":0},{"$f":"IF($B$1=2021,'21 Individual Income Tax - S&L'!D8,0)+IF($B$1=2020,'20 Individual Income Tax - S&L'!D8,0)+IF($B$1=2019,'19 Individual Income Tax - S&L'!D8,0)+IF($B$1=2018,'18 Individual Income Tax - S&L'!D8,0)+IF($B$1=2017,'17 Individual Income Tax - S&L'!D8,0)+IF($B$1=2016,'16 Individual Income Tax - S&L'!D8,0)+IF($B$1=2015,'15 Individual Income Tax - S&L'!D8,0)+IF($B$1=2014,'14 Individual Income Tax - S&L'!D8,0)+IF($B$1=2013,'13 Individual Income Tax - S&L'!D8,0)+IF($B$1=2012,'12 Individual Income Tax - S&L'!D8,0)+IF($B$1=2011,'11 Individual Income Tax - S&L'!D8,0)+IF($B$1=2010,'10 Individual Income Tax - S&L'!D8,0)+IF($B$1=2009,'09 Individual Income Tax - S&L'!D8,0)+IF($B$1=2008,'08 Individual Income Tax - S&L'!D8,0)+IF($B$1=2007,'07 Individual Income Tax - S&L'!D8,0)+IF($B$1=2006,'06 Individual Income Tax - S&L'!D8,0)+IF($B$1=2005,'05 Individual Income Tax - S&L'!D8,0)+IF($B$1=2004,'04 Individual Income Tax - S&L'!D8,0)","v":0},{"$f":"IF($B$1=2021,'21 Individual Income Tax - S&L'!E8,0)+IF($B$1=2020,'20 Individual Income Tax - S&L'!E8,0)+IF($B$1=2019,'19 Individual Income Tax - S&L'!E8,0)+IF($B$1=2018,'18 Individual Income Tax - S&L'!E8,0)+IF($B$1=2017,'17 Individual Income Tax - S&L'!E8,0)+IF($B$1=2016,'16 Individual Income Tax - S&L'!E8,0)+IF($B$1=2015,'15 Individual Income Tax - S&L'!E8,0)+IF($B$1=2014,'14 Individual Income Tax - S&L'!E8,0)+IF($B$1=2013,'13 Individual Income Tax - S&L'!E8,0)+IF($B$1=2012,'12 Individual Income Tax - S&L'!E8,0)+IF($B$1=2011,'11 Individual Income Tax - S&L'!E8,0)+IF($B$1=2010,'10 Individual Income Tax - S&L'!E8,0)+IF($B$1=2009,'09 Individual Income Tax - S&L'!E8,0)+IF($B$1=2008,'08 Individual Income Tax - S&L'!E8,0)+IF($B$1=2007,'07 Individual Income Tax - S&L'!E8,0)+IF($B$1=2006,'06 Individual Income Tax - S&L'!E8,0)+IF($B$1=2005,'05 Individual Income Tax - S&L'!E8,0)+IF($B$1=2004,'04 Individual Income Tax - S&L'!E8,0)","v":0},{"$f":"IF($B$1=2021,'21 Individual Income Tax - S&L'!F8,0)+IF($B$1=2020,'20 Individual Income Tax - S&L'!F8,0)+IF($B$1=2019,'19 Individual Income Tax - S&L'!F8,0)+IF($B$1=2018,'18 Individual Income Tax - S&L'!F8,0)+IF($B$1=2017,'17 Individual Income Tax - S&L'!F8,0)+IF($B$1=2016,'16 Individual Income Tax - S&L'!F8,0)+IF($B$1=2015,'15 Individual Income Tax - S&L'!F8,0)+IF($B$1=2014,'14 Individual Income Tax - S&L'!F8,0)+IF($B$1=2013,'13 Individual Income Tax - S&L'!F8,0)+IF($B$1=2012,'12 Individual Income Tax - S&L'!F8,0)+IF($B$1=2011,'11 Individual Income Tax - S&L'!F8,0)+IF($B$1=2010,'10 Individual Income Tax - S&L'!F8,0)+IF($B$1=2009,'09 Individual Income Tax - S&L'!F8,0)+IF($B$1=2008,'08 Individual Income Tax - S&L'!F8,0)+IF($B$1=2007,'07 Individual Income Tax - S&L'!F8,0)+IF($B$1=2006,'06 Individual Income Tax - S&L'!F8,0)+IF($B$1=2005,'05 Individual Income Tax - S&L'!F8,0)+IF($B$1=2004,'04 Individual Income Tax - S&L'!F8,0)","v":0},null,null,null,null,null,2014]
[null,"Arizona",{"$f":"IF($B$1=2021,'21 Individual Income Tax - S&L'!C9,0)+IF($B$1=2020,'20 Individual Income Tax - S&L'!C9,0)+IF($B$1=2019,'19 Individual Income Tax - S&L'!C9,0)+IF($B$1=2018,'18 Individual Income Tax - S&L'!C9,0)+IF($B$1=2017,'17 Individual Income Tax - S&L'!C9,0)+IF($B$1=2016,'16 Individual Income Tax - S&L'!C9,0)+IF($B$1=2015,'15 Individual Income Tax - S&L'!C9,0)+IF($B$1=2014,'14 Individual Income Tax - S&L'!C9,0)+IF($B$1=2013,'13 Individual Income Tax - S&L'!C9,0)+IF($B$1=2012,'12 Individual Income Tax - S&L'!C9,0)+IF($B$1=2011,'11 Individual Income Tax - S&L'!C9,0)+IF($B$1=2010,'10 Individual Income Tax - S&L'!C9,0)+IF($B$1=2009,'09 Individual Income Tax - S&L'!C9,0)+IF($B$1=2008,'08 Individual Income Tax - S&L'!C9,0)+IF($B$1=2007,'07 Individual Income Tax - S&L'!C9,0)+IF($B$1=2006,'06 Individual Income Tax - S&L'!C9,0)+IF($B$1=2005,'05 Individual Income Tax - S&L'!C9,0)+IF($B$1=2004,'04 Individual Income Tax - S&L'!C9,0)","v":0},{"$f":"IF($B$1=2021,'21 Individual Income Tax - S&L'!D9,0)+IF($B$1=2020,'20 Individual Income Tax - S&L'!D9,0)+IF($B$1=2019,'19 Individual Income Tax - S&L'!D9,0)+IF($B$1=2018,'18 Individual Income Tax - S&L'!D9,0)+IF($B$1=2017,'17 Individual Income Tax - S&L'!D9,0)+IF($B$1=2016,'16 Individual Income Tax - S&L'!D9,0)+IF($B$1=2015,'15 Individual Income Tax - S&L'!D9,0)+IF($B$1=2014,'14 Individual Income Tax - S&L'!D9,0)+IF($B$1=2013,'13 Individual Income Tax - S&L'!D9,0)+IF($B$1=2012,'12 Individual Income Tax - S&L'!D9,0)+IF($B$1=2011,'11 Individual Income Tax - S&L'!D9,0)+IF($B$1=2010,'10 Individual Income Tax - S&L'!D9,0)+IF($B$1=2009,'09 Individual Income Tax - S&L'!D9,0)+IF($B$1=2008,'08 Individual Income Tax - S&L'!D9,0)+IF($B$1=2007,'07 Individual Income Tax - S&L'!D9,0)+IF($B$1=2006,'06 Individual Income Tax - S&L'!D9,0)+IF($B$1=2005,'05 Individual Income Tax - S&L'!D9,0)+IF($B$1=2004,'04 Individual Income Tax - S&L'!D9,0)","v":0},{"$f":"IF($B$1=2021,'21 Individual Income Tax - S&L'!E9,0)+IF($B$1=2020,'20 Individual Income Tax - S&L'!E9,0)+IF($B$1=2019,'19 Individual Income Tax - S&L'!E9,0)+IF($B$1=2018,'18 Individual Income Tax - S&L'!E9,0)+IF($B$1=2017,'17 Individual Income Tax - S&L'!E9,0)+IF($B$1=2016,'16 Individual Income Tax - S&L'!E9,0)+IF($B$1=2015,'15 Individual Income Tax - S&L'!E9,0)+IF($B$1=2014,'14 Individual Income Tax - S&L'!E9,0)+IF($B$1=2013,'13 Individual Income Tax - S&L'!E9,0)+IF($B$1=2012,'12 Individual Income Tax - S&L'!E9,0)+IF($B$1=2011,'11 Individual Income Tax - S&L'!E9,0)+IF($B$1=2010,'10 Individual Income Tax - S&L'!E9,0)+IF($B$1=2009,'09 Individual Income Tax - S&L'!E9,0)+IF($B$1=2008,'08 Individual Income Tax - S&L'!E9,0)+IF($B$1=2007,'07 Individual Income Tax - S&L'!E9,0)+IF($B$1=2006,'06 Individual Income Tax - S&L'!E9,0)+IF($B$1=2005,'05 Individual Income Tax - S&L'!E9,0)+IF($B$1=2004,'04 Individual Income Tax - S&L'!E9,0)","v":0},{"$f":"IF($B$1=2021,'21 Individual Income Tax - S&L'!F9,0)+IF($B$1=2020,'20 Individual Income Tax - S&L'!F9,0)+IF($B$1=2019,'19 Individual Income Tax - S&L'!F9,0)+IF($B$1=2018,'18 Individual Income Tax - S&L'!F9,0)+IF($B$1=2017,'17 Individual Income Tax - S&L'!F9,0)+IF($B$1=2016,'16 Individual Income Tax - S&L'!F9,0)+IF($B$1=2015,'15 Individual Income Tax - S&L'!F9,0)+IF($B$1=2014,'14 Individual Income Tax - S&L'!F9,0)+IF($B$1=2013,'13 Individual Income Tax - S&L'!F9,0)+IF($B$1=2012,'12 Individual Income Tax - S&L'!F9,0)+IF($B$1=2011,'11 Individual Income Tax - S&L'!F9,0)+IF($B$1=2010,'10 Individual Income Tax - S&L'!F9,0)+IF($B$1=2009,'09 Individual Income Tax - S&L'!F9,0)+IF($B$1=2008,'08 Individual Income Tax - S&L'!F9,0)+IF($B$1=2007,'07 Individual Income Tax - S&L'!F9,0)+IF($B$1=2006,'06 Individual Income Tax - S&L'!F9,0)+IF($B$1=2005,'05 Individual Income Tax - S&L'!F9,0)+IF($B$1=2004,'04 Individual Income Tax - S&L'!F9,0)","v":0},null,null,null,null,null,2013]
[null,"Arkansas",{"$f":"IF($B$1=2021,'21 Individual Income Tax - S&L'!C10,0)+IF($B$1=2020,'20 Individual Income Tax - S&L'!C10,0)+IF($B$1=2019,'19 Individual Income Tax - S&L'!C10,0)+IF($B$1=2018,'18 Individual Income Tax - S&L'!C10,0)+IF($B$1=2017,'17 Individual Income Tax - S&L'!C10,0)+IF($B$1=2016,'16 Individual Income Tax - S&L'!C10,0)+IF($B$1=2015,'15 Individual Income Tax - S&L'!C10,0)+IF($B$1=2014,'14 Individual Income Tax - S&L'!C10,0)+IF($B$1=2013,'13 Individual Income Tax - S&L'!C10,0)+IF($B$1=2012,'12 Individual Income Tax - S&L'!C10,0)+IF($B$1=2011,'11 Individual Income Tax - S&L'!C10,0)+IF($B$1=2010,'10 Individual Income Tax - S&L'!C10,0)+IF($B$1=2009,'09 Individual Income Tax - S&L'!C10,0)+IF($B$1=2008,'08 Individual Income Tax - S&L'!C10,0)+IF($B$1=2007,'07 Individual Income Tax - S&L'!C10,0)+IF($B$1=2006,'06 Individual Income Tax - S&L'!C10,0)+IF($B$1=2005,'05 Individual Income Tax - S&L'!C10,0)+IF($B$1=2004,'04 Individual Income Tax - S&L'!C10,0)","v":0},{"$f":"IF($B$1=2021,'21 Individual Income Tax - S&L'!D10,0)+IF($B$1=2020,'20 Individual Income Tax - S&L'!D10,0)+IF($B$1=2019,'19 Individual Income Tax - S&L'!D10,0)+IF($B$1=2018,'18 Individual Income Tax - S&L'!D10,0)+IF($B$1=2017,'17 Individual Income Tax - S&L'!D10,0)+IF($B$1=2016,'16 Individual Income Tax - S&L'!D10,0)+IF($B$1=2015,'15 Individual Income Tax - S&L'!D10,0)+IF($B$1=2014,'14 Individual Income Tax - S&L'!D10,0)+IF($B$1=2013,'13 Individual Income Tax - S&L'!D10,0)+IF($B$1=2012,'12 Individual Income Tax - S&L'!D10,0)+IF($B$1=2011,'11 Individual Income Tax - S&L'!D10,0)+IF($B$1=2010,'10 Individual Income Tax - S&L'!D10,0)+IF($B$1=2009,'09 Individual Income Tax - S&L'!D10,0)+IF($B$1=2008,'08 Individual Income Tax - S&L'!D10,0)+IF($B$1=2007,'07 Individual Income Tax - S&L'!D10,0)+IF($B$1=2006,'06 Individual Income Tax - S&L'!D10,0)+IF($B$1=2005,'05 Individual Income Tax - S&L'!D10,0)+IF($B$1=2004,'04 Individual Income Tax - S&L'!D10,0)","v":0},{"$f":"IF($B$1=2021,'21 Individual Income Tax - S&L'!E10,0)+IF($B$1=2020,'20 Individual Income Tax - S&L'!E10,0)+IF($B$1=2019,'19 Individual Income Tax - S&L'!E10,0)+IF($B$1=2018,'18 Individual Income Tax - S&L'!E10,0)+IF($B$1=2017,'17 Individual Income Tax - S&L'!E10,0)+IF($B$1=2016,'16 Individual Income Tax - S&L'!E10,0)+IF($B$1=2015,'15 Individual Income Tax - S&L'!E10,0)+IF($B$1=2014,'14 Individual Income Tax - S&L'!E10,0)+IF($B$1=2013,'13 Individual Income Tax - S&L'!E10,0)+IF($B$1=2012,'12 Individual Income Tax - S&L'!E10,0)+IF($B$1=2011,'11 Individual Income Tax - S&L'!E10,0)+IF($B$1=2010,'10 Individual Income Tax - S&L'!E10,0)+IF($B$1=2009,'09 Individual Income Tax - S&L'!E10,0)+IF($B$1=2008,'08 Individual Income Tax - S&L'!E10,0)+IF($B$1=2007,'07 Individual Income Tax - S&L'!E10,0)+IF($B$1=2006,'06 Individual Income Tax - S&L'!E10,0)+IF($B$1=2005,'05 Individual Income Tax - S&L'!E10,0)+IF($B$1=2004,'04 Individual Income Tax - S&L'!E10,0)","v":0},{"$f":"IF($B$1=2021,'21 Individual Income Tax - S&L'!F10,0)+IF($B$1=2020,'20 Individual Income Tax - S&L'!F10,0)+IF($B$1=2019,'19 Individual Income Tax - S&L'!F10,0)+IF($B$1=2018,'18 Individual Income Tax - S&L'!F10,0)+IF($B$1=2017,'17 Individual Income Tax - S&L'!F10,0)+IF($B$1=2016,'16 Individual Income Tax - S&L'!F10,0)+IF($B$1=2015,'15 Individual Income Tax - S&L'!F10,0)+IF($B$1=2014,'14 Individual Income Tax - S&L'!F10,0)+IF($B$1=2013,'13 Individual Income Tax - S&L'!F10,0)+IF($B$1=2012,'12 Individual Income Tax - S&L'!F10,0)+IF($B$1=2011,'11 Individual Income Tax - S&L'!F10,0)+IF($B$1=2010,'10 Individual Income Tax - S&L'!F10,0)+IF($B$1=2009,'09 Individual Income Tax - S&L'!F10,0)+IF($B$1=2008,'08 Individual Income Tax - S&L'!F10,0)+IF($B$1=2007,'07 Individual Income Tax - S&L'!F10,0)+IF($B$1=2006,'06 Individual Income Tax - S&L'!F10,0)+IF($B$1=2005,'05 Individual Income Tax - S&L'!F10,0)+IF($B$1=2004,'04 Individual Income Tax - S&L'!F10,0)","v":0},null,null,null,null,null,2012]
[null,"California",{"$f":"IF($B$1=2021,'21 Individual Income Tax - S&L'!C11,0)+IF($B$1=2020,'20 Individual Income Tax - S&L'!C11,0)+IF($B$1=2019,'19 Individual Income Tax - S&L'!C11,0)+IF($B$1=2018,'18 Individual Income Tax - S&L'!C11,0)+IF($B$1=2017,'17 Individual Income Tax - S&L'!C11,0)+IF($B$1=2016,'16 Individual Income Tax - S&L'!C11,0)+IF($B$1=2015,'15 Individual Income Tax - S&L'!C11,0)+IF($B$1=2014,'14 Individual Income Tax - S&L'!C11,0)+IF($B$1=2013,'13 Individual Income Tax - S&L'!C11,0)+IF($B$1=2012,'12 Individual Income Tax - S&L'!C11,0)+IF($B$1=2011,'11 Individual Income Tax - S&L'!C11,0)+IF($B$1=2010,'10 Individual Income Tax - S&L'!C11,0)+IF($B$1=2009,'09 Individual Income Tax - S&L'!C11,0)+IF($B$1=2008,'08 Individual Income Tax - S&L'!C11,0)+IF($B$1=2007,'07 Individual Income Tax - S&L'!C11,0)+IF($B$1=2006,'06 Individual Income Tax - S&L'!C11,0)+IF($B$1=2005,'05 Individual Income Tax - S&L'!C11,0)+IF($B$1=2004,'04 Individual Income Tax - S&L'!C11,0)","v":0},{"$f":"IF($B$1=2021,'21 Individual Income Tax - S&L'!D11,0)+IF($B$1=2020,'20 Individual Income Tax - S&L'!D11,0)+IF($B$1=2019,'19 Individual Income Tax - S&L'!D11,0)+IF($B$1=2018,'18 Individual Income Tax - S&L'!D11,0)+IF($B$1=2017,'17 Individual Income Tax - S&L'!D11,0)+IF($B$1=2016,'16 Individual Income Tax - S&L'!D11,0)+IF($B$1=2015,'15 Individual Income Tax - S&L'!D11,0)+IF($B$1=2014,'14 Individual Income Tax - S&L'!D11,0)+IF($B$1=2013,'13 Individual Income Tax - S&L'!D11,0)+IF($B$1=2012,'12 Individual Income Tax - S&L'!D11,0)+IF($B$1=2011,'11 Individual Income Tax - S&L'!D11,0)+IF($B$1=2010,'10 Individual Income Tax - S&L'!D11,0)+IF($B$1=2009,'09 Individual Income Tax - S&L'!D11,0)+IF($B$1=2008,'08 Individual Income Tax - S&L'!D11,0)+IF($B$1=2007,'07 Individual Income Tax - S&L'!D11,0)+IF($B$1=2006,'06 Individual Income Tax - S&L'!D11,0)+IF($B$1=2005,'05 Individual Income Tax - S&L'!D11,0)+IF($B$1=2004,'04 Individual Income Tax - S&L'!D11,0)","v":0},{"$f":"IF($B$1=2021,'21 Individual Income Tax - S&L'!E11,0)+IF($B$1=2020,'20 Individual Income Tax - S&L'!E11,0)+IF($B$1=2019,'19 Individual Income Tax - S&L'!E11,0)+IF($B$1=2018,'18 Individual Income Tax - S&L'!E11,0)+IF($B$1=2017,'17 Individual Income Tax - S&L'!E11,0)+IF($B$1=2016,'16 Individual Income Tax - S&L'!E11,0)+IF($B$1=2015,'15 Individual Income Tax - S&L'!E11,0)+IF($B$1=2014,'14 Individual Income Tax - S&L'!E11,0)+IF($B$1=2013,'13 Individual Income Tax - S&L'!E11,0)+IF($B$1=2012,'12 Individual Income Tax - S&L'!E11,0)+IF($B$1=2011,'11 Individual Income Tax - S&L'!E11,0)+IF($B$1=2010,'10 Individual Income Tax - S&L'!E11,0)+IF($B$1=2009,'09 Individual Income Tax - S&L'!E11,0)+IF($B$1=2008,'08 Individual Income Tax - S&L'!E11,0)+IF($B$1=2007,'07 Individual Income Tax - S&L'!E11,0)+IF($B$1=2006,'06 Individual Income Tax - S&L'!E11,0)+IF($B$1=2005,'05 Individual Income Tax - S&L'!E11,0)+IF($B$1=2004,'04 Individual Income Tax - S&L'!E11,0)","v":0},{"$f":"IF($B$1=2021,'21 Individual Income Tax - S&L'!F11,0)+IF($B$1=2020,'20 Individual Income Tax - S&L'!F11,0)+IF($B$1=2019,'19 Individual Income Tax - S&L'!F11,0)+IF($B$1=2018,'18 Individual Income Tax - S&L'!F11,0)+IF($B$1=2017,'17 Individual Income Tax - S&L'!F11,0)+IF($B$1=2016,'16 Individual Income Tax - S&L'!F11,0)+IF($B$1=2015,'15 Individual Income Tax - S&L'!F11,0)+IF($B$1=2014,'14 Individual Income Tax - S&L'!F11,0)+IF($B$1=2013,'13 Individual Income Tax - S&L'!F11,0)+IF($B$1=2012,'12 Individual Income Tax - S&L'!F11,0)+IF($B$1=2011,'11 Individual Income Tax - S&L'!F11,0)+IF($B$1=2010,'10 Individual Income Tax - S&L'!F11,0)+IF($B$1=2009,'09 Individual Income Tax - S&L'!F11,0)+IF($B$1=2008,'08 Individual Income Tax - S&L'!F11,0)+IF($B$1=2007,'07 Individual Income Tax - S&L'!F11,0)+IF($B$1=2006,'06 Individual Income Tax - S&L'!F11,0)+IF($B$1=2005,'05 Individual Income Tax - S&L'!F11,0)+IF($B$1=2004,'04 Individual Income Tax - S&L'!F11,0)","v":0},null,null,null,null,null,2011]
[null,"Colorado",{"$f":"IF($B$1=2021,'21 Individual Income Tax - S&L'!C12,0)+IF($B$1=2020,'20 Individual Income Tax - S&L'!C12,0)+IF($B$1=2019,'19 Individual Income Tax - S&L'!C12,0)+IF($B$1=2018,'18 Individual Income Tax - S&L'!C12,0)+IF($B$1=2017,'17 Individual Income Tax - S&L'!C12,0)+IF($B$1=2016,'16 Individual Income Tax - S&L'!C12,0)+IF($B$1=2015,'15 Individual Income Tax - S&L'!C12,0)+IF($B$1=2014,'14 Individual Income Tax - S&L'!C12,0)+IF($B$1=2013,'13 Individual Income Tax - S&L'!C12,0)+IF($B$1=2012,'12 Individual Income Tax - S&L'!C12,0)+IF($B$1=2011,'11 Individual Income Tax - S&L'!C12,0)+IF($B$1=2010,'10 Individual Income Tax - S&L'!C12,0)+IF($B$1=2009,'09 Individual Income Tax - S&L'!C12,0)+IF($B$1=2008,'08 Individual Income Tax - S&L'!C12,0)+IF($B$1=2007,'07 Individual Income Tax - S&L'!C12,0)+IF($B$1=2006,'06 Individual Income Tax - S&L'!C12,0)+IF($B$1=2005,'05 Individual Income Tax - S&L'!C12,0)+IF($B$1=2004,'04 Individual Income Tax - S&L'!C12,0)","v":0},{"$f":"IF($B$1=2021,'21 Individual Income Tax - S&L'!D12,0)+IF($B$1=2020,'20 Individual Income Tax - S&L'!D12,0)+IF($B$1=2019,'19 Individual Income Tax - S&L'!D12,0)+IF($B$1=2018,'18 Individual Income Tax - S&L'!D12,0)+IF($B$1=2017,'17 Individual Income Tax - S&L'!D12,0)+IF($B$1=2016,'16 Individual Income Tax - S&L'!D12,0)+IF($B$1=2015,'15 Individual Income Tax - S&L'!D12,0)+IF($B$1=2014,'14 Individual Income Tax - S&L'!D12,0)+IF($B$1=2013,'13 Individual Income Tax - S&L'!D12,0)+IF($B$1=2012,'12 Individual Income Tax - S&L'!D12,0)+IF($B$1=2011,'11 Individual Income Tax - S&L'!D12,0)+IF($B$1=2010,'10 Individual Income Tax - S&L'!D12,0)+IF($B$1=2009,'09 Individual Income Tax - S&L'!D12,0)+IF($B$1=2008,'08 Individual Income Tax - S&L'!D12,0)+IF($B$1=2007,'07 Individual Income Tax - S&L'!D12,0)+IF($B$1=2006,'06 Individual Income Tax - S&L'!D12,0)+IF($B$1=2005,'05 Individual Income Tax - S&L'!D12,0)+IF($B$1=2004,'04 Individual Income Tax - S&L'!D12,0)","v":0},{"$f":"IF($B$1=2021,'21 Individual Income Tax - S&L'!E12,0)+IF($B$1=2020,'20 Individual Income Tax - S&L'!E12,0)+IF($B$1=2019,'19 Individual Income Tax - S&L'!E12,0)+IF($B$1=2018,'18 Individual Income Tax - S&L'!E12,0)+IF($B$1=2017,'17 Individual Income Tax - S&L'!E12,0)+IF($B$1=2016,'16 Individual Income Tax - S&L'!E12,0)+IF($B$1=2015,'15 Individual Income Tax - S&L'!E12,0)+IF($B$1=2014,'14 Individual Income Tax - S&L'!E12,0)+IF($B$1=2013,'13 Individual Income Tax - S&L'!E12,0)+IF($B$1=2012,'12 Individual Income Tax - S&L'!E12,0)+IF($B$1=2011,'11 Individual Income Tax - S&L'!E12,0)+IF($B$1=2010,'10 Individual Income Tax - S&L'!E12,0)+IF($B$1=2009,'09 Individual Income Tax - S&L'!E12,0)+IF($B$1=2008,'08 Individual Income Tax - S&L'!E12,0)+IF($B$1=2007,'07 Individual Income Tax - S&L'!E12,0)+IF($B$1=2006,'06 Individual Income Tax - S&L'!E12,0)+IF($B$1=2005,'05 Individual Income Tax - S&L'!E12,0)+IF($B$1=2004,'04 Individual Income Tax - S&L'!E12,0)","v":0},{"$f":"IF($B$1=2021,'21 Individual Income Tax - S&L'!F12,0)+IF($B$1=2020,'20 Individual Income Tax - S&L'!F12,0)+IF($B$1=2019,'19 Individual Income Tax - S&L'!F12,0)+IF($B$1=2018,'18 Individual Income Tax - S&L'!F12,0)+IF($B$1=2017,'17 Individual Income Tax - S&L'!F12,0)+IF($B$1=2016,'16 Individual Income Tax - S&L'!F12,0)+IF($B$1=2015,'15 Individual Income Tax - S&L'!F12,0)+IF($B$1=2014,'14 Individual Income Tax - S&L'!F12,0)+IF($B$1=2013,'13 Individual Income Tax - S&L'!F12,0)+IF($B$1=2012,'12 Individual Income Tax - S&L'!F12,0)+IF($B$1=2011,'11 Individual Income Tax - S&L'!F12,0)+IF($B$1=2010,'10 Individual Income Tax - S&L'!F12,0)+IF($B$1=2009,'09 Individual Income Tax - S&L'!F12,0)+IF($B$1=2008,'08 Individual Income Tax - S&L'!F12,0)+IF($B$1=2007,'07 Individual Income Tax - S&L'!F12,0)+IF($B$1=2006,'06 Individual Income Tax - S&L'!F12,0)+IF($B$1=2005,'05 Individual Income Tax - S&L'!F12,0)+IF($B$1=2004,'04 Individual Income Tax - S&L'!F12,0)","v":0},null,null,null,null,null,2010]
[null,"Connecticut",{"$f":"IF($B$1=2021,'21 Individual Income Tax - S&L'!C13,0)+IF($B$1=2020,'20 Individual Income Tax - S&L'!C13,0)+IF($B$1=2019,'19 Individual Income Tax - S&L'!C13,0)+IF($B$1=2018,'18 Individual Income Tax - S&L'!C13,0)+IF($B$1=2017,'17 Individual Income Tax - S&L'!C13,0)+IF($B$1=2016,'16 Individual Income Tax - S&L'!C13,0)+IF($B$1=2015,'15 Individual Income Tax - S&L'!C13,0)+IF($B$1=2014,'14 Individual Income Tax - S&L'!C13,0)+IF($B$1=2013,'13 Individual Income Tax - S&L'!C13,0)+IF($B$1=2012,'12 Individual Income Tax - S&L'!C13,0)+IF($B$1=2011,'11 Individual Income Tax - S&L'!C13,0)+IF($B$1=2010,'10 Individual Income Tax - S&L'!C13,0)+IF($B$1=2009,'09 Individual Income Tax - S&L'!C13,0)+IF($B$1=2008,'08 Individual Income Tax - S&L'!C13,0)+IF($B$1=2007,'07 Individual Income Tax - S&L'!C13,0)+IF($B$1=2006,'06 Individual Income Tax - S&L'!C13,0)+IF($B$1=2005,'05 Individual Income Tax - S&L'!C13,0)+IF($B$1=2004,'04 Individual Income Tax - S&L'!C13,0)","v":0},{"$f":"IF($B$1=2021,'21 Individual Income Tax - S&L'!D13,0)+IF($B$1=2020,'20 Individual Income Tax - S&L'!D13,0)+IF($B$1=2019,'19 Individual Income Tax - S&L'!D13,0)+IF($B$1=2018,'18 Individual Income Tax - S&L'!D13,0)+IF($B$1=2017,'17 Individual Income Tax - S&L'!D13,0)+IF($B$1=2016,'16 Individual Income Tax - S&L'!D13,0)+IF($B$1=2015,'15 Individual Income Tax - S&L'!D13,0)+IF($B$1=2014,'14 Individual Income Tax - S&L'!D13,0)+IF($B$1=2013,'13 Individual Income Tax - S&L'!D13,0)+IF($B$1=2012,'12 Individual Income Tax - S&L'!D13,0)+IF($B$1=2011,'11 Individual Income Tax - S&L'!D13,0)+IF($B$1=2010,'10 Individual Income Tax - S&L'!D13,0)+IF($B$1=2009,'09 Individual Income Tax - S&L'!D13,0)+IF($B$1=2008,'08 Individual Income Tax - S&L'!D13,0)+IF($B$1=2007,'07 Individual Income Tax - S&L'!D13,0)+IF($B$1=2006,'06 Individual Income Tax - S&L'!D13,0)+IF($B$1=2005,'05 Individual Income Tax - S&L'!D13,0)+IF($B$1=2004,'04 Individual Income Tax - S&L'!D13,0)","v":0},{"$f":"IF($B$1=2021,'21 Individual Income Tax - S&L'!E13,0)+IF($B$1=2020,'20 Individual Income Tax - S&L'!E13,0)+IF($B$1=2019,'19 Individual Income Tax - S&L'!E13,0)+IF($B$1=2018,'18 Individual Income Tax - S&L'!E13,0)+IF($B$1=2017,'17 Individual Income Tax - S&L'!E13,0)+IF($B$1=2016,'16 Individual Income Tax - S&L'!E13,0)+IF($B$1=2015,'15 Individual Income Tax - S&L'!E13,0)+IF($B$1=2014,'14 Individual Income Tax - S&L'!E13,0)+IF($B$1=2013,'13 Individual Income Tax - S&L'!E13,0)+IF($B$1=2012,'12 Individual Income Tax - S&L'!E13,0)+IF($B$1=2011,'11 Individual Income Tax - S&L'!E13,0)+IF($B$1=2010,'10 Individual Income Tax - S&L'!E13,0)+IF($B$1=2009,'09 Individual Income Tax - S&L'!E13,0)+IF($B$1=2008,'08 Individual Income Tax - S&L'!E13,0)+IF($B$1=2007,'07 Individual Income Tax - S&L'!E13,0)+IF($B$1=2006,'06 Individual Income Tax - S&L'!E13,0)+IF($B$1=2005,'05 Individual Income Tax - S&L'!E13,0)+IF($B$1=2004,'04 Individual Income Tax - S&L'!E13,0)","v":0},{"$f":"IF($B$1=2021,'21 Individual Income Tax - S&L'!F13,0)+IF($B$1=2020,'20 Individual Income Tax - S&L'!F13,0)+IF($B$1=2019,'19 Individual Income Tax - S&L'!F13,0)+IF($B$1=2018,'18 Individual Income Tax - S&L'!F13,0)+IF($B$1=2017,'17 Individual Income Tax - S&L'!F13,0)+IF($B$1=2016,'16 Individual Income Tax - S&L'!F13,0)+IF($B$1=2015,'15 Individual Income Tax - S&L'!F13,0)+IF($B$1=2014,'14 Individual Income Tax - S&L'!F13,0)+IF($B$1=2013,'13 Individual Income Tax - S&L'!F13,0)+IF($B$1=2012,'12 Individual Income Tax - S&L'!F13,0)+IF($B$1=2011,'11 Individual Income Tax - S&L'!F13,0)+IF($B$1=2010,'10 Individual Income Tax - S&L'!F13,0)+IF($B$1=2009,'09 Individual Income Tax - S&L'!F13,0)+IF($B$1=2008,'08 Individual Income Tax - S&L'!F13,0)+IF($B$1=2007,'07 Individual Income Tax - S&L'!F13,0)+IF($B$1=2006,'06 Individual Income Tax - S&L'!F13,0)+IF($B$1=2005,'05 Individual Income Tax - S&L'!F13,0)+IF($B$1=2004,'04 Individual Income Tax - S&L'!F13,0)","v":0},null,null,null,null,null,2009]
[null,"Delaware",{"$f":"IF($B$1=2021,'21 Individual Income Tax - S&L'!C14,0)+IF($B$1=2020,'20 Individual Income Tax - S&L'!C14,0)+IF($B$1=2019,'19 Individual Income Tax - S&L'!C14,0)+IF($B$1=2018,'18 Individual Income Tax - S&L'!C14,0)+IF($B$1=2017,'17 Individual Income Tax - S&L'!C14,0)+IF($B$1=2016,'16 Individual Income Tax - S&L'!C14,0)+IF($B$1=2015,'15 Individual Income Tax - S&L'!C14,0)+IF($B$1=2014,'14 Individual Income Tax - S&L'!C14,0)+IF($B$1=2013,'13 Individual Income Tax - S&L'!C14,0)+IF($B$1=2012,'12 Individual Income Tax - S&L'!C14,0)+IF($B$1=2011,'11 Individual Income Tax - S&L'!C14,0)+IF($B$1=2010,'10 Individual Income Tax - S&L'!C14,0)+IF($B$1=2009,'09 Individual Income Tax - S&L'!C14,0)+IF($B$1=2008,'08 Individual Income Tax - S&L'!C14,0)+IF($B$1=2007,'07 Individual Income Tax - S&L'!C14,0)+IF($B$1=2006,'06 Individual Income Tax - S&L'!C14,0)+IF($B$1=2005,'05 Individual Income Tax - S&L'!C14,0)+IF($B$1=2004,'04 Individual Income Tax - S&L'!C14,0)","v":0},{"$f":"IF($B$1=2021,'21 Individual Income Tax - S&L'!D14,0)+IF($B$1=2020,'20 Individual Income Tax - S&L'!D14,0)+IF($B$1=2019,'19 Individual Income Tax - S&L'!D14,0)+IF($B$1=2018,'18 Individual Income Tax - S&L'!D14,0)+IF($B$1=2017,'17 Individual Income Tax - S&L'!D14,0)+IF($B$1=2016,'16 Individual Income Tax - S&L'!D14,0)+IF($B$1=2015,'15 Individual Income Tax - S&L'!D14,0)+IF($B$1=2014,'14 Individual Income Tax - S&L'!D14,0)+IF($B$1=2013,'13 Individual Income Tax - S&L'!D14,0)+IF($B$1=2012,'12 Individual Income Tax - S&L'!D14,0)+IF($B$1=2011,'11 Individual Income Tax - S&L'!D14,0)+IF($B$1=2010,'10 Individual Income Tax - S&L'!D14,0)+IF($B$1=2009,'09 Individual Income Tax - S&L'!D14,0)+IF($B$1=2008,'08 Individual Income Tax - S&L'!D14,0)+IF($B$1=2007,'07 Individual Income Tax - S&L'!D14,0)+IF($B$1=2006,'06 Individual Income Tax - S&L'!D14,0)+IF($B$1=2005,'05 Individual Income Tax - S&L'!D14,0)+IF($B$1=2004,'04 Individual Income Tax - S&L'!D14,0)","v":0},{"$f":"IF($B$1=2021,'21 Individual Income Tax - S&L'!E14,0)+IF($B$1=2020,'20 Individual Income Tax - S&L'!E14,0)+IF($B$1=2019,'19 Individual Income Tax - S&L'!E14,0)+IF($B$1=2018,'18 Individual Income Tax - S&L'!E14,0)+IF($B$1=2017,'17 Individual Income Tax - S&L'!E14,0)+IF($B$1=2016,'16 Individual Income Tax - S&L'!E14,0)+IF($B$1=2015,'15 Individual Income Tax - S&L'!E14,0)+IF($B$1=2014,'14 Individual Income Tax - S&L'!E14,0)+IF($B$1=2013,'13 Individual Income Tax - S&L'!E14,0)+IF($B$1=2012,'12 Individual Income Tax - S&L'!E14,0)+IF($B$1=2011,'11 Individual Income Tax - S&L'!E14,0)+IF($B$1=2010,'10 Individual Income Tax - S&L'!E14,0)+IF($B$1=2009,'09 Individual Income Tax - S&L'!E14,0)+IF($B$1=2008,'08 Individual Income Tax - S&L'!E14,0)+IF($B$1=2007,'07 Individual Income Tax - S&L'!E14,0)+IF($B$1=2006,'06 Individual Income Tax - S&L'!E14,0)+IF($B$1=2005,'05 Individual Income Tax - S&L'!E14,0)+IF($B$1=2004,'04 Individual Income Tax - S&L'!E14,0)","v":0},{"$f":"IF($B$1=2021,'21 Individual Income Tax - S&L'!F14,0)+IF($B$1=2020,'20 Individual Income Tax - S&L'!F14,0)+IF($B$1=2019,'19 Individual Income Tax - S&L'!F14,0)+IF($B$1=2018,'18 Individual Income Tax - S&L'!F14,0)+IF($B$1=2017,'17 Individual Income Tax - S&L'!F14,0)+IF($B$1=2016,'16 Individual Income Tax - S&L'!F14,0)+IF($B$1=2015,'15 Individual Income Tax - S&L'!F14,0)+IF($B$1=2014,'14 Individual Income Tax - S&L'!F14,0)+IF($B$1=2013,'13 Individual Income Tax - S&L'!F14,0)+IF($B$1=2012,'12 Individual Income Tax - S&L'!F14,0)+IF($B$1=2011,'11 Individual Income Tax - S&L'!F14,0)+IF($B$1=2010,'10 Individual Income Tax - S&L'!F14,0)+IF($B$1=2009,'09 Individual Income Tax - S&L'!F14,0)+IF($B$1=2008,'08 Individual Income Tax - S&L'!F14,0)+IF($B$1=2007,'07 Individual Income Tax - S&L'!F14,0)+IF($B$1=2006,'06 Individual Income Tax - S&L'!F14,0)+IF($B$1=2005,'05 Individual Income Tax - S&L'!F14,0)+IF($B$1=2004,'04 Individual Income Tax - S&L'!F14,0)","v":0},null,null,null,null,null,2008]
[null,"District of Columbia",{"$f":"IF($B$1=2021,'21 Individual Income Tax - S&L'!C15,0)+IF($B$1=2020,'20 Individual Income Tax - S&L'!C15,0)+IF($B$1=2019,'19 Individual Income Tax - S&L'!C15,0)+IF($B$1=2018,'18 Individual Income Tax - S&L'!C15,0)+IF($B$1=2017,'17 Individual Income Tax - S&L'!C15,0)+IF($B$1=2016,'16 Individual Income Tax - S&L'!C15,0)+IF($B$1=2015,'15 Individual Income Tax - S&L'!C15,0)+IF($B$1=2014,'14 Individual Income Tax - S&L'!C15,0)+IF($B$1=2013,'13 Individual Income Tax - S&L'!C15,0)+IF($B$1=2012,'12 Individual Income Tax - S&L'!C15,0)+IF($B$1=2011,'11 Individual Income Tax - S&L'!C15,0)+IF($B$1=2010,'10 Individual Income Tax - S&L'!C15,0)+IF($B$1=2009,'09 Individual Income Tax - S&L'!C15,0)+IF($B$1=2008,'08 Individual Income Tax - S&L'!C15,0)+IF($B$1=2007,'07 Individual Income Tax - S&L'!C15,0)+IF($B$1=2006,'06 Individual Income Tax - S&L'!C15,0)+IF($B$1=2005,'05 Individual Income Tax - S&L'!C15,0)+IF($B$1=2004,'04 Individual Income Tax - S&L'!C15,0)","v":0},{"$f":"IF($B$1=2021,'21 Individual Income Tax - S&L'!D15,0)+IF($B$1=2020,'20 Individual Income Tax - S&L'!D15,0)+IF($B$1=2019,'19 Individual Income Tax - S&L'!D15,0)+IF($B$1=2018,'18 Individual Income Tax - S&L'!D15,0)+IF($B$1=2017,'17 Individual Income Tax - S&L'!D15,0)+IF($B$1=2016,'16 Individual Income Tax - S&L'!D15,0)+IF($B$1=2015,'15 Individual Income Tax - S&L'!D15,0)+IF($B$1=2014,'14 Individual Income Tax - S&L'!D15,0)+IF($B$1=2013,'13 Individual Income Tax - S&L'!D15,0)+IF($B$1=2012,'12 Individual Income Tax - S&L'!D15,0)+IF($B$1=2011,'11 Individual Income Tax - S&L'!D15,0)+IF($B$1=2010,'10 Individual Income Tax - S&L'!D15,0)+IF($B$1=2009,'09 Individual Income Tax - S&L'!D15,0)+IF($B$1=2008,'08 Individual Income Tax - S&L'!D15,0)+IF($B$1=2007,'07 Individual Income Tax - S&L'!D15,0)+IF($B$1=2006,'06 Individual Income Tax - S&L'!D15,0)+IF($B$1=2005,'05 Individual Income Tax - S&L'!D15,0)+IF($B$1=2004,'04 Individual Income Tax - S&L'!D15,0)","v":0},{"$f":"IF($B$1=2021,'21 Individual Income Tax - S&L'!E15,0)+IF($B$1=2020,'20 Individual Income Tax - S&L'!E15,0)+IF($B$1=2019,'19 Individual Income Tax - S&L'!E15,0)+IF($B$1=2018,'18 Individual Income Tax - S&L'!E15,0)+IF($B$1=2017,'17 Individual Income Tax - S&L'!E15,0)+IF($B$1=2016,'16 Individual Income Tax - S&L'!E15,0)+IF($B$1=2015,'15 Individual Income Tax - S&L'!E15,0)+IF($B$1=2014,'14 Individual Income Tax - S&L'!E15,0)+IF($B$1=2013,'13 Individual Income Tax - S&L'!E15,0)+IF($B$1=2012,'12 Individual Income Tax - S&L'!E15,0)+IF($B$1=2011,'11 Individual Income Tax - S&L'!E15,0)+IF($B$1=2010,'10 Individual Income Tax - S&L'!E15,0)+IF($B$1=2009,'09 Individual Income Tax - S&L'!E15,0)+IF($B$1=2008,'08 Individual Income Tax - S&L'!E15,0)+IF($B$1=2007,'07 Individual Income Tax - S&L'!E15,0)+IF($B$1=2006,'06 Individual Income Tax - S&L'!E15,0)+IF($B$1=2005,'05 Individual Income Tax - S&L'!E15,0)+IF($B$1=2004,'04 Individual Income Tax - S&L'!E15,0)","v":0},{"$f":"IF($B$1=2021,'21 Individual Income Tax - S&L'!F15,0)+IF($B$1=2020,'20 Individual Income Tax - S&L'!F15,0)+IF($B$1=2019,'19 Individual Income Tax - S&L'!F15,0)+IF($B$1=2018,'18 Individual Income Tax - S&L'!F15,0)+IF($B$1=2017,'17 Individual Income Tax - S&L'!F15,0)+IF($B$1=2016,'16 Individual Income Tax - S&L'!F15,0)+IF($B$1=2015,'15 Individual Income Tax - S&L'!F15,0)+IF($B$1=2014,'14 Individual Income Tax - S&L'!F15,0)+IF($B$1=2013,'13 Individual Income Tax - S&L'!F15,0)+IF($B$1=2012,'12 Individual Income Tax - S&L'!F15,0)+IF($B$1=2011,'11 Individual Income Tax - S&L'!F15,0)+IF($B$1=2010,'10 Individual Income Tax - S&L'!F15,0)+IF($B$1=2009,'09 Individual Income Tax - S&L'!F15,0)+IF($B$1=2008,'08 Individual Income Tax - S&L'!F15,0)+IF($B$1=2007,'07 Individual Income Tax - S&L'!F15,0)+IF($B$1=2006,'06 Individual Income Tax - S&L'!F15,0)+IF($B$1=2005,'05 Individual Income Tax - S&L'!F15,0)+IF($B$1=2004,'04 Individual Income Tax - S&L'!F15,0)","v":0},null,null,null,null,null,2007]
[null,"Florida",{"$f":"IF($B$1=2021,'21 Individual Income Tax - S&L'!C16,0)+IF($B$1=2020,'20 Individual Income Tax - S&L'!C16,0)+IF($B$1=2019,'19 Individual Income Tax - S&L'!C16,0)+IF($B$1=2018,'18 Individual Income Tax - S&L'!C16,0)+IF($B$1=2017,'17 Individual Income Tax - S&L'!C16,0)+IF($B$1=2016,'16 Individual Income Tax - S&L'!C16,0)+IF($B$1=2015,'15 Individual Income Tax - S&L'!C16,0)+IF($B$1=2014,'14 Individual Income Tax - S&L'!C16,0)+IF($B$1=2013,'13 Individual Income Tax - S&L'!C16,0)+IF($B$1=2012,'12 Individual Income Tax - S&L'!C16,0)+IF($B$1=2011,'11 Individual Income Tax - S&L'!C16,0)+IF($B$1=2010,'10 Individual Income Tax - S&L'!C16,0)+IF($B$1=2009,'09 Individual Income Tax - S&L'!C16,0)+IF($B$1=2008,'08 Individual Income Tax - S&L'!C16,0)+IF($B$1=2007,'07 Individual Income Tax - S&L'!C16,0)+IF($B$1=2006,'06 Individual Income Tax - S&L'!C16,0)+IF($B$1=2005,'05 Individual Income Tax - S&L'!C16,0)+IF($B$1=2004,'04 Individual Income Tax - S&L'!C16,0)","v":0},{"$f":"IF($B$1=2021,'21 Individual Income Tax - S&L'!D16,0)+IF($B$1=2020,'20 Individual Income Tax - S&L'!D16,0)+IF($B$1=2019,'19 Individual Income Tax - S&L'!D16,0)+IF($B$1=2018,'18 Individual Income Tax - S&L'!D16,0)+IF($B$1=2017,'17 Individual Income Tax - S&L'!D16,0)+IF($B$1=2016,'16 Individual Income Tax - S&L'!D16,0)+IF($B$1=2015,'15 Individual Income Tax - S&L'!D16,0)+IF($B$1=2014,'14 Individual Income Tax - S&L'!D16,0)+IF($B$1=2013,'13 Individual Income Tax - S&L'!D16,0)+IF($B$1=2012,'12 Individual Income Tax - S&L'!D16,0)+IF($B$1=2011,'11 Individual Income Tax - S&L'!D16,0)+IF($B$1=2010,'10 Individual Income Tax - S&L'!D16,0)+IF($B$1=2009,'09 Individual Income Tax - S&L'!D16,0)+IF($B$1=2008,'08 Individual Income Tax - S&L'!D16,0)+IF($B$1=2007,'07 Individual Income Tax - S&L'!D16,0)+IF($B$1=2006,'06 Individual Income Tax - S&L'!D16,0)+IF($B$1=2005,'05 Individual Income Tax - S&L'!D16,0)+IF($B$1=2004,'04 Individual Income Tax - S&L'!D16,0)","v":0},{"$f":"IF($B$1=2021,'21 Individual Income Tax - S&L'!E16,0)+IF($B$1=2020,'20 Individual Income Tax - S&L'!E16,0)+IF($B$1=2019,'19 Individual Income Tax - S&L'!E16,0)+IF($B$1=2018,'18 Individual Income Tax - S&L'!E16,0)+IF($B$1=2017,'17 Individual Income Tax - S&L'!E16,0)+IF($B$1=2016,'16 Individual Income Tax - S&L'!E16,0)+IF($B$1=2015,'15 Individual Income Tax - S&L'!E16,0)+IF($B$1=2014,'14 Individual Income Tax - S&L'!E16,0)+IF($B$1=2013,'13 Individual Income Tax - S&L'!E16,0)+IF($B$1=2012,'12 Individual Income Tax - S&L'!E16,0)+IF($B$1=2011,'11 Individual Income Tax - S&L'!E16,0)+IF($B$1=2010,'10 Individual Income Tax - S&L'!E16,0)+IF($B$1=2009,'09 Individual Income Tax - S&L'!E16,0)+IF($B$1=2008,'08 Individual Income Tax - S&L'!E16,0)+IF($B$1=2007,'07 Individual Income Tax - S&L'!E16,0)+IF($B$1=2006,'06 Individual Income Tax - S&L'!E16,0)+IF($B$1=2005,'05 Individual Income Tax - S&L'!E16,0)+IF($B$1=2004,'04 Individual Income Tax - S&L'!E16,0)","v":0},{"$f":"IF($B$1=2021,'21 Individual Income Tax - S&L'!F16,0)+IF($B$1=2020,'20 Individual Income Tax - S&L'!F16,0)+IF($B$1=2019,'19 Individual Income Tax - S&L'!F16,0)+IF($B$1=2018,'18 Individual Income Tax - S&L'!F16,0)+IF($B$1=2017,'17 Individual Income Tax - S&L'!F16,0)+IF($B$1=2016,'16 Individual Income Tax - S&L'!F16,0)+IF($B$1=2015,'15 Individual Income Tax - S&L'!F16,0)+IF($B$1=2014,'14 Individual Income Tax - S&L'!F16,0)+IF($B$1=2013,'13 Individual Income Tax - S&L'!F16,0)+IF($B$1=2012,'12 Individual Income Tax - S&L'!F16,0)+IF($B$1=2011,'11 Individual Income Tax - S&L'!F16,0)+IF($B$1=2010,'10 Individual Income Tax - S&L'!F16,0)+IF($B$1=2009,'09 Individual Income Tax - S&L'!F16,0)+IF($B$1=2008,'08 Individual Income Tax - S&L'!F16,0)+IF($B$1=2007,'07 Individual Income Tax - S&L'!F16,0)+IF($B$1=2006,'06 Individual Income Tax - S&L'!F16,0)+IF($B$1=2005,'05 Individual Income Tax - S&L'!F16,0)+IF($B$1=2004,'04 Individual Income Tax - S&L'!F16,0)","v":0},null,null,null,null,null,2006]
[null,"Georgia",{"$f":"IF($B$1=2021,'21 Individual Income Tax - S&L'!C17,0)+IF($B$1=2020,'20 Individual Income Tax - S&L'!C17,0)+IF($B$1=2019,'19 Individual Income Tax - S&L'!C17,0)+IF($B$1=2018,'18 Individual Income Tax - S&L'!C17,0)+IF($B$1=2017,'17 Individual Income Tax - S&L'!C17,0)+IF($B$1=2016,'16 Individual Income Tax - S&L'!C17,0)+IF($B$1=2015,'15 Individual Income Tax - S&L'!C17,0)+IF($B$1=2014,'14 Individual Income Tax - S&L'!C17,0)+IF($B$1=2013,'13 Individual Income Tax - S&L'!C17,0)+IF($B$1=2012,'12 Individual Income Tax - S&L'!C17,0)+IF($B$1=2011,'11 Individual Income Tax - S&L'!C17,0)+IF($B$1=2010,'10 Individual Income Tax - S&L'!C17,0)+IF($B$1=2009,'09 Individual Income Tax - S&L'!C17,0)+IF($B$1=2008,'08 Individual Income Tax - S&L'!C17,0)+IF($B$1=2007,'07 Individual Income Tax - S&L'!C17,0)+IF($B$1=2006,'06 Individual Income Tax - S&L'!C17,0)+IF($B$1=2005,'05 Individual Income Tax - S&L'!C17,0)+IF($B$1=2004,'04 Individual Income Tax - S&L'!C17,0)","v":0},{"$f":"IF($B$1=2021,'21 Individual Income Tax - S&L'!D17,0)+IF($B$1=2020,'20 Individual Income Tax - S&L'!D17,0)+IF($B$1=2019,'19 Individual Income Tax - S&L'!D17,0)+IF($B$1=2018,'18 Individual Income Tax - S&L'!D17,0)+IF($B$1=2017,'17 Individual Income Tax - S&L'!D17,0)+IF($B$1=2016,'16 Individual Income Tax - S&L'!D17,0)+IF($B$1=2015,'15 Individual Income Tax - S&L'!D17,0)+IF($B$1=2014,'14 Individual Income Tax - S&L'!D17,0)+IF($B$1=2013,'13 Individual Income Tax - S&L'!D17,0)+IF($B$1=2012,'12 Individual Income Tax - S&L'!D17,0)+IF($B$1=2011,'11 Individual Income Tax - S&L'!D17,0)+IF($B$1=2010,'10 Individual Income Tax - S&L'!D17,0)+IF($B$1=2009,'09 Individual Income Tax - S&L'!D17,0)+IF($B$1=2008,'08 Individual Income Tax - S&L'!D17,0)+IF($B$1=2007,'07 Individual Income Tax - S&L'!D17,0)+IF($B$1=2006,'06 Individual Income Tax - S&L'!D17,0)+IF($B$1=2005,'05 Individual Income Tax - S&L'!D17,0)+IF($B$1=2004,'04 Individual Income Tax - S&L'!D17,0)","v":0},{"$f":"IF($B$1=2021,'21 Individual Income Tax - S&L'!E17,0)+IF($B$1=2020,'20 Individual Income Tax - S&L'!E17,0)+IF($B$1=2019,'19 Individual Income Tax - S&L'!E17,0)+IF($B$1=2018,'18 Individual Income Tax - S&L'!E17,0)+IF($B$1=2017,'17 Individual Income Tax - S&L'!E17,0)+IF($B$1=2016,'16 Individual Income Tax - S&L'!E17,0)+IF($B$1=2015,'15 Individual Income Tax - S&L'!E17,0)+IF($B$1=2014,'14 Individual Income Tax - S&L'!E17,0)+IF($B$1=2013,'13 Individual Income Tax - S&L'!E17,0)+IF($B$1=2012,'12 Individual Income Tax - S&L'!E17,0)+IF($B$1=2011,'11 Individual Income Tax - S&L'!E17,0)+IF($B$1=2010,'10 Individual Income Tax - S&L'!E17,0)+IF($B$1=2009,'09 Individual Income Tax - S&L'!E17,0)+IF($B$1=2008,'08 Individual Income Tax - S&L'!E17,0)+IF($B$1=2007,'07 Individual Income Tax - S&L'!E17,0)+IF($B$1=2006,'06 Individual Income Tax - S&L'!E17,0)+IF($B$1=2005,'05 Individual Income Tax - S&L'!E17,0)+IF($B$1=2004,'04 Individual Income Tax - S&L'!E17,0)","v":0},{"$f":"IF($B$1=2021,'21 Individual Income Tax - S&L'!F17,0)+IF($B$1=2020,'20 Individual Income Tax - S&L'!F17,0)+IF($B$1=2019,'19 Individual Income Tax - S&L'!F17,0)+IF($B$1=2018,'18 Individual Income Tax - S&L'!F17,0)+IF($B$1=2017,'17 Individual Income Tax - S&L'!F17,0)+IF($B$1=2016,'16 Individual Income Tax - S&L'!F17,0)+IF($B$1=2015,'15 Individual Income Tax - S&L'!F17,0)+IF($B$1=2014,'14 Individual Income Tax - S&L'!F17,0)+IF($B$1=2013,'13 Individual Income Tax - S&L'!F17,0)+IF($B$1=2012,'12 Individual Income Tax - S&L'!F17,0)+IF($B$1=2011,'11 Individual Income Tax - S&L'!F17,0)+IF($B$1=2010,'10 Individual Income Tax - S&L'!F17,0)+IF($B$1=2009,'09 Individual Income Tax - S&L'!F17,0)+IF($B$1=2008,'08 Individual Income Tax - S&L'!F17,0)+IF($B$1=2007,'07 Individual Income Tax - S&L'!F17,0)+IF($B$1=2006,'06 Individual Income Tax - S&L'!F17,0)+IF($B$1=2005,'05 Individual Income Tax - S&L'!F17,0)+IF($B$1=2004,'04 Individual Income Tax - S&L'!F17,0)","v":0},null,null,null,null,null,2005]
[null,"Hawaii",{"$f":"IF($B$1=2021,'21 Individual Income Tax - S&L'!C18,0)+IF($B$1=2020,'20 Individual Income Tax - S&L'!C18,0)+IF($B$1=2019,'19 Individual Income Tax - S&L'!C18,0)+IF($B$1=2018,'18 Individual Income Tax - S&L'!C18,0)+IF($B$1=2017,'17 Individual Income Tax - S&L'!C18,0)+IF($B$1=2016,'16 Individual Income Tax - S&L'!C18,0)+IF($B$1=2015,'15 Individual Income Tax - S&L'!C18,0)+IF($B$1=2014,'14 Individual Income Tax - S&L'!C18,0)+IF($B$1=2013,'13 Individual Income Tax - S&L'!C18,0)+IF($B$1=2012,'12 Individual Income Tax - S&L'!C18,0)+IF($B$1=2011,'11 Individual Income Tax - S&L'!C18,0)+IF($B$1=2010,'10 Individual Income Tax - S&L'!C18,0)+IF($B$1=2009,'09 Individual Income Tax - S&L'!C18,0)+IF($B$1=2008,'08 Individual Income Tax - S&L'!C18,0)+IF($B$1=2007,'07 Individual Income Tax - S&L'!C18,0)+IF($B$1=2006,'06 Individual Income Tax - S&L'!C18,0)+IF($B$1=2005,'05 Individual Income Tax - S&L'!C18,0)+IF($B$1=2004,'04 Individual Income Tax - S&L'!C18,0)","v":0},{"$f":"IF($B$1=2021,'21 Individual Income Tax - S&L'!D18,0)+IF($B$1=2020,'20 Individual Income Tax - S&L'!D18,0)+IF($B$1=2019,'19 Individual Income Tax - S&L'!D18,0)+IF($B$1=2018,'18 Individual Income Tax - S&L'!D18,0)+IF($B$1=2017,'17 Individual Income Tax - S&L'!D18,0)+IF($B$1=2016,'16 Individual Income Tax - S&L'!D18,0)+IF($B$1=2015,'15 Individual Income Tax - S&L'!D18,0)+IF($B$1=2014,'14 Individual Income Tax - S&L'!D18,0)+IF($B$1=2013,'13 Individual Income Tax - S&L'!D18,0)+IF($B$1=2012,'12 Individual Income Tax - S&L'!D18,0)+IF($B$1=2011,'11 Individual Income Tax - S&L'!D18,0)+IF($B$1=2010,'10 Individual Income Tax - S&L'!D18,0)+IF($B$1=2009,'09 Individual Income Tax - S&L'!D18,0)+IF($B$1=2008,'08 Individual Income Tax - S&L'!D18,0)+IF($B$1=2007,'07 Individual Income Tax - S&L'!D18,0)+IF($B$1=2006,'06 Individual Income Tax - S&L'!D18,0)+IF($B$1=2005,'05 Individual Income Tax - S&L'!D18,0)+IF($B$1=2004,'04 Individual Income Tax - S&L'!D18,0)","v":0},{"$f":"IF($B$1=2021,'21 Individual Income Tax - S&L'!E18,0)+IF($B$1=2020,'20 Individual Income Tax - S&L'!E18,0)+IF($B$1=2019,'19 Individual Income Tax - S&L'!E18,0)+IF($B$1=2018,'18 Individual Income Tax - S&L'!E18,0)+IF($B$1=2017,'17 Individual Income Tax - S&L'!E18,0)+IF($B$1=2016,'16 Individual Income Tax - S&L'!E18,0)+IF($B$1=2015,'15 Individual Income Tax - S&L'!E18,0)+IF($B$1=2014,'14 Individual Income Tax - S&L'!E18,0)+IF($B$1=2013,'13 Individual Income Tax - S&L'!E18,0)+IF($B$1=2012,'12 Individual Income Tax - S&L'!E18,0)+IF($B$1=2011,'11 Individual Income Tax - S&L'!E18,0)+IF($B$1=2010,'10 Individual Income Tax - S&L'!E18,0)+IF($B$1=2009,'09 Individual Income Tax - S&L'!E18,0)+IF($B$1=2008,'08 Individual Income Tax - S&L'!E18,0)+IF($B$1=2007,'07 Individual Income Tax - S&L'!E18,0)+IF($B$1=2006,'06 Individual Income Tax - S&L'!E18,0)+IF($B$1=2005,'05 Individual Income Tax - S&L'!E18,0)+IF($B$1=2004,'04 Individual Income Tax - S&L'!E18,0)","v":0},{"$f":"IF($B$1=2021,'21 Individual Income Tax - S&L'!F18,0)+IF($B$1=2020,'20 Individual Income Tax - S&L'!F18,0)+IF($B$1=2019,'19 Individual Income Tax - S&L'!F18,0)+IF($B$1=2018,'18 Individual Income Tax - S&L'!F18,0)+IF($B$1=2017,'17 Individual Income Tax - S&L'!F18,0)+IF($B$1=2016,'16 Individual Income Tax - S&L'!F18,0)+IF($B$1=2015,'15 Individual Income Tax - S&L'!F18,0)+IF($B$1=2014,'14 Individual Income Tax - S&L'!F18,0)+IF($B$1=2013,'13 Individual Income Tax - S&L'!F18,0)+IF($B$1=2012,'12 Individual Income Tax - S&L'!F18,0)+IF($B$1=2011,'11 Individual Income Tax - S&L'!F18,0)+IF($B$1=2010,'10 Individual Income Tax - S&L'!F18,0)+IF($B$1=2009,'09 Individual Income Tax - S&L'!F18,0)+IF($B$1=2008,'08 Individual Income Tax - S&L'!F18,0)+IF($B$1=2007,'07 Individual Income Tax - S&L'!F18,0)+IF($B$1=2006,'06 Individual Income Tax - S&L'!F18,0)+IF($B$1=2005,'05 Individual Income Tax - S&L'!F18,0)+IF($B$1=2004,'04 Individual Income Tax - S&L'!F18,0)","v":0},null,null,null,null,null,2004]
[null,"Idaho",{"$f":"IF($B$1=2021,'21 Individual Income Tax - S&L'!C19,0)+IF($B$1=2020,'20 Individual Income Tax - S&L'!C19,0)+IF($B$1=2019,'19 Individual Income Tax - S&L'!C19,0)+IF($B$1=2018,'18 Individual Income Tax - S&L'!C19,0)+IF($B$1=2017,'17 Individual Income Tax - S&L'!C19,0)+IF($B$1=2016,'16 Individual Income Tax - S&L'!C19,0)+IF($B$1=2015,'15 Individual Income Tax - S&L'!C19,0)+IF($B$1=2014,'14 Individual Income Tax - S&L'!C19,0)+IF($B$1=2013,'13 Individual Income Tax - S&L'!C19,0)+IF($B$1=2012,'12 Individual Income Tax - S&L'!C19,0)+IF($B$1=2011,'11 Individual Income Tax - S&L'!C19,0)+IF($B$1=2010,'10 Individual Income Tax - S&L'!C19,0)+IF($B$1=2009,'09 Individual Income Tax - S&L'!C19,0)+IF($B$1=2008,'08 Individual Income Tax - S&L'!C19,0)+IF($B$1=2007,'07 Individual Income Tax - S&L'!C19,0)+IF($B$1=2006,'06 Individual Income Tax - S&L'!C19,0)+IF($B$1=2005,'05 Individual Income Tax - S&L'!C19,0)+IF($B$1=2004,'04 Individual Income Tax - S&L'!C19,0)","v":0},{"$f":"IF($B$1=2021,'21 Individual Income Tax - S&L'!D19,0)+IF($B$1=2020,'20 Individual Income Tax - S&L'!D19,0)+IF($B$1=2019,'19 Individual Income Tax - S&L'!D19,0)+IF($B$1=2018,'18 Individual Income Tax - S&L'!D19,0)+IF($B$1=2017,'17 Individual Income Tax - S&L'!D19,0)+IF($B$1=2016,'16 Individual Income Tax - S&L'!D19,0)+IF($B$1=2015,'15 Individual Income Tax - S&L'!D19,0)+IF($B$1=2014,'14 Individual Income Tax - S&L'!D19,0)+IF($B$1=2013,'13 Individual Income Tax - S&L'!D19,0)+IF($B$1=2012,'12 Individual Income Tax - S&L'!D19,0)+IF($B$1=2011,'11 Individual Income Tax - S&L'!D19,0)+IF($B$1=2010,'10 Individual Income Tax - S&L'!D19,0)+IF($B$1=2009,'09 Individual Income Tax - S&L'!D19,0)+IF($B$1=2008,'08 Individual Income Tax - S&L'!D19,0)+IF($B$1=2007,'07 Individual Income Tax - S&L'!D19,0)+IF($B$1=2006,'06 Individual Income Tax - S&L'!D19,0)+IF($B$1=2005,'05 Individual Income Tax - S&L'!D19,0)+IF($B$1=2004,'04 Individual Income Tax - S&L'!D19,0)","v":0},{"$f":"IF($B$1=2021,'21 Individual Income Tax - S&L'!E19,0)+IF($B$1=2020,'20 Individual Income Tax - S&L'!E19,0)+IF($B$1=2019,'19 Individual Income Tax - S&L'!E19,0)+IF($B$1=2018,'18 Individual Income Tax - S&L'!E19,0)+IF($B$1=2017,'17 Individual Income Tax - S&L'!E19,0)+IF($B$1=2016,'16 Individual Income Tax - S&L'!E19,0)+IF($B$1=2015,'15 Individual Income Tax - S&L'!E19,0)+IF($B$1=2014,'14 Individual Income Tax - S&L'!E19,0)+IF($B$1=2013,'13 Individual Income Tax - S&L'!E19,0)+IF($B$1=2012,'12 Individual Income Tax - S&L'!E19,0)+IF($B$1=2011,'11 Individual Income Tax - S&L'!E19,0)+IF($B$1=2010,'10 Individual Income Tax - S&L'!E19,0)+IF($B$1=2009,'09 Individual Income Tax - S&L'!E19,0)+IF($B$1=2008,'08 Individual Income Tax - S&L'!E19,0)+IF($B$1=2007,'07 Individual Income Tax - S&L'!E19,0)+IF($B$1=2006,'06 Individual Income Tax - S&L'!E19,0)+IF($B$1=2005,'05 Individual Income Tax - S&L'!E19,0)+IF($B$1=2004,'04 Individual Income Tax - S&L'!E19,0)","v":0},{"$f":"IF($B$1=2021,'21 Individual Income Tax - S&L'!F19,0)+IF($B$1=2020,'20 Individual Income Tax - S&L'!F19,0)+IF($B$1=2019,'19 Individual Income Tax - S&L'!F19,0)+IF($B$1=2018,'18 Individual Income Tax - S&L'!F19,0)+IF($B$1=2017,'17 Individual Income Tax - S&L'!F19,0)+IF($B$1=2016,'16 Individual Income Tax - S&L'!F19,0)+IF($B$1=2015,'15 Individual Income Tax - S&L'!F19,0)+IF($B$1=2014,'14 Individual Income Tax - S&L'!F19,0)+IF($B$1=2013,'13 Individual Income Tax - S&L'!F19,0)+IF($B$1=2012,'12 Individual Income Tax - S&L'!F19,0)+IF($B$1=2011,'11 Individual Income Tax - S&L'!F19,0)+IF($B$1=2010,'10 Individual Income Tax - S&L'!F19,0)+IF($B$1=2009,'09 Individual Income Tax - S&L'!F19,0)+IF($B$1=2008,'08 Individual Income Tax - S&L'!F19,0)+IF($B$1=2007,'07 Individual Income Tax - S&L'!F19,0)+IF($B$1=2006,'06 Individual Income Tax - S&L'!F19,0)+IF($B$1=2005,'05 Individual Income Tax - S&L'!F19,0)+IF($B$1=2004,'04 Individual Income Tax - S&L'!F19,0)","v":0},null,null,null,null,null,2003]
[null,"Illinois",{"$f":"IF($B$1=2021,'21 Individual Income Tax - S&L'!C20,0)+IF($B$1=2020,'20 Individual Income Tax - S&L'!C20,0)+IF($B$1=2019,'19 Individual Income Tax - S&L'!C20,0)+IF($B$1=2018,'18 Individual Income Tax - S&L'!C20,0)+IF($B$1=2017,'17 Individual Income Tax - S&L'!C20,0)+IF($B$1=2016,'16 Individual Income Tax - S&L'!C20,0)+IF($B$1=2015,'15 Individual Income Tax - S&L'!C20,0)+IF($B$1=2014,'14 Individual Income Tax - S&L'!C20,0)+IF($B$1=2013,'13 Individual Income Tax - S&L'!C20,0)+IF($B$1=2012,'12 Individual Income Tax - S&L'!C20,0)+IF($B$1=2011,'11 Individual Income Tax - S&L'!C20,0)+IF($B$1=2010,'10 Individual Income Tax - S&L'!C20,0)+IF($B$1=2009,'09 Individual Income Tax - S&L'!C20,0)+IF($B$1=2008,'08 Individual Income Tax - S&L'!C20,0)+IF($B$1=2007,'07 Individual Income Tax - S&L'!C20,0)+IF($B$1=2006,'06 Individual Income Tax - S&L'!C20,0)+IF($B$1=2005,'05 Individual Income Tax - S&L'!C20,0)+IF($B$1=2004,'04 Individual Income Tax - S&L'!C20,0)","v":0},{"$f":"IF($B$1=2021,'21 Individual Income Tax - S&L'!D20,0)+IF($B$1=2020,'20 Individual Income Tax - S&L'!D20,0)+IF($B$1=2019,'19 Individual Income Tax - S&L'!D20,0)+IF($B$1=2018,'18 Individual Income Tax - S&L'!D20,0)+IF($B$1=2017,'17 Individual Income Tax - S&L'!D20,0)+IF($B$1=2016,'16 Individual Income Tax - S&L'!D20,0)+IF($B$1=2015,'15 Individual Income Tax - S&L'!D20,0)+IF($B$1=2014,'14 Individual Income Tax - S&L'!D20,0)+IF($B$1=2013,'13 Individual Income Tax - S&L'!D20,0)+IF($B$1=2012,'12 Individual Income Tax - S&L'!D20,0)+IF($B$1=2011,'11 Individual Income Tax - S&L'!D20,0)+IF($B$1=2010,'10 Individual Income Tax - S&L'!D20,0)+IF($B$1=2009,'09 Individual Income Tax - S&L'!D20,0)+IF($B$1=2008,'08 Individual Income Tax - S&L'!D20,0)+IF($B$1=2007,'07 Individual Income Tax - S&L'!D20,0)+IF($B$1=2006,'06 Individual Income Tax - S&L'!D20,0)+IF($B$1=2005,'05 Individual Income Tax - S&L'!D20,0)+IF($B$1=2004,'04 Individual Income Tax - S&L'!D20,0)","v":0},{"$f":"IF($B$1=2021,'21 Individual Income Tax - S&L'!E20,0)+IF($B$1=2020,'20 Individual Income Tax - S&L'!E20,0)+IF($B$1=2019,'19 Individual Income Tax - S&L'!E20,0)+IF($B$1=2018,'18 Individual Income Tax - S&L'!E20,0)+IF($B$1=2017,'17 Individual Income Tax - S&L'!E20,0)+IF($B$1=2016,'16 Individual Income Tax - S&L'!E20,0)+IF($B$1=2015,'15 Individual Income Tax - S&L'!E20,0)+IF($B$1=2014,'14 Individual Income Tax - S&L'!E20,0)+IF($B$1=2013,'13 Individual Income Tax - S&L'!E20,0)+IF($B$1=2012,'12 Individual Income Tax - S&L'!E20,0)+IF($B$1=2011,'11 Individual Income Tax - S&L'!E20,0)+IF($B$1=2010,'10 Individual Income Tax - S&L'!E20,0)+IF($B$1=2009,'09 Individual Income Tax - S&L'!E20,0)+IF($B$1=2008,'08 Individual Income Tax - S&L'!E20,0)+IF($B$1=2007,'07 Individual Income Tax - S&L'!E20,0)+IF($B$1=2006,'06 Individual Income Tax - S&L'!E20,0)+IF($B$1=2005,'05 Individual Income Tax - S&L'!E20,0)+IF($B$1=2004,'04 Individual Income Tax - S&L'!E20,0)","v":0},{"$f":"IF($B$1=2021,'21 Individual Income Tax - S&L'!F20,0)+IF($B$1=2020,'20 Individual Income Tax - S&L'!F20,0)+IF($B$1=2019,'19 Individual Income Tax - S&L'!F20,0)+IF($B$1=2018,'18 Individual Income Tax - S&L'!F20,0)+IF($B$1=2017,'17 Individual Income Tax - S&L'!F20,0)+IF($B$1=2016,'16 Individual Income Tax - S&L'!F20,0)+IF($B$1=2015,'15 Individual Income Tax - S&L'!F20,0)+IF($B$1=2014,'14 Individual Income Tax - S&L'!F20,0)+IF($B$1=2013,'13 Individual Income Tax - S&L'!F20,0)+IF($B$1=2012,'12 Individual Income Tax - S&L'!F20,0)+IF($B$1=2011,'11 Individual Income Tax - S&L'!F20,0)+IF($B$1=2010,'10 Individual Income Tax - S&L'!F20,0)+IF($B$1=2009,'09 Individual Income Tax - S&L'!F20,0)+IF($B$1=2008,'08 Individual Income Tax - S&L'!F20,0)+IF($B$1=2007,'07 Individual Income Tax - S&L'!F20,0)+IF($B$1=2006,'06 Individual Income Tax - S&L'!F20,0)+IF($B$1=2005,'05 Individual Income Tax - S&L'!F20,0)+IF($B$1=2004,'04 Individual Income Tax - S&L'!F20,0)","v":0}]
[null,"Indiana",{"$f":"IF($B$1=2021,'21 Individual Income Tax - S&L'!C21,0)+IF($B$1=2020,'20 Individual Income Tax - S&L'!C21,0)+IF($B$1=2019,'19 Individual Income Tax - S&L'!C21,0)+IF($B$1=2018,'18 Individual Income Tax - S&L'!C21,0)+IF($B$1=2017,'17 Individual Income Tax - S&L'!C21,0)+IF($B$1=2016,'16 Individual Income Tax - S&L'!C21,0)+IF($B$1=2015,'15 Individual Income Tax - S&L'!C21,0)+IF($B$1=2014,'14 Individual Income Tax - S&L'!C21,0)+IF($B$1=2013,'13 Individual Income Tax - S&L'!C21,0)+IF($B$1=2012,'12 Individual Income Tax - S&L'!C21,0)+IF($B$1=2011,'11 Individual Income Tax - S&L'!C21,0)+IF($B$1=2010,'10 Individual Income Tax - S&L'!C21,0)+IF($B$1=2009,'09 Individual Income Tax - S&L'!C21,0)+IF($B$1=2008,'08 Individual Income Tax - S&L'!C21,0)+IF($B$1=2007,'07 Individual Income Tax - S&L'!C21,0)+IF($B$1=2006,'06 Individual Income Tax - S&L'!C21,0)+IF($B$1=2005,'05 Individual Income Tax - S&L'!C21,0)+IF($B$1=2004,'04 Individual Income Tax - S&L'!C21,0)","v":0},{"$f":"IF($B$1=2021,'21 Individual Income Tax - S&L'!D21,0)+IF($B$1=2020,'20 Individual Income Tax - S&L'!D21,0)+IF($B$1=2019,'19 Individual Income Tax - S&L'!D21,0)+IF($B$1=2018,'18 Individual Income Tax - S&L'!D21,0)+IF($B$1=2017,'17 Individual Income Tax - S&L'!D21,0)+IF($B$1=2016,'16 Individual Income Tax - S&L'!D21,0)+IF($B$1=2015,'15 Individual Income Tax - S&L'!D21,0)+IF($B$1=2014,'14 Individual Income Tax - S&L'!D21,0)+IF($B$1=2013,'13 Individual Income Tax - S&L'!D21,0)+IF($B$1=2012,'12 Individual Income Tax - S&L'!D21,0)+IF($B$1=2011,'11 Individual Income Tax - S&L'!D21,0)+IF($B$1=2010,'10 Individual Income Tax - S&L'!D21,0)+IF($B$1=2009,'09 Individual Income Tax - S&L'!D21,0)+IF($B$1=2008,'08 Individual Income Tax - S&L'!D21,0)+IF($B$1=2007,'07 Individual Income Tax - S&L'!D21,0)+IF($B$1=2006,'06 Individual Income Tax - S&L'!D21,0)+IF($B$1=2005,'05 Individual Income Tax - S&L'!D21,0)+IF($B$1=2004,'04 Individual Income Tax - S&L'!D21,0)","v":0},{"$f":"IF($B$1=2021,'21 Individual Income Tax - S&L'!E21,0)+IF($B$1=2020,'20 Individual Income Tax - S&L'!E21,0)+IF($B$1=2019,'19 Individual Income Tax - S&L'!E21,0)+IF($B$1=2018,'18 Individual Income Tax - S&L'!E21,0)+IF($B$1=2017,'17 Individual Income Tax - S&L'!E21,0)+IF($B$1=2016,'16 Individual Income Tax - S&L'!E21,0)+IF($B$1=2015,'15 Individual Income Tax - S&L'!E21,0)+IF($B$1=2014,'14 Individual Income Tax - S&L'!E21,0)+IF($B$1=2013,'13 Individual Income Tax - S&L'!E21,0)+IF($B$1=2012,'12 Individual Income Tax - S&L'!E21,0)+IF($B$1=2011,'11 Individual Income Tax - S&L'!E21,0)+IF($B$1=2010,'10 Individual Income Tax - S&L'!E21,0)+IF($B$1=2009,'09 Individual Income Tax - S&L'!E21,0)+IF($B$1=2008,'08 Individual Income Tax - S&L'!E21,0)+IF($B$1=2007,'07 Individual Income Tax - S&L'!E21,0)+IF($B$1=2006,'06 Individual Income Tax - S&L'!E21,0)+IF($B$1=2005,'05 Individual Income Tax - S&L'!E21,0)+IF($B$1=2004,'04 Individual Income Tax - S&L'!E21,0)","v":0},{"$f":"IF($B$1=2021,'21 Individual Income Tax - S&L'!F21,0)+IF($B$1=2020,'20 Individual Income Tax - S&L'!F21,0)+IF($B$1=2019,'19 Individual Income Tax - S&L'!F21,0)+IF($B$1=2018,'18 Individual Income Tax - S&L'!F21,0)+IF($B$1=2017,'17 Individual Income Tax - S&L'!F21,0)+IF($B$1=2016,'16 Individual Income Tax - S&L'!F21,0)+IF($B$1=2015,'15 Individual Income Tax - S&L'!F21,0)+IF($B$1=2014,'14 Individual Income Tax - S&L'!F21,0)+IF($B$1=2013,'13 Individual Income Tax - S&L'!F21,0)+IF($B$1=2012,'12 Individual Income Tax - S&L'!F21,0)+IF($B$1=2011,'11 Individual Income Tax - S&L'!F21,0)+IF($B$1=2010,'10 Individual Income Tax - S&L'!F21,0)+IF($B$1=2009,'09 Individual Income Tax - S&L'!F21,0)+IF($B$1=2008,'08 Individual Income Tax - S&L'!F21,0)+IF($B$1=2007,'07 Individual Income Tax - S&L'!F21,0)+IF($B$1=2006,'06 Individual Income Tax - S&L'!F21,0)+IF($B$1=2005,'05 Individual Income Tax - S&L'!F21,0)+IF($B$1=2004,'04 Individual Income Tax - S&L'!F21,0)","v":0}]
[null,"Iowa",{"$f":"IF($B$1=2021,'21 Individual Income Tax - S&L'!C22,0)+IF($B$1=2020,'20 Individual Income Tax - S&L'!C22,0)+IF($B$1=2019,'19 Individual Income Tax - S&L'!C22,0)+IF($B$1=2018,'18 Individual Income Tax - S&L'!C22,0)+IF($B$1=2017,'17 Individual Income Tax - S&L'!C22,0)+IF($B$1=2016,'16 Individual Income Tax - S&L'!C22,0)+IF($B$1=2015,'15 Individual Income Tax - S&L'!C22,0)+IF($B$1=2014,'14 Individual Income Tax - S&L'!C22,0)+IF($B$1=2013,'13 Individual Income Tax - S&L'!C22,0)+IF($B$1=2012,'12 Individual Income Tax - S&L'!C22,0)+IF($B$1=2011,'11 Individual Income Tax - S&L'!C22,0)+IF($B$1=2010,'10 Individual Income Tax - S&L'!C22,0)+IF($B$1=2009,'09 Individual Income Tax - S&L'!C22,0)+IF($B$1=2008,'08 Individual Income Tax - S&L'!C22,0)+IF($B$1=2007,'07 Individual Income Tax - S&L'!C22,0)+IF($B$1=2006,'06 Individual Income Tax - S&L'!C22,0)+IF($B$1=2005,'05 Individual Income Tax - S&L'!C22,0)+IF($B$1=2004,'04 Individual Income Tax - S&L'!C22,0)","v":0},{"$f":"IF($B$1=2021,'21 Individual Income Tax - S&L'!D22,0)+IF($B$1=2020,'20 Individual Income Tax - S&L'!D22,0)+IF($B$1=2019,'19 Individual Income Tax - S&L'!D22,0)+IF($B$1=2018,'18 Individual Income Tax - S&L'!D22,0)+IF($B$1=2017,'17 Individual Income Tax - S&L'!D22,0)+IF($B$1=2016,'16 Individual Income Tax - S&L'!D22,0)+IF($B$1=2015,'15 Individual Income Tax - S&L'!D22,0)+IF($B$1=2014,'14 Individual Income Tax - S&L'!D22,0)+IF($B$1=2013,'13 Individual Income Tax - S&L'!D22,0)+IF($B$1=2012,'12 Individual Income Tax - S&L'!D22,0)+IF($B$1=2011,'11 Individual Income Tax - S&L'!D22,0)+IF($B$1=2010,'10 Individual Income Tax - S&L'!D22,0)+IF($B$1=2009,'09 Individual Income Tax - S&L'!D22,0)+IF($B$1=2008,'08 Individual Income Tax - S&L'!D22,0)+IF($B$1=2007,'07 Individual Income Tax - S&L'!D22,0)+IF($B$1=2006,'06 Individual Income Tax - S&L'!D22,0)+IF($B$1=2005,'05 Individual Income Tax - S&L'!D22,0)+IF($B$1=2004,'04 Individual Income Tax - S&L'!D22,0)","v":0},{"$f":"IF($B$1=2021,'21 Individual Income Tax - S&L'!E22,0)+IF($B$1=2020,'20 Individual Income Tax - S&L'!E22,0)+IF($B$1=2019,'19 Individual Income Tax - S&L'!E22,0)+IF($B$1=2018,'18 Individual Income Tax - S&L'!E22,0)+IF($B$1=2017,'17 Individual Income Tax - S&L'!E22,0)+IF($B$1=2016,'16 Individual Income Tax - S&L'!E22,0)+IF($B$1=2015,'15 Individual Income Tax - S&L'!E22,0)+IF($B$1=2014,'14 Individual Income Tax - S&L'!E22,0)+IF($B$1=2013,'13 Individual Income Tax - S&L'!E22,0)+IF($B$1=2012,'12 Individual Income Tax - S&L'!E22,0)+IF($B$1=2011,'11 Individual Income Tax - S&L'!E22,0)+IF($B$1=2010,'10 Individual Income Tax - S&L'!E22,0)+IF($B$1=2009,'09 Individual Income Tax - S&L'!E22,0)+IF($B$1=2008,'08 Individual Income Tax - S&L'!E22,0)+IF($B$1=2007,'07 Individual Income Tax - S&L'!E22,0)+IF($B$1=2006,'06 Individual Income Tax - S&L'!E22,0)+IF($B$1=2005,'05 Individual Income Tax - S&L'!E22,0)+IF($B$1=2004,'04 Individual Income Tax - S&L'!E22,0)","v":0},{"$f":"IF($B$1=2021,'21 Individual Income Tax - S&L'!F22,0)+IF($B$1=2020,'20 Individual Income Tax - S&L'!F22,0)+IF($B$1=2019,'19 Individual Income Tax - S&L'!F22,0)+IF($B$1=2018,'18 Individual Income Tax - S&L'!F22,0)+IF($B$1=2017,'17 Individual Income Tax - S&L'!F22,0)+IF($B$1=2016,'16 Individual Income Tax - S&L'!F22,0)+IF($B$1=2015,'15 Individual Income Tax - S&L'!F22,0)+IF($B$1=2014,'14 Individual Income Tax - S&L'!F22,0)+IF($B$1=2013,'13 Individual Income Tax - S&L'!F22,0)+IF($B$1=2012,'12 Individual Income Tax - S&L'!F22,0)+IF($B$1=2011,'11 Individual Income Tax - S&L'!F22,0)+IF($B$1=2010,'10 Individual Income Tax - S&L'!F22,0)+IF($B$1=2009,'09 Individual Income Tax - S&L'!F22,0)+IF($B$1=2008,'08 Individual Income Tax - S&L'!F22,0)+IF($B$1=2007,'07 Individual Income Tax - S&L'!F22,0)+IF($B$1=2006,'06 Individual Income Tax - S&L'!F22,0)+IF($B$1=2005,'05 Individual Income Tax - S&L'!F22,0)+IF($B$1=2004,'04 Individual Income Tax - S&L'!F22,0)","v":0}]
[null,"Kansas",{"$f":"IF($B$1=2021,'21 Individual Income Tax - S&L'!C23,0)+IF($B$1=2020,'20 Individual Income Tax - S&L'!C23,0)+IF($B$1=2019,'19 Individual Income Tax - S&L'!C23,0)+IF($B$1=2018,'18 Individual Income Tax - S&L'!C23,0)+IF($B$1=2017,'17 Individual Income Tax - S&L'!C23,0)+IF($B$1=2016,'16 Individual Income Tax - S&L'!C23,0)+IF($B$1=2015,'15 Individual Income Tax - S&L'!C23,0)+IF($B$1=2014,'14 Individual Income Tax - S&L'!C23,0)+IF($B$1=2013,'13 Individual Income Tax - S&L'!C23,0)+IF($B$1=2012,'12 Individual Income Tax - S&L'!C23,0)+IF($B$1=2011,'11 Individual Income Tax - S&L'!C23,0)+IF($B$1=2010,'10 Individual Income Tax - S&L'!C23,0)+IF($B$1=2009,'09 Individual Income Tax - S&L'!C23,0)+IF($B$1=2008,'08 Individual Income Tax - S&L'!C23,0)+IF($B$1=2007,'07 Individual Income Tax - S&L'!C23,0)+IF($B$1=2006,'06 Individual Income Tax - S&L'!C23,0)+IF($B$1=2005,'05 Individual Income Tax - S&L'!C23,0)+IF($B$1=2004,'04 Individual Income Tax - S&L'!C23,0)","v":0},{"$f":"IF($B$1=2021,'21 Individual Income Tax - S&L'!D23,0)+IF($B$1=2020,'20 Individual Income Tax - S&L'!D23,0)+IF($B$1=2019,'19 Individual Income Tax - S&L'!D23,0)+IF($B$1=2018,'18 Individual Income Tax - S&L'!D23,0)+IF($B$1=2017,'17 Individual Income Tax - S&L'!D23,0)+IF($B$1=2016,'16 Individual Income Tax - S&L'!D23,0)+IF($B$1=2015,'15 Individual Income Tax - S&L'!D23,0)+IF($B$1=2014,'14 Individual Income Tax - S&L'!D23,0)+IF($B$1=2013,'13 Individual Income Tax - S&L'!D23,0)+IF($B$1=2012,'12 Individual Income Tax - S&L'!D23,0)+IF($B$1=2011,'11 Individual Income Tax - S&L'!D23,0)+IF($B$1=2010,'10 Individual Income Tax - S&L'!D23,0)+IF($B$1=2009,'09 Individual Income Tax - S&L'!D23,0)+IF($B$1=2008,'08 Individual Income Tax - S&L'!D23,0)+IF($B$1=2007,'07 Individual Income Tax - S&L'!D23,0)+IF($B$1=2006,'06 Individual Income Tax - S&L'!D23,0)+IF($B$1=2005,'05 Individual Income Tax - S&L'!D23,0)+IF($B$1=2004,'04 Individual Income Tax - S&L'!D23,0)","v":0},{"$f":"IF($B$1=2021,'21 Individual Income Tax - S&L'!E23,0)+IF($B$1=2020,'20 Individual Income Tax - S&L'!E23,0)+IF($B$1=2019,'19 Individual Income Tax - S&L'!E23,0)+IF($B$1=2018,'18 Individual Income Tax - S&L'!E23,0)+IF($B$1=2017,'17 Individual Income Tax - S&L'!E23,0)+IF($B$1=2016,'16 Individual Income Tax - S&L'!E23,0)+IF($B$1=2015,'15 Individual Income Tax - S&L'!E23,0)+IF($B$1=2014,'14 Individual Income Tax - S&L'!E23,0)+IF($B$1=2013,'13 Individual Income Tax - S&L'!E23,0)+IF($B$1=2012,'12 Individual Income Tax - S&L'!E23,0)+IF($B$1=2011,'11 Individual Income Tax - S&L'!E23,0)+IF($B$1=2010,'10 Individual Income Tax - S&L'!E23,0)+IF($B$1=2009,'09 Individual Income Tax - S&L'!E23,0)+IF($B$1=2008,'08 Individual Income Tax - S&L'!E23,0)+IF($B$1=2007,'07 Individual Income Tax - S&L'!E23,0)+IF($B$1=2006,'06 Individual Income Tax - S&L'!E23,0)+IF($B$1=2005,'05 Individual Income Tax - S&L'!E23,0)+IF($B$1=2004,'04 Individual Income Tax - S&L'!E23,0)","v":0},{"$f":"IF($B$1=2021,'21 Individual Income Tax - S&L'!F23,0)+IF($B$1=2020,'20 Individual Income Tax - S&L'!F23,0)+IF($B$1=2019,'19 Individual Income Tax - S&L'!F23,0)+IF($B$1=2018,'18 Individual Income Tax - S&L'!F23,0)+IF($B$1=2017,'17 Individual Income Tax - S&L'!F23,0)+IF($B$1=2016,'16 Individual Income Tax - S&L'!F23,0)+IF($B$1=2015,'15 Individual Income Tax - S&L'!F23,0)+IF($B$1=2014,'14 Individual Income Tax - S&L'!F23,0)+IF($B$1=2013,'13 Individual Income Tax - S&L'!F23,0)+IF($B$1=2012,'12 Individual Income Tax - S&L'!F23,0)+IF($B$1=2011,'11 Individual Income Tax - S&L'!F23,0)+IF($B$1=2010,'10 Individual Income Tax - S&L'!F23,0)+IF($B$1=2009,'09 Individual Income Tax - S&L'!F23,0)+IF($B$1=2008,'08 Individual Income Tax - S&L'!F23,0)+IF($B$1=2007,'07 Individual Income Tax - S&L'!F23,0)+IF($B$1=2006,'06 Individual Income Tax - S&L'!F23,0)+IF($B$1=2005,'05 Individual Income Tax - S&L'!F23,0)+IF($B$1=2004,'04 Individual Income Tax - S&L'!F23,0)","v":0}]
[null,"Kentucky",{"$f":"IF($B$1=2021,'21 Individual Income Tax - S&L'!C24,0)+IF($B$1=2020,'20 Individual Income Tax - S&L'!C24,0)+IF($B$1=2019,'19 Individual Income Tax - S&L'!C24,0)+IF($B$1=2018,'18 Individual Income Tax - S&L'!C24,0)+IF($B$1=2017,'17 Individual Income Tax - S&L'!C24,0)+IF($B$1=2016,'16 Individual Income Tax - S&L'!C24,0)+IF($B$1=2015,'15 Individual Income Tax - S&L'!C24,0)+IF($B$1=2014,'14 Individual Income Tax - S&L'!C24,0)+IF($B$1=2013,'13 Individual Income Tax - S&L'!C24,0)+IF($B$1=2012,'12 Individual Income Tax - S&L'!C24,0)+IF($B$1=2011,'11 Individual Income Tax - S&L'!C24,0)+IF($B$1=2010,'10 Individual Income Tax - S&L'!C24,0)+IF($B$1=2009,'09 Individual Income Tax - S&L'!C24,0)+IF($B$1=2008,'08 Individual Income Tax - S&L'!C24,0)+IF($B$1=2007,'07 Individual Income Tax - S&L'!C24,0)+IF($B$1=2006,'06 Individual Income Tax - S&L'!C24,0)+IF($B$1=2005,'05 Individual Income Tax - S&L'!C24,0)+IF($B$1=2004,'04 Individual Income Tax - S&L'!C24,0)","v":0},{"$f":"IF($B$1=2021,'21 Individual Income Tax - S&L'!D24,0)+IF($B$1=2020,'20 Individual Income Tax - S&L'!D24,0)+IF($B$1=2019,'19 Individual Income Tax - S&L'!D24,0)+IF($B$1=2018,'18 Individual Income Tax - S&L'!D24,0)+IF($B$1=2017,'17 Individual Income Tax - S&L'!D24,0)+IF($B$1=2016,'16 Individual Income Tax - S&L'!D24,0)+IF($B$1=2015,'15 Individual Income Tax - S&L'!D24,0)+IF($B$1=2014,'14 Individual Income Tax - S&L'!D24,0)+IF($B$1=2013,'13 Individual Income Tax - S&L'!D24,0)+IF($B$1=2012,'12 Individual Income Tax - S&L'!D24,0)+IF($B$1=2011,'11 Individual Income Tax - S&L'!D24,0)+IF($B$1=2010,'10 Individual Income Tax - S&L'!D24,0)+IF($B$1=2009,'09 Individual Income Tax - S&L'!D24,0)+IF($B$1=2008,'08 Individual Income Tax - S&L'!D24,0)+IF($B$1=2007,'07 Individual Income Tax - S&L'!D24,0)+IF($B$1=2006,'06 Individual Income Tax - S&L'!D24,0)+IF($B$1=2005,'05 Individual Income Tax - S&L'!D24,0)+IF($B$1=2004,'04 Individual Income Tax - S&L'!D24,0)","v":0},{"$f":"IF($B$1=2021,'21 Individual Income Tax - S&L'!E24,0)+IF($B$1=2020,'20 Individual Income Tax - S&L'!E24,0)+IF($B$1=2019,'19 Individual Income Tax - S&L'!E24,0)+IF($B$1=2018,'18 Individual Income Tax - S&L'!E24,0)+IF($B$1=2017,'17 Individual Income Tax - S&L'!E24,0)+IF($B$1=2016,'16 Individual Income Tax - S&L'!E24,0)+IF($B$1=2015,'15 Individual Income Tax - S&L'!E24,0)+IF($B$1=2014,'14 Individual Income Tax - S&L'!E24,0)+IF($B$1=2013,'13 Individual Income Tax - S&L'!E24,0)+IF($B$1=2012,'12 Individual Income Tax - S&L'!E24,0)+IF($B$1=2011,'11 Individual Income Tax - S&L'!E24,0)+IF($B$1=2010,'10 Individual Income Tax - S&L'!E24,0)+IF($B$1=2009,'09 Individual Income Tax - S&L'!E24,0)+IF($B$1=2008,'08 Individual Income Tax - S&L'!E24,0)+IF($B$1=2007,'07 Individual Income Tax - S&L'!E24,0)+IF($B$1=2006,'06 Individual Income Tax - S&L'!E24,0)+IF($B$1=2005,'05 Individual Income Tax - S&L'!E24,0)+IF($B$1=2004,'04 Individual Income Tax - S&L'!E24,0)","v":0},{"$f":"IF($B$1=2021,'21 Individual Income Tax - S&L'!F24,0)+IF($B$1=2020,'20 Individual Income Tax - S&L'!F24,0)+IF($B$1=2019,'19 Individual Income Tax - S&L'!F24,0)+IF($B$1=2018,'18 Individual Income Tax - S&L'!F24,0)+IF($B$1=2017,'17 Individual Income Tax - S&L'!F24,0)+IF($B$1=2016,'16 Individual Income Tax - S&L'!F24,0)+IF($B$1=2015,'15 Individual Income Tax - S&L'!F24,0)+IF($B$1=2014,'14 Individual Income Tax - S&L'!F24,0)+IF($B$1=2013,'13 Individual Income Tax - S&L'!F24,0)+IF($B$1=2012,'12 Individual Income Tax - S&L'!F24,0)+IF($B$1=2011,'11 Individual Income Tax - S&L'!F24,0)+IF($B$1=2010,'10 Individual Income Tax - S&L'!F24,0)+IF($B$1=2009,'09 Individual Income Tax - S&L'!F24,0)+IF($B$1=2008,'08 Individual Income Tax - S&L'!F24,0)+IF($B$1=2007,'07 Individual Income Tax - S&L'!F24,0)+IF($B$1=2006,'06 Individual Income Tax - S&L'!F24,0)+IF($B$1=2005,'05 Individual Income Tax - S&L'!F24,0)+IF($B$1=2004,'04 Individual Income Tax - S&L'!F24,0)","v":0}]
[null,"Louisiana",{"$f":"IF($B$1=2021,'21 Individual Income Tax - S&L'!C25,0)+IF($B$1=2020,'20 Individual Income Tax - S&L'!C25,0)+IF($B$1=2019,'19 Individual Income Tax - S&L'!C25,0)+IF($B$1=2018,'18 Individual Income Tax - S&L'!C25,0)+IF($B$1=2017,'17 Individual Income Tax - S&L'!C25,0)+IF($B$1=2016,'16 Individual Income Tax - S&L'!C25,0)+IF($B$1=2015,'15 Individual Income Tax - S&L'!C25,0)+IF($B$1=2014,'14 Individual Income Tax - S&L'!C25,0)+IF($B$1=2013,'13 Individual Income Tax - S&L'!C25,0)+IF($B$1=2012,'12 Individual Income Tax - S&L'!C25,0)+IF($B$1=2011,'11 Individual Income Tax - S&L'!C25,0)+IF($B$1=2010,'10 Individual Income Tax - S&L'!C25,0)+IF($B$1=2009,'09 Individual Income Tax - S&L'!C25,0)+IF($B$1=2008,'08 Individual Income Tax - S&L'!C25,0)+IF($B$1=2007,'07 Individual Income Tax - S&L'!C25,0)+IF($B$1=2006,'06 Individual Income Tax - S&L'!C25,0)+IF($B$1=2005,'05 Individual Income Tax - S&L'!C25,0)+IF($B$1=2004,'04 Individual Income Tax - S&L'!C25,0)","v":0},{"$f":"IF($B$1=2021,'21 Individual Income Tax - S&L'!D25,0)+IF($B$1=2020,'20 Individual Income Tax - S&L'!D25,0)+IF($B$1=2019,'19 Individual Income Tax - S&L'!D25,0)+IF($B$1=2018,'18 Individual Income Tax - S&L'!D25,0)+IF($B$1=2017,'17 Individual Income Tax - S&L'!D25,0)+IF($B$1=2016,'16 Individual Income Tax - S&L'!D25,0)+IF($B$1=2015,'15 Individual Income Tax - S&L'!D25,0)+IF($B$1=2014,'14 Individual Income Tax - S&L'!D25,0)+IF($B$1=2013,'13 Individual Income Tax - S&L'!D25,0)+IF($B$1=2012,'12 Individual Income Tax - S&L'!D25,0)+IF($B$1=2011,'11 Individual Income Tax - S&L'!D25,0)+IF($B$1=2010,'10 Individual Income Tax - S&L'!D25,0)+IF($B$1=2009,'09 Individual Income Tax - S&L'!D25,0)+IF($B$1=2008,'08 Individual Income Tax - S&L'!D25,0)+IF($B$1=2007,'07 Individual Income Tax - S&L'!D25,0)+IF($B$1=2006,'06 Individual Income Tax - S&L'!D25,0)+IF($B$1=2005,'05 Individual Income Tax - S&L'!D25,0)+IF($B$1=2004,'04 Individual Income Tax - S&L'!D25,0)","v":0},{"$f":"IF($B$1=2021,'21 Individual Income Tax - S&L'!E25,0)+IF($B$1=2020,'20 Individual Income Tax - S&L'!E25,0)+IF($B$1=2019,'19 Individual Income Tax - S&L'!E25,0)+IF($B$1=2018,'18 Individual Income Tax - S&L'!E25,0)+IF($B$1=2017,'17 Individual Income Tax - S&L'!E25,0)+IF($B$1=2016,'16 Individual Income Tax - S&L'!E25,0)+IF($B$1=2015,'15 Individual Income Tax - S&L'!E25,0)+IF($B$1=2014,'14 Individual Income Tax - S&L'!E25,0)+IF($B$1=2013,'13 Individual Income Tax - S&L'!E25,0)+IF($B$1=2012,'12 Individual Income Tax - S&L'!E25,0)+IF($B$1=2011,'11 Individual Income Tax - S&L'!E25,0)+IF($B$1=2010,'10 Individual Income Tax - S&L'!E25,0)+IF($B$1=2009,'09 Individual Income Tax - S&L'!E25,0)+IF($B$1=2008,'08 Individual Income Tax - S&L'!E25,0)+IF($B$1=2007,'07 Individual Income Tax - S&L'!E25,0)+IF($B$1=2006,'06 Individual Income Tax - S&L'!E25,0)+IF($B$1=2005,'05 Individual Income Tax - S&L'!E25,0)+IF($B$1=2004,'04 Individual Income Tax - S&L'!E25,0)","v":0},{"$f":"IF($B$1=2021,'21 Individual Income Tax - S&L'!F25,0)+IF($B$1=2020,'20 Individual Income Tax - S&L'!F25,0)+IF($B$1=2019,'19 Individual Income Tax - S&L'!F25,0)+IF($B$1=2018,'18 Individual Income Tax - S&L'!F25,0)+IF($B$1=2017,'17 Individual Income Tax - S&L'!F25,0)+IF($B$1=2016,'16 Individual Income Tax - S&L'!F25,0)+IF($B$1=2015,'15 Individual Income Tax - S&L'!F25,0)+IF($B$1=2014,'14 Individual Income Tax - S&L'!F25,0)+IF($B$1=2013,'13 Individual Income Tax - S&L'!F25,0)+IF($B$1=2012,'12 Individual Income Tax - S&L'!F25,0)+IF($B$1=2011,'11 Individual Income Tax - S&L'!F25,0)+IF($B$1=2010,'10 Individual Income Tax - S&L'!F25,0)+IF($B$1=2009,'09 Individual Income Tax - S&L'!F25,0)+IF($B$1=2008,'08 Individual Income Tax - S&L'!F25,0)+IF($B$1=2007,'07 Individual Income Tax - S&L'!F25,0)+IF($B$1=2006,'06 Individual Income Tax - S&L'!F25,0)+IF($B$1=2005,'05 Individual Income Tax - S&L'!F25,0)+IF($B$1=2004,'04 Individual Income Tax - S&L'!F25,0)","v":0}]
[null,"Maine",{"$f":"IF($B$1=2021,'21 Individual Income Tax - S&L'!C26,0)+IF($B$1=2020,'20 Individual Income Tax - S&L'!C26,0)+IF($B$1=2019,'19 Individual Income Tax - S&L'!C26,0)+IF($B$1=2018,'18 Individual Income Tax - S&L'!C26,0)+IF($B$1=2017,'17 Individual Income Tax - S&L'!C26,0)+IF($B$1=2016,'16 Individual Income Tax - S&L'!C26,0)+IF($B$1=2015,'15 Individual Income Tax - S&L'!C26,0)+IF($B$1=2014,'14 Individual Income Tax - S&L'!C26,0)+IF($B$1=2013,'13 Individual Income Tax - S&L'!C26,0)+IF($B$1=2012,'12 Individual Income Tax - S&L'!C26,0)+IF($B$1=2011,'11 Individual Income Tax - S&L'!C26,0)+IF($B$1=2010,'10 Individual Income Tax - S&L'!C26,0)+IF($B$1=2009,'09 Individual Income Tax - S&L'!C26,0)+IF($B$1=2008,'08 Individual Income Tax - S&L'!C26,0)+IF($B$1=2007,'07 Individual Income Tax - S&L'!C26,0)+IF($B$1=2006,'06 Individual Income Tax - S&L'!C26,0)+IF($B$1=2005,'05 Individual Income Tax - S&L'!C26,0)+IF($B$1=2004,'04 Individual Income Tax - S&L'!C26,0)","v":0},{"$f":"IF($B$1=2021,'21 Individual Income Tax - S&L'!D26,0)+IF($B$1=2020,'20 Individual Income Tax - S&L'!D26,0)+IF($B$1=2019,'19 Individual Income Tax - S&L'!D26,0)+IF($B$1=2018,'18 Individual Income Tax - S&L'!D26,0)+IF($B$1=2017,'17 Individual Income Tax - S&L'!D26,0)+IF($B$1=2016,'16 Individual Income Tax - S&L'!D26,0)+IF($B$1=2015,'15 Individual Income Tax - S&L'!D26,0)+IF($B$1=2014,'14 Individual Income Tax - S&L'!D26,0)+IF($B$1=2013,'13 Individual Income Tax - S&L'!D26,0)+IF($B$1=2012,'12 Individual Income Tax - S&L'!D26,0)+IF($B$1=2011,'11 Individual Income Tax - S&L'!D26,0)+IF($B$1=2010,'10 Individual Income Tax - S&L'!D26,0)+IF($B$1=2009,'09 Individual Income Tax - S&L'!D26,0)+IF($B$1=2008,'08 Individual Income Tax - S&L'!D26,0)+IF($B$1=2007,'07 Individual Income Tax - S&L'!D26,0)+IF($B$1=2006,'06 Individual Income Tax - S&L'!D26,0)+IF($B$1=2005,'05 Individual Income Tax - S&L'!D26,0)+IF($B$1=2004,'04 Individual Income Tax - S&L'!D26,0)","v":0},{"$f":"IF($B$1=2021,'21 Individual Income Tax - S&L'!E26,0)+IF($B$1=2020,'20 Individual Income Tax - S&L'!E26,0)+IF($B$1=2019,'19 Individual Income Tax - S&L'!E26,0)+IF($B$1=2018,'18 Individual Income Tax - S&L'!E26,0)+IF($B$1=2017,'17 Individual Income Tax - S&L'!E26,0)+IF($B$1=2016,'16 Individual Income Tax - S&L'!E26,0)+IF($B$1=2015,'15 Individual Income Tax - S&L'!E26,0)+IF($B$1=2014,'14 Individual Income Tax - S&L'!E26,0)+IF($B$1=2013,'13 Individual Income Tax - S&L'!E26,0)+IF($B$1=2012,'12 Individual Income Tax - S&L'!E26,0)+IF($B$1=2011,'11 Individual Income Tax - S&L'!E26,0)+IF($B$1=2010,'10 Individual Income Tax - S&L'!E26,0)+IF($B$1=2009,'09 Individual Income Tax - S&L'!E26,0)+IF($B$1=2008,'08 Individual Income Tax - S&L'!E26,0)+IF($B$1=2007,'07 Individual Income Tax - S&L'!E26,0)+IF($B$1=2006,'06 Individual Income Tax - S&L'!E26,0)+IF($B$1=2005,'05 Individual Income Tax - S&L'!E26,0)+IF($B$1=2004,'04 Individual Income Tax - S&L'!E26,0)","v":0},{"$f":"IF($B$1=2021,'21 Individual Income Tax - S&L'!F26,0)+IF($B$1=2020,'20 Individual Income Tax - S&L'!F26,0)+IF($B$1=2019,'19 Individual Income Tax - S&L'!F26,0)+IF($B$1=2018,'18 Individual Income Tax - S&L'!F26,0)+IF($B$1=2017,'17 Individual Income Tax - S&L'!F26,0)+IF($B$1=2016,'16 Individual Income Tax - S&L'!F26,0)+IF($B$1=2015,'15 Individual Income Tax - S&L'!F26,0)+IF($B$1=2014,'14 Individual Income Tax - S&L'!F26,0)+IF($B$1=2013,'13 Individual Income Tax - S&L'!F26,0)+IF($B$1=2012,'12 Individual Income Tax - S&L'!F26,0)+IF($B$1=2011,'11 Individual Income Tax - S&L'!F26,0)+IF($B$1=2010,'10 Individual Income Tax - S&L'!F26,0)+IF($B$1=2009,'09 Individual Income Tax - S&L'!F26,0)+IF($B$1=2008,'08 Individual Income Tax - S&L'!F26,0)+IF($B$1=2007,'07 Individual Income Tax - S&L'!F26,0)+IF($B$1=2006,'06 Individual Income Tax - S&L'!F26,0)+IF($B$1=2005,'05 Individual Income Tax - S&L'!F26,0)+IF($B$1=2004,'04 Individual Income Tax - S&L'!F26,0)","v":0}]
[null,"Maryland",{"$f":"IF($B$1=2021,'21 Individual Income Tax - S&L'!C27,0)+IF($B$1=2020,'20 Individual Income Tax - S&L'!C27,0)+IF($B$1=2019,'19 Individual Income Tax - S&L'!C27,0)+IF($B$1=2018,'18 Individual Income Tax - S&L'!C27,0)+IF($B$1=2017,'17 Individual Income Tax - S&L'!C27,0)+IF($B$1=2016,'16 Individual Income Tax - S&L'!C27,0)+IF($B$1=2015,'15 Individual Income Tax - S&L'!C27,0)+IF($B$1=2014,'14 Individual Income Tax - S&L'!C27,0)+IF($B$1=2013,'13 Individual Income Tax - S&L'!C27,0)+IF($B$1=2012,'12 Individual Income Tax - S&L'!C27,0)+IF($B$1=2011,'11 Individual Income Tax - S&L'!C27,0)+IF($B$1=2010,'10 Individual Income Tax - S&L'!C27,0)+IF($B$1=2009,'09 Individual Income Tax - S&L'!C27,0)+IF($B$1=2008,'08 Individual Income Tax - S&L'!C27,0)+IF($B$1=2007,'07 Individual Income Tax - S&L'!C27,0)+IF($B$1=2006,'06 Individual Income Tax - S&L'!C27,0)+IF($B$1=2005,'05 Individual Income Tax - S&L'!C27,0)+IF($B$1=2004,'04 Individual Income Tax - S&L'!C27,0)","v":0},{"$f":"IF($B$1=2021,'21 Individual Income Tax - S&L'!D27,0)+IF($B$1=2020,'20 Individual Income Tax - S&L'!D27,0)+IF($B$1=2019,'19 Individual Income Tax - S&L'!D27,0)+IF($B$1=2018,'18 Individual Income Tax - S&L'!D27,0)+IF($B$1=2017,'17 Individual Income Tax - S&L'!D27,0)+IF($B$1=2016,'16 Individual Income Tax - S&L'!D27,0)+IF($B$1=2015,'15 Individual Income Tax - S&L'!D27,0)+IF($B$1=2014,'14 Individual Income Tax - S&L'!D27,0)+IF($B$1=2013,'13 Individual Income Tax - S&L'!D27,0)+IF($B$1=2012,'12 Individual Income Tax - S&L'!D27,0)+IF($B$1=2011,'11 Individual Income Tax - S&L'!D27,0)+IF($B$1=2010,'10 Individual Income Tax - S&L'!D27,0)+IF($B$1=2009,'09 Individual Income Tax - S&L'!D27,0)+IF($B$1=2008,'08 Individual Income Tax - S&L'!D27,0)+IF($B$1=2007,'07 Individual Income Tax - S&L'!D27,0)+IF($B$1=2006,'06 Individual Income Tax - S&L'!D27,0)+IF($B$1=2005,'05 Individual Income Tax - S&L'!D27,0)+IF($B$1=2004,'04 Individual Income Tax - S&L'!D27,0)","v":0},{"$f":"IF($B$1=2021,'21 Individual Income Tax - S&L'!E27,0)+IF($B$1=2020,'20 Individual Income Tax - S&L'!E27,0)+IF($B$1=2019,'19 Individual Income Tax - S&L'!E27,0)+IF($B$1=2018,'18 Individual Income Tax - S&L'!E27,0)+IF($B$1=2017,'17 Individual Income Tax - S&L'!E27,0)+IF($B$1=2016,'16 Individual Income Tax - S&L'!E27,0)+IF($B$1=2015,'15 Individual Income Tax - S&L'!E27,0)+IF($B$1=2014,'14 Individual Income Tax - S&L'!E27,0)+IF($B$1=2013,'13 Individual Income Tax - S&L'!E27,0)+IF($B$1=2012,'12 Individual Income Tax - S&L'!E27,0)+IF($B$1=2011,'11 Individual Income Tax - S&L'!E27,0)+IF($B$1=2010,'10 Individual Income Tax - S&L'!E27,0)+IF($B$1=2009,'09 Individual Income Tax - S&L'!E27,0)+IF($B$1=2008,'08 Individual Income Tax - S&L'!E27,0)+IF($B$1=2007,'07 Individual Income Tax - S&L'!E27,0)+IF($B$1=2006,'06 Individual Income Tax - S&L'!E27,0)+IF($B$1=2005,'05 Individual Income Tax - S&L'!E27,0)+IF($B$1=2004,'04 Individual Income Tax - S&L'!E27,0)","v":0},{"$f":"IF($B$1=2021,'21 Individual Income Tax - S&L'!F27,0)+IF($B$1=2020,'20 Individual Income Tax - S&L'!F27,0)+IF($B$1=2019,'19 Individual Income Tax - S&L'!F27,0)+IF($B$1=2018,'18 Individual Income Tax - S&L'!F27,0)+IF($B$1=2017,'17 Individual Income Tax - S&L'!F27,0)+IF($B$1=2016,'16 Individual Income Tax - S&L'!F27,0)+IF($B$1=2015,'15 Individual Income Tax - S&L'!F27,0)+IF($B$1=2014,'14 Individual Income Tax - S&L'!F27,0)+IF($B$1=2013,'13 Individual Income Tax - S&L'!F27,0)+IF($B$1=2012,'12 Individual Income Tax - S&L'!F27,0)+IF($B$1=2011,'11 Individual Income Tax - S&L'!F27,0)+IF($B$1=2010,'10 Individual Income Tax - S&L'!F27,0)+IF($B$1=2009,'09 Individual Income Tax - S&L'!F27,0)+IF($B$1=2008,'08 Individual Income Tax - S&L'!F27,0)+IF($B$1=2007,'07 Individual Income Tax - S&L'!F27,0)+IF($B$1=2006,'06 Individual Income Tax - S&L'!F27,0)+IF($B$1=2005,'05 Individual Income Tax - S&L'!F27,0)+IF($B$1=2004,'04 Individual Income Tax - S&L'!F27,0)","v":0}]
[null,"Massachusetts",{"$f":"IF($B$1=2021,'21 Individual Income Tax - S&L'!C28,0)+IF($B$1=2020,'20 Individual Income Tax - S&L'!C28,0)+IF($B$1=2019,'19 Individual Income Tax - S&L'!C28,0)+IF($B$1=2018,'18 Individual Income Tax - S&L'!C28,0)+IF($B$1=2017,'17 Individual Income Tax - S&L'!C28,0)+IF($B$1=2016,'16 Individual Income Tax - S&L'!C28,0)+IF($B$1=2015,'15 Individual Income Tax - S&L'!C28,0)+IF($B$1=2014,'14 Individual Income Tax - S&L'!C28,0)+IF($B$1=2013,'13 Individual Income Tax - S&L'!C28,0)+IF($B$1=2012,'12 Individual Income Tax - S&L'!C28,0)+IF($B$1=2011,'11 Individual Income Tax - S&L'!C28,0)+IF($B$1=2010,'10 Individual Income Tax - S&L'!C28,0)+IF($B$1=2009,'09 Individual Income Tax - S&L'!C28,0)+IF($B$1=2008,'08 Individual Income Tax - S&L'!C28,0)+IF($B$1=2007,'07 Individual Income Tax - S&L'!C28,0)+IF($B$1=2006,'06 Individual Income Tax - S&L'!C28,0)+IF($B$1=2005,'05 Individual Income Tax - S&L'!C28,0)+IF($B$1=2004,'04 Individual Income Tax - S&L'!C28,0)","v":0},{"$f":"IF($B$1=2021,'21 Individual Income Tax - S&L'!D28,0)+IF($B$1=2020,'20 Individual Income Tax - S&L'!D28,0)+IF($B$1=2019,'19 Individual Income Tax - S&L'!D28,0)+IF($B$1=2018,'18 Individual Income Tax - S&L'!D28,0)+IF($B$1=2017,'17 Individual Income Tax - S&L'!D28,0)+IF($B$1=2016,'16 Individual Income Tax - S&L'!D28,0)+IF($B$1=2015,'15 Individual Income Tax - S&L'!D28,0)+IF($B$1=2014,'14 Individual Income Tax - S&L'!D28,0)+IF($B$1=2013,'13 Individual Income Tax - S&L'!D28,0)+IF($B$1=2012,'12 Individual Income Tax - S&L'!D28,0)+IF($B$1=2011,'11 Individual Income Tax - S&L'!D28,0)+IF($B$1=2010,'10 Individual Income Tax - S&L'!D28,0)+IF($B$1=2009,'09 Individual Income Tax - S&L'!D28,0)+IF($B$1=2008,'08 Individual Income Tax - S&L'!D28,0)+IF($B$1=2007,'07 Individual Income Tax - S&L'!D28,0)+IF($B$1=2006,'06 Individual Income Tax - S&L'!D28,0)+IF($B$1=2005,'05 Individual Income Tax - S&L'!D28,0)+IF($B$1=2004,'04 Individual Income Tax - S&L'!D28,0)","v":0},{"$f":"IF($B$1=2021,'21 Individual Income Tax - S&L'!E28,0)+IF($B$1=2020,'20 Individual Income Tax - S&L'!E28,0)+IF($B$1=2019,'19 Individual Income Tax - S&L'!E28,0)+IF($B$1=2018,'18 Individual Income Tax - S&L'!E28,0)+IF($B$1=2017,'17 Individual Income Tax - S&L'!E28,0)+IF($B$1=2016,'16 Individual Income Tax - S&L'!E28,0)+IF($B$1=2015,'15 Individual Income Tax - S&L'!E28,0)+IF($B$1=2014,'14 Individual Income Tax - S&L'!E28,0)+IF($B$1=2013,'13 Individual Income Tax - S&L'!E28,0)+IF($B$1=2012,'12 Individual Income Tax - S&L'!E28,0)+IF($B$1=2011,'11 Individual Income Tax - S&L'!E28,0)+IF($B$1=2010,'10 Individual Income Tax - S&L'!E28,0)+IF($B$1=2009,'09 Individual Income Tax - S&L'!E28,0)+IF($B$1=2008,'08 Individual Income Tax - S&L'!E28,0)+IF($B$1=2007,'07 Individual Income Tax - S&L'!E28,0)+IF($B$1=2006,'06 Individual Income Tax - S&L'!E28,0)+IF($B$1=2005,'05 Individual Income Tax - S&L'!E28,0)+IF($B$1=2004,'04 Individual Income Tax - S&L'!E28,0)","v":0},{"$f":"IF($B$1=2021,'21 Individual Income Tax - S&L'!F28,0)+IF($B$1=2020,'20 Individual Income Tax - S&L'!F28,0)+IF($B$1=2019,'19 Individual Income Tax - S&L'!F28,0)+IF($B$1=2018,'18 Individual Income Tax - S&L'!F28,0)+IF($B$1=2017,'17 Individual Income Tax - S&L'!F28,0)+IF($B$1=2016,'16 Individual Income Tax - S&L'!F28,0)+IF($B$1=2015,'15 Individual Income Tax - S&L'!F28,0)+IF($B$1=2014,'14 Individual Income Tax - S&L'!F28,0)+IF($B$1=2013,'13 Individual Income Tax - S&L'!F28,0)+IF($B$1=2012,'12 Individual Income Tax - S&L'!F28,0)+IF($B$1=2011,'11 Individual Income Tax - S&L'!F28,0)+IF($B$1=2010,'10 Individual Income Tax - S&L'!F28,0)+IF($B$1=2009,'09 Individual Income Tax - S&L'!F28,0)+IF($B$1=2008,'08 Individual Income Tax - S&L'!F28,0)+IF($B$1=2007,'07 Individual Income Tax - S&L'!F28,0)+IF($B$1=2006,'06 Individual Income Tax - S&L'!F28,0)+IF($B$1=2005,'05 Individual Income Tax - S&L'!F28,0)+IF($B$1=2004,'04 Individual Income Tax - S&L'!F28,0)","v":0}]
[null,"Michigan",{"$f":"IF($B$1=2021,'21 Individual Income Tax - S&L'!C29,0)+IF($B$1=2020,'20 Individual Income Tax - S&L'!C29,0)+IF($B$1=2019,'19 Individual Income Tax - S&L'!C29,0)+IF($B$1=2018,'18 Individual Income Tax - S&L'!C29,0)+IF($B$1=2017,'17 Individual Income Tax - S&L'!C29,0)+IF($B$1=2016,'16 Individual Income Tax - S&L'!C29,0)+IF($B$1=2015,'15 Individual Income Tax - S&L'!C29,0)+IF($B$1=2014,'14 Individual Income Tax - S&L'!C29,0)+IF($B$1=2013,'13 Individual Income Tax - S&L'!C29,0)+IF($B$1=2012,'12 Individual Income Tax - S&L'!C29,0)+IF($B$1=2011,'11 Individual Income Tax - S&L'!C29,0)+IF($B$1=2010,'10 Individual Income Tax - S&L'!C29,0)+IF($B$1=2009,'09 Individual Income Tax - S&L'!C29,0)+IF($B$1=2008,'08 Individual Income Tax - S&L'!C29,0)+IF($B$1=2007,'07 Individual Income Tax - S&L'!C29,0)+IF($B$1=2006,'06 Individual Income Tax - S&L'!C29,0)+IF($B$1=2005,'05 Individual Income Tax - S&L'!C29,0)+IF($B$1=2004,'04 Individual Income Tax - S&L'!C29,0)","v":0},{"$f":"IF($B$1=2021,'21 Individual Income Tax - S&L'!D29,0)+IF($B$1=2020,'20 Individual Income Tax - S&L'!D29,0)+IF($B$1=2019,'19 Individual Income Tax - S&L'!D29,0)+IF($B$1=2018,'18 Individual Income Tax - S&L'!D29,0)+IF($B$1=2017,'17 Individual Income Tax - S&L'!D29,0)+IF($B$1=2016,'16 Individual Income Tax - S&L'!D29,0)+IF($B$1=2015,'15 Individual Income Tax - S&L'!D29,0)+IF($B$1=2014,'14 Individual Income Tax - S&L'!D29,0)+IF($B$1=2013,'13 Individual Income Tax - S&L'!D29,0)+IF($B$1=2012,'12 Individual Income Tax - S&L'!D29,0)+IF($B$1=2011,'11 Individual Income Tax - S&L'!D29,0)+IF($B$1=2010,'10 Individual Income Tax - S&L'!D29,0)+IF($B$1=2009,'09 Individual Income Tax - S&L'!D29,0)+IF($B$1=2008,'08 Individual Income Tax - S&L'!D29,0)+IF($B$1=2007,'07 Individual Income Tax - S&L'!D29,0)+IF($B$1=2006,'06 Individual Income Tax - S&L'!D29,0)+IF($B$1=2005,'05 Individual Income Tax - S&L'!D29,0)+IF($B$1=2004,'04 Individual Income Tax - S&L'!D29,0)","v":0},{"$f":"IF($B$1=2021,'21 Individual Income Tax - S&L'!E29,0)+IF($B$1=2020,'20 Individual Income Tax - S&L'!E29,0)+IF($B$1=2019,'19 Individual Income Tax - S&L'!E29,0)+IF($B$1=2018,'18 Individual Income Tax - S&L'!E29,0)+IF($B$1=2017,'17 Individual Income Tax - S&L'!E29,0)+IF($B$1=2016,'16 Individual Income Tax - S&L'!E29,0)+IF($B$1=2015,'15 Individual Income Tax - S&L'!E29,0)+IF($B$1=2014,'14 Individual Income Tax - S&L'!E29,0)+IF($B$1=2013,'13 Individual Income Tax - S&L'!E29,0)+IF($B$1=2012,'12 Individual Income Tax - S&L'!E29,0)+IF($B$1=2011,'11 Individual Income Tax - S&L'!E29,0)+IF($B$1=2010,'10 Individual Income Tax - S&L'!E29,0)+IF($B$1=2009,'09 Individual Income Tax - S&L'!E29,0)+IF($B$1=2008,'08 Individual Income Tax - S&L'!E29,0)+IF($B$1=2007,'07 Individual Income Tax - S&L'!E29,0)+IF($B$1=2006,'06 Individual Income Tax - S&L'!E29,0)+IF($B$1=2005,'05 Individual Income Tax - S&L'!E29,0)+IF($B$1=2004,'04 Individual Income Tax - S&L'!E29,0)","v":0},{"$f":"IF($B$1=2021,'21 Individual Income Tax - S&L'!F29,0)+IF($B$1=2020,'20 Individual Income Tax - S&L'!F29,0)+IF($B$1=2019,'19 Individual Income Tax - S&L'!F29,0)+IF($B$1=2018,'18 Individual Income Tax - S&L'!F29,0)+IF($B$1=2017,'17 Individual Income Tax - S&L'!F29,0)+IF($B$1=2016,'16 Individual Income Tax - S&L'!F29,0)+IF($B$1=2015,'15 Individual Income Tax - S&L'!F29,0)+IF($B$1=2014,'14 Individual Income Tax - S&L'!F29,0)+IF($B$1=2013,'13 Individual Income Tax - S&L'!F29,0)+IF($B$1=2012,'12 Individual Income Tax - S&L'!F29,0)+IF($B$1=2011,'11 Individual Income Tax - S&L'!F29,0)+IF($B$1=2010,'10 Individual Income Tax - S&L'!F29,0)+IF($B$1=2009,'09 Individual Income Tax - S&L'!F29,0)+IF($B$1=2008,'08 Individual Income Tax - S&L'!F29,0)+IF($B$1=2007,'07 Individual Income Tax - S&L'!F29,0)+IF($B$1=2006,'06 Individual Income Tax - S&L'!F29,0)+IF($B$1=2005,'05 Individual Income Tax - S&L'!F29,0)+IF($B$1=2004,'04 Individual Income Tax - S&L'!F29,0)","v":0}]
[null,"MINNESOTA",{"$f":"IF($B$1=2021,'21 Individual Income Tax - S&L'!C30,0)+IF($B$1=2020,'20 Individual Income Tax - S&L'!C30,0)+IF($B$1=2019,'19 Individual Income Tax - S&L'!C30,0)+IF($B$1=2018,'18 Individual Income Tax - S&L'!C30,0)+IF($B$1=2017,'17 Individual Income Tax - S&L'!C30,0)+IF($B$1=2016,'16 Individual Income Tax - S&L'!C30,0)+IF($B$1=2015,'15 Individual Income Tax - S&L'!C30,0)+IF($B$1=2014,'14 Individual Income Tax - S&L'!C30,0)+IF($B$1=2013,'13 Individual Income Tax - S&L'!C30,0)+IF($B$1=2012,'12 Individual Income Tax - S&L'!C30,0)+IF($B$1=2011,'11 Individual Income Tax - S&L'!C30,0)+IF($B$1=2010,'10 Individual Income Tax - S&L'!C30,0)+IF($B$1=2009,'09 Individual Income Tax - S&L'!C30,0)+IF($B$1=2008,'08 Individual Income Tax - S&L'!C30,0)+IF($B$1=2007,'07 Individual Income Tax - S&L'!C30,0)+IF($B$1=2006,'06 Individual Income Tax - S&L'!C30,0)+IF($B$1=2005,'05 Individual Income Tax - S&L'!C30,0)+IF($B$1=2004,'04 Individual Income Tax - S&L'!C30,0)","v":0},{"$f":"IF($B$1=2021,'21 Individual Income Tax - S&L'!D30,0)+IF($B$1=2020,'20 Individual Income Tax - S&L'!D30,0)+IF($B$1=2019,'19 Individual Income Tax - S&L'!D30,0)+IF($B$1=2018,'18 Individual Income Tax - S&L'!D30,0)+IF($B$1=2017,'17 Individual Income Tax - S&L'!D30,0)+IF($B$1=2016,'16 Individual Income Tax - S&L'!D30,0)+IF($B$1=2015,'15 Individual Income Tax - S&L'!D30,0)+IF($B$1=2014,'14 Individual Income Tax - S&L'!D30,0)+IF($B$1=2013,'13 Individual Income Tax - S&L'!D30,0)+IF($B$1=2012,'12 Individual Income Tax - S&L'!D30,0)+IF($B$1=2011,'11 Individual Income Tax - S&L'!D30,0)+IF($B$1=2010,'10 Individual Income Tax - S&L'!D30,0)+IF($B$1=2009,'09 Individual Income Tax - S&L'!D30,0)+IF($B$1=2008,'08 Individual Income Tax - S&L'!D30,0)+IF($B$1=2007,'07 Individual Income Tax - S&L'!D30,0)+IF($B$1=2006,'06 Individual Income Tax - S&L'!D30,0)+IF($B$1=2005,'05 Individual Income Tax - S&L'!D30,0)+IF($B$1=2004,'04 Individual Income Tax - S&L'!D30,0)","v":0},{"$f":"IF($B$1=2021,'21 Individual Income Tax - S&L'!E30,0)+IF($B$1=2020,'20 Individual Income Tax - S&L'!E30,0)+IF($B$1=2019,'19 Individual Income Tax - S&L'!E30,0)+IF($B$1=2018,'18 Individual Income Tax - S&L'!E30,0)+IF($B$1=2017,'17 Individual Income Tax - S&L'!E30,0)+IF($B$1=2016,'16 Individual Income Tax - S&L'!E30,0)+IF($B$1=2015,'15 Individual Income Tax - S&L'!E30,0)+IF($B$1=2014,'14 Individual Income Tax - S&L'!E30,0)+IF($B$1=2013,'13 Individual Income Tax - S&L'!E30,0)+IF($B$1=2012,'12 Individual Income Tax - S&L'!E30,0)+IF($B$1=2011,'11 Individual Income Tax - S&L'!E30,0)+IF($B$1=2010,'10 Individual Income Tax - S&L'!E30,0)+IF($B$1=2009,'09 Individual Income Tax - S&L'!E30,0)+IF($B$1=2008,'08 Individual Income Tax - S&L'!E30,0)+IF($B$1=2007,'07 Individual Income Tax - S&L'!E30,0)+IF($B$1=2006,'06 Individual Income Tax - S&L'!E30,0)+IF($B$1=2005,'05 Individual Income Tax - S&L'!E30,0)+IF($B$1=2004,'04 Individual Income Tax - S&L'!E30,0)","v":0},{"$f":"IF($B$1=2021,'21 Individual Income Tax - S&L'!F30,0)+IF($B$1=2020,'20 Individual Income Tax - S&L'!F30,0)+IF($B$1=2019,'19 Individual Income Tax - S&L'!F30,0)+IF($B$1=2018,'18 Individual Income Tax - S&L'!F30,0)+IF($B$1=2017,'17 Individual Income Tax - S&L'!F30,0)+IF($B$1=2016,'16 Individual Income Tax - S&L'!F30,0)+IF($B$1=2015,'15 Individual Income Tax - S&L'!F30,0)+IF($B$1=2014,'14 Individual Income Tax - S&L'!F30,0)+IF($B$1=2013,'13 Individual Income Tax - S&L'!F30,0)+IF($B$1=2012,'12 Individual Income Tax - S&L'!F30,0)+IF($B$1=2011,'11 Individual Income Tax - S&L'!F30,0)+IF($B$1=2010,'10 Individual Income Tax - S&L'!F30,0)+IF($B$1=2009,'09 Individual Income Tax - S&L'!F30,0)+IF($B$1=2008,'08 Individual Income Tax - S&L'!F30,0)+IF($B$1=2007,'07 Individual Income Tax - S&L'!F30,0)+IF($B$1=2006,'06 Individual Income Tax - S&L'!F30,0)+IF($B$1=2005,'05 Individual Income Tax - S&L'!F30,0)+IF($B$1=2004,'04 Individual Income Tax - S&L'!F30,0)","v":0}]
[null,"Mississippi",{"$f":"IF($B$1=2021,'21 Individual Income Tax - S&L'!C31,0)+IF($B$1=2020,'20 Individual Income Tax - S&L'!C31,0)+IF($B$1=2019,'19 Individual Income Tax - S&L'!C31,0)+IF($B$1=2018,'18 Individual Income Tax - S&L'!C31,0)+IF($B$1=2017,'17 Individual Income Tax - S&L'!C31,0)+IF($B$1=2016,'16 Individual Income Tax - S&L'!C31,0)+IF($B$1=2015,'15 Individual Income Tax - S&L'!C31,0)+IF($B$1=2014,'14 Individual Income Tax - S&L'!C31,0)+IF($B$1=2013,'13 Individual Income Tax - S&L'!C31,0)+IF($B$1=2012,'12 Individual Income Tax - S&L'!C31,0)+IF($B$1=2011,'11 Individual Income Tax - S&L'!C31,0)+IF($B$1=2010,'10 Individual Income Tax - S&L'!C31,0)+IF($B$1=2009,'09 Individual Income Tax - S&L'!C31,0)+IF($B$1=2008,'08 Individual Income Tax - S&L'!C31,0)+IF($B$1=2007,'07 Individual Income Tax - S&L'!C31,0)+IF($B$1=2006,'06 Individual Income Tax - S&L'!C31,0)+IF($B$1=2005,'05 Individual Income Tax - S&L'!C31,0)+IF($B$1=2004,'04 Individual Income Tax - S&L'!C31,0)","v":0},{"$f":"IF($B$1=2021,'21 Individual Income Tax - S&L'!D31,0)+IF($B$1=2020,'20 Individual Income Tax - S&L'!D31,0)+IF($B$1=2019,'19 Individual Income Tax - S&L'!D31,0)+IF($B$1=2018,'18 Individual Income Tax - S&L'!D31,0)+IF($B$1=2017,'17 Individual Income Tax - S&L'!D31,0)+IF($B$1=2016,'16 Individual Income Tax - S&L'!D31,0)+IF($B$1=2015,'15 Individual Income Tax - S&L'!D31,0)+IF($B$1=2014,'14 Individual Income Tax - S&L'!D31,0)+IF($B$1=2013,'13 Individual Income Tax - S&L'!D31,0)+IF($B$1=2012,'12 Individual Income Tax - S&L'!D31,0)+IF($B$1=2011,'11 Individual Income Tax - S&L'!D31,0)+IF($B$1=2010,'10 Individual Income Tax - S&L'!D31,0)+IF($B$1=2009,'09 Individual Income Tax - S&L'!D31,0)+IF($B$1=2008,'08 Individual Income Tax - S&L'!D31,0)+IF($B$1=2007,'07 Individual Income Tax - S&L'!D31,0)+IF($B$1=2006,'06 Individual Income Tax - S&L'!D31,0)+IF($B$1=2005,'05 Individual Income Tax - S&L'!D31,0)+IF($B$1=2004,'04 Individual Income Tax - S&L'!D31,0)","v":0},{"$f":"IF($B$1=2021,'21 Individual Income Tax - S&L'!E31,0)+IF($B$1=2020,'20 Individual Income Tax - S&L'!E31,0)+IF($B$1=2019,'19 Individual Income Tax - S&L'!E31,0)+IF($B$1=2018,'18 Individual Income Tax - S&L'!E31,0)+IF($B$1=2017,'17 Individual Income Tax - S&L'!E31,0)+IF($B$1=2016,'16 Individual Income Tax - S&L'!E31,0)+IF($B$1=2015,'15 Individual Income Tax - S&L'!E31,0)+IF($B$1=2014,'14 Individual Income Tax - S&L'!E31,0)+IF($B$1=2013,'13 Individual Income Tax - S&L'!E31,0)+IF($B$1=2012,'12 Individual Income Tax - S&L'!E31,0)+IF($B$1=2011,'11 Individual Income Tax - S&L'!E31,0)+IF($B$1=2010,'10 Individual Income Tax - S&L'!E31,0)+IF($B$1=2009,'09 Individual Income Tax - S&L'!E31,0)+IF($B$1=2008,'08 Individual Income Tax - S&L'!E31,0)+IF($B$1=2007,'07 Individual Income Tax - S&L'!E31,0)+IF($B$1=2006,'06 Individual Income Tax - S&L'!E31,0)+IF($B$1=2005,'05 Individual Income Tax - S&L'!E31,0)+IF($B$1=2004,'04 Individual Income Tax - S&L'!E31,0)","v":0},{"$f":"IF($B$1=2021,'21 Individual Income Tax - S&L'!F31,0)+IF($B$1=2020,'20 Individual Income Tax - S&L'!F31,0)+IF($B$1=2019,'19 Individual Income Tax - S&L'!F31,0)+IF($B$1=2018,'18 Individual Income Tax - S&L'!F31,0)+IF($B$1=2017,'17 Individual Income Tax - S&L'!F31,0)+IF($B$1=2016,'16 Individual Income Tax - S&L'!F31,0)+IF($B$1=2015,'15 Individual Income Tax - S&L'!F31,0)+IF($B$1=2014,'14 Individual Income Tax - S&L'!F31,0)+IF($B$1=2013,'13 Individual Income Tax - S&L'!F31,0)+IF($B$1=2012,'12 Individual Income Tax - S&L'!F31,0)+IF($B$1=2011,'11 Individual Income Tax - S&L'!F31,0)+IF($B$1=2010,'10 Individual Income Tax - S&L'!F31,0)+IF($B$1=2009,'09 Individual Income Tax - S&L'!F31,0)+IF($B$1=2008,'08 Individual Income Tax - S&L'!F31,0)+IF($B$1=2007,'07 Individual Income Tax - S&L'!F31,0)+IF($B$1=2006,'06 Individual Income Tax - S&L'!F31,0)+IF($B$1=2005,'05 Individual Income Tax - S&L'!F31,0)+IF($B$1=2004,'04 Individual Income Tax - S&L'!F31,0)","v":0}]
[null,"Missouri",{"$f":"IF($B$1=2021,'21 Individual Income Tax - S&L'!C32,0)+IF($B$1=2020,'20 Individual Income Tax - S&L'!C32,0)+IF($B$1=2019,'19 Individual Income Tax - S&L'!C32,0)+IF($B$1=2018,'18 Individual Income Tax - S&L'!C32,0)+IF($B$1=2017,'17 Individual Income Tax - S&L'!C32,0)+IF($B$1=2016,'16 Individual Income Tax - S&L'!C32,0)+IF($B$1=2015,'15 Individual Income Tax - S&L'!C32,0)+IF($B$1=2014,'14 Individual Income Tax - S&L'!C32,0)+IF($B$1=2013,'13 Individual Income Tax - S&L'!C32,0)+IF($B$1=2012,'12 Individual Income Tax - S&L'!C32,0)+IF($B$1=2011,'11 Individual Income Tax - S&L'!C32,0)+IF($B$1=2010,'10 Individual Income Tax - S&L'!C32,0)+IF($B$1=2009,'09 Individual Income Tax - S&L'!C32,0)+IF($B$1=2008,'08 Individual Income Tax - S&L'!C32,0)+IF($B$1=2007,'07 Individual Income Tax - S&L'!C32,0)+IF($B$1=2006,'06 Individual Income Tax - S&L'!C32,0)+IF($B$1=2005,'05 Individual Income Tax - S&L'!C32,0)+IF($B$1=2004,'04 Individual Income Tax - S&L'!C32,0)","v":0},{"$f":"IF($B$1=2021,'21 Individual Income Tax - S&L'!D32,0)+IF($B$1=2020,'20 Individual Income Tax - S&L'!D32,0)+IF($B$1=2019,'19 Individual Income Tax - S&L'!D32,0)+IF($B$1=2018,'18 Individual Income Tax - S&L'!D32,0)+IF($B$1=2017,'17 Individual Income Tax - S&L'!D32,0)+IF($B$1=2016,'16 Individual Income Tax - S&L'!D32,0)+IF($B$1=2015,'15 Individual Income Tax - S&L'!D32,0)+IF($B$1=2014,'14 Individual Income Tax - S&L'!D32,0)+IF($B$1=2013,'13 Individual Income Tax - S&L'!D32,0)+IF($B$1=2012,'12 Individual Income Tax - S&L'!D32,0)+IF($B$1=2011,'11 Individual Income Tax - S&L'!D32,0)+IF($B$1=2010,'10 Individual Income Tax - S&L'!D32,0)+IF($B$1=2009,'09 Individual Income Tax - S&L'!D32,0)+IF($B$1=2008,'08 Individual Income Tax - S&L'!D32,0)+IF($B$1=2007,'07 Individual Income Tax - S&L'!D32,0)+IF($B$1=2006,'06 Individual Income Tax - S&L'!D32,0)+IF($B$1=2005,'05 Individual Income Tax - S&L'!D32,0)+IF($B$1=2004,'04 Individual Income Tax - S&L'!D32,0)","v":0},{"$f":"IF($B$1=2021,'21 Individual Income Tax - S&L'!E32,0)+IF($B$1=2020,'20 Individual Income Tax - S&L'!E32,0)+IF($B$1=2019,'19 Individual Income Tax - S&L'!E32,0)+IF($B$1=2018,'18 Individual Income Tax - S&L'!E32,0)+IF($B$1=2017,'17 Individual Income Tax - S&L'!E32,0)+IF($B$1=2016,'16 Individual Income Tax - S&L'!E32,0)+IF($B$1=2015,'15 Individual Income Tax - S&L'!E32,0)+IF($B$1=2014,'14 Individual Income Tax - S&L'!E32,0)+IF($B$1=2013,'13 Individual Income Tax - S&L'!E32,0)+IF($B$1=2012,'12 Individual Income Tax - S&L'!E32,0)+IF($B$1=2011,'11 Individual Income Tax - S&L'!E32,0)+IF($B$1=2010,'10 Individual Income Tax - S&L'!E32,0)+IF($B$1=2009,'09 Individual Income Tax - S&L'!E32,0)+IF($B$1=2008,'08 Individual Income Tax - S&L'!E32,0)+IF($B$1=2007,'07 Individual Income Tax - S&L'!E32,0)+IF($B$1=2006,'06 Individual Income Tax - S&L'!E32,0)+IF($B$1=2005,'05 Individual Income Tax - S&L'!E32,0)+IF($B$1=2004,'04 Individual Income Tax - S&L'!E32,0)","v":0},{"$f":"IF($B$1=2021,'21 Individual Income Tax - S&L'!F32,0)+IF($B$1=2020,'20 Individual Income Tax - S&L'!F32,0)+IF($B$1=2019,'19 Individual Income Tax - S&L'!F32,0)+IF($B$1=2018,'18 Individual Income Tax - S&L'!F32,0)+IF($B$1=2017,'17 Individual Income Tax - S&L'!F32,0)+IF($B$1=2016,'16 Individual Income Tax - S&L'!F32,0)+IF($B$1=2015,'15 Individual Income Tax - S&L'!F32,0)+IF($B$1=2014,'14 Individual Income Tax - S&L'!F32,0)+IF($B$1=2013,'13 Individual Income Tax - S&L'!F32,0)+IF($B$1=2012,'12 Individual Income Tax - S&L'!F32,0)+IF($B$1=2011,'11 Individual Income Tax - S&L'!F32,0)+IF($B$1=2010,'10 Individual Income Tax - S&L'!F32,0)+IF($B$1=2009,'09 Individual Income Tax - S&L'!F32,0)+IF($B$1=2008,'08 Individual Income Tax - S&L'!F32,0)+IF($B$1=2007,'07 Individual Income Tax - S&L'!F32,0)+IF($B$1=2006,'06 Individual Income Tax - S&L'!F32,0)+IF($B$1=2005,'05 Individual Income Tax - S&L'!F32,0)+IF($B$1=2004,'04 Individual Income Tax - S&L'!F32,0)","v":0}]
[null,"Montana",{"$f":"IF($B$1=2021,'21 Individual Income Tax - S&L'!C33,0)+IF($B$1=2020,'20 Individual Income Tax - S&L'!C33,0)+IF($B$1=2019,'19 Individual Income Tax - S&L'!C33,0)+IF($B$1=2018,'18 Individual Income Tax - S&L'!C33,0)+IF($B$1=2017,'17 Individual Income Tax - S&L'!C33,0)+IF($B$1=2016,'16 Individual Income Tax - S&L'!C33,0)+IF($B$1=2015,'15 Individual Income Tax - S&L'!C33,0)+IF($B$1=2014,'14 Individual Income Tax - S&L'!C33,0)+IF($B$1=2013,'13 Individual Income Tax - S&L'!C33,0)+IF($B$1=2012,'12 Individual Income Tax - S&L'!C33,0)+IF($B$1=2011,'11 Individual Income Tax - S&L'!C33,0)+IF($B$1=2010,'10 Individual Income Tax - S&L'!C33,0)+IF($B$1=2009,'09 Individual Income Tax - S&L'!C33,0)+IF($B$1=2008,'08 Individual Income Tax - S&L'!C33,0)+IF($B$1=2007,'07 Individual Income Tax - S&L'!C33,0)+IF($B$1=2006,'06 Individual Income Tax - S&L'!C33,0)+IF($B$1=2005,'05 Individual Income Tax - S&L'!C33,0)+IF($B$1=2004,'04 Individual Income Tax - S&L'!C33,0)","v":0},{"$f":"IF($B$1=2021,'21 Individual Income Tax - S&L'!D33,0)+IF($B$1=2020,'20 Individual Income Tax - S&L'!D33,0)+IF($B$1=2019,'19 Individual Income Tax - S&L'!D33,0)+IF($B$1=2018,'18 Individual Income Tax - S&L'!D33,0)+IF($B$1=2017,'17 Individual Income Tax - S&L'!D33,0)+IF($B$1=2016,'16 Individual Income Tax - S&L'!D33,0)+IF($B$1=2015,'15 Individual Income Tax - S&L'!D33,0)+IF($B$1=2014,'14 Individual Income Tax - S&L'!D33,0)+IF($B$1=2013,'13 Individual Income Tax - S&L'!D33,0)+IF($B$1=2012,'12 Individual Income Tax - S&L'!D33,0)+IF($B$1=2011,'11 Individual Income Tax - S&L'!D33,0)+IF($B$1=2010,'10 Individual Income Tax - S&L'!D33,0)+IF($B$1=2009,'09 Individual Income Tax - S&L'!D33,0)+IF($B$1=2008,'08 Individual Income Tax - S&L'!D33,0)+IF($B$1=2007,'07 Individual Income Tax - S&L'!D33,0)+IF($B$1=2006,'06 Individual Income Tax - S&L'!D33,0)+IF($B$1=2005,'05 Individual Income Tax - S&L'!D33,0)+IF($B$1=2004,'04 Individual Income Tax - S&L'!D33,0)","v":0},{"$f":"IF($B$1=2021,'21 Individual Income Tax - S&L'!E33,0)+IF($B$1=2020,'20 Individual Income Tax - S&L'!E33,0)+IF($B$1=2019,'19 Individual Income Tax - S&L'!E33,0)+IF($B$1=2018,'18 Individual Income Tax - S&L'!E33,0)+IF($B$1=2017,'17 Individual Income Tax - S&L'!E33,0)+IF($B$1=2016,'16 Individual Income Tax - S&L'!E33,0)+IF($B$1=2015,'15 Individual Income Tax - S&L'!E33,0)+IF($B$1=2014,'14 Individual Income Tax - S&L'!E33,0)+IF($B$1=2013,'13 Individual Income Tax - S&L'!E33,0)+IF($B$1=2012,'12 Individual Income Tax - S&L'!E33,0)+IF($B$1=2011,'11 Individual Income Tax - S&L'!E33,0)+IF($B$1=2010,'10 Individual Income Tax - S&L'!E33,0)+IF($B$1=2009,'09 Individual Income Tax - S&L'!E33,0)+IF($B$1=2008,'08 Individual Income Tax - S&L'!E33,0)+IF($B$1=2007,'07 Individual Income Tax - S&L'!E33,0)+IF($B$1=2006,'06 Individual Income Tax - S&L'!E33,0)+IF($B$1=2005,'05 Individual Income Tax - S&L'!E33,0)+IF($B$1=2004,'04 Individual Income Tax - S&L'!E33,0)","v":0},{"$f":"IF($B$1=2021,'21 Individual Income Tax - S&L'!F33,0)+IF($B$1=2020,'20 Individual Income Tax - S&L'!F33,0)+IF($B$1=2019,'19 Individual Income Tax - S&L'!F33,0)+IF($B$1=2018,'18 Individual Income Tax - S&L'!F33,0)+IF($B$1=2017,'17 Individual Income Tax - S&L'!F33,0)+IF($B$1=2016,'16 Individual Income Tax - S&L'!F33,0)+IF($B$1=2015,'15 Individual Income Tax - S&L'!F33,0)+IF($B$1=2014,'14 Individual Income Tax - S&L'!F33,0)+IF($B$1=2013,'13 Individual Income Tax - S&L'!F33,0)+IF($B$1=2012,'12 Individual Income Tax - S&L'!F33,0)+IF($B$1=2011,'11 Individual Income Tax - S&L'!F33,0)+IF($B$1=2010,'10 Individual Income Tax - S&L'!F33,0)+IF($B$1=2009,'09 Individual Income Tax - S&L'!F33,0)+IF($B$1=2008,'08 Individual Income Tax - S&L'!F33,0)+IF($B$1=2007,'07 Individual Income Tax - S&L'!F33,0)+IF($B$1=2006,'06 Individual Income Tax - S&L'!F33,0)+IF($B$1=2005,'05 Individual Income Tax - S&L'!F33,0)+IF($B$1=2004,'04 Individual Income Tax - S&L'!F33,0)","v":0}]
[null,"Nebraska",{"$f":"IF($B$1=2021,'21 Individual Income Tax - S&L'!C34,0)+IF($B$1=2020,'20 Individual Income Tax - S&L'!C34,0)+IF($B$1=2019,'19 Individual Income Tax - S&L'!C34,0)+IF($B$1=2018,'18 Individual Income Tax - S&L'!C34,0)+IF($B$1=2017,'17 Individual Income Tax - S&L'!C34,0)+IF($B$1=2016,'16 Individual Income Tax - S&L'!C34,0)+IF($B$1=2015,'15 Individual Income Tax - S&L'!C34,0)+IF($B$1=2014,'14 Individual Income Tax - S&L'!C34,0)+IF($B$1=2013,'13 Individual Income Tax - S&L'!C34,0)+IF($B$1=2012,'12 Individual Income Tax - S&L'!C34,0)+IF($B$1=2011,'11 Individual Income Tax - S&L'!C34,0)+IF($B$1=2010,'10 Individual Income Tax - S&L'!C34,0)+IF($B$1=2009,'09 Individual Income Tax - S&L'!C34,0)+IF($B$1=2008,'08 Individual Income Tax - S&L'!C34,0)+IF($B$1=2007,'07 Individual Income Tax - S&L'!C34,0)+IF($B$1=2006,'06 Individual Income Tax - S&L'!C34,0)+IF($B$1=2005,'05 Individual Income Tax - S&L'!C34,0)+IF($B$1=2004,'04 Individual Income Tax - S&L'!C34,0)","v":0},{"$f":"IF($B$1=2021,'21 Individual Income Tax - S&L'!D34,0)+IF($B$1=2020,'20 Individual Income Tax - S&L'!D34,0)+IF($B$1=2019,'19 Individual Income Tax - S&L'!D34,0)+IF($B$1=2018,'18 Individual Income Tax - S&L'!D34,0)+IF($B$1=2017,'17 Individual Income Tax - S&L'!D34,0)+IF($B$1=2016,'16 Individual Income Tax - S&L'!D34,0)+IF($B$1=2015,'15 Individual Income Tax - S&L'!D34,0)+IF($B$1=2014,'14 Individual Income Tax - S&L'!D34,0)+IF($B$1=2013,'13 Individual Income Tax - S&L'!D34,0)+IF($B$1=2012,'12 Individual Income Tax - S&L'!D34,0)+IF($B$1=2011,'11 Individual Income Tax - S&L'!D34,0)+IF($B$1=2010,'10 Individual Income Tax - S&L'!D34,0)+IF($B$1=2009,'09 Individual Income Tax - S&L'!D34,0)+IF($B$1=2008,'08 Individual Income Tax - S&L'!D34,0)+IF($B$1=2007,'07 Individual Income Tax - S&L'!D34,0)+IF($B$1=2006,'06 Individual Income Tax - S&L'!D34,0)+IF($B$1=2005,'05 Individual Income Tax - S&L'!D34,0)+IF($B$1=2004,'04 Individual Income Tax - S&L'!D34,0)","v":0},{"$f":"IF($B$1=2021,'21 Individual Income Tax - S&L'!E34,0)+IF($B$1=2020,'20 Individual Income Tax - S&L'!E34,0)+IF($B$1=2019,'19 Individual Income Tax - S&L'!E34,0)+IF($B$1=2018,'18 Individual Income Tax - S&L'!E34,0)+IF($B$1=2017,'17 Individual Income Tax - S&L'!E34,0)+IF($B$1=2016,'16 Individual Income Tax - S&L'!E34,0)+IF($B$1=2015,'15 Individual Income Tax - S&L'!E34,0)+IF($B$1=2014,'14 Individual Income Tax - S&L'!E34,0)+IF($B$1=2013,'13 Individual Income Tax - S&L'!E34,0)+IF($B$1=2012,'12 Individual Income Tax - S&L'!E34,0)+IF($B$1=2011,'11 Individual Income Tax - S&L'!E34,0)+IF($B$1=2010,'10 Individual Income Tax - S&L'!E34,0)+IF($B$1=2009,'09 Individual Income Tax - S&L'!E34,0)+IF($B$1=2008,'08 Individual Income Tax - S&L'!E34,0)+IF($B$1=2007,'07 Individual Income Tax - S&L'!E34,0)+IF($B$1=2006,'06 Individual Income Tax - S&L'!E34,0)+IF($B$1=2005,'05 Individual Income Tax - S&L'!E34,0)+IF($B$1=2004,'04 Individual Income Tax - S&L'!E34,0)","v":0},{"$f":"IF($B$1=2021,'21 Individual Income Tax - S&L'!F34,0)+IF($B$1=2020,'20 Individual Income Tax - S&L'!F34,0)+IF($B$1=2019,'19 Individual Income Tax - S&L'!F34,0)+IF($B$1=2018,'18 Individual Income Tax - S&L'!F34,0)+IF($B$1=2017,'17 Individual Income Tax - S&L'!F34,0)+IF($B$1=2016,'16 Individual Income Tax - S&L'!F34,0)+IF($B$1=2015,'15 Individual Income Tax - S&L'!F34,0)+IF($B$1=2014,'14 Individual Income Tax - S&L'!F34,0)+IF($B$1=2013,'13 Individual Income Tax - S&L'!F34,0)+IF($B$1=2012,'12 Individual Income Tax - S&L'!F34,0)+IF($B$1=2011,'11 Individual Income Tax - S&L'!F34,0)+IF($B$1=2010,'10 Individual Income Tax - S&L'!F34,0)+IF($B$1=2009,'09 Individual Income Tax - S&L'!F34,0)+IF($B$1=2008,'08 Individual Income Tax - S&L'!F34,0)+IF($B$1=2007,'07 Individual Income Tax - S&L'!F34,0)+IF($B$1=2006,'06 Individual Income Tax - S&L'!F34,0)+IF($B$1=2005,'05 Individual Income Tax - S&L'!F34,0)+IF($B$1=2004,'04 Individual Income Tax - S&L'!F34,0)","v":0}]
[null,"Nevada",{"$f":"IF($B$1=2021,'21 Individual Income Tax - S&L'!C35,0)+IF($B$1=2020,'20 Individual Income Tax - S&L'!C35,0)+IF($B$1=2019,'19 Individual Income Tax - S&L'!C35,0)+IF($B$1=2018,'18 Individual Income Tax - S&L'!C35,0)+IF($B$1=2017,'17 Individual Income Tax - S&L'!C35,0)+IF($B$1=2016,'16 Individual Income Tax - S&L'!C35,0)+IF($B$1=2015,'15 Individual Income Tax - S&L'!C35,0)+IF($B$1=2014,'14 Individual Income Tax - S&L'!C35,0)+IF($B$1=2013,'13 Individual Income Tax - S&L'!C35,0)+IF($B$1=2012,'12 Individual Income Tax - S&L'!C35,0)+IF($B$1=2011,'11 Individual Income Tax - S&L'!C35,0)+IF($B$1=2010,'10 Individual Income Tax - S&L'!C35,0)+IF($B$1=2009,'09 Individual Income Tax - S&L'!C35,0)+IF($B$1=2008,'08 Individual Income Tax - S&L'!C35,0)+IF($B$1=2007,'07 Individual Income Tax - S&L'!C35,0)+IF($B$1=2006,'06 Individual Income Tax - S&L'!C35,0)+IF($B$1=2005,'05 Individual Income Tax - S&L'!C35,0)+IF($B$1=2004,'04 Individual Income Tax - S&L'!C35,0)","v":0},{"$f":"IF($B$1=2021,'21 Individual Income Tax - S&L'!D35,0)+IF($B$1=2020,'20 Individual Income Tax - S&L'!D35,0)+IF($B$1=2019,'19 Individual Income Tax - S&L'!D35,0)+IF($B$1=2018,'18 Individual Income Tax - S&L'!D35,0)+IF($B$1=2017,'17 Individual Income Tax - S&L'!D35,0)+IF($B$1=2016,'16 Individual Income Tax - S&L'!D35,0)+IF($B$1=2015,'15 Individual Income Tax - S&L'!D35,0)+IF($B$1=2014,'14 Individual Income Tax - S&L'!D35,0)+IF($B$1=2013,'13 Individual Income Tax - S&L'!D35,0)+IF($B$1=2012,'12 Individual Income Tax - S&L'!D35,0)+IF($B$1=2011,'11 Individual Income Tax - S&L'!D35,0)+IF($B$1=2010,'10 Individual Income Tax - S&L'!D35,0)+IF($B$1=2009,'09 Individual Income Tax - S&L'!D35,0)+IF($B$1=2008,'08 Individual Income Tax - S&L'!D35,0)+IF($B$1=2007,'07 Individual Income Tax - S&L'!D35,0)+IF($B$1=2006,'06 Individual Income Tax - S&L'!D35,0)+IF($B$1=2005,'05 Individual Income Tax - S&L'!D35,0)+IF($B$1=2004,'04 Individual Income Tax - S&L'!D35,0)","v":0},{"$f":"IF($B$1=2021,'21 Individual Income Tax - S&L'!E35,0)+IF($B$1=2020,'20 Individual Income Tax - S&L'!E35,0)+IF($B$1=2019,'19 Individual Income Tax - S&L'!E35,0)+IF($B$1=2018,'18 Individual Income Tax - S&L'!E35,0)+IF($B$1=2017,'17 Individual Income Tax - S&L'!E35,0)+IF($B$1=2016,'16 Individual Income Tax - S&L'!E35,0)+IF($B$1=2015,'15 Individual Income Tax - S&L'!E35,0)+IF($B$1=2014,'14 Individual Income Tax - S&L'!E35,0)+IF($B$1=2013,'13 Individual Income Tax - S&L'!E35,0)+IF($B$1=2012,'12 Individual Income Tax - S&L'!E35,0)+IF($B$1=2011,'11 Individual Income Tax - S&L'!E35,0)+IF($B$1=2010,'10 Individual Income Tax - S&L'!E35,0)+IF($B$1=2009,'09 Individual Income Tax - S&L'!E35,0)+IF($B$1=2008,'08 Individual Income Tax - S&L'!E35,0)+IF($B$1=2007,'07 Individual Income Tax - S&L'!E35,0)+IF($B$1=2006,'06 Individual Income Tax - S&L'!E35,0)+IF($B$1=2005,'05 Individual Income Tax - S&L'!E35,0)+IF($B$1=2004,'04 Individual Income Tax - S&L'!E35,0)","v":0},{"$f":"IF($B$1=2021,'21 Individual Income Tax - S&L'!F35,0)+IF($B$1=2020,'20 Individual Income Tax - S&L'!F35,0)+IF($B$1=2019,'19 Individual Income Tax - S&L'!F35,0)+IF($B$1=2018,'18 Individual Income Tax - S&L'!F35,0)+IF($B$1=2017,'17 Individual Income Tax - S&L'!F35,0)+IF($B$1=2016,'16 Individual Income Tax - S&L'!F35,0)+IF($B$1=2015,'15 Individual Income Tax - S&L'!F35,0)+IF($B$1=2014,'14 Individual Income Tax - S&L'!F35,0)+IF($B$1=2013,'13 Individual Income Tax - S&L'!F35,0)+IF($B$1=2012,'12 Individual Income Tax - S&L'!F35,0)+IF($B$1=2011,'11 Individual Income Tax - S&L'!F35,0)+IF($B$1=2010,'10 Individual Income Tax - S&L'!F35,0)+IF($B$1=2009,'09 Individual Income Tax - S&L'!F35,0)+IF($B$1=2008,'08 Individual Income Tax - S&L'!F35,0)+IF($B$1=2007,'07 Individual Income Tax - S&L'!F35,0)+IF($B$1=2006,'06 Individual Income Tax - S&L'!F35,0)+IF($B$1=2005,'05 Individual Income Tax - S&L'!F35,0)+IF($B$1=2004,'04 Individual Income Tax - S&L'!F35,0)","v":0}]
[null,"New Hampshire",{"$f":"IF($B$1=2021,'21 Individual Income Tax - S&L'!C36,0)+IF($B$1=2020,'20 Individual Income Tax - S&L'!C36,0)+IF($B$1=2019,'19 Individual Income Tax - S&L'!C36,0)+IF($B$1=2018,'18 Individual Income Tax - S&L'!C36,0)+IF($B$1=2017,'17 Individual Income Tax - S&L'!C36,0)+IF($B$1=2016,'16 Individual Income Tax - S&L'!C36,0)+IF($B$1=2015,'15 Individual Income Tax - S&L'!C36,0)+IF($B$1=2014,'14 Individual Income Tax - S&L'!C36,0)+IF($B$1=2013,'13 Individual Income Tax - S&L'!C36,0)+IF($B$1=2012,'12 Individual Income Tax - S&L'!C36,0)+IF($B$1=2011,'11 Individual Income Tax - S&L'!C36,0)+IF($B$1=2010,'10 Individual Income Tax - S&L'!C36,0)+IF($B$1=2009,'09 Individual Income Tax - S&L'!C36,0)+IF($B$1=2008,'08 Individual Income Tax - S&L'!C36,0)+IF($B$1=2007,'07 Individual Income Tax - S&L'!C36,0)+IF($B$1=2006,'06 Individual Income Tax - S&L'!C36,0)+IF($B$1=2005,'05 Individual Income Tax - S&L'!C36,0)+IF($B$1=2004,'04 Individual Income Tax - S&L'!C36,0)","v":0},{"$f":"IF($B$1=2021,'21 Individual Income Tax - S&L'!D36,0)+IF($B$1=2020,'20 Individual Income Tax - S&L'!D36,0)+IF($B$1=2019,'19 Individual Income Tax - S&L'!D36,0)+IF($B$1=2018,'18 Individual Income Tax - S&L'!D36,0)+IF($B$1=2017,'17 Individual Income Tax - S&L'!D36,0)+IF($B$1=2016,'16 Individual Income Tax - S&L'!D36,0)+IF($B$1=2015,'15 Individual Income Tax - S&L'!D36,0)+IF($B$1=2014,'14 Individual Income Tax - S&L'!D36,0)+IF($B$1=2013,'13 Individual Income Tax - S&L'!D36,0)+IF($B$1=2012,'12 Individual Income Tax - S&L'!D36,0)+IF($B$1=2011,'11 Individual Income Tax - S&L'!D36,0)+IF($B$1=2010,'10 Individual Income Tax - S&L'!D36,0)+IF($B$1=2009,'09 Individual Income Tax - S&L'!D36,0)+IF($B$1=2008,'08 Individual Income Tax - S&L'!D36,0)+IF($B$1=2007,'07 Individual Income Tax - S&L'!D36,0)+IF($B$1=2006,'06 Individual Income Tax - S&L'!D36,0)+IF($B$1=2005,'05 Individual Income Tax - S&L'!D36,0)+IF($B$1=2004,'04 Individual Income Tax - S&L'!D36,0)","v":0},{"$f":"IF($B$1=2021,'21 Individual Income Tax - S&L'!E36,0)+IF($B$1=2020,'20 Individual Income Tax - S&L'!E36,0)+IF($B$1=2019,'19 Individual Income Tax - S&L'!E36,0)+IF($B$1=2018,'18 Individual Income Tax - S&L'!E36,0)+IF($B$1=2017,'17 Individual Income Tax - S&L'!E36,0)+IF($B$1=2016,'16 Individual Income Tax - S&L'!E36,0)+IF($B$1=2015,'15 Individual Income Tax - S&L'!E36,0)+IF($B$1=2014,'14 Individual Income Tax - S&L'!E36,0)+IF($B$1=2013,'13 Individual Income Tax - S&L'!E36,0)+IF($B$1=2012,'12 Individual Income Tax - S&L'!E36,0)+IF($B$1=2011,'11 Individual Income Tax - S&L'!E36,0)+IF($B$1=2010,'10 Individual Income Tax - S&L'!E36,0)+IF($B$1=2009,'09 Individual Income Tax - S&L'!E36,0)+IF($B$1=2008,'08 Individual Income Tax - S&L'!E36,0)+IF($B$1=2007,'07 Individual Income Tax - S&L'!E36,0)+IF($B$1=2006,'06 Individual Income Tax - S&L'!E36,0)+IF($B$1=2005,'05 Individual Income Tax - S&L'!E36,0)+IF($B$1=2004,'04 Individual Income Tax - S&L'!E36,0)","v":0},{"$f":"IF($B$1=2021,'21 Individual Income Tax - S&L'!F36,0)+IF($B$1=2020,'20 Individual Income Tax - S&L'!F36,0)+IF($B$1=2019,'19 Individual Income Tax - S&L'!F36,0)+IF($B$1=2018,'18 Individual Income Tax - S&L'!F36,0)+IF($B$1=2017,'17 Individual Income Tax - S&L'!F36,0)+IF($B$1=2016,'16 Individual Income Tax - S&L'!F36,0)+IF($B$1=2015,'15 Individual Income Tax - S&L'!F36,0)+IF($B$1=2014,'14 Individual Income Tax - S&L'!F36,0)+IF($B$1=2013,'13 Individual Income Tax - S&L'!F36,0)+IF($B$1=2012,'12 Individual Income Tax - S&L'!F36,0)+IF($B$1=2011,'11 Individual Income Tax - S&L'!F36,0)+IF($B$1=2010,'10 Individual Income Tax - S&L'!F36,0)+IF($B$1=2009,'09 Individual Income Tax - S&L'!F36,0)+IF($B$1=2008,'08 Individual Income Tax - S&L'!F36,0)+IF($B$1=2007,'07 Individual Income Tax - S&L'!F36,0)+IF($B$1=2006,'06 Individual Income Tax - S&L'!F36,0)+IF($B$1=2005,'05 Individual Income Tax - S&L'!F36,0)+IF($B$1=2004,'04 Individual Income Tax - S&L'!F36,0)","v":0}]
[null,"New Jersey",{"$f":"IF($B$1=2021,'21 Individual Income Tax - S&L'!C37,0)+IF($B$1=2020,'20 Individual Income Tax - S&L'!C37,0)+IF($B$1=2019,'19 Individual Income Tax - S&L'!C37,0)+IF($B$1=2018,'18 Individual Income Tax - S&L'!C37,0)+IF($B$1=2017,'17 Individual Income Tax - S&L'!C37,0)+IF($B$1=2016,'16 Individual Income Tax - S&L'!C37,0)+IF($B$1=2015,'15 Individual Income Tax - S&L'!C37,0)+IF($B$1=2014,'14 Individual Income Tax - S&L'!C37,0)+IF($B$1=2013,'13 Individual Income Tax - S&L'!C37,0)+IF($B$1=2012,'12 Individual Income Tax - S&L'!C37,0)+IF($B$1=2011,'11 Individual Income Tax - S&L'!C37,0)+IF($B$1=2010,'10 Individual Income Tax - S&L'!C37,0)+IF($B$1=2009,'09 Individual Income Tax - S&L'!C37,0)+IF($B$1=2008,'08 Individual Income Tax - S&L'!C37,0)+IF($B$1=2007,'07 Individual Income Tax - S&L'!C37,0)+IF($B$1=2006,'06 Individual Income Tax - S&L'!C37,0)+IF($B$1=2005,'05 Individual Income Tax - S&L'!C37,0)+IF($B$1=2004,'04 Individual Income Tax - S&L'!C37,0)","v":0},{"$f":"IF($B$1=2021,'21 Individual Income Tax - S&L'!D37,0)+IF($B$1=2020,'20 Individual Income Tax - S&L'!D37,0)+IF($B$1=2019,'19 Individual Income Tax - S&L'!D37,0)+IF($B$1=2018,'18 Individual Income Tax - S&L'!D37,0)+IF($B$1=2017,'17 Individual Income Tax - S&L'!D37,0)+IF($B$1=2016,'16 Individual Income Tax - S&L'!D37,0)+IF($B$1=2015,'15 Individual Income Tax - S&L'!D37,0)+IF($B$1=2014,'14 Individual Income Tax - S&L'!D37,0)+IF($B$1=2013,'13 Individual Income Tax - S&L'!D37,0)+IF($B$1=2012,'12 Individual Income Tax - S&L'!D37,0)+IF($B$1=2011,'11 Individual Income Tax - S&L'!D37,0)+IF($B$1=2010,'10 Individual Income Tax - S&L'!D37,0)+IF($B$1=2009,'09 Individual Income Tax - S&L'!D37,0)+IF($B$1=2008,'08 Individual Income Tax - S&L'!D37,0)+IF($B$1=2007,'07 Individual Income Tax - S&L'!D37,0)+IF($B$1=2006,'06 Individual Income Tax - S&L'!D37,0)+IF($B$1=2005,'05 Individual Income Tax - S&L'!D37,0)+IF($B$1=2004,'04 Individual Income Tax - S&L'!D37,0)","v":0},{"$f":"IF($B$1=2021,'21 Individual Income Tax - S&L'!E37,0)+IF($B$1=2020,'20 Individual Income Tax - S&L'!E37,0)+IF($B$1=2019,'19 Individual Income Tax - S&L'!E37,0)+IF($B$1=2018,'18 Individual Income Tax - S&L'!E37,0)+IF($B$1=2017,'17 Individual Income Tax - S&L'!E37,0)+IF($B$1=2016,'16 Individual Income Tax - S&L'!E37,0)+IF($B$1=2015,'15 Individual Income Tax - S&L'!E37,0)+IF($B$1=2014,'14 Individual Income Tax - S&L'!E37,0)+IF($B$1=2013,'13 Individual Income Tax - S&L'!E37,0)+IF($B$1=2012,'12 Individual Income Tax - S&L'!E37,0)+IF($B$1=2011,'11 Individual Income Tax - S&L'!E37,0)+IF($B$1=2010,'10 Individual Income Tax - S&L'!E37,0)+IF($B$1=2009,'09 Individual Income Tax - S&L'!E37,0)+IF($B$1=2008,'08 Individual Income Tax - S&L'!E37,0)+IF($B$1=2007,'07 Individual Income Tax - S&L'!E37,0)+IF($B$1=2006,'06 Individual Income Tax - S&L'!E37,0)+IF($B$1=2005,'05 Individual Income Tax - S&L'!E37,0)+IF($B$1=2004,'04 Individual Income Tax - S&L'!E37,0)","v":0},{"$f":"IF($B$1=2021,'21 Individual Income Tax - S&L'!F37,0)+IF($B$1=2020,'20 Individual Income Tax - S&L'!F37,0)+IF($B$1=2019,'19 Individual Income Tax - S&L'!F37,0)+IF($B$1=2018,'18 Individual Income Tax - S&L'!F37,0)+IF($B$1=2017,'17 Individual Income Tax - S&L'!F37,0)+IF($B$1=2016,'16 Individual Income Tax - S&L'!F37,0)+IF($B$1=2015,'15 Individual Income Tax - S&L'!F37,0)+IF($B$1=2014,'14 Individual Income Tax - S&L'!F37,0)+IF($B$1=2013,'13 Individual Income Tax - S&L'!F37,0)+IF($B$1=2012,'12 Individual Income Tax - S&L'!F37,0)+IF($B$1=2011,'11 Individual Income Tax - S&L'!F37,0)+IF($B$1=2010,'10 Individual Income Tax - S&L'!F37,0)+IF($B$1=2009,'09 Individual Income Tax - S&L'!F37,0)+IF($B$1=2008,'08 Individual Income Tax - S&L'!F37,0)+IF($B$1=2007,'07 Individual Income Tax - S&L'!F37,0)+IF($B$1=2006,'06 Individual Income Tax - S&L'!F37,0)+IF($B$1=2005,'05 Individual Income Tax - S&L'!F37,0)+IF($B$1=2004,'04 Individual Income Tax - S&L'!F37,0)","v":0}]
[null,"New Mexico",{"$f":"IF($B$1=2021,'21 Individual Income Tax - S&L'!C38,0)+IF($B$1=2020,'20 Individual Income Tax - S&L'!C38,0)+IF($B$1=2019,'19 Individual Income Tax - S&L'!C38,0)+IF($B$1=2018,'18 Individual Income Tax - S&L'!C38,0)+IF($B$1=2017,'17 Individual Income Tax - S&L'!C38,0)+IF($B$1=2016,'16 Individual Income Tax - S&L'!C38,0)+IF($B$1=2015,'15 Individual Income Tax - S&L'!C38,0)+IF($B$1=2014,'14 Individual Income Tax - S&L'!C38,0)+IF($B$1=2013,'13 Individual Income Tax - S&L'!C38,0)+IF($B$1=2012,'12 Individual Income Tax - S&L'!C38,0)+IF($B$1=2011,'11 Individual Income Tax - S&L'!C38,0)+IF($B$1=2010,'10 Individual Income Tax - S&L'!C38,0)+IF($B$1=2009,'09 Individual Income Tax - S&L'!C38,0)+IF($B$1=2008,'08 Individual Income Tax - S&L'!C38,0)+IF($B$1=2007,'07 Individual Income Tax - S&L'!C38,0)+IF($B$1=2006,'06 Individual Income Tax - S&L'!C38,0)+IF($B$1=2005,'05 Individual Income Tax - S&L'!C38,0)+IF($B$1=2004,'04 Individual Income Tax - S&L'!C38,0)","v":0},{"$f":"IF($B$1=2021,'21 Individual Income Tax - S&L'!D38,0)+IF($B$1=2020,'20 Individual Income Tax - S&L'!D38,0)+IF($B$1=2019,'19 Individual Income Tax - S&L'!D38,0)+IF($B$1=2018,'18 Individual Income Tax - S&L'!D38,0)+IF($B$1=2017,'17 Individual Income Tax - S&L'!D38,0)+IF($B$1=2016,'16 Individual Income Tax - S&L'!D38,0)+IF($B$1=2015,'15 Individual Income Tax - S&L'!D38,0)+IF($B$1=2014,'14 Individual Income Tax - S&L'!D38,0)+IF($B$1=2013,'13 Individual Income Tax - S&L'!D38,0)+IF($B$1=2012,'12 Individual Income Tax - S&L'!D38,0)+IF($B$1=2011,'11 Individual Income Tax - S&L'!D38,0)+IF($B$1=2010,'10 Individual Income Tax - S&L'!D38,0)+IF($B$1=2009,'09 Individual Income Tax - S&L'!D38,0)+IF($B$1=2008,'08 Individual Income Tax - S&L'!D38,0)+IF($B$1=2007,'07 Individual Income Tax - S&L'!D38,0)+IF($B$1=2006,'06 Individual Income Tax - S&L'!D38,0)+IF($B$1=2005,'05 Individual Income Tax - S&L'!D38,0)+IF($B$1=2004,'04 Individual Income Tax - S&L'!D38,0)","v":0},{"$f":"IF($B$1=2021,'21 Individual Income Tax - S&L'!E38,0)+IF($B$1=2020,'20 Individual Income Tax - S&L'!E38,0)+IF($B$1=2019,'19 Individual Income Tax - S&L'!E38,0)+IF($B$1=2018,'18 Individual Income Tax - S&L'!E38,0)+IF($B$1=2017,'17 Individual Income Tax - S&L'!E38,0)+IF($B$1=2016,'16 Individual Income Tax - S&L'!E38,0)+IF($B$1=2015,'15 Individual Income Tax - S&L'!E38,0)+IF($B$1=2014,'14 Individual Income Tax - S&L'!E38,0)+IF($B$1=2013,'13 Individual Income Tax - S&L'!E38,0)+IF($B$1=2012,'12 Individual Income Tax - S&L'!E38,0)+IF($B$1=2011,'11 Individual Income Tax - S&L'!E38,0)+IF($B$1=2010,'10 Individual Income Tax - S&L'!E38,0)+IF($B$1=2009,'09 Individual Income Tax - S&L'!E38,0)+IF($B$1=2008,'08 Individual Income Tax - S&L'!E38,0)+IF($B$1=2007,'07 Individual Income Tax - S&L'!E38,0)+IF($B$1=2006,'06 Individual Income Tax - S&L'!E38,0)+IF($B$1=2005,'05 Individual Income Tax - S&L'!E38,0)+IF($B$1=2004,'04 Individual Income Tax - S&L'!E38,0)","v":0},{"$f":"IF($B$1=2021,'21 Individual Income Tax - S&L'!F38,0)+IF($B$1=2020,'20 Individual Income Tax - S&L'!F38,0)+IF($B$1=2019,'19 Individual Income Tax - S&L'!F38,0)+IF($B$1=2018,'18 Individual Income Tax - S&L'!F38,0)+IF($B$1=2017,'17 Individual Income Tax - S&L'!F38,0)+IF($B$1=2016,'16 Individual Income Tax - S&L'!F38,0)+IF($B$1=2015,'15 Individual Income Tax - S&L'!F38,0)+IF($B$1=2014,'14 Individual Income Tax - S&L'!F38,0)+IF($B$1=2013,'13 Individual Income Tax - S&L'!F38,0)+IF($B$1=2012,'12 Individual Income Tax - S&L'!F38,0)+IF($B$1=2011,'11 Individual Income Tax - S&L'!F38,0)+IF($B$1=2010,'10 Individual Income Tax - S&L'!F38,0)+IF($B$1=2009,'09 Individual Income Tax - S&L'!F38,0)+IF($B$1=2008,'08 Individual Income Tax - S&L'!F38,0)+IF($B$1=2007,'07 Individual Income Tax - S&L'!F38,0)+IF($B$1=2006,'06 Individual Income Tax - S&L'!F38,0)+IF($B$1=2005,'05 Individual Income Tax - S&L'!F38,0)+IF($B$1=2004,'04 Individual Income Tax - S&L'!F38,0)","v":0}]
[null,"New York",{"$f":"IF($B$1=2021,'21 Individual Income Tax - S&L'!C39,0)+IF($B$1=2020,'20 Individual Income Tax - S&L'!C39,0)+IF($B$1=2019,'19 Individual Income Tax - S&L'!C39,0)+IF($B$1=2018,'18 Individual Income Tax - S&L'!C39,0)+IF($B$1=2017,'17 Individual Income Tax - S&L'!C39,0)+IF($B$1=2016,'16 Individual Income Tax - S&L'!C39,0)+IF($B$1=2015,'15 Individual Income Tax - S&L'!C39,0)+IF($B$1=2014,'14 Individual Income Tax - S&L'!C39,0)+IF($B$1=2013,'13 Individual Income Tax - S&L'!C39,0)+IF($B$1=2012,'12 Individual Income Tax - S&L'!C39,0)+IF($B$1=2011,'11 Individual Income Tax - S&L'!C39,0)+IF($B$1=2010,'10 Individual Income Tax - S&L'!C39,0)+IF($B$1=2009,'09 Individual Income Tax - S&L'!C39,0)+IF($B$1=2008,'08 Individual Income Tax - S&L'!C39,0)+IF($B$1=2007,'07 Individual Income Tax - S&L'!C39,0)+IF($B$1=2006,'06 Individual Income Tax - S&L'!C39,0)+IF($B$1=2005,'05 Individual Income Tax - S&L'!C39,0)+IF($B$1=2004,'04 Individual Income Tax - S&L'!C39,0)","v":0},{"$f":"IF($B$1=2021,'21 Individual Income Tax - S&L'!D39,0)+IF($B$1=2020,'20 Individual Income Tax - S&L'!D39,0)+IF($B$1=2019,'19 Individual Income Tax - S&L'!D39,0)+IF($B$1=2018,'18 Individual Income Tax - S&L'!D39,0)+IF($B$1=2017,'17 Individual Income Tax - S&L'!D39,0)+IF($B$1=2016,'16 Individual Income Tax - S&L'!D39,0)+IF($B$1=2015,'15 Individual Income Tax - S&L'!D39,0)+IF($B$1=2014,'14 Individual Income Tax - S&L'!D39,0)+IF($B$1=2013,'13 Individual Income Tax - S&L'!D39,0)+IF($B$1=2012,'12 Individual Income Tax - S&L'!D39,0)+IF($B$1=2011,'11 Individual Income Tax - S&L'!D39,0)+IF($B$1=2010,'10 Individual Income Tax - S&L'!D39,0)+IF($B$1=2009,'09 Individual Income Tax - S&L'!D39,0)+IF($B$1=2008,'08 Individual Income Tax - S&L'!D39,0)+IF($B$1=2007,'07 Individual Income Tax - S&L'!D39,0)+IF($B$1=2006,'06 Individual Income Tax - S&L'!D39,0)+IF($B$1=2005,'05 Individual Income Tax - S&L'!D39,0)+IF($B$1=2004,'04 Individual Income Tax - S&L'!D39,0)","v":0},{"$f":"IF($B$1=2021,'21 Individual Income Tax - S&L'!E39,0)+IF($B$1=2020,'20 Individual Income Tax - S&L'!E39,0)+IF($B$1=2019,'19 Individual Income Tax - S&L'!E39,0)+IF($B$1=2018,'18 Individual Income Tax - S&L'!E39,0)+IF($B$1=2017,'17 Individual Income Tax - S&L'!E39,0)+IF($B$1=2016,'16 Individual Income Tax - S&L'!E39,0)+IF($B$1=2015,'15 Individual Income Tax - S&L'!E39,0)+IF($B$1=2014,'14 Individual Income Tax - S&L'!E39,0)+IF($B$1=2013,'13 Individual Income Tax - S&L'!E39,0)+IF($B$1=2012,'12 Individual Income Tax - S&L'!E39,0)+IF($B$1=2011,'11 Individual Income Tax - S&L'!E39,0)+IF($B$1=2010,'10 Individual Income Tax - S&L'!E39,0)+IF($B$1=2009,'09 Individual Income Tax - S&L'!E39,0)+IF($B$1=2008,'08 Individual Income Tax - S&L'!E39,0)+IF($B$1=2007,'07 Individual Income Tax - S&L'!E39,0)+IF($B$1=2006,'06 Individual Income Tax - S&L'!E39,0)+IF($B$1=2005,'05 Individual Income Tax - S&L'!E39,0)+IF($B$1=2004,'04 Individual Income Tax - S&L'!E39,0)","v":0},{"$f":"IF($B$1=2021,'21 Individual Income Tax - S&L'!F39,0)+IF($B$1=2020,'20 Individual Income Tax - S&L'!F39,0)+IF($B$1=2019,'19 Individual Income Tax - S&L'!F39,0)+IF($B$1=2018,'18 Individual Income Tax - S&L'!F39,0)+IF($B$1=2017,'17 Individual Income Tax - S&L'!F39,0)+IF($B$1=2016,'16 Individual Income Tax - S&L'!F39,0)+IF($B$1=2015,'15 Individual Income Tax - S&L'!F39,0)+IF($B$1=2014,'14 Individual Income Tax - S&L'!F39,0)+IF($B$1=2013,'13 Individual Income Tax - S&L'!F39,0)+IF($B$1=2012,'12 Individual Income Tax - S&L'!F39,0)+IF($B$1=2011,'11 Individual Income Tax - S&L'!F39,0)+IF($B$1=2010,'10 Individual Income Tax - S&L'!F39,0)+IF($B$1=2009,'09 Individual Income Tax - S&L'!F39,0)+IF($B$1=2008,'08 Individual Income Tax - S&L'!F39,0)+IF($B$1=2007,'07 Individual Income Tax - S&L'!F39,0)+IF($B$1=2006,'06 Individual Income Tax - S&L'!F39,0)+IF($B$1=2005,'05 Individual Income Tax - S&L'!F39,0)+IF($B$1=2004,'04 Individual Income Tax - S&L'!F39,0)","v":0}]
[null,"North Carolina",{"$f":"IF($B$1=2021,'21 Individual Income Tax - S&L'!C40,0)+IF($B$1=2020,'20 Individual Income Tax - S&L'!C40,0)+IF($B$1=2019,'19 Individual Income Tax - S&L'!C40,0)+IF($B$1=2018,'18 Individual Income Tax - S&L'!C40,0)+IF($B$1=2017,'17 Individual Income Tax - S&L'!C40,0)+IF($B$1=2016,'16 Individual Income Tax - S&L'!C40,0)+IF($B$1=2015,'15 Individual Income Tax - S&L'!C40,0)+IF($B$1=2014,'14 Individual Income Tax - S&L'!C40,0)+IF($B$1=2013,'13 Individual Income Tax - S&L'!C40,0)+IF($B$1=2012,'12 Individual Income Tax - S&L'!C40,0)+IF($B$1=2011,'11 Individual Income Tax - S&L'!C40,0)+IF($B$1=2010,'10 Individual Income Tax - S&L'!C40,0)+IF($B$1=2009,'09 Individual Income Tax - S&L'!C40,0)+IF($B$1=2008,'08 Individual Income Tax - S&L'!C40,0)+IF($B$1=2007,'07 Individual Income Tax - S&L'!C40,0)+IF($B$1=2006,'06 Individual Income Tax - S&L'!C40,0)+IF($B$1=2005,'05 Individual Income Tax - S&L'!C40,0)+IF($B$1=2004,'04 Individual Income Tax - S&L'!C40,0)","v":0},{"$f":"IF($B$1=2021,'21 Individual Income Tax - S&L'!D40,0)+IF($B$1=2020,'20 Individual Income Tax - S&L'!D40,0)+IF($B$1=2019,'19 Individual Income Tax - S&L'!D40,0)+IF($B$1=2018,'18 Individual Income Tax - S&L'!D40,0)+IF($B$1=2017,'17 Individual Income Tax - S&L'!D40,0)+IF($B$1=2016,'16 Individual Income Tax - S&L'!D40,0)+IF($B$1=2015,'15 Individual Income Tax - S&L'!D40,0)+IF($B$1=2014,'14 Individual Income Tax - S&L'!D40,0)+IF($B$1=2013,'13 Individual Income Tax - S&L'!D40,0)+IF($B$1=2012,'12 Individual Income Tax - S&L'!D40,0)+IF($B$1=2011,'11 Individual Income Tax - S&L'!D40,0)+IF($B$1=2010,'10 Individual Income Tax - S&L'!D40,0)+IF($B$1=2009,'09 Individual Income Tax - S&L'!D40,0)+IF($B$1=2008,'08 Individual Income Tax - S&L'!D40,0)+IF($B$1=2007,'07 Individual Income Tax - S&L'!D40,0)+IF($B$1=2006,'06 Individual Income Tax - S&L'!D40,0)+IF($B$1=2005,'05 Individual Income Tax - S&L'!D40,0)+IF($B$1=2004,'04 Individual Income Tax - S&L'!D40,0)","v":0},{"$f":"IF($B$1=2021,'21 Individual Income Tax - S&L'!E40,0)+IF($B$1=2020,'20 Individual Income Tax - S&L'!E40,0)+IF($B$1=2019,'19 Individual Income Tax - S&L'!E40,0)+IF($B$1=2018,'18 Individual Income Tax - S&L'!E40,0)+IF($B$1=2017,'17 Individual Income Tax - S&L'!E40,0)+IF($B$1=2016,'16 Individual Income Tax - S&L'!E40,0)+IF($B$1=2015,'15 Individual Income Tax - S&L'!E40,0)+IF($B$1=2014,'14 Individual Income Tax - S&L'!E40,0)+IF($B$1=2013,'13 Individual Income Tax - S&L'!E40,0)+IF($B$1=2012,'12 Individual Income Tax - S&L'!E40,0)+IF($B$1=2011,'11 Individual Income Tax - S&L'!E40,0)+IF($B$1=2010,'10 Individual Income Tax - S&L'!E40,0)+IF($B$1=2009,'09 Individual Income Tax - S&L'!E40,0)+IF($B$1=2008,'08 Individual Income Tax - S&L'!E40,0)+IF($B$1=2007,'07 Individual Income Tax - S&L'!E40,0)+IF($B$1=2006,'06 Individual Income Tax - S&L'!E40,0)+IF($B$1=2005,'05 Individual Income Tax - S&L'!E40,0)+IF($B$1=2004,'04 Individual Income Tax - S&L'!E40,0)","v":0},{"$f":"IF($B$1=2021,'21 Individual Income Tax - S&L'!F40,0)+IF($B$1=2020,'20 Individual Income Tax - S&L'!F40,0)+IF($B$1=2019,'19 Individual Income Tax - S&L'!F40,0)+IF($B$1=2018,'18 Individual Income Tax - S&L'!F40,0)+IF($B$1=2017,'17 Individual Income Tax - S&L'!F40,0)+IF($B$1=2016,'16 Individual Income Tax - S&L'!F40,0)+IF($B$1=2015,'15 Individual Income Tax - S&L'!F40,0)+IF($B$1=2014,'14 Individual Income Tax - S&L'!F40,0)+IF($B$1=2013,'13 Individual Income Tax - S&L'!F40,0)+IF($B$1=2012,'12 Individual Income Tax - S&L'!F40,0)+IF($B$1=2011,'11 Individual Income Tax - S&L'!F40,0)+IF($B$1=2010,'10 Individual Income Tax - S&L'!F40,0)+IF($B$1=2009,'09 Individual Income Tax - S&L'!F40,0)+IF($B$1=2008,'08 Individual Income Tax - S&L'!F40,0)+IF($B$1=2007,'07 Individual Income Tax - S&L'!F40,0)+IF($B$1=2006,'06 Individual Income Tax - S&L'!F40,0)+IF($B$1=2005,'05 Individual Income Tax - S&L'!F40,0)+IF($B$1=2004,'04 Individual Income Tax - S&L'!F40,0)","v":0}]
[null,"North Dakota",{"$f":"IF($B$1=2021,'21 Individual Income Tax - S&L'!C41,0)+IF($B$1=2020,'20 Individual Income Tax - S&L'!C41,0)+IF($B$1=2019,'19 Individual Income Tax - S&L'!C41,0)+IF($B$1=2018,'18 Individual Income Tax - S&L'!C41,0)+IF($B$1=2017,'17 Individual Income Tax - S&L'!C41,0)+IF($B$1=2016,'16 Individual Income Tax - S&L'!C41,0)+IF($B$1=2015,'15 Individual Income Tax - S&L'!C41,0)+IF($B$1=2014,'14 Individual Income Tax - S&L'!C41,0)+IF($B$1=2013,'13 Individual Income Tax - S&L'!C41,0)+IF($B$1=2012,'12 Individual Income Tax - S&L'!C41,0)+IF($B$1=2011,'11 Individual Income Tax - S&L'!C41,0)+IF($B$1=2010,'10 Individual Income Tax - S&L'!C41,0)+IF($B$1=2009,'09 Individual Income Tax - S&L'!C41,0)+IF($B$1=2008,'08 Individual Income Tax - S&L'!C41,0)+IF($B$1=2007,'07 Individual Income Tax - S&L'!C41,0)+IF($B$1=2006,'06 Individual Income Tax - S&L'!C41,0)+IF($B$1=2005,'05 Individual Income Tax - S&L'!C41,0)+IF($B$1=2004,'04 Individual Income Tax - S&L'!C41,0)","v":0},{"$f":"IF($B$1=2021,'21 Individual Income Tax - S&L'!D41,0)+IF($B$1=2020,'20 Individual Income Tax - S&L'!D41,0)+IF($B$1=2019,'19 Individual Income Tax - S&L'!D41,0)+IF($B$1=2018,'18 Individual Income Tax - S&L'!D41,0)+IF($B$1=2017,'17 Individual Income Tax - S&L'!D41,0)+IF($B$1=2016,'16 Individual Income Tax - S&L'!D41,0)+IF($B$1=2015,'15 Individual Income Tax - S&L'!D41,0)+IF($B$1=2014,'14 Individual Income Tax - S&L'!D41,0)+IF($B$1=2013,'13 Individual Income Tax - S&L'!D41,0)+IF($B$1=2012,'12 Individual Income Tax - S&L'!D41,0)+IF($B$1=2011,'11 Individual Income Tax - S&L'!D41,0)+IF($B$1=2010,'10 Individual Income Tax - S&L'!D41,0)+IF($B$1=2009,'09 Individual Income Tax - S&L'!D41,0)+IF($B$1=2008,'08 Individual Income Tax - S&L'!D41,0)+IF($B$1=2007,'07 Individual Income Tax - S&L'!D41,0)+IF($B$1=2006,'06 Individual Income Tax - S&L'!D41,0)+IF($B$1=2005,'05 Individual Income Tax - S&L'!D41,0)+IF($B$1=2004,'04 Individual Income Tax - S&L'!D41,0)","v":0},{"$f":"IF($B$1=2021,'21 Individual Income Tax - S&L'!E41,0)+IF($B$1=2020,'20 Individual Income Tax - S&L'!E41,0)+IF($B$1=2019,'19 Individual Income Tax - S&L'!E41,0)+IF($B$1=2018,'18 Individual Income Tax - S&L'!E41,0)+IF($B$1=2017,'17 Individual Income Tax - S&L'!E41,0)+IF($B$1=2016,'16 Individual Income Tax - S&L'!E41,0)+IF($B$1=2015,'15 Individual Income Tax - S&L'!E41,0)+IF($B$1=2014,'14 Individual Income Tax - S&L'!E41,0)+IF($B$1=2013,'13 Individual Income Tax - S&L'!E41,0)+IF($B$1=2012,'12 Individual Income Tax - S&L'!E41,0)+IF($B$1=2011,'11 Individual Income Tax - S&L'!E41,0)+IF($B$1=2010,'10 Individual Income Tax - S&L'!E41,0)+IF($B$1=2009,'09 Individual Income Tax - S&L'!E41,0)+IF($B$1=2008,'08 Individual Income Tax - S&L'!E41,0)+IF($B$1=2007,'07 Individual Income Tax - S&L'!E41,0)+IF($B$1=2006,'06 Individual Income Tax - S&L'!E41,0)+IF($B$1=2005,'05 Individual Income Tax - S&L'!E41,0)+IF($B$1=2004,'04 Individual Income Tax - S&L'!E41,0)","v":0},{"$f":"IF($B$1=2021,'21 Individual Income Tax - S&L'!F41,0)+IF($B$1=2020,'20 Individual Income Tax - S&L'!F41,0)+IF($B$1=2019,'19 Individual Income Tax - S&L'!F41,0)+IF($B$1=2018,'18 Individual Income Tax - S&L'!F41,0)+IF($B$1=2017,'17 Individual Income Tax - S&L'!F41,0)+IF($B$1=2016,'16 Individual Income Tax - S&L'!F41,0)+IF($B$1=2015,'15 Individual Income Tax - S&L'!F41,0)+IF($B$1=2014,'14 Individual Income Tax - S&L'!F41,0)+IF($B$1=2013,'13 Individual Income Tax - S&L'!F41,0)+IF($B$1=2012,'12 Individual Income Tax - S&L'!F41,0)+IF($B$1=2011,'11 Individual Income Tax - S&L'!F41,0)+IF($B$1=2010,'10 Individual Income Tax - S&L'!F41,0)+IF($B$1=2009,'09 Individual Income Tax - S&L'!F41,0)+IF($B$1=2008,'08 Individual Income Tax - S&L'!F41,0)+IF($B$1=2007,'07 Individual Income Tax - S&L'!F41,0)+IF($B$1=2006,'06 Individual Income Tax - S&L'!F41,0)+IF($B$1=2005,'05 Individual Income Tax - S&L'!F41,0)+IF($B$1=2004,'04 Individual Income Tax - S&L'!F41,0)","v":0}]
[null,"Ohio",{"$f":"IF($B$1=2021,'21 Individual Income Tax - S&L'!C42,0)+IF($B$1=2020,'20 Individual Income Tax - S&L'!C42,0)+IF($B$1=2019,'19 Individual Income Tax - S&L'!C42,0)+IF($B$1=2018,'18 Individual Income Tax - S&L'!C42,0)+IF($B$1=2017,'17 Individual Income Tax - S&L'!C42,0)+IF($B$1=2016,'16 Individual Income Tax - S&L'!C42,0)+IF($B$1=2015,'15 Individual Income Tax - S&L'!C42,0)+IF($B$1=2014,'14 Individual Income Tax - S&L'!C42,0)+IF($B$1=2013,'13 Individual Income Tax - S&L'!C42,0)+IF($B$1=2012,'12 Individual Income Tax - S&L'!C42,0)+IF($B$1=2011,'11 Individual Income Tax - S&L'!C42,0)+IF($B$1=2010,'10 Individual Income Tax - S&L'!C42,0)+IF($B$1=2009,'09 Individual Income Tax - S&L'!C42,0)+IF($B$1=2008,'08 Individual Income Tax - S&L'!C42,0)+IF($B$1=2007,'07 Individual Income Tax - S&L'!C42,0)+IF($B$1=2006,'06 Individual Income Tax - S&L'!C42,0)+IF($B$1=2005,'05 Individual Income Tax - S&L'!C42,0)+IF($B$1=2004,'04 Individual Income Tax - S&L'!C42,0)","v":0},{"$f":"IF($B$1=2021,'21 Individual Income Tax - S&L'!D42,0)+IF($B$1=2020,'20 Individual Income Tax - S&L'!D42,0)+IF($B$1=2019,'19 Individual Income Tax - S&L'!D42,0)+IF($B$1=2018,'18 Individual Income Tax - S&L'!D42,0)+IF($B$1=2017,'17 Individual Income Tax - S&L'!D42,0)+IF($B$1=2016,'16 Individual Income Tax - S&L'!D42,0)+IF($B$1=2015,'15 Individual Income Tax - S&L'!D42,0)+IF($B$1=2014,'14 Individual Income Tax - S&L'!D42,0)+IF($B$1=2013,'13 Individual Income Tax - S&L'!D42,0)+IF($B$1=2012,'12 Individual Income Tax - S&L'!D42,0)+IF($B$1=2011,'11 Individual Income Tax - S&L'!D42,0)+IF($B$1=2010,'10 Individual Income Tax - S&L'!D42,0)+IF($B$1=2009,'09 Individual Income Tax - S&L'!D42,0)+IF($B$1=2008,'08 Individual Income Tax - S&L'!D42,0)+IF($B$1=2007,'07 Individual Income Tax - S&L'!D42,0)+IF($B$1=2006,'06 Individual Income Tax - S&L'!D42,0)+IF($B$1=2005,'05 Individual Income Tax - S&L'!D42,0)+IF($B$1=2004,'04 Individual Income Tax - S&L'!D42,0)","v":0},{"$f":"IF($B$1=2021,'21 Individual Income Tax - S&L'!E42,0)+IF($B$1=2020,'20 Individual Income Tax - S&L'!E42,0)+IF($B$1=2019,'19 Individual Income Tax - S&L'!E42,0)+IF($B$1=2018,'18 Individual Income Tax - S&L'!E42,0)+IF($B$1=2017,'17 Individual Income Tax - S&L'!E42,0)+IF($B$1=2016,'16 Individual Income Tax - S&L'!E42,0)+IF($B$1=2015,'15 Individual Income Tax - S&L'!E42,0)+IF($B$1=2014,'14 Individual Income Tax - S&L'!E42,0)+IF($B$1=2013,'13 Individual Income Tax - S&L'!E42,0)+IF($B$1=2012,'12 Individual Income Tax - S&L'!E42,0)+IF($B$1=2011,'11 Individual Income Tax - S&L'!E42,0)+IF($B$1=2010,'10 Individual Income Tax - S&L'!E42,0)+IF($B$1=2009,'09 Individual Income Tax - S&L'!E42,0)+IF($B$1=2008,'08 Individual Income Tax - S&L'!E42,0)+IF($B$1=2007,'07 Individual Income Tax - S&L'!E42,0)+IF($B$1=2006,'06 Individual Income Tax - S&L'!E42,0)+IF($B$1=2005,'05 Individual Income Tax - S&L'!E42,0)+IF($B$1=2004,'04 Individual Income Tax - S&L'!E42,0)","v":0},{"$f":"IF($B$1=2021,'21 Individual Income Tax - S&L'!F42,0)+IF($B$1=2020,'20 Individual Income Tax - S&L'!F42,0)+IF($B$1=2019,'19 Individual Income Tax - S&L'!F42,0)+IF($B$1=2018,'18 Individual Income Tax - S&L'!F42,0)+IF($B$1=2017,'17 Individual Income Tax - S&L'!F42,0)+IF($B$1=2016,'16 Individual Income Tax - S&L'!F42,0)+IF($B$1=2015,'15 Individual Income Tax - S&L'!F42,0)+IF($B$1=2014,'14 Individual Income Tax - S&L'!F42,0)+IF($B$1=2013,'13 Individual Income Tax - S&L'!F42,0)+IF($B$1=2012,'12 Individual Income Tax - S&L'!F42,0)+IF($B$1=2011,'11 Individual Income Tax - S&L'!F42,0)+IF($B$1=2010,'10 Individual Income Tax - S&L'!F42,0)+IF($B$1=2009,'09 Individual Income Tax - S&L'!F42,0)+IF($B$1=2008,'08 Individual Income Tax - S&L'!F42,0)+IF($B$1=2007,'07 Individual Income Tax - S&L'!F42,0)+IF($B$1=2006,'06 Individual Income Tax - S&L'!F42,0)+IF($B$1=2005,'05 Individual Income Tax - S&L'!F42,0)+IF($B$1=2004,'04 Individual Income Tax - S&L'!F42,0)","v":0}]
[null,"Oklahoma",{"$f":"IF($B$1=2021,'21 Individual Income Tax - S&L'!C43,0)+IF($B$1=2020,'20 Individual Income Tax - S&L'!C43,0)+IF($B$1=2019,'19 Individual Income Tax - S&L'!C43,0)+IF($B$1=2018,'18 Individual Income Tax - S&L'!C43,0)+IF($B$1=2017,'17 Individual Income Tax - S&L'!C43,0)+IF($B$1=2016,'16 Individual Income Tax - S&L'!C43,0)+IF($B$1=2015,'15 Individual Income Tax - S&L'!C43,0)+IF($B$1=2014,'14 Individual Income Tax - S&L'!C43,0)+IF($B$1=2013,'13 Individual Income Tax - S&L'!C43,0)+IF($B$1=2012,'12 Individual Income Tax - S&L'!C43,0)+IF($B$1=2011,'11 Individual Income Tax - S&L'!C43,0)+IF($B$1=2010,'10 Individual Income Tax - S&L'!C43,0)+IF($B$1=2009,'09 Individual Income Tax - S&L'!C43,0)+IF($B$1=2008,'08 Individual Income Tax - S&L'!C43,0)+IF($B$1=2007,'07 Individual Income Tax - S&L'!C43,0)+IF($B$1=2006,'06 Individual Income Tax - S&L'!C43,0)+IF($B$1=2005,'05 Individual Income Tax - S&L'!C43,0)+IF($B$1=2004,'04 Individual Income Tax - S&L'!C43,0)","v":0},{"$f":"IF($B$1=2021,'21 Individual Income Tax - S&L'!D43,0)+IF($B$1=2020,'20 Individual Income Tax - S&L'!D43,0)+IF($B$1=2019,'19 Individual Income Tax - S&L'!D43,0)+IF($B$1=2018,'18 Individual Income Tax - S&L'!D43,0)+IF($B$1=2017,'17 Individual Income Tax - S&L'!D43,0)+IF($B$1=2016,'16 Individual Income Tax - S&L'!D43,0)+IF($B$1=2015,'15 Individual Income Tax - S&L'!D43,0)+IF($B$1=2014,'14 Individual Income Tax - S&L'!D43,0)+IF($B$1=2013,'13 Individual Income Tax - S&L'!D43,0)+IF($B$1=2012,'12 Individual Income Tax - S&L'!D43,0)+IF($B$1=2011,'11 Individual Income Tax - S&L'!D43,0)+IF($B$1=2010,'10 Individual Income Tax - S&L'!D43,0)+IF($B$1=2009,'09 Individual Income Tax - S&L'!D43,0)+IF($B$1=2008,'08 Individual Income Tax - S&L'!D43,0)+IF($B$1=2007,'07 Individual Income Tax - S&L'!D43,0)+IF($B$1=2006,'06 Individual Income Tax - S&L'!D43,0)+IF($B$1=2005,'05 Individual Income Tax - S&L'!D43,0)+IF($B$1=2004,'04 Individual Income Tax - S&L'!D43,0)","v":0},{"$f":"IF($B$1=2021,'21 Individual Income Tax - S&L'!E43,0)+IF($B$1=2020,'20 Individual Income Tax - S&L'!E43,0)+IF($B$1=2019,'19 Individual Income Tax - S&L'!E43,0)+IF($B$1=2018,'18 Individual Income Tax - S&L'!E43,0)+IF($B$1=2017,'17 Individual Income Tax - S&L'!E43,0)+IF($B$1=2016,'16 Individual Income Tax - S&L'!E43,0)+IF($B$1=2015,'15 Individual Income Tax - S&L'!E43,0)+IF($B$1=2014,'14 Individual Income Tax - S&L'!E43,0)+IF($B$1=2013,'13 Individual Income Tax - S&L'!E43,0)+IF($B$1=2012,'12 Individual Income Tax - S&L'!E43,0)+IF($B$1=2011,'11 Individual Income Tax - S&L'!E43,0)+IF($B$1=2010,'10 Individual Income Tax - S&L'!E43,0)+IF($B$1=2009,'09 Individual Income Tax - S&L'!E43,0)+IF($B$1=2008,'08 Individual Income Tax - S&L'!E43,0)+IF($B$1=2007,'07 Individual Income Tax - S&L'!E43,0)+IF($B$1=2006,'06 Individual Income Tax - S&L'!E43,0)+IF($B$1=2005,'05 Individual Income Tax - S&L'!E43,0)+IF($B$1=2004,'04 Individual Income Tax - S&L'!E43,0)","v":0},{"$f":"IF($B$1=2021,'21 Individual Income Tax - S&L'!F43,0)+IF($B$1=2020,'20 Individual Income Tax - S&L'!F43,0)+IF($B$1=2019,'19 Individual Income Tax - S&L'!F43,0)+IF($B$1=2018,'18 Individual Income Tax - S&L'!F43,0)+IF($B$1=2017,'17 Individual Income Tax - S&L'!F43,0)+IF($B$1=2016,'16 Individual Income Tax - S&L'!F43,0)+IF($B$1=2015,'15 Individual Income Tax - S&L'!F43,0)+IF($B$1=2014,'14 Individual Income Tax - S&L'!F43,0)+IF($B$1=2013,'13 Individual Income Tax - S&L'!F43,0)+IF($B$1=2012,'12 Individual Income Tax - S&L'!F43,0)+IF($B$1=2011,'11 Individual Income Tax - S&L'!F43,0)+IF($B$1=2010,'10 Individual Income Tax - S&L'!F43,0)+IF($B$1=2009,'09 Individual Income Tax - S&L'!F43,0)+IF($B$1=2008,'08 Individual Income Tax - S&L'!F43,0)+IF($B$1=2007,'07 Individual Income Tax - S&L'!F43,0)+IF($B$1=2006,'06 Individual Income Tax - S&L'!F43,0)+IF($B$1=2005,'05 Individual Income Tax - S&L'!F43,0)+IF($B$1=2004,'04 Individual Income Tax - S&L'!F43,0)","v":0}]
[null,"Oregon",{"$f":"IF($B$1=2021,'21 Individual Income Tax - S&L'!C44,0)+IF($B$1=2020,'20 Individual Income Tax - S&L'!C44,0)+IF($B$1=2019,'19 Individual Income Tax - S&L'!C44,0)+IF($B$1=2018,'18 Individual Income Tax - S&L'!C44,0)+IF($B$1=2017,'17 Individual Income Tax - S&L'!C44,0)+IF($B$1=2016,'16 Individual Income Tax - S&L'!C44,0)+IF($B$1=2015,'15 Individual Income Tax - S&L'!C44,0)+IF($B$1=2014,'14 Individual Income Tax - S&L'!C44,0)+IF($B$1=2013,'13 Individual Income Tax - S&L'!C44,0)+IF($B$1=2012,'12 Individual Income Tax - S&L'!C44,0)+IF($B$1=2011,'11 Individual Income Tax - S&L'!C44,0)+IF($B$1=2010,'10 Individual Income Tax - S&L'!C44,0)+IF($B$1=2009,'09 Individual Income Tax - S&L'!C44,0)+IF($B$1=2008,'08 Individual Income Tax - S&L'!C44,0)+IF($B$1=2007,'07 Individual Income Tax - S&L'!C44,0)+IF($B$1=2006,'06 Individual Income Tax - S&L'!C44,0)+IF($B$1=2005,'05 Individual Income Tax - S&L'!C44,0)+IF($B$1=2004,'04 Individual Income Tax - S&L'!C44,0)","v":0},{"$f":"IF($B$1=2021,'21 Individual Income Tax - S&L'!D44,0)+IF($B$1=2020,'20 Individual Income Tax - S&L'!D44,0)+IF($B$1=2019,'19 Individual Income Tax - S&L'!D44,0)+IF($B$1=2018,'18 Individual Income Tax - S&L'!D44,0)+IF($B$1=2017,'17 Individual Income Tax - S&L'!D44,0)+IF($B$1=2016,'16 Individual Income Tax - S&L'!D44,0)+IF($B$1=2015,'15 Individual Income Tax - S&L'!D44,0)+IF($B$1=2014,'14 Individual Income Tax - S&L'!D44,0)+IF($B$1=2013,'13 Individual Income Tax - S&L'!D44,0)+IF($B$1=2012,'12 Individual Income Tax - S&L'!D44,0)+IF($B$1=2011,'11 Individual Income Tax - S&L'!D44,0)+IF($B$1=2010,'10 Individual Income Tax - S&L'!D44,0)+IF($B$1=2009,'09 Individual Income Tax - S&L'!D44,0)+IF($B$1=2008,'08 Individual Income Tax - S&L'!D44,0)+IF($B$1=2007,'07 Individual Income Tax - S&L'!D44,0)+IF($B$1=2006,'06 Individual Income Tax - S&L'!D44,0)+IF($B$1=2005,'05 Individual Income Tax - S&L'!D44,0)+IF($B$1=2004,'04 Individual Income Tax - S&L'!D44,0)","v":0},{"$f":"IF($B$1=2021,'21 Individual Income Tax - S&L'!E44,0)+IF($B$1=2020,'20 Individual Income Tax - S&L'!E44,0)+IF($B$1=2019,'19 Individual Income Tax - S&L'!E44,0)+IF($B$1=2018,'18 Individual Income Tax - S&L'!E44,0)+IF($B$1=2017,'17 Individual Income Tax - S&L'!E44,0)+IF($B$1=2016,'16 Individual Income Tax - S&L'!E44,0)+IF($B$1=2015,'15 Individual Income Tax - S&L'!E44,0)+IF($B$1=2014,'14 Individual Income Tax - S&L'!E44,0)+IF($B$1=2013,'13 Individual Income Tax - S&L'!E44,0)+IF($B$1=2012,'12 Individual Income Tax - S&L'!E44,0)+IF($B$1=2011,'11 Individual Income Tax - S&L'!E44,0)+IF($B$1=2010,'10 Individual Income Tax - S&L'!E44,0)+IF($B$1=2009,'09 Individual Income Tax - S&L'!E44,0)+IF($B$1=2008,'08 Individual Income Tax - S&L'!E44,0)+IF($B$1=2007,'07 Individual Income Tax - S&L'!E44,0)+IF($B$1=2006,'06 Individual Income Tax - S&L'!E44,0)+IF($B$1=2005,'05 Individual Income Tax - S&L'!E44,0)+IF($B$1=2004,'04 Individual Income Tax - S&L'!E44,0)","v":0},{"$f":"IF($B$1=2021,'21 Individual Income Tax - S&L'!F44,0)+IF($B$1=2020,'20 Individual Income Tax - S&L'!F44,0)+IF($B$1=2019,'19 Individual Income Tax - S&L'!F44,0)+IF($B$1=2018,'18 Individual Income Tax - S&L'!F44,0)+IF($B$1=2017,'17 Individual Income Tax - S&L'!F44,0)+IF($B$1=2016,'16 Individual Income Tax - S&L'!F44,0)+IF($B$1=2015,'15 Individual Income Tax - S&L'!F44,0)+IF($B$1=2014,'14 Individual Income Tax - S&L'!F44,0)+IF($B$1=2013,'13 Individual Income Tax - S&L'!F44,0)+IF($B$1=2012,'12 Individual Income Tax - S&L'!F44,0)+IF($B$1=2011,'11 Individual Income Tax - S&L'!F44,0)+IF($B$1=2010,'10 Individual Income Tax - S&L'!F44,0)+IF($B$1=2009,'09 Individual Income Tax - S&L'!F44,0)+IF($B$1=2008,'08 Individual Income Tax - S&L'!F44,0)+IF($B$1=2007,'07 Individual Income Tax - S&L'!F44,0)+IF($B$1=2006,'06 Individual Income Tax - S&L'!F44,0)+IF($B$1=2005,'05 Individual Income Tax - S&L'!F44,0)+IF($B$1=2004,'04 Individual Income Tax - S&L'!F44,0)","v":0}]
[null,"Pennsylvania",{"$f":"IF($B$1=2021,'21 Individual Income Tax - S&L'!C45,0)+IF($B$1=2020,'20 Individual Income Tax - S&L'!C45,0)+IF($B$1=2019,'19 Individual Income Tax - S&L'!C45,0)+IF($B$1=2018,'18 Individual Income Tax - S&L'!C45,0)+IF($B$1=2017,'17 Individual Income Tax - S&L'!C45,0)+IF($B$1=2016,'16 Individual Income Tax - S&L'!C45,0)+IF($B$1=2015,'15 Individual Income Tax - S&L'!C45,0)+IF($B$1=2014,'14 Individual Income Tax - S&L'!C45,0)+IF($B$1=2013,'13 Individual Income Tax - S&L'!C45,0)+IF($B$1=2012,'12 Individual Income Tax - S&L'!C45,0)+IF($B$1=2011,'11 Individual Income Tax - S&L'!C45,0)+IF($B$1=2010,'10 Individual Income Tax - S&L'!C45,0)+IF($B$1=2009,'09 Individual Income Tax - S&L'!C45,0)+IF($B$1=2008,'08 Individual Income Tax - S&L'!C45,0)+IF($B$1=2007,'07 Individual Income Tax - S&L'!C45,0)+IF($B$1=2006,'06 Individual Income Tax - S&L'!C45,0)+IF($B$1=2005,'05 Individual Income Tax - S&L'!C45,0)+IF($B$1=2004,'04 Individual Income Tax - S&L'!C45,0)","v":0},{"$f":"IF($B$1=2021,'21 Individual Income Tax - S&L'!D45,0)+IF($B$1=2020,'20 Individual Income Tax - S&L'!D45,0)+IF($B$1=2019,'19 Individual Income Tax - S&L'!D45,0)+IF($B$1=2018,'18 Individual Income Tax - S&L'!D45,0)+IF($B$1=2017,'17 Individual Income Tax - S&L'!D45,0)+IF($B$1=2016,'16 Individual Income Tax - S&L'!D45,0)+IF($B$1=2015,'15 Individual Income Tax - S&L'!D45,0)+IF($B$1=2014,'14 Individual Income Tax - S&L'!D45,0)+IF($B$1=2013,'13 Individual Income Tax - S&L'!D45,0)+IF($B$1=2012,'12 Individual Income Tax - S&L'!D45,0)+IF($B$1=2011,'11 Individual Income Tax - S&L'!D45,0)+IF($B$1=2010,'10 Individual Income Tax - S&L'!D45,0)+IF($B$1=2009,'09 Individual Income Tax - S&L'!D45,0)+IF($B$1=2008,'08 Individual Income Tax - S&L'!D45,0)+IF($B$1=2007,'07 Individual Income Tax - S&L'!D45,0)+IF($B$1=2006,'06 Individual Income Tax - S&L'!D45,0)+IF($B$1=2005,'05 Individual Income Tax - S&L'!D45,0)+IF($B$1=2004,'04 Individual Income Tax - S&L'!D45,0)","v":0},{"$f":"IF($B$1=2021,'21 Individual Income Tax - S&L'!E45,0)+IF($B$1=2020,'20 Individual Income Tax - S&L'!E45,0)+IF($B$1=2019,'19 Individual Income Tax - S&L'!E45,0)+IF($B$1=2018,'18 Individual Income Tax - S&L'!E45,0)+IF($B$1=2017,'17 Individual Income Tax - S&L'!E45,0)+IF($B$1=2016,'16 Individual Income Tax - S&L'!E45,0)+IF($B$1=2015,'15 Individual Income Tax - S&L'!E45,0)+IF($B$1=2014,'14 Individual Income Tax - S&L'!E45,0)+IF($B$1=2013,'13 Individual Income Tax - S&L'!E45,0)+IF($B$1=2012,'12 Individual Income Tax - S&L'!E45,0)+IF($B$1=2011,'11 Individual Income Tax - S&L'!E45,0)+IF($B$1=2010,'10 Individual Income Tax - S&L'!E45,0)+IF($B$1=2009,'09 Individual Income Tax - S&L'!E45,0)+IF($B$1=2008,'08 Individual Income Tax - S&L'!E45,0)+IF($B$1=2007,'07 Individual Income Tax - S&L'!E45,0)+IF($B$1=2006,'06 Individual Income Tax - S&L'!E45,0)+IF($B$1=2005,'05 Individual Income Tax - S&L'!E45,0)+IF($B$1=2004,'04 Individual Income Tax - S&L'!E45,0)","v":0},{"$f":"IF($B$1=2021,'21 Individual Income Tax - S&L'!F45,0)+IF($B$1=2020,'20 Individual Income Tax - S&L'!F45,0)+IF($B$1=2019,'19 Individual Income Tax - S&L'!F45,0)+IF($B$1=2018,'18 Individual Income Tax - S&L'!F45,0)+IF($B$1=2017,'17 Individual Income Tax - S&L'!F45,0)+IF($B$1=2016,'16 Individual Income Tax - S&L'!F45,0)+IF($B$1=2015,'15 Individual Income Tax - S&L'!F45,0)+IF($B$1=2014,'14 Individual Income Tax - S&L'!F45,0)+IF($B$1=2013,'13 Individual Income Tax - S&L'!F45,0)+IF($B$1=2012,'12 Individual Income Tax - S&L'!F45,0)+IF($B$1=2011,'11 Individual Income Tax - S&L'!F45,0)+IF($B$1=2010,'10 Individual Income Tax - S&L'!F45,0)+IF($B$1=2009,'09 Individual Income Tax - S&L'!F45,0)+IF($B$1=2008,'08 Individual Income Tax - S&L'!F45,0)+IF($B$1=2007,'07 Individual Income Tax - S&L'!F45,0)+IF($B$1=2006,'06 Individual Income Tax - S&L'!F45,0)+IF($B$1=2005,'05 Individual Income Tax - S&L'!F45,0)+IF($B$1=2004,'04 Individual Income Tax - S&L'!F45,0)","v":0}]
[null,"Rhode Island",{"$f":"IF($B$1=2021,'21 Individual Income Tax - S&L'!C46,0)+IF($B$1=2020,'20 Individual Income Tax - S&L'!C46,0)+IF($B$1=2019,'19 Individual Income Tax - S&L'!C46,0)+IF($B$1=2018,'18 Individual Income Tax - S&L'!C46,0)+IF($B$1=2017,'17 Individual Income Tax - S&L'!C46,0)+IF($B$1=2016,'16 Individual Income Tax - S&L'!C46,0)+IF($B$1=2015,'15 Individual Income Tax - S&L'!C46,0)+IF($B$1=2014,'14 Individual Income Tax - S&L'!C46,0)+IF($B$1=2013,'13 Individual Income Tax - S&L'!C46,0)+IF($B$1=2012,'12 Individual Income Tax - S&L'!C46,0)+IF($B$1=2011,'11 Individual Income Tax - S&L'!C46,0)+IF($B$1=2010,'10 Individual Income Tax - S&L'!C46,0)+IF($B$1=2009,'09 Individual Income Tax - S&L'!C46,0)+IF($B$1=2008,'08 Individual Income Tax - S&L'!C46,0)+IF($B$1=2007,'07 Individual Income Tax - S&L'!C46,0)+IF($B$1=2006,'06 Individual Income Tax - S&L'!C46,0)+IF($B$1=2005,'05 Individual Income Tax - S&L'!C46,0)+IF($B$1=2004,'04 Individual Income Tax - S&L'!C46,0)","v":0},{"$f":"IF($B$1=2021,'21 Individual Income Tax - S&L'!D46,0)+IF($B$1=2020,'20 Individual Income Tax - S&L'!D46,0)+IF($B$1=2019,'19 Individual Income Tax - S&L'!D46,0)+IF($B$1=2018,'18 Individual Income Tax - S&L'!D46,0)+IF($B$1=2017,'17 Individual Income Tax - S&L'!D46,0)+IF($B$1=2016,'16 Individual Income Tax - S&L'!D46,0)+IF($B$1=2015,'15 Individual Income Tax - S&L'!D46,0)+IF($B$1=2014,'14 Individual Income Tax - S&L'!D46,0)+IF($B$1=2013,'13 Individual Income Tax - S&L'!D46,0)+IF($B$1=2012,'12 Individual Income Tax - S&L'!D46,0)+IF($B$1=2011,'11 Individual Income Tax - S&L'!D46,0)+IF($B$1=2010,'10 Individual Income Tax - S&L'!D46,0)+IF($B$1=2009,'09 Individual Income Tax - S&L'!D46,0)+IF($B$1=2008,'08 Individual Income Tax - S&L'!D46,0)+IF($B$1=2007,'07 Individual Income Tax - S&L'!D46,0)+IF($B$1=2006,'06 Individual Income Tax - S&L'!D46,0)+IF($B$1=2005,'05 Individual Income Tax - S&L'!D46,0)+IF($B$1=2004,'04 Individual Income Tax - S&L'!D46,0)","v":0},{"$f":"IF($B$1=2021,'21 Individual Income Tax - S&L'!E46,0)+IF($B$1=2020,'20 Individual Income Tax - S&L'!E46,0)+IF($B$1=2019,'19 Individual Income Tax - S&L'!E46,0)+IF($B$1=2018,'18 Individual Income Tax - S&L'!E46,0)+IF($B$1=2017,'17 Individual Income Tax - S&L'!E46,0)+IF($B$1=2016,'16 Individual Income Tax - S&L'!E46,0)+IF($B$1=2015,'15 Individual Income Tax - S&L'!E46,0)+IF($B$1=2014,'14 Individual Income Tax - S&L'!E46,0)+IF($B$1=2013,'13 Individual Income Tax - S&L'!E46,0)+IF($B$1=2012,'12 Individual Income Tax - S&L'!E46,0)+IF($B$1=2011,'11 Individual Income Tax - S&L'!E46,0)+IF($B$1=2010,'10 Individual Income Tax - S&L'!E46,0)+IF($B$1=2009,'09 Individual Income Tax - S&L'!E46,0)+IF($B$1=2008,'08 Individual Income Tax - S&L'!E46,0)+IF($B$1=2007,'07 Individual Income Tax - S&L'!E46,0)+IF($B$1=2006,'06 Individual Income Tax - S&L'!E46,0)+IF($B$1=2005,'05 Individual Income Tax - S&L'!E46,0)+IF($B$1=2004,'04 Individual Income Tax - S&L'!E46,0)","v":0},{"$f":"IF($B$1=2021,'21 Individual Income Tax - S&L'!F46,0)+IF($B$1=2020,'20 Individual Income Tax - S&L'!F46,0)+IF($B$1=2019,'19 Individual Income Tax - S&L'!F46,0)+IF($B$1=2018,'18 Individual Income Tax - S&L'!F46,0)+IF($B$1=2017,'17 Individual Income Tax - S&L'!F46,0)+IF($B$1=2016,'16 Individual Income Tax - S&L'!F46,0)+IF($B$1=2015,'15 Individual Income Tax - S&L'!F46,0)+IF($B$1=2014,'14 Individual Income Tax - S&L'!F46,0)+IF($B$1=2013,'13 Individual Income Tax - S&L'!F46,0)+IF($B$1=2012,'12 Individual Income Tax - S&L'!F46,0)+IF($B$1=2011,'11 Individual Income Tax - S&L'!F46,0)+IF($B$1=2010,'10 Individual Income Tax - S&L'!F46,0)+IF($B$1=2009,'09 Individual Income Tax - S&L'!F46,0)+IF($B$1=2008,'08 Individual Income Tax - S&L'!F46,0)+IF($B$1=2007,'07 Individual Income Tax - S&L'!F46,0)+IF($B$1=2006,'06 Individual Income Tax - S&L'!F46,0)+IF($B$1=2005,'05 Individual Income Tax - S&L'!F46,0)+IF($B$1=2004,'04 Individual Income Tax - S&L'!F46,0)","v":0}]
[null,"South Carolina",{"$f":"IF($B$1=2021,'21 Individual Income Tax - S&L'!C47,0)+IF($B$1=2020,'20 Individual Income Tax - S&L'!C47,0)+IF($B$1=2019,'19 Individual Income Tax - S&L'!C47,0)+IF($B$1=2018,'18 Individual Income Tax - S&L'!C47,0)+IF($B$1=2017,'17 Individual Income Tax - S&L'!C47,0)+IF($B$1=2016,'16 Individual Income Tax - S&L'!C47,0)+IF($B$1=2015,'15 Individual Income Tax - S&L'!C47,0)+IF($B$1=2014,'14 Individual Income Tax - S&L'!C47,0)+IF($B$1=2013,'13 Individual Income Tax - S&L'!C47,0)+IF($B$1=2012,'12 Individual Income Tax - S&L'!C47,0)+IF($B$1=2011,'11 Individual Income Tax - S&L'!C47,0)+IF($B$1=2010,'10 Individual Income Tax - S&L'!C47,0)+IF($B$1=2009,'09 Individual Income Tax - S&L'!C47,0)+IF($B$1=2008,'08 Individual Income Tax - S&L'!C47,0)+IF($B$1=2007,'07 Individual Income Tax - S&L'!C47,0)+IF($B$1=2006,'06 Individual Income Tax - S&L'!C47,0)+IF($B$1=2005,'05 Individual Income Tax - S&L'!C47,0)+IF($B$1=2004,'04 Individual Income Tax - S&L'!C47,0)","v":0},{"$f":"IF($B$1=2021,'21 Individual Income Tax - S&L'!D47,0)+IF($B$1=2020,'20 Individual Income Tax - S&L'!D47,0)+IF($B$1=2019,'19 Individual Income Tax - S&L'!D47,0)+IF($B$1=2018,'18 Individual Income Tax - S&L'!D47,0)+IF($B$1=2017,'17 Individual Income Tax - S&L'!D47,0)+IF($B$1=2016,'16 Individual Income Tax - S&L'!D47,0)+IF($B$1=2015,'15 Individual Income Tax - S&L'!D47,0)+IF($B$1=2014,'14 Individual Income Tax - S&L'!D47,0)+IF($B$1=2013,'13 Individual Income Tax - S&L'!D47,0)+IF($B$1=2012,'12 Individual Income Tax - S&L'!D47,0)+IF($B$1=2011,'11 Individual Income Tax - S&L'!D47,0)+IF($B$1=2010,'10 Individual Income Tax - S&L'!D47,0)+IF($B$1=2009,'09 Individual Income Tax - S&L'!D47,0)+IF($B$1=2008,'08 Individual Income Tax - S&L'!D47,0)+IF($B$1=2007,'07 Individual Income Tax - S&L'!D47,0)+IF($B$1=2006,'06 Individual Income Tax - S&L'!D47,0)+IF($B$1=2005,'05 Individual Income Tax - S&L'!D47,0)+IF($B$1=2004,'04 Individual Income Tax - S&L'!D47,0)","v":0},{"$f":"IF($B$1=2021,'21 Individual Income Tax - S&L'!E47,0)+IF($B$1=2020,'20 Individual Income Tax - S&L'!E47,0)+IF($B$1=2019,'19 Individual Income Tax - S&L'!E47,0)+IF($B$1=2018,'18 Individual Income Tax - S&L'!E47,0)+IF($B$1=2017,'17 Individual Income Tax - S&L'!E47,0)+IF($B$1=2016,'16 Individual Income Tax - S&L'!E47,0)+IF($B$1=2015,'15 Individual Income Tax - S&L'!E47,0)+IF($B$1=2014,'14 Individual Income Tax - S&L'!E47,0)+IF($B$1=2013,'13 Individual Income Tax - S&L'!E47,0)+IF($B$1=2012,'12 Individual Income Tax - S&L'!E47,0)+IF($B$1=2011,'11 Individual Income Tax - S&L'!E47,0)+IF($B$1=2010,'10 Individual Income Tax - S&L'!E47,0)+IF($B$1=2009,'09 Individual Income Tax - S&L'!E47,0)+IF($B$1=2008,'08 Individual Income Tax - S&L'!E47,0)+IF($B$1=2007,'07 Individual Income Tax - S&L'!E47,0)+IF($B$1=2006,'06 Individual Income Tax - S&L'!E47,0)+IF($B$1=2005,'05 Individual Income Tax - S&L'!E47,0)+IF($B$1=2004,'04 Individual Income Tax - S&L'!E47,0)","v":0},{"$f":"IF($B$1=2021,'21 Individual Income Tax - S&L'!F47,0)+IF($B$1=2020,'20 Individual Income Tax - S&L'!F47,0)+IF($B$1=2019,'19 Individual Income Tax - S&L'!F47,0)+IF($B$1=2018,'18 Individual Income Tax - S&L'!F47,0)+IF($B$1=2017,'17 Individual Income Tax - S&L'!F47,0)+IF($B$1=2016,'16 Individual Income Tax - S&L'!F47,0)+IF($B$1=2015,'15 Individual Income Tax - S&L'!F47,0)+IF($B$1=2014,'14 Individual Income Tax - S&L'!F47,0)+IF($B$1=2013,'13 Individual Income Tax - S&L'!F47,0)+IF($B$1=2012,'12 Individual Income Tax - S&L'!F47,0)+IF($B$1=2011,'11 Individual Income Tax - S&L'!F47,0)+IF($B$1=2010,'10 Individual Income Tax - S&L'!F47,0)+IF($B$1=2009,'09 Individual Income Tax - S&L'!F47,0)+IF($B$1=2008,'08 Individual Income Tax - S&L'!F47,0)+IF($B$1=2007,'07 Individual Income Tax - S&L'!F47,0)+IF($B$1=2006,'06 Individual Income Tax - S&L'!F47,0)+IF($B$1=2005,'05 Individual Income Tax - S&L'!F47,0)+IF($B$1=2004,'04 Individual Income Tax - S&L'!F47,0)","v":0}]
[null,"South Dakota",{"$f":"IF($B$1=2021,'21 Individual Income Tax - S&L'!C48,0)+IF($B$1=2020,'20 Individual Income Tax - S&L'!C48,0)+IF($B$1=2019,'19 Individual Income Tax - S&L'!C48,0)+IF($B$1=2018,'18 Individual Income Tax - S&L'!C48,0)+IF($B$1=2017,'17 Individual Income Tax - S&L'!C48,0)+IF($B$1=2016,'16 Individual Income Tax - S&L'!C48,0)+IF($B$1=2015,'15 Individual Income Tax - S&L'!C48,0)+IF($B$1=2014,'14 Individual Income Tax - S&L'!C48,0)+IF($B$1=2013,'13 Individual Income Tax - S&L'!C48,0)+IF($B$1=2012,'12 Individual Income Tax - S&L'!C48,0)+IF($B$1=2011,'11 Individual Income Tax - S&L'!C48,0)+IF($B$1=2010,'10 Individual Income Tax - S&L'!C48,0)+IF($B$1=2009,'09 Individual Income Tax - S&L'!C48,0)+IF($B$1=2008,'08 Individual Income Tax - S&L'!C48,0)+IF($B$1=2007,'07 Individual Income Tax - S&L'!C48,0)+IF($B$1=2006,'06 Individual Income Tax - S&L'!C48,0)+IF($B$1=2005,'05 Individual Income Tax - S&L'!C48,0)+IF($B$1=2004,'04 Individual Income Tax - S&L'!C48,0)","v":0},{"$f":"IF($B$1=2021,'21 Individual Income Tax - S&L'!D48,0)+IF($B$1=2020,'20 Individual Income Tax - S&L'!D48,0)+IF($B$1=2019,'19 Individual Income Tax - S&L'!D48,0)+IF($B$1=2018,'18 Individual Income Tax - S&L'!D48,0)+IF($B$1=2017,'17 Individual Income Tax - S&L'!D48,0)+IF($B$1=2016,'16 Individual Income Tax - S&L'!D48,0)+IF($B$1=2015,'15 Individual Income Tax - S&L'!D48,0)+IF($B$1=2014,'14 Individual Income Tax - S&L'!D48,0)+IF($B$1=2013,'13 Individual Income Tax - S&L'!D48,0)+IF($B$1=2012,'12 Individual Income Tax - S&L'!D48,0)+IF($B$1=2011,'11 Individual Income Tax - S&L'!D48,0)+IF($B$1=2010,'10 Individual Income Tax - S&L'!D48,0)+IF($B$1=2009,'09 Individual Income Tax - S&L'!D48,0)+IF($B$1=2008,'08 Individual Income Tax - S&L'!D48,0)+IF($B$1=2007,'07 Individual Income Tax - S&L'!D48,0)+IF($B$1=2006,'06 Individual Income Tax - S&L'!D48,0)+IF($B$1=2005,'05 Individual Income Tax - S&L'!D48,0)+IF($B$1=2004,'04 Individual Income Tax - S&L'!D48,0)","v":0},{"$f":"IF($B$1=2021,'21 Individual Income Tax - S&L'!E48,0)+IF($B$1=2020,'20 Individual Income Tax - S&L'!E48,0)+IF($B$1=2019,'19 Individual Income Tax - S&L'!E48,0)+IF($B$1=2018,'18 Individual Income Tax - S&L'!E48,0)+IF($B$1=2017,'17 Individual Income Tax - S&L'!E48,0)+IF($B$1=2016,'16 Individual Income Tax - S&L'!E48,0)+IF($B$1=2015,'15 Individual Income Tax - S&L'!E48,0)+IF($B$1=2014,'14 Individual Income Tax - S&L'!E48,0)+IF($B$1=2013,'13 Individual Income Tax - S&L'!E48,0)+IF($B$1=2012,'12 Individual Income Tax - S&L'!E48,0)+IF($B$1=2011,'11 Individual Income Tax - S&L'!E48,0)+IF($B$1=2010,'10 Individual Income Tax - S&L'!E48,0)+IF($B$1=2009,'09 Individual Income Tax - S&L'!E48,0)+IF($B$1=2008,'08 Individual Income Tax - S&L'!E48,0)+IF($B$1=2007,'07 Individual Income Tax - S&L'!E48,0)+IF($B$1=2006,'06 Individual Income Tax - S&L'!E48,0)+IF($B$1=2005,'05 Individual Income Tax - S&L'!E48,0)+IF($B$1=2004,'04 Individual Income Tax - S&L'!E48,0)","v":0},{"$f":"IF($B$1=2021,'21 Individual Income Tax - S&L'!F48,0)+IF($B$1=2020,'20 Individual Income Tax - S&L'!F48,0)+IF($B$1=2019,'19 Individual Income Tax - S&L'!F48,0)+IF($B$1=2018,'18 Individual Income Tax - S&L'!F48,0)+IF($B$1=2017,'17 Individual Income Tax - S&L'!F48,0)+IF($B$1=2016,'16 Individual Income Tax - S&L'!F48,0)+IF($B$1=2015,'15 Individual Income Tax - S&L'!F48,0)+IF($B$1=2014,'14 Individual Income Tax - S&L'!F48,0)+IF($B$1=2013,'13 Individual Income Tax - S&L'!F48,0)+IF($B$1=2012,'12 Individual Income Tax - S&L'!F48,0)+IF($B$1=2011,'11 Individual Income Tax - S&L'!F48,0)+IF($B$1=2010,'10 Individual Income Tax - S&L'!F48,0)+IF($B$1=2009,'09 Individual Income Tax - S&L'!F48,0)+IF($B$1=2008,'08 Individual Income Tax - S&L'!F48,0)+IF($B$1=2007,'07 Individual Income Tax - S&L'!F48,0)+IF($B$1=2006,'06 Individual Income Tax - S&L'!F48,0)+IF($B$1=2005,'05 Individual Income Tax - S&L'!F48,0)+IF($B$1=2004,'04 Individual Income Tax - S&L'!F48,0)","v":0}]
[null,"Tennessee",{"$f":"IF($B$1=2021,'21 Individual Income Tax - S&L'!C49,0)+IF($B$1=2020,'20 Individual Income Tax - S&L'!C49,0)+IF($B$1=2019,'19 Individual Income Tax - S&L'!C49,0)+IF($B$1=2018,'18 Individual Income Tax - S&L'!C49,0)+IF($B$1=2017,'17 Individual Income Tax - S&L'!C49,0)+IF($B$1=2016,'16 Individual Income Tax - S&L'!C49,0)+IF($B$1=2015,'15 Individual Income Tax - S&L'!C49,0)+IF($B$1=2014,'14 Individual Income Tax - S&L'!C49,0)+IF($B$1=2013,'13 Individual Income Tax - S&L'!C49,0)+IF($B$1=2012,'12 Individual Income Tax - S&L'!C49,0)+IF($B$1=2011,'11 Individual Income Tax - S&L'!C49,0)+IF($B$1=2010,'10 Individual Income Tax - S&L'!C49,0)+IF($B$1=2009,'09 Individual Income Tax - S&L'!C49,0)+IF($B$1=2008,'08 Individual Income Tax - S&L'!C49,0)+IF($B$1=2007,'07 Individual Income Tax - S&L'!C49,0)+IF($B$1=2006,'06 Individual Income Tax - S&L'!C49,0)+IF($B$1=2005,'05 Individual Income Tax - S&L'!C49,0)+IF($B$1=2004,'04 Individual Income Tax - S&L'!C49,0)","v":0},{"$f":"IF($B$1=2021,'21 Individual Income Tax - S&L'!D49,0)+IF($B$1=2020,'20 Individual Income Tax - S&L'!D49,0)+IF($B$1=2019,'19 Individual Income Tax - S&L'!D49,0)+IF($B$1=2018,'18 Individual Income Tax - S&L'!D49,0)+IF($B$1=2017,'17 Individual Income Tax - S&L'!D49,0)+IF($B$1=2016,'16 Individual Income Tax - S&L'!D49,0)+IF($B$1=2015,'15 Individual Income Tax - S&L'!D49,0)+IF($B$1=2014,'14 Individual Income Tax - S&L'!D49,0)+IF($B$1=2013,'13 Individual Income Tax - S&L'!D49,0)+IF($B$1=2012,'12 Individual Income Tax - S&L'!D49,0)+IF($B$1=2011,'11 Individual Income Tax - S&L'!D49,0)+IF($B$1=2010,'10 Individual Income Tax - S&L'!D49,0)+IF($B$1=2009,'09 Individual Income Tax - S&L'!D49,0)+IF($B$1=2008,'08 Individual Income Tax - S&L'!D49,0)+IF($B$1=2007,'07 Individual Income Tax - S&L'!D49,0)+IF($B$1=2006,'06 Individual Income Tax - S&L'!D49,0)+IF($B$1=2005,'05 Individual Income Tax - S&L'!D49,0)+IF($B$1=2004,'04 Individual Income Tax - S&L'!D49,0)","v":0},{"$f":"IF($B$1=2021,'21 Individual Income Tax - S&L'!E49,0)+IF($B$1=2020,'20 Individual Income Tax - S&L'!E49,0)+IF($B$1=2019,'19 Individual Income Tax - S&L'!E49,0)+IF($B$1=2018,'18 Individual Income Tax - S&L'!E49,0)+IF($B$1=2017,'17 Individual Income Tax - S&L'!E49,0)+IF($B$1=2016,'16 Individual Income Tax - S&L'!E49,0)+IF($B$1=2015,'15 Individual Income Tax - S&L'!E49,0)+IF($B$1=2014,'14 Individual Income Tax - S&L'!E49,0)+IF($B$1=2013,'13 Individual Income Tax - S&L'!E49,0)+IF($B$1=2012,'12 Individual Income Tax - S&L'!E49,0)+IF($B$1=2011,'11 Individual Income Tax - S&L'!E49,0)+IF($B$1=2010,'10 Individual Income Tax - S&L'!E49,0)+IF($B$1=2009,'09 Individual Income Tax - S&L'!E49,0)+IF($B$1=2008,'08 Individual Income Tax - S&L'!E49,0)+IF($B$1=2007,'07 Individual Income Tax - S&L'!E49,0)+IF($B$1=2006,'06 Individual Income Tax - S&L'!E49,0)+IF($B$1=2005,'05 Individual Income Tax - S&L'!E49,0)+IF($B$1=2004,'04 Individual Income Tax - S&L'!E49,0)","v":0},{"$f":"IF($B$1=2021,'21 Individual Income Tax - S&L'!F49,0)+IF($B$1=2020,'20 Individual Income Tax - S&L'!F49,0)+IF($B$1=2019,'19 Individual Income Tax - S&L'!F49,0)+IF($B$1=2018,'18 Individual Income Tax - S&L'!F49,0)+IF($B$1=2017,'17 Individual Income Tax - S&L'!F49,0)+IF($B$1=2016,'16 Individual Income Tax - S&L'!F49,0)+IF($B$1=2015,'15 Individual Income Tax - S&L'!F49,0)+IF($B$1=2014,'14 Individual Income Tax - S&L'!F49,0)+IF($B$1=2013,'13 Individual Income Tax - S&L'!F49,0)+IF($B$1=2012,'12 Individual Income Tax - S&L'!F49,0)+IF($B$1=2011,'11 Individual Income Tax - S&L'!F49,0)+IF($B$1=2010,'10 Individual Income Tax - S&L'!F49,0)+IF($B$1=2009,'09 Individual Income Tax - S&L'!F49,0)+IF($B$1=2008,'08 Individual Income Tax - S&L'!F49,0)+IF($B$1=2007,'07 Individual Income Tax - S&L'!F49,0)+IF($B$1=2006,'06 Individual Income Tax - S&L'!F49,0)+IF($B$1=2005,'05 Individual Income Tax - S&L'!F49,0)+IF($B$1=2004,'04 Individual Income Tax - S&L'!F49,0)","v":0}]
[null,"Texas",{"$f":"IF($B$1=2021,'21 Individual Income Tax - S&L'!C50,0)+IF($B$1=2020,'20 Individual Income Tax - S&L'!C50,0)+IF($B$1=2019,'19 Individual Income Tax - S&L'!C50,0)+IF($B$1=2018,'18 Individual Income Tax - S&L'!C50,0)+IF($B$1=2017,'17 Individual Income Tax - S&L'!C50,0)+IF($B$1=2016,'16 Individual Income Tax - S&L'!C50,0)+IF($B$1=2015,'15 Individual Income Tax - S&L'!C50,0)+IF($B$1=2014,'14 Individual Income Tax - S&L'!C50,0)+IF($B$1=2013,'13 Individual Income Tax - S&L'!C50,0)+IF($B$1=2012,'12 Individual Income Tax - S&L'!C50,0)+IF($B$1=2011,'11 Individual Income Tax - S&L'!C50,0)+IF($B$1=2010,'10 Individual Income Tax - S&L'!C50,0)+IF($B$1=2009,'09 Individual Income Tax - S&L'!C50,0)+IF($B$1=2008,'08 Individual Income Tax - S&L'!C50,0)+IF($B$1=2007,'07 Individual Income Tax - S&L'!C50,0)+IF($B$1=2006,'06 Individual Income Tax - S&L'!C50,0)+IF($B$1=2005,'05 Individual Income Tax - S&L'!C50,0)+IF($B$1=2004,'04 Individual Income Tax - S&L'!C50,0)","v":0},{"$f":"IF($B$1=2021,'21 Individual Income Tax - S&L'!D50,0)+IF($B$1=2020,'20 Individual Income Tax - S&L'!D50,0)+IF($B$1=2019,'19 Individual Income Tax - S&L'!D50,0)+IF($B$1=2018,'18 Individual Income Tax - S&L'!D50,0)+IF($B$1=2017,'17 Individual Income Tax - S&L'!D50,0)+IF($B$1=2016,'16 Individual Income Tax - S&L'!D50,0)+IF($B$1=2015,'15 Individual Income Tax - S&L'!D50,0)+IF($B$1=2014,'14 Individual Income Tax - S&L'!D50,0)+IF($B$1=2013,'13 Individual Income Tax - S&L'!D50,0)+IF($B$1=2012,'12 Individual Income Tax - S&L'!D50,0)+IF($B$1=2011,'11 Individual Income Tax - S&L'!D50,0)+IF($B$1=2010,'10 Individual Income Tax - S&L'!D50,0)+IF($B$1=2009,'09 Individual Income Tax - S&L'!D50,0)+IF($B$1=2008,'08 Individual Income Tax - S&L'!D50,0)+IF($B$1=2007,'07 Individual Income Tax - S&L'!D50,0)+IF($B$1=2006,'06 Individual Income Tax - S&L'!D50,0)+IF($B$1=2005,'05 Individual Income Tax - S&L'!D50,0)+IF($B$1=2004,'04 Individual Income Tax - S&L'!D50,0)","v":0},{"$f":"IF($B$1=2021,'21 Individual Income Tax - S&L'!E50,0)+IF($B$1=2020,'20 Individual Income Tax - S&L'!E50,0)+IF($B$1=2019,'19 Individual Income Tax - S&L'!E50,0)+IF($B$1=2018,'18 Individual Income Tax - S&L'!E50,0)+IF($B$1=2017,'17 Individual Income Tax - S&L'!E50,0)+IF($B$1=2016,'16 Individual Income Tax - S&L'!E50,0)+IF($B$1=2015,'15 Individual Income Tax - S&L'!E50,0)+IF($B$1=2014,'14 Individual Income Tax - S&L'!E50,0)+IF($B$1=2013,'13 Individual Income Tax - S&L'!E50,0)+IF($B$1=2012,'12 Individual Income Tax - S&L'!E50,0)+IF($B$1=2011,'11 Individual Income Tax - S&L'!E50,0)+IF($B$1=2010,'10 Individual Income Tax - S&L'!E50,0)+IF($B$1=2009,'09 Individual Income Tax - S&L'!E50,0)+IF($B$1=2008,'08 Individual Income Tax - S&L'!E50,0)+IF($B$1=2007,'07 Individual Income Tax - S&L'!E50,0)+IF($B$1=2006,'06 Individual Income Tax - S&L'!E50,0)+IF($B$1=2005,'05 Individual Income Tax - S&L'!E50,0)+IF($B$1=2004,'04 Individual Income Tax - S&L'!E50,0)","v":0},{"$f":"IF($B$1=2021,'21 Individual Income Tax - S&L'!F50,0)+IF($B$1=2020,'20 Individual Income Tax - S&L'!F50,0)+IF($B$1=2019,'19 Individual Income Tax - S&L'!F50,0)+IF($B$1=2018,'18 Individual Income Tax - S&L'!F50,0)+IF($B$1=2017,'17 Individual Income Tax - S&L'!F50,0)+IF($B$1=2016,'16 Individual Income Tax - S&L'!F50,0)+IF($B$1=2015,'15 Individual Income Tax - S&L'!F50,0)+IF($B$1=2014,'14 Individual Income Tax - S&L'!F50,0)+IF($B$1=2013,'13 Individual Income Tax - S&L'!F50,0)+IF($B$1=2012,'12 Individual Income Tax - S&L'!F50,0)+IF($B$1=2011,'11 Individual Income Tax - S&L'!F50,0)+IF($B$1=2010,'10 Individual Income Tax - S&L'!F50,0)+IF($B$1=2009,'09 Individual Income Tax - S&L'!F50,0)+IF($B$1=2008,'08 Individual Income Tax - S&L'!F50,0)+IF($B$1=2007,'07 Individual Income Tax - S&L'!F50,0)+IF($B$1=2006,'06 Individual Income Tax - S&L'!F50,0)+IF($B$1=2005,'05 Individual Income Tax - S&L'!F50,0)+IF($B$1=2004,'04 Individual Income Tax - S&L'!F50,0)","v":0}]
[null,"Utah",{"$f":"IF($B$1=2021,'21 Individual Income Tax - S&L'!C51,0)+IF($B$1=2020,'20 Individual Income Tax - S&L'!C51,0)+IF($B$1=2019,'19 Individual Income Tax - S&L'!C51,0)+IF($B$1=2018,'18 Individual Income Tax - S&L'!C51,0)+IF($B$1=2017,'17 Individual Income Tax - S&L'!C51,0)+IF($B$1=2016,'16 Individual Income Tax - S&L'!C51,0)+IF($B$1=2015,'15 Individual Income Tax - S&L'!C51,0)+IF($B$1=2014,'14 Individual Income Tax - S&L'!C51,0)+IF($B$1=2013,'13 Individual Income Tax - S&L'!C51,0)+IF($B$1=2012,'12 Individual Income Tax - S&L'!C51,0)+IF($B$1=2011,'11 Individual Income Tax - S&L'!C51,0)+IF($B$1=2010,'10 Individual Income Tax - S&L'!C51,0)+IF($B$1=2009,'09 Individual Income Tax - S&L'!C51,0)+IF($B$1=2008,'08 Individual Income Tax - S&L'!C51,0)+IF($B$1=2007,'07 Individual Income Tax - S&L'!C51,0)+IF($B$1=2006,'06 Individual Income Tax - S&L'!C51,0)+IF($B$1=2005,'05 Individual Income Tax - S&L'!C51,0)+IF($B$1=2004,'04 Individual Income Tax - S&L'!C51,0)","v":0},{"$f":"IF($B$1=2021,'21 Individual Income Tax - S&L'!D51,0)+IF($B$1=2020,'20 Individual Income Tax - S&L'!D51,0)+IF($B$1=2019,'19 Individual Income Tax - S&L'!D51,0)+IF($B$1=2018,'18 Individual Income Tax - S&L'!D51,0)+IF($B$1=2017,'17 Individual Income Tax - S&L'!D51,0)+IF($B$1=2016,'16 Individual Income Tax - S&L'!D51,0)+IF($B$1=2015,'15 Individual Income Tax - S&L'!D51,0)+IF($B$1=2014,'14 Individual Income Tax - S&L'!D51,0)+IF($B$1=2013,'13 Individual Income Tax - S&L'!D51,0)+IF($B$1=2012,'12 Individual Income Tax - S&L'!D51,0)+IF($B$1=2011,'11 Individual Income Tax - S&L'!D51,0)+IF($B$1=2010,'10 Individual Income Tax - S&L'!D51,0)+IF($B$1=2009,'09 Individual Income Tax - S&L'!D51,0)+IF($B$1=2008,'08 Individual Income Tax - S&L'!D51,0)+IF($B$1=2007,'07 Individual Income Tax - S&L'!D51,0)+IF($B$1=2006,'06 Individual Income Tax - S&L'!D51,0)+IF($B$1=2005,'05 Individual Income Tax - S&L'!D51,0)+IF($B$1=2004,'04 Individual Income Tax - S&L'!D51,0)","v":0},{"$f":"IF($B$1=2021,'21 Individual Income Tax - S&L'!E51,0)+IF($B$1=2020,'20 Individual Income Tax - S&L'!E51,0)+IF($B$1=2019,'19 Individual Income Tax - S&L'!E51,0)+IF($B$1=2018,'18 Individual Income Tax - S&L'!E51,0)+IF($B$1=2017,'17 Individual Income Tax - S&L'!E51,0)+IF($B$1=2016,'16 Individual Income Tax - S&L'!E51,0)+IF($B$1=2015,'15 Individual Income Tax - S&L'!E51,0)+IF($B$1=2014,'14 Individual Income Tax - S&L'!E51,0)+IF($B$1=2013,'13 Individual Income Tax - S&L'!E51,0)+IF($B$1=2012,'12 Individual Income Tax - S&L'!E51,0)+IF($B$1=2011,'11 Individual Income Tax - S&L'!E51,0)+IF($B$1=2010,'10 Individual Income Tax - S&L'!E51,0)+IF($B$1=2009,'09 Individual Income Tax - S&L'!E51,0)+IF($B$1=2008,'08 Individual Income Tax - S&L'!E51,0)+IF($B$1=2007,'07 Individual Income Tax - S&L'!E51,0)+IF($B$1=2006,'06 Individual Income Tax - S&L'!E51,0)+IF($B$1=2005,'05 Individual Income Tax - S&L'!E51,0)+IF($B$1=2004,'04 Individual Income Tax - S&L'!E51,0)","v":0},{"$f":"IF($B$1=2021,'21 Individual Income Tax - S&L'!F51,0)+IF($B$1=2020,'20 Individual Income Tax - S&L'!F51,0)+IF($B$1=2019,'19 Individual Income Tax - S&L'!F51,0)+IF($B$1=2018,'18 Individual Income Tax - S&L'!F51,0)+IF($B$1=2017,'17 Individual Income Tax - S&L'!F51,0)+IF($B$1=2016,'16 Individual Income Tax - S&L'!F51,0)+IF($B$1=2015,'15 Individual Income Tax - S&L'!F51,0)+IF($B$1=2014,'14 Individual Income Tax - S&L'!F51,0)+IF($B$1=2013,'13 Individual Income Tax - S&L'!F51,0)+IF($B$1=2012,'12 Individual Income Tax - S&L'!F51,0)+IF($B$1=2011,'11 Individual Income Tax - S&L'!F51,0)+IF($B$1=2010,'10 Individual Income Tax - S&L'!F51,0)+IF($B$1=2009,'09 Individual Income Tax - S&L'!F51,0)+IF($B$1=2008,'08 Individual Income Tax - S&L'!F51,0)+IF($B$1=2007,'07 Individual Income Tax - S&L'!F51,0)+IF($B$1=2006,'06 Individual Income Tax - S&L'!F51,0)+IF($B$1=2005,'05 Individual Income Tax - S&L'!F51,0)+IF($B$1=2004,'04 Individual Income Tax - S&L'!F51,0)","v":0}]
[null,"Vermont",{"$f":"IF($B$1=2021,'21 Individual Income Tax - S&L'!C52,0)+IF($B$1=2020,'20 Individual Income Tax - S&L'!C52,0)+IF($B$1=2019,'19 Individual Income Tax - S&L'!C52,0)+IF($B$1=2018,'18 Individual Income Tax - S&L'!C52,0)+IF($B$1=2017,'17 Individual Income Tax - S&L'!C52,0)+IF($B$1=2016,'16 Individual Income Tax - S&L'!C52,0)+IF($B$1=2015,'15 Individual Income Tax - S&L'!C52,0)+IF($B$1=2014,'14 Individual Income Tax - S&L'!C52,0)+IF($B$1=2013,'13 Individual Income Tax - S&L'!C52,0)+IF($B$1=2012,'12 Individual Income Tax - S&L'!C52,0)+IF($B$1=2011,'11 Individual Income Tax - S&L'!C52,0)+IF($B$1=2010,'10 Individual Income Tax - S&L'!C52,0)+IF($B$1=2009,'09 Individual Income Tax - S&L'!C52,0)+IF($B$1=2008,'08 Individual Income Tax - S&L'!C52,0)+IF($B$1=2007,'07 Individual Income Tax - S&L'!C52,0)+IF($B$1=2006,'06 Individual Income Tax - S&L'!C52,0)+IF($B$1=2005,'05 Individual Income Tax - S&L'!C52,0)+IF($B$1=2004,'04 Individual Income Tax - S&L'!C52,0)","v":0},{"$f":"IF($B$1=2021,'21 Individual Income Tax - S&L'!D52,0)+IF($B$1=2020,'20 Individual Income Tax - S&L'!D52,0)+IF($B$1=2019,'19 Individual Income Tax - S&L'!D52,0)+IF($B$1=2018,'18 Individual Income Tax - S&L'!D52,0)+IF($B$1=2017,'17 Individual Income Tax - S&L'!D52,0)+IF($B$1=2016,'16 Individual Income Tax - S&L'!D52,0)+IF($B$1=2015,'15 Individual Income Tax - S&L'!D52,0)+IF($B$1=2014,'14 Individual Income Tax - S&L'!D52,0)+IF($B$1=2013,'13 Individual Income Tax - S&L'!D52,0)+IF($B$1=2012,'12 Individual Income Tax - S&L'!D52,0)+IF($B$1=2011,'11 Individual Income Tax - S&L'!D52,0)+IF($B$1=2010,'10 Individual Income Tax - S&L'!D52,0)+IF($B$1=2009,'09 Individual Income Tax - S&L'!D52,0)+IF($B$1=2008,'08 Individual Income Tax - S&L'!D52,0)+IF($B$1=2007,'07 Individual Income Tax - S&L'!D52,0)+IF($B$1=2006,'06 Individual Income Tax - S&L'!D52,0)+IF($B$1=2005,'05 Individual Income Tax - S&L'!D52,0)+IF($B$1=2004,'04 Individual Income Tax - S&L'!D52,0)","v":0},{"$f":"IF($B$1=2021,'21 Individual Income Tax - S&L'!E52,0)+IF($B$1=2020,'20 Individual Income Tax - S&L'!E52,0)+IF($B$1=2019,'19 Individual Income Tax - S&L'!E52,0)+IF($B$1=2018,'18 Individual Income Tax - S&L'!E52,0)+IF($B$1=2017,'17 Individual Income Tax - S&L'!E52,0)+IF($B$1=2016,'16 Individual Income Tax - S&L'!E52,0)+IF($B$1=2015,'15 Individual Income Tax - S&L'!E52,0)+IF($B$1=2014,'14 Individual Income Tax - S&L'!E52,0)+IF($B$1=2013,'13 Individual Income Tax - S&L'!E52,0)+IF($B$1=2012,'12 Individual Income Tax - S&L'!E52,0)+IF($B$1=2011,'11 Individual Income Tax - S&L'!E52,0)+IF($B$1=2010,'10 Individual Income Tax - S&L'!E52,0)+IF($B$1=2009,'09 Individual Income Tax - S&L'!E52,0)+IF($B$1=2008,'08 Individual Income Tax - S&L'!E52,0)+IF($B$1=2007,'07 Individual Income Tax - S&L'!E52,0)+IF($B$1=2006,'06 Individual Income Tax - S&L'!E52,0)+IF($B$1=2005,'05 Individual Income Tax - S&L'!E52,0)+IF($B$1=2004,'04 Individual Income Tax - S&L'!E52,0)","v":0},{"$f":"IF($B$1=2021,'21 Individual Income Tax - S&L'!F52,0)+IF($B$1=2020,'20 Individual Income Tax - S&L'!F52,0)+IF($B$1=2019,'19 Individual Income Tax - S&L'!F52,0)+IF($B$1=2018,'18 Individual Income Tax - S&L'!F52,0)+IF($B$1=2017,'17 Individual Income Tax - S&L'!F52,0)+IF($B$1=2016,'16 Individual Income Tax - S&L'!F52,0)+IF($B$1=2015,'15 Individual Income Tax - S&L'!F52,0)+IF($B$1=2014,'14 Individual Income Tax - S&L'!F52,0)+IF($B$1=2013,'13 Individual Income Tax - S&L'!F52,0)+IF($B$1=2012,'12 Individual Income Tax - S&L'!F52,0)+IF($B$1=2011,'11 Individual Income Tax - S&L'!F52,0)+IF($B$1=2010,'10 Individual Income Tax - S&L'!F52,0)+IF($B$1=2009,'09 Individual Income Tax - S&L'!F52,0)+IF($B$1=2008,'08 Individual Income Tax - S&L'!F52,0)+IF($B$1=2007,'07 Individual Income Tax - S&L'!F52,0)+IF($B$1=2006,'06 Individual Income Tax - S&L'!F52,0)+IF($B$1=2005,'05 Individual Income Tax - S&L'!F52,0)+IF($B$1=2004,'04 Individual Income Tax - S&L'!F52,0)","v":0}]
[null,"Virginia",{"$f":"IF($B$1=2021,'21 Individual Income Tax - S&L'!C53,0)+IF($B$1=2020,'20 Individual Income Tax - S&L'!C53,0)+IF($B$1=2019,'19 Individual Income Tax - S&L'!C53,0)+IF($B$1=2018,'18 Individual Income Tax - S&L'!C53,0)+IF($B$1=2017,'17 Individual Income Tax - S&L'!C53,0)+IF($B$1=2016,'16 Individual Income Tax - S&L'!C53,0)+IF($B$1=2015,'15 Individual Income Tax - S&L'!C53,0)+IF($B$1=2014,'14 Individual Income Tax - S&L'!C53,0)+IF($B$1=2013,'13 Individual Income Tax - S&L'!C53,0)+IF($B$1=2012,'12 Individual Income Tax - S&L'!C53,0)+IF($B$1=2011,'11 Individual Income Tax - S&L'!C53,0)+IF($B$1=2010,'10 Individual Income Tax - S&L'!C53,0)+IF($B$1=2009,'09 Individual Income Tax - S&L'!C53,0)+IF($B$1=2008,'08 Individual Income Tax - S&L'!C53,0)+IF($B$1=2007,'07 Individual Income Tax - S&L'!C53,0)+IF($B$1=2006,'06 Individual Income Tax - S&L'!C53,0)+IF($B$1=2005,'05 Individual Income Tax - S&L'!C53,0)+IF($B$1=2004,'04 Individual Income Tax - S&L'!C53,0)","v":0},{"$f":"IF($B$1=2021,'21 Individual Income Tax - S&L'!D53,0)+IF($B$1=2020,'20 Individual Income Tax - S&L'!D53,0)+IF($B$1=2019,'19 Individual Income Tax - S&L'!D53,0)+IF($B$1=2018,'18 Individual Income Tax - S&L'!D53,0)+IF($B$1=2017,'17 Individual Income Tax - S&L'!D53,0)+IF($B$1=2016,'16 Individual Income Tax - S&L'!D53,0)+IF($B$1=2015,'15 Individual Income Tax - S&L'!D53,0)+IF($B$1=2014,'14 Individual Income Tax - S&L'!D53,0)+IF($B$1=2013,'13 Individual Income Tax - S&L'!D53,0)+IF($B$1=2012,'12 Individual Income Tax - S&L'!D53,0)+IF($B$1=2011,'11 Individual Income Tax - S&L'!D53,0)+IF($B$1=2010,'10 Individual Income Tax - S&L'!D53,0)+IF($B$1=2009,'09 Individual Income Tax - S&L'!D53,0)+IF($B$1=2008,'08 Individual Income Tax - S&L'!D53,0)+IF($B$1=2007,'07 Individual Income Tax - S&L'!D53,0)+IF($B$1=2006,'06 Individual Income Tax - S&L'!D53,0)+IF($B$1=2005,'05 Individual Income Tax - S&L'!D53,0)+IF($B$1=2004,'04 Individual Income Tax - S&L'!D53,0)","v":0},{"$f":"IF($B$1=2021,'21 Individual Income Tax - S&L'!E53,0)+IF($B$1=2020,'20 Individual Income Tax - S&L'!E53,0)+IF($B$1=2019,'19 Individual Income Tax - S&L'!E53,0)+IF($B$1=2018,'18 Individual Income Tax - S&L'!E53,0)+IF($B$1=2017,'17 Individual Income Tax - S&L'!E53,0)+IF($B$1=2016,'16 Individual Income Tax - S&L'!E53,0)+IF($B$1=2015,'15 Individual Income Tax - S&L'!E53,0)+IF($B$1=2014,'14 Individual Income Tax - S&L'!E53,0)+IF($B$1=2013,'13 Individual Income Tax - S&L'!E53,0)+IF($B$1=2012,'12 Individual Income Tax - S&L'!E53,0)+IF($B$1=2011,'11 Individual Income Tax - S&L'!E53,0)+IF($B$1=2010,'10 Individual Income Tax - S&L'!E53,0)+IF($B$1=2009,'09 Individual Income Tax - S&L'!E53,0)+IF($B$1=2008,'08 Individual Income Tax - S&L'!E53,0)+IF($B$1=2007,'07 Individual Income Tax - S&L'!E53,0)+IF($B$1=2006,'06 Individual Income Tax - S&L'!E53,0)+IF($B$1=2005,'05 Individual Income Tax - S&L'!E53,0)+IF($B$1=2004,'04 Individual Income Tax - S&L'!E53,0)","v":0},{"$f":"IF($B$1=2021,'21 Individual Income Tax - S&L'!F53,0)+IF($B$1=2020,'20 Individual Income Tax - S&L'!F53,0)+IF($B$1=2019,'19 Individual Income Tax - S&L'!F53,0)+IF($B$1=2018,'18 Individual Income Tax - S&L'!F53,0)+IF($B$1=2017,'17 Individual Income Tax - S&L'!F53,0)+IF($B$1=2016,'16 Individual Income Tax - S&L'!F53,0)+IF($B$1=2015,'15 Individual Income Tax - S&L'!F53,0)+IF($B$1=2014,'14 Individual Income Tax - S&L'!F53,0)+IF($B$1=2013,'13 Individual Income Tax - S&L'!F53,0)+IF($B$1=2012,'12 Individual Income Tax - S&L'!F53,0)+IF($B$1=2011,'11 Individual Income Tax - S&L'!F53,0)+IF($B$1=2010,'10 Individual Income Tax - S&L'!F53,0)+IF($B$1=2009,'09 Individual Income Tax - S&L'!F53,0)+IF($B$1=2008,'08 Individual Income Tax - S&L'!F53,0)+IF($B$1=2007,'07 Individual Income Tax - S&L'!F53,0)+IF($B$1=2006,'06 Individual Income Tax - S&L'!F53,0)+IF($B$1=2005,'05 Individual Income Tax - S&L'!F53,0)+IF($B$1=2004,'04 Individual Income Tax - S&L'!F53,0)","v":0}]
[null,"Washington",{"$f":"IF($B$1=2021,'21 Individual Income Tax - S&L'!C54,0)+IF($B$1=2020,'20 Individual Income Tax - S&L'!C54,0)+IF($B$1=2019,'19 Individual Income Tax - S&L'!C54,0)+IF($B$1=2018,'18 Individual Income Tax - S&L'!C54,0)+IF($B$1=2017,'17 Individual Income Tax - S&L'!C54,0)+IF($B$1=2016,'16 Individual Income Tax - S&L'!C54,0)+IF($B$1=2015,'15 Individual Income Tax - S&L'!C54,0)+IF($B$1=2014,'14 Individual Income Tax - S&L'!C54,0)+IF($B$1=2013,'13 Individual Income Tax - S&L'!C54,0)+IF($B$1=2012,'12 Individual Income Tax - S&L'!C54,0)+IF($B$1=2011,'11 Individual Income Tax - S&L'!C54,0)+IF($B$1=2010,'10 Individual Income Tax - S&L'!C54,0)+IF($B$1=2009,'09 Individual Income Tax - S&L'!C54,0)+IF($B$1=2008,'08 Individual Income Tax - S&L'!C54,0)+IF($B$1=2007,'07 Individual Income Tax - S&L'!C54,0)+IF($B$1=2006,'06 Individual Income Tax - S&L'!C54,0)+IF($B$1=2005,'05 Individual Income Tax - S&L'!C54,0)+IF($B$1=2004,'04 Individual Income Tax - S&L'!C54,0)","v":0},{"$f":"IF($B$1=2021,'21 Individual Income Tax - S&L'!D54,0)+IF($B$1=2020,'20 Individual Income Tax - S&L'!D54,0)+IF($B$1=2019,'19 Individual Income Tax - S&L'!D54,0)+IF($B$1=2018,'18 Individual Income Tax - S&L'!D54,0)+IF($B$1=2017,'17 Individual Income Tax - S&L'!D54,0)+IF($B$1=2016,'16 Individual Income Tax - S&L'!D54,0)+IF($B$1=2015,'15 Individual Income Tax - S&L'!D54,0)+IF($B$1=2014,'14 Individual Income Tax - S&L'!D54,0)+IF($B$1=2013,'13 Individual Income Tax - S&L'!D54,0)+IF($B$1=2012,'12 Individual Income Tax - S&L'!D54,0)+IF($B$1=2011,'11 Individual Income Tax - S&L'!D54,0)+IF($B$1=2010,'10 Individual Income Tax - S&L'!D54,0)+IF($B$1=2009,'09 Individual Income Tax - S&L'!D54,0)+IF($B$1=2008,'08 Individual Income Tax - S&L'!D54,0)+IF($B$1=2007,'07 Individual Income Tax - S&L'!D54,0)+IF($B$1=2006,'06 Individual Income Tax - S&L'!D54,0)+IF($B$1=2005,'05 Individual Income Tax - S&L'!D54,0)+IF($B$1=2004,'04 Individual Income Tax - S&L'!D54,0)","v":0},{"$f":"IF($B$1=2021,'21 Individual Income Tax - S&L'!E54,0)+IF($B$1=2020,'20 Individual Income Tax - S&L'!E54,0)+IF($B$1=2019,'19 Individual Income Tax - S&L'!E54,0)+IF($B$1=2018,'18 Individual Income Tax - S&L'!E54,0)+IF($B$1=2017,'17 Individual Income Tax - S&L'!E54,0)+IF($B$1=2016,'16 Individual Income Tax - S&L'!E54,0)+IF($B$1=2015,'15 Individual Income Tax - S&L'!E54,0)+IF($B$1=2014,'14 Individual Income Tax - S&L'!E54,0)+IF($B$1=2013,'13 Individual Income Tax - S&L'!E54,0)+IF($B$1=2012,'12 Individual Income Tax - S&L'!E54,0)+IF($B$1=2011,'11 Individual Income Tax - S&L'!E54,0)+IF($B$1=2010,'10 Individual Income Tax - S&L'!E54,0)+IF($B$1=2009,'09 Individual Income Tax - S&L'!E54,0)+IF($B$1=2008,'08 Individual Income Tax - S&L'!E54,0)+IF($B$1=2007,'07 Individual Income Tax - S&L'!E54,0)+IF($B$1=2006,'06 Individual Income Tax - S&L'!E54,0)+IF($B$1=2005,'05 Individual Income Tax - S&L'!E54,0)+IF($B$1=2004,'04 Individual Income Tax - S&L'!E54,0)","v":0},{"$f":"IF($B$1=2021,'21 Individual Income Tax - S&L'!F54,0)+IF($B$1=2020,'20 Individual Income Tax - S&L'!F54,0)+IF($B$1=2019,'19 Individual Income Tax - S&L'!F54,0)+IF($B$1=2018,'18 Individual Income Tax - S&L'!F54,0)+IF($B$1=2017,'17 Individual Income Tax - S&L'!F54,0)+IF($B$1=2016,'16 Individual Income Tax - S&L'!F54,0)+IF($B$1=2015,'15 Individual Income Tax - S&L'!F54,0)+IF($B$1=2014,'14 Individual Income Tax - S&L'!F54,0)+IF($B$1=2013,'13 Individual Income Tax - S&L'!F54,0)+IF($B$1=2012,'12 Individual Income Tax - S&L'!F54,0)+IF($B$1=2011,'11 Individual Income Tax - S&L'!F54,0)+IF($B$1=2010,'10 Individual Income Tax - S&L'!F54,0)+IF($B$1=2009,'09 Individual Income Tax - S&L'!F54,0)+IF($B$1=2008,'08 Individual Income Tax - S&L'!F54,0)+IF($B$1=2007,'07 Individual Income Tax - S&L'!F54,0)+IF($B$1=2006,'06 Individual Income Tax - S&L'!F54,0)+IF($B$1=2005,'05 Individual Income Tax - S&L'!F54,0)+IF($B$1=2004,'04 Individual Income Tax - S&L'!F54,0)","v":0}]
[null,"West Virginia",{"$f":"IF($B$1=2021,'21 Individual Income Tax - S&L'!C55,0)+IF($B$1=2020,'20 Individual Income Tax - S&L'!C55,0)+IF($B$1=2019,'19 Individual Income Tax - S&L'!C55,0)+IF($B$1=2018,'18 Individual Income Tax - S&L'!C55,0)+IF($B$1=2017,'17 Individual Income Tax - S&L'!C55,0)+IF($B$1=2016,'16 Individual Income Tax - S&L'!C55,0)+IF($B$1=2015,'15 Individual Income Tax - S&L'!C55,0)+IF($B$1=2014,'14 Individual Income Tax - S&L'!C55,0)+IF($B$1=2013,'13 Individual Income Tax - S&L'!C55,0)+IF($B$1=2012,'12 Individual Income Tax - S&L'!C55,0)+IF($B$1=2011,'11 Individual Income Tax - S&L'!C55,0)+IF($B$1=2010,'10 Individual Income Tax - S&L'!C55,0)+IF($B$1=2009,'09 Individual Income Tax - S&L'!C55,0)+IF($B$1=2008,'08 Individual Income Tax - S&L'!C55,0)+IF($B$1=2007,'07 Individual Income Tax - S&L'!C55,0)+IF($B$1=2006,'06 Individual Income Tax - S&L'!C55,0)+IF($B$1=2005,'05 Individual Income Tax - S&L'!C55,0)+IF($B$1=2004,'04 Individual Income Tax - S&L'!C55,0)","v":0},{"$f":"IF($B$1=2021,'21 Individual Income Tax - S&L'!D55,0)+IF($B$1=2020,'20 Individual Income Tax - S&L'!D55,0)+IF($B$1=2019,'19 Individual Income Tax - S&L'!D55,0)+IF($B$1=2018,'18 Individual Income Tax - S&L'!D55,0)+IF($B$1=2017,'17 Individual Income Tax - S&L'!D55,0)+IF($B$1=2016,'16 Individual Income Tax - S&L'!D55,0)+IF($B$1=2015,'15 Individual Income Tax - S&L'!D55,0)+IF($B$1=2014,'14 Individual Income Tax - S&L'!D55,0)+IF($B$1=2013,'13 Individual Income Tax - S&L'!D55,0)+IF($B$1=2012,'12 Individual Income Tax - S&L'!D55,0)+IF($B$1=2011,'11 Individual Income Tax - S&L'!D55,0)+IF($B$1=2010,'10 Individual Income Tax - S&L'!D55,0)+IF($B$1=2009,'09 Individual Income Tax - S&L'!D55,0)+IF($B$1=2008,'08 Individual Income Tax - S&L'!D55,0)+IF($B$1=2007,'07 Individual Income Tax - S&L'!D55,0)+IF($B$1=2006,'06 Individual Income Tax - S&L'!D55,0)+IF($B$1=2005,'05 Individual Income Tax - S&L'!D55,0)+IF($B$1=2004,'04 Individual Income Tax - S&L'!D55,0)","v":0},{"$f":"IF($B$1=2021,'21 Individual Income Tax - S&L'!E55,0)+IF($B$1=2020,'20 Individual Income Tax - S&L'!E55,0)+IF($B$1=2019,'19 Individual Income Tax - S&L'!E55,0)+IF($B$1=2018,'18 Individual Income Tax - S&L'!E55,0)+IF($B$1=2017,'17 Individual Income Tax - S&L'!E55,0)+IF($B$1=2016,'16 Individual Income Tax - S&L'!E55,0)+IF($B$1=2015,'15 Individual Income Tax - S&L'!E55,0)+IF($B$1=2014,'14 Individual Income Tax - S&L'!E55,0)+IF($B$1=2013,'13 Individual Income Tax - S&L'!E55,0)+IF($B$1=2012,'12 Individual Income Tax - S&L'!E55,0)+IF($B$1=2011,'11 Individual Income Tax - S&L'!E55,0)+IF($B$1=2010,'10 Individual Income Tax - S&L'!E55,0)+IF($B$1=2009,'09 Individual Income Tax - S&L'!E55,0)+IF($B$1=2008,'08 Individual Income Tax - S&L'!E55,0)+IF($B$1=2007,'07 Individual Income Tax - S&L'!E55,0)+IF($B$1=2006,'06 Individual Income Tax - S&L'!E55,0)+IF($B$1=2005,'05 Individual Income Tax - S&L'!E55,0)+IF($B$1=2004,'04 Individual Income Tax - S&L'!E55,0)","v":0},{"$f":"IF($B$1=2021,'21 Individual Income Tax - S&L'!F55,0)+IF($B$1=2020,'20 Individual Income Tax - S&L'!F55,0)+IF($B$1=2019,'19 Individual Income Tax - S&L'!F55,0)+IF($B$1=2018,'18 Individual Income Tax - S&L'!F55,0)+IF($B$1=2017,'17 Individual Income Tax - S&L'!F55,0)+IF($B$1=2016,'16 Individual Income Tax - S&L'!F55,0)+IF($B$1=2015,'15 Individual Income Tax - S&L'!F55,0)+IF($B$1=2014,'14 Individual Income Tax - S&L'!F55,0)+IF($B$1=2013,'13 Individual Income Tax - S&L'!F55,0)+IF($B$1=2012,'12 Individual Income Tax - S&L'!F55,0)+IF($B$1=2011,'11 Individual Income Tax - S&L'!F55,0)+IF($B$1=2010,'10 Individual Income Tax - S&L'!F55,0)+IF($B$1=2009,'09 Individual Income Tax - S&L'!F55,0)+IF($B$1=2008,'08 Individual Income Tax - S&L'!F55,0)+IF($B$1=2007,'07 Individual Income Tax - S&L'!F55,0)+IF($B$1=2006,'06 Individual Income Tax - S&L'!F55,0)+IF($B$1=2005,'05 Individual Income Tax - S&L'!F55,0)+IF($B$1=2004,'04 Individual Income Tax - S&L'!F55,0)","v":0}]
[null,"Wisconsin",{"$f":"IF($B$1=2021,'21 Individual Income Tax - S&L'!C56,0)+IF($B$1=2020,'20 Individual Income Tax - S&L'!C56,0)+IF($B$1=2019,'19 Individual Income Tax - S&L'!C56,0)+IF($B$1=2018,'18 Individual Income Tax - S&L'!C56,0)+IF($B$1=2017,'17 Individual Income Tax - S&L'!C56,0)+IF($B$1=2016,'16 Individual Income Tax - S&L'!C56,0)+IF($B$1=2015,'15 Individual Income Tax - S&L'!C56,0)+IF($B$1=2014,'14 Individual Income Tax - S&L'!C56,0)+IF($B$1=2013,'13 Individual Income Tax - S&L'!C56,0)+IF($B$1=2012,'12 Individual Income Tax - S&L'!C56,0)+IF($B$1=2011,'11 Individual Income Tax - S&L'!C56,0)+IF($B$1=2010,'10 Individual Income Tax - S&L'!C56,0)+IF($B$1=2009,'09 Individual Income Tax - S&L'!C56,0)+IF($B$1=2008,'08 Individual Income Tax - S&L'!C56,0)+IF($B$1=2007,'07 Individual Income Tax - S&L'!C56,0)+IF($B$1=2006,'06 Individual Income Tax - S&L'!C56,0)+IF($B$1=2005,'05 Individual Income Tax - S&L'!C56,0)+IF($B$1=2004,'04 Individual Income Tax - S&L'!C56,0)","v":0},{"$f":"IF($B$1=2021,'21 Individual Income Tax - S&L'!D56,0)+IF($B$1=2020,'20 Individual Income Tax - S&L'!D56,0)+IF($B$1=2019,'19 Individual Income Tax - S&L'!D56,0)+IF($B$1=2018,'18 Individual Income Tax - S&L'!D56,0)+IF($B$1=2017,'17 Individual Income Tax - S&L'!D56,0)+IF($B$1=2016,'16 Individual Income Tax - S&L'!D56,0)+IF($B$1=2015,'15 Individual Income Tax - S&L'!D56,0)+IF($B$1=2014,'14 Individual Income Tax - S&L'!D56,0)+IF($B$1=2013,'13 Individual Income Tax - S&L'!D56,0)+IF($B$1=2012,'12 Individual Income Tax - S&L'!D56,0)+IF($B$1=2011,'11 Individual Income Tax - S&L'!D56,0)+IF($B$1=2010,'10 Individual Income Tax - S&L'!D56,0)+IF($B$1=2009,'09 Individual Income Tax - S&L'!D56,0)+IF($B$1=2008,'08 Individual Income Tax - S&L'!D56,0)+IF($B$1=2007,'07 Individual Income Tax - S&L'!D56,0)+IF($B$1=2006,'06 Individual Income Tax - S&L'!D56,0)+IF($B$1=2005,'05 Individual Income Tax - S&L'!D56,0)+IF($B$1=2004,'04 Individual Income Tax - S&L'!D56,0)","v":0},{"$f":"IF($B$1=2021,'21 Individual Income Tax - S&L'!E56,0)+IF($B$1=2020,'20 Individual Income Tax - S&L'!E56,0)+IF($B$1=2019,'19 Individual Income Tax - S&L'!E56,0)+IF($B$1=2018,'18 Individual Income Tax - S&L'!E56,0)+IF($B$1=2017,'17 Individual Income Tax - S&L'!E56,0)+IF($B$1=2016,'16 Individual Income Tax - S&L'!E56,0)+IF($B$1=2015,'15 Individual Income Tax - S&L'!E56,0)+IF($B$1=2014,'14 Individual Income Tax - S&L'!E56,0)+IF($B$1=2013,'13 Individual Income Tax - S&L'!E56,0)+IF($B$1=2012,'12 Individual Income Tax - S&L'!E56,0)+IF($B$1=2011,'11 Individual Income Tax - S&L'!E56,0)+IF($B$1=2010,'10 Individual Income Tax - S&L'!E56,0)+IF($B$1=2009,'09 Individual Income Tax - S&L'!E56,0)+IF($B$1=2008,'08 Individual Income Tax - S&L'!E56,0)+IF($B$1=2007,'07 Individual Income Tax - S&L'!E56,0)+IF($B$1=2006,'06 Individual Income Tax - S&L'!E56,0)+IF($B$1=2005,'05 Individual Income Tax - S&L'!E56,0)+IF($B$1=2004,'04 Individual Income Tax - S&L'!E56,0)","v":0},{"$f":"IF($B$1=2021,'21 Individual Income Tax - S&L'!F56,0)+IF($B$1=2020,'20 Individual Income Tax - S&L'!F56,0)+IF($B$1=2019,'19 Individual Income Tax - S&L'!F56,0)+IF($B$1=2018,'18 Individual Income Tax - S&L'!F56,0)+IF($B$1=2017,'17 Individual Income Tax - S&L'!F56,0)+IF($B$1=2016,'16 Individual Income Tax - S&L'!F56,0)+IF($B$1=2015,'15 Individual Income Tax - S&L'!F56,0)+IF($B$1=2014,'14 Individual Income Tax - S&L'!F56,0)+IF($B$1=2013,'13 Individual Income Tax - S&L'!F56,0)+IF($B$1=2012,'12 Individual Income Tax - S&L'!F56,0)+IF($B$1=2011,'11 Individual Income Tax - S&L'!F56,0)+IF($B$1=2010,'10 Individual Income Tax - S&L'!F56,0)+IF($B$1=2009,'09 Individual Income Tax - S&L'!F56,0)+IF($B$1=2008,'08 Individual Income Tax - S&L'!F56,0)+IF($B$1=2007,'07 Individual Income Tax - S&L'!F56,0)+IF($B$1=2006,'06 Individual Income Tax - S&L'!F56,0)+IF($B$1=2005,'05 Individual Income Tax - S&L'!F56,0)+IF($B$1=2004,'04 Individual Income Tax - S&L'!F56,0)","v":0}]
[null,"Wyoming",{"$f":"IF($B$1=2021,'21 Individual Income Tax - S&L'!C57,0)+IF($B$1=2020,'20 Individual Income Tax - S&L'!C57,0)+IF($B$1=2019,'19 Individual Income Tax - S&L'!C57,0)+IF($B$1=2018,'18 Individual Income Tax - S&L'!C57,0)+IF($B$1=2017,'17 Individual Income Tax - S&L'!C57,0)+IF($B$1=2016,'16 Individual Income Tax - S&L'!C57,0)+IF($B$1=2015,'15 Individual Income Tax - S&L'!C57,0)+IF($B$1=2014,'14 Individual Income Tax - S&L'!C57,0)+IF($B$1=2013,'13 Individual Income Tax - S&L'!C57,0)+IF($B$1=2012,'12 Individual Income Tax - S&L'!C57,0)+IF($B$1=2011,'11 Individual Income Tax - S&L'!C57,0)+IF($B$1=2010,'10 Individual Income Tax - S&L'!C57,0)+IF($B$1=2009,'09 Individual Income Tax - S&L'!C57,0)+IF($B$1=2008,'08 Individual Income Tax - S&L'!C57,0)+IF($B$1=2007,'07 Individual Income Tax - S&L'!C57,0)+IF($B$1=2006,'06 Individual Income Tax - S&L'!C57,0)+IF($B$1=2005,'05 Individual Income Tax - S&L'!C57,0)+IF($B$1=2004,'04 Individual Income Tax - S&L'!C57,0)","v":0},{"$f":"IF($B$1=2021,'21 Individual Income Tax - S&L'!D57,0)+IF($B$1=2020,'20 Individual Income Tax - S&L'!D57,0)+IF($B$1=2019,'19 Individual Income Tax - S&L'!D57,0)+IF($B$1=2018,'18 Individual Income Tax - S&L'!D57,0)+IF($B$1=2017,'17 Individual Income Tax - S&L'!D57,0)+IF($B$1=2016,'16 Individual Income Tax - S&L'!D57,0)+IF($B$1=2015,'15 Individual Income Tax - S&L'!D57,0)+IF($B$1=2014,'14 Individual Income Tax - S&L'!D57,0)+IF($B$1=2013,'13 Individual Income Tax - S&L'!D57,0)+IF($B$1=2012,'12 Individual Income Tax - S&L'!D57,0)+IF($B$1=2011,'11 Individual Income Tax - S&L'!D57,0)+IF($B$1=2010,'10 Individual Income Tax - S&L'!D57,0)+IF($B$1=2009,'09 Individual Income Tax - S&L'!D57,0)+IF($B$1=2008,'08 Individual Income Tax - S&L'!D57,0)+IF($B$1=2007,'07 Individual Income Tax - S&L'!D57,0)+IF($B$1=2006,'06 Individual Income Tax - S&L'!D57,0)+IF($B$1=2005,'05 Individual Income Tax - S&L'!D57,0)+IF($B$1=2004,'04 Individual Income Tax - S&L'!D57,0)","v":0},{"$f":"IF($B$1=2021,'21 Individual Income Tax - S&L'!E57,0)+IF($B$1=2020,'20 Individual Income Tax - S&L'!E57,0)+IF($B$1=2019,'19 Individual Income Tax - S&L'!E57,0)+IF($B$1=2018,'18 Individual Income Tax - S&L'!E57,0)+IF($B$1=2017,'17 Individual Income Tax - S&L'!E57,0)+IF($B$1=2016,'16 Individual Income Tax - S&L'!E57,0)+IF($B$1=2015,'15 Individual Income Tax - S&L'!E57,0)+IF($B$1=2014,'14 Individual Income Tax - S&L'!E57,0)+IF($B$1=2013,'13 Individual Income Tax - S&L'!E57,0)+IF($B$1=2012,'12 Individual Income Tax - S&L'!E57,0)+IF($B$1=2011,'11 Individual Income Tax - S&L'!E57,0)+IF($B$1=2010,'10 Individual Income Tax - S&L'!E57,0)+IF($B$1=2009,'09 Individual Income Tax - S&L'!E57,0)+IF($B$1=2008,'08 Individual Income Tax - S&L'!E57,0)+IF($B$1=2007,'07 Individual Income Tax - S&L'!E57,0)+IF($B$1=2006,'06 Individual Income Tax - S&L'!E57,0)+IF($B$1=2005,'05 Individual Income Tax - S&L'!E57,0)+IF($B$1=2004,'04 Individual Income Tax - S&L'!E57,0)","v":0},{"$f":"IF($B$1=2021,'21 Individual Income Tax - S&L'!F57,0)+IF($B$1=2020,'20 Individual Income Tax - S&L'!F57,0)+IF($B$1=2019,'19 Individual Income Tax - S&L'!F57,0)+IF($B$1=2018,'18 Individual Income Tax - S&L'!F57,0)+IF($B$1=2017,'17 Individual Income Tax - S&L'!F57,0)+IF($B$1=2016,'16 Individual Income Tax - S&L'!F57,0)+IF($B$1=2015,'15 Individual Income Tax - S&L'!F57,0)+IF($B$1=2014,'14 Individual Income Tax - S&L'!F57,0)+IF($B$1=2013,'13 Individual Income Tax - S&L'!F57,0)+IF($B$1=2012,'12 Individual Income Tax - S&L'!F57,0)+IF($B$1=2011,'11 Individual Income Tax - S&L'!F57,0)+IF($B$1=2010,'10 Individual Income Tax - S&L'!F57,0)+IF($B$1=2009,'09 Individual Income Tax - S&L'!F57,0)+IF($B$1=2008,'08 Individual Income Tax - S&L'!F57,0)+IF($B$1=2007,'07 Individual Income Tax - S&L'!F57,0)+IF($B$1=2006,'06 Individual Income Tax - S&L'!F57,0)+IF($B$1=2005,'05 Individual Income Tax - S&L'!F57,0)+IF($B$1=2004,'04 Individual Income Tax - S&L'!F57,0)","v":0}]
[null,"U.S. Average",{"$f":"IF($B$1=2021,'21 Individual Income Tax - S&L'!C59,0)+IF($B$1=2020,'20 Individual Income Tax - S&L'!C59,0)+IF($B$1=2019,'19 Individual Income Tax - S&L'!C59,0)+IF($B$1=2018,'18 Individual Income Tax - S&L'!C59,0)+IF($B$1=2017,'17 Individual Income Tax - S&L'!C59,0)+IF($B$1=2016,'16 Individual Income Tax - S&L'!C59,0)+IF($B$1=2015,'15 Individual Income Tax - S&L'!C59,0)+IF($B$1=2014,'14 Individual Income Tax - S&L'!C59,0)+IF($B$1=2013,'13 Individual Income Tax - S&L'!C59,0)+IF($B$1=2012,'12 Individual Income Tax - S&L'!C59,0)+IF($B$1=2011,'11 Individual Income Tax - S&L'!C59,0)+IF($B$1=2010,'10 Individual Income Tax - S&L'!C59,0)+IF($B$1=2009,'09 Individual Income Tax - S&L'!C59,0)+IF($B$1=2008,'08 Individual Income Tax - S&L'!C59,0)+IF($B$1=2007,'07 Individual Income Tax - S&L'!C59,0)+IF($B$1=2006,'06 Individual Income Tax - S&L'!C59,0)+IF($B$1=2005,'05 Individual Income Tax - S&L'!C59,0)+IF($B$1=2004,'04 Individual Income Tax - S&L'!C59,0)","v":0},"This cell intentionally left blank",{"$f":"IF($B$1=2021,'21 Individual Income Tax - S&L'!E59,0)+IF($B$1=2020,'20 Individual Income Tax - S&L'!E59,0)+IF($B$1=2019,'19 Individual Income Tax - S&L'!E59,0)+IF($B$1=2018,'18 Individual Income Tax - S&L'!E59,0)+IF($B$1=2017,'17 Individual Income Tax - S&L'!E59,0)+IF($B$1=2016,'16 Individual Income Tax - S&L'!E59,0)+IF($B$1=2015,'15 Individual Income Tax - S&L'!E59,0)+IF($B$1=2014,'14 Individual Income Tax - S&L'!E59,0)+IF($B$1=2013,'13 Individual Income Tax - S&L'!E59,0)+IF($B$1=2012,'12 Individual Income Tax - S&L'!E59,0)+IF($B$1=2011,'11 Individual Income Tax - S&L'!E59,0)+IF($B$1=2010,'10 Individual Income Tax - S&L'!E59,0)+IF($B$1=2009,'09 Individual Income Tax - S&L'!E59,0)+IF($B$1=2008,'08 Individual Income Tax - S&L'!E59,0)+IF($B$1=2007,'07 Individual Income Tax - S&L'!E59,0)+IF($B$1=2006,'06 Individual Income Tax - S&L'!E59,0)+IF($B$1=2005,'05 Individual Income Tax - S&L'!E59,0)+IF($B$1=2004,'04 Individual Income Tax - S&L'!E59,0)","v":0},"This cell intentionally left blank"]
[]
[null,"43 State Average",{"$f":"IF($B$1=2021,'21 Individual Income Tax - S&L'!C60,0)+IF($B$1=2020,'20 Individual Income Tax - S&L'!C60,0)+IF($B$1=2019,'19 Individual Income Tax - S&L'!C60,0)+IF($B$1=2018,'18 Individual Income Tax - S&L'!C60,0)+IF($B$1=2017,'17 Individual Income Tax - S&L'!C60,0)+IF($B$1=2016,'16 Individual Income Tax - S&L'!C60,0)+IF($B$1=2015,'15 Individual Income Tax - S&L'!C60,0)+IF($B$1=2014,'14 Individual Income Tax - S&L'!C60,0)+IF($B$1=2013,'13 Individual Income Tax - S&L'!C60,0)+IF($B$1=2012,'12 Individual Income Tax - S&L'!C60,0)+IF($B$1=2011,'11 Individual Income Tax - S&L'!C60,0)+IF($B$1=2010,'10 Individual Income Tax - S&L'!C60,0)+IF($B$1=2009,'09 Individual Income Tax - S&L'!C60,0)+IF($B$1=2008,'08 Individual Income Tax - S&L'!C60,0)+IF($B$1=2007,'07 Individual Income Tax - S&L'!C60,0)+IF($B$1=2006,'06 Individual Income Tax - S&L'!C60,0)+IF($B$1=2005,'05 Individual Income Tax - S&L'!C60,0)+IF($B$1=2004,'04 Individual Income Tax - S&L'!C60,0)","v":0},null,{"$f":"IF($B$1=2021,'21 Individual Income Tax - S&L'!E60,0)+IF($B$1=2020,'20 Individual Income Tax - S&L'!E60,0)+IF($B$1=2019,'19 Individual Income Tax - S&L'!E60,0)+IF($B$1=2018,'18 Individual Income Tax - S&L'!E60,0)+IF($B$1=2017,'17 Individual Income Tax - S&L'!E60,0)+IF($B$1=2016,'16 Individual Income Tax - S&L'!E60,0)+IF($B$1=2015,'15 Individual Income Tax - S&L'!E60,0)+IF($B$1=2014,'14 Individual Income Tax - S&L'!E60,0)+IF($B$1=2013,'13 Individual Income Tax - S&L'!E60,0)+IF($B$1=2012,'12 Individual Income Tax - S&L'!E60,0)+IF($B$1=2011,'11 Individual Income Tax - S&L'!E60,0)+IF($B$1=2010,'10 Individual Income Tax - S&L'!E60,0)+IF($B$1=2009,'09 Individual Income Tax - S&L'!E60,0)+IF($B$1=2008,'08 Individual Income Tax - S&L'!E60,0)+IF($B$1=2007,'07 Individual Income Tax - S&L'!E60,0)+IF($B$1=2006,'06 Individual Income Tax - S&L'!E60,0)+IF($B$1=2005,'05 Individual Income Tax - S&L'!E60,0)+IF($B$1=2004,'04 Individual Income Tax - S&L'!E60,0)","v":0}]
[null,"Source:  Census Bureau - Fiscal Year data, includes Wash. D.C."]
[null,"Reflects revised BEA State Personal Incomes as of October 2020 and Census population estimates as of October 2020"]
[]
[null,"Per capita calculations use the latest US Census mid-year population estimates for July 1 of the fiscal year.  Percent of income calculations use the latest US BEA state personal income estimates for the calendar year that includes the first half of the fiscal year."]
[]
[]
[null,"Minnesota Department of Revenue, Tax Research Division, March 2024"]
[null,"end of worksheet"]
["No further data"]

{"sheet":"21 Individual Income Tax - S&L","index":1,"n_rows":66,"n_cols":6,"rows_kept":66,"cut":false,"hidden":true,"merged":[]}
[]
[null,"Individual Income Tax - State and Local"]
[null,null,"FY",2021]
[]
[null,null,"Per Capita",null,"% of Income"]
[null,"State","Amount","Rank","Amount","Rank"]
[null,"Alabama",972.07657421632268,34,2.1262102995331624E-2,33]
[null,"Alaska",0,"0",0,"0"]
[null,"Arizona",899.224171310815,37,1.74527038688067E-2,37]
[null,"Arkansas",1144.9806183502515,32,2.4397294522548105E-2,29]
[null,"California",3738.2063879584471,1,5.2872067764317916E-2,1]
[null,"Colorado",1763.2089703899148,13,2.7312589528992865E-2,21]
[null,"Connecticut",2831.404320029365,2,3.6854008426086389E-2,8]
[null,"Delaware",2138.0115783429055,8,3.8820945311031758E-2,7]
[null,"District of Columbia",0,"0",0,"0"]
[null,"Florida",0,"0",0,"0"]
[null,"Georgia",1318.2116955747895,25,2.5750899639637125E-2,24]
[null,"Hawaii",2318.1292384915496,7,4.0534525194746818E-2,4]
[null,"Idaho",1290.7235886518715,26,2.6749190595123436E-2,23]
[null,"Illinois",1723.9387886416623,14,2.7772742638044676E-2,19]
[null,"Indiana",1552.6351090741189,20,3.013024819242931E-2,13]
[null,"Iowa",1334.2554576132952,24,2.542950275630607E-2,27]
[null,"Kansas",1571.5675909707609,19,2.8552930125098401E-2,15]
[null,"Kentucky",1156.7103190461789,31,2.4592615447324773E-2,28]
[null,"Louisiana",850.01614402807115,39,1.6828650279186189E-2,39]
[null,"Maine",1506.8368720584242,22,2.8028170345639796E-2,17]
[null,"Maryland",1649.6977137017561,16,2.5454393703172179E-2,26]
[null,"Massachusetts",2816.0742464973414,3,3.635526545448501E-2,9]
[null,"Michigan",1195.4331475235276,30,2.2574756805916207E-2,31]
[null,"MINNESOTA",2656.1656357880483,5,4.3358557638828947E-2,3]
[null,"Mississippi",852.87562390111702,38,2.000333968137849E-2,35]
[null,"Missouri",1250.5238805067827,28,2.4066381382744282E-2,30]
[null,"Montana",1708.0074885172753,15,3.2459765533733732E-2,11]
[null,"Nebraska",1594.3534020454747,18,2.8115575113945079E-2,16]
[null,"Nevada",0,"0",0,"0"]
[null,"New Hampshire",107.13330762772026,42,1.5884251244897524E-3,42]
[null,"New Jersey",1816.3105131754439,12,2.5586925500505855E-2,25]
[null,"New Mexico",566.40951831573727,41,1.2136739850500894E-2,40]
[null,"New York",2769.5677782471221,4,3.9142735010129326E-2,6]
[null,"North Carolina",1505.6051622746224,23,2.9400661272496756E-2,14]
[null,"North Dakota",576.78929060820076,40,9.4223185374642492E-3,41]
[null,"Ohio",906.36688392771987,36,1.7092328753069718E-2,38]
[null,"Oklahoma",943.98812394690856,35,1.8910849195816759E-2,36]
[null,"Oregon",2644.7622007935997,6,4.6930654020532599E-2,2]
[null,"Pennsylvania",1227.9327199484724,29,2.0384551104225226E-2,34]
[null,"Rhode Island",1602.2807969115349,17,2.71428394943527E-2,22]
[null,"South Carolina",1050.660605484102,33,2.1800299894162052E-2,32]
[null,"South Dakota",0,"0",0,"0"]
[null,"Tennessee",25.741958176331821,43,4.9878264989700635E-4,43]
[null,"Texas",0,"0",0,"0"]
[null,"Utah",1998.34357208037,9,3.9264959085607759E-2,5]
[null,"Vermont",1906.0438473380611,11,3.3083747833598937E-2,10]
[null,"Virginia",1971.3383922244241,10,3.2145300877495002E-2,12]
[null,"Washington",0,"0",0,"0"]
[null,"West Virginia",1262.2543721009943,27,2.7913798441931606E-2,18]
[null,"Wisconsin",1536.7062572564655,21,2.7646814232804476E-2,20]
[null,"Wyoming",0,"0",0,"0"]
[]
[null,"U.S. Average",1516.7879857587266,null,2.5681889579814116E-2]
[null,"43 State Avg.",1887.0789665486191,null,3.1697336623371569E-2]
[null,"Source:  Census Bureau - Fiscal Year data, includes Wash. D.C."]
[null,{"$f":"'Individual Income Tax tables'!B63","v":"Reflects revised BEA State Personal Incomes as of October 2020 and Census population estimates as of October 2020"}]
[]
[null,"Per capita calculations use the latest US Census mid-year population estimates for July 1"]
[null,"of the fiscal year.  Percent of income calculations use the latest US BEA state personal"]
[null,"income estimates for the calendar year that includes the first half of the fiscal year."]

{"sheet":"20 Individual Income Tax - S&L","index":2,"n_rows":66,"n_cols":6,"rows_kept":66,"cut":false,"hidden":true,"merged":[]}
[]
[null,"Individual Income Tax - State and Local"]
[null,null,"FY",2020]
[]
[null,null,"Per Capita",null,"% of Income"]
[null,"State","Amount","Rank","Amount","Rank"]
[null,"Alabama",896.70492846536399,36,2.0388923025747407E-2,35]
[null,"Alaska",0,"0",0,"0"]
[null,"Arizona",610.45212352761962,40,1.3513805354979716E-2,41]
[null,"Arkansas",961.86036596995507,35,2.1643009829770264E-2,31]
[null,"California",2144.1799368513748,6,3.2068111832184408E-2,9]
[null,"Colorado",1298.1316761365349,19,2.1406903820637296E-2,32]
[null,"Connecticut",2298.9716632471241,5,2.9676117591727006E-2,10]
[null,"Delaware",1767.9956303600798,9,3.2884066247858362E-2,8]
[null,"District of Columbia",3334.9924805279343,2,4.0385226963848872E-2,3]
[null,"Florida",0,"0",0,"0"]
[null,"Georgia",1092.8393484342741,29,2.2853860259121613E-2,27]
[null,"Hawaii",1676.6758635002266,12,2.9223278601202829E-2,13]
[null,"Idaho",1047.3728086668605,31,2.3292711726582625E-2,25]
[null,"Illinois",1426.5194204105173,16,2.4114121078796794E-2,23]
[null,"Indiana",1419.8313444964012,17,2.9266183011023381E-2,12]
[null,"Iowa",1288.6019899726921,20,2.4912037868815792E-2,19]
[null,"Kansas",1160.5351078744118,27,2.1725828088579587E-2,30]
[null,"Kentucky",1437.0786895798337,14,3.2903101425321969E-2,7]
[null,"Louisiana",843.04023965635929,38,1.7750058129073286E-2,38]
[null,"Maine",1365.3825785603133,18,2.7084836855591342E-2,15]
[null,"Maryland",2812.2828322326259,3,4.3579720695765656E-2,2]
[null,"Massachusetts",2526.2241327938164,4,3.4057432553340414E-2,5]
[null,"Michigan",962.84202515312461,34,1.9519115728478101E-2,36]
[null,"MINNESOTA",1930.7932948016933,8,3.2920721671575719E-2,6]
[null,"Mississippi",627.36678681913691,39,1.6071112177954001E-2,39]
[null,"Missouri",1028.0570028877285,32,2.1177905818703248E-2,33]
[null,"Montana",1238.9093974793097,22,2.5179374811916944E-2,17]
[null,"Nebraska",1262.235542581567,21,2.3191556144752889E-2,26]
[null,"Nevada",0,"0",0,"0"]
[null,"New Hampshire",89.755722676620735,43,1.4202460133719537E-3,43]
[null,"New Jersey",1735.2085383508527,11,2.462347462903269E-2,21]
[null,"New Mexico",582.97247472961124,41,1.3516432591535871E-2,40]
[null,"New York",3514.7530798308876,1,4.871455742134792E-2,1]
[null,"North Carolina",1179.7108582984547,25,2.4963193683981078E-2,18]
[null,"North Dakota",492.43377511567223,42,8.6408158773249207E-3,42]
[null,"Ohio",1222.1885559807877,24,2.4355326661940339E-2,22]
[null,"Oklahoma",845.29777182026749,37,1.796290987708692E-2,37]
[null,"Oregon",2035.9959325777372,7,3.8492665806092723E-2,4]
[null,"Pennsylvania",1431.2315940839476,15,2.4626731148785951E-2,20]
[null,"Rhode Island",1174.748492373182,26,2.0799099606077662E-2,34]
[null,"South Carolina",976.52202742792315,33,2.1780576400607998E-2,29]
[null,"South Dakota",0,"0",0,"0"]
[null,"Tennessee",8.3698837520985698,44,1.7337363338403421E-4,44]
[null,"Texas",0,"0",0,"0"]
[null,"Utah",1149.1209365025591,28,2.3802371375233198E-2,24]
[null,"Vermont",1223.4614107391228,23,2.2104062627708875E-2,28]
[null,"Virginia",1745.7120097949341,10,2.9451317190274259E-2,11]
[null,"Washington",0,"0",0,"0"]
[null,"West Virginia",1091.4165107657104,30,2.5686770946243533E-2,16]
[null,"Wisconsin",1459.7827233052531,13,2.7473873807594675E-2,14]
[null,"Wyoming",0,"0",0,"0"]
[]
[null,"U.S. Average",1289.1938650409568,null,2.2908149131295588E-2]
[null,"44 State Avg.",1600.7753671238886,null,2.8121928180249695E-2]
[null,"Source:  Census Bureau - Fiscal Year data, includes Wash. D.C."]
[null,{"$f":"'Individual Income Tax tables'!B63","v":"Reflects revised BEA State Personal Incomes as of October 2020 and Census population estimates as of October 2020"}]
[]
[null,"Per capita calculations use the latest US Census mid-year population estimates for July 1"]
[null,"of the fiscal year.  Percent of income calculations use the latest US BEA state personal"]
[null,"income estimates for the calendar year that includes the first half of the fiscal year."]

{"sheet":"19 Individual Income Tax - S&L","index":3,"n_rows":66,"n_cols":6,"rows_kept":66,"cut":false,"hidden":true,"merged":[]}
[]
[null,"Individual Income Tax - State and Local"]
[null,null,"FY",2019]
[]
[null,null,"Per Capita",null,"% of Income"]
[null,"State","Amount","Rank","Amount","Rank"]
[null,"Alabama",884.14326606073394,37,2.0766763735271445E-2,36]
[null,"Alaska",0,"0",0,"0"]
[null,"Arizona",736.01583905515224,40,1.6781985068272883E-2,41]
[null,"Arkansas",998.23944828756271,33,2.3102367760118099E-2,32]
[null,"California",2532.8851024150172,4,3.980106807570831E-2,5]
[null,"Colorado",1418.9825683969539,18,2.4378425982664459E-2,30]
[null,"Connecticut",2368.8928829572487,6,3.1591184015332931E-2,13]
[null,"Delaware",1851.6858294206809,9,3.5283671636358656E-2,7]
[null,"District of Columbia",3257.9939893644905,1,4.0342025201856979E-2,4]
[null,"Florida",0,"0",0,"0"]
[null,"Georgia",1146.883099599592,31,2.4670862171349939E-2,28]
[null,"Hawaii",1813.9062005605026,10,3.2743328645865863E-2,11]
[null,"Idaho",933.80822745675164,34,2.1396594035844426E-2,34]
[null,"Illinois",1480.621766989922,17,2.5805391849219348E-2,24]
[null,"Indiana",1491.8054507733632,16,3.1698244993869078E-2,12]
[null,"Iowa",1332.6820007163074,21,2.6615274378105201E-2,20]
[null,"Kansas",1297.4492279239382,25,2.5327675741595695E-2,26]
[null,"Kentucky",1388.159563155137,19,3.2835387935416099E-2,10]
[null,"Louisiana",824.56546794717087,38,1.7803437575908451E-2,39]
[null,"Maine",1271.428167580709,27,2.6158472002840737E-2,23]
[null,"Maryland",2632.6249487237164,3,4.2051163632472591E-2,3]
[null,"Massachusetts",2488.3506035470714,5,3.4706094351156964E-2,8]
[null,"Michigan",1080.2119225297808,32,2.2615733519828533E-2,33]
[null,"MINNESOTA",2198.7356621850504,8,3.8552785192071219E-2,6]
[null,"Mississippi",661.42017755159441,41,1.7445293058342255E-2,40]
[null,"Missouri",1147.8617753234744,30,2.4428867659552336E-2,29]
[null,"Montana",1321.9424426775252,22,2.7639570870192927E-2,17]
[null,"Nebraska",1315.9995202666657,23,2.4995483359124004E-2,27]
[null,"Nevada",0,"0",0,"0"]
[null,"New Hampshire",90.182399053916598,43,1.4738380583443811E-3,43]
[null,"New Jersey",1790.4691297979439,11,2.637929298533797E-2,22]
[null,"New Mexico",758.41711460495821,39,1.8236090756680267E-2,38]
[null,"New York",3191.8922710345933,2,4.6307344459514718E-2,1]
[null,"North Carolina",1264.1860991960018,28,2.763467403986479E-2,18]
[null,"North Dakota",544.93466410869451,42,9.8192325244313913E-3,42]
[null,"Ohio",1286.4632863094678,26,2.6419572581098557E-2,21]
[null,"Oklahoma",901.05512524605308,36,1.9738570232780611E-2,37]
[null,"Oregon",2334.7024719654164,7,4.5723040934151908E-2,2]
[null,"Pennsylvania",1504.3160090201609,15,2.6849905466017468E-2,19]
[null,"Rhode Island",1299.3634842135966,24,2.3895947656140143E-2,31]
[null,"South Carolina",924.3304250342901,35,2.1316756615361046E-2,35]
[null,"South Dakota",0,"0",0,"0"]
[null,"Tennessee",29.564336770449838,44,6.3154990604952232E-4,44]
[null,"Texas",0,"0",0,"0"]
[null,"Utah",1552.9302005827899,13,3.3584787163570572E-2,9]
[null,"Vermont",1379.2534804299435,20,2.575013389103813E-2,25]
[null,"Virginia",1747.7255923160619,12,3.027359124839198E-2,14]
[null,"Washington",0,"0",0,"0"]
[null,"West Virginia",1169.997215630191,29,2.8212619211642372E-2,16]
[null,"Wisconsin",1504.470467162015,14,2.9215781100434584E-2,15]
[null,"Wyoming",0,"0",0,"0"]
[]
[null,"U.S. Average",1360.9663696714551,null,2.5041570374573999E-2]
[null,"44 State Avg.",1686.5368416143485,null,3.070789584133686E-2]
[null,"Source:  Census Bureau - Fiscal Year data, includes Wash. D.C."]
[null,{"$f":"'Individual Income Tax tables'!B63","v":"Reflects revised BEA State Personal Incomes as of October 2020 and Census population estimates as of October 2020"}]
[]
[null,"Per capita calculations use the latest US Census mid-year population estimates for July 1"]
[null,"of the fiscal year.  Percent of income calculations use the latest US BEA state personal"]
[null,"income estimates for the calendar year that includes the first half of the fiscal year."]

{"sheet":"18 Individual Income Tax - S&L","index":4,"n_rows":66,"n_cols":6,"rows_kept":66,"cut":false,"hidden":true,"merged":[]}
[]
[null,"Individual Income Tax - State and Local"]
[null,null,"FY",2018]
[]
[null,null,"Per Capita",null,"% of Income"]
[null,"State","Amount","Rank","Amount","Rank"]
[null,"Alabama",826.60447766537959,37,2.0200915200915201E-2,37]
[null,"Alaska",0,"0",0,"0"]
[null,"Arizona",634.9855770251678,39,1.5150427905969018E-2,40]
[null,"Arkansas",952.3020812809641,34,2.2924686684417682E-2,32]
[null,"California",2411.2620607158533,5,3.9927410605503977E-2,4]
[null,"Colorado",1319.6252446942142,16,2.4068175955109111E-2,28]
[null,"Connecticut",2725.2424737926708,3,3.7968806563557153E-2,6]
[null,"Delaware",1711.4147485341473,9,3.3995654705447867E-2,9]
[null,"District of Columbia",2946.1205022614308,2,3.7544063606358459E-2,7]
[null,"Florida",0,"0",0,"0"]
[null,"Georgia",1107.7571956814163,29,2.4913976267514893E-2,26]
[null,"Hawaii",1710.5757947561335,10,3.1928061637428125E-2,11]
[null,"Idaho",1048.7439275741829,32,2.528564148474623E-2,24]
[null,"Illinois",1202.2799369743359,25,2.2064435734400426E-2,33]
[null,"Indiana",965.37538587501422,33,2.1456992686520938E-2,34]
[null,"Iowa",1270.9922257955714,18,2.6726825140600926E-2,18]
[null,"Kansas",1173.0325940565901,27,2.4018723401861085E-2,29]
[null,"Kentucky",1346.9002296043197,15,3.2993959893694129E-2,10]
[null,"Louisiana",696.66136588485506,38,1.582074000428875E-2,39]
[null,"Maine",1198.6763819613354,26,2.5827907919762878E-2,22]
[null,"Maryland",2469.9408628712472,4,4.073272085191839E-2,3]
[null,"Massachusetts",2365.4212376509868,6,3.4675839673934457E-2,8]
[null,"Michigan",1081.8364490961203,30,2.3570543054173176E-2,31]
[null,"MINNESOTA",2119.4795307878762,8,3.884114602060923E-2,5]
[null,"Mississippi",621.57818464820764,40,1.6969919268794161E-2,38]
[null,"Missouri",1131.6100321761076,28,2.50184190263486E-2,25]
[null,"Montana",1226.4089038480577,22,2.6752791357229966E-2,17]
[null,"Nebraska",1225.8926243785099,23,2.4327915211826156E-2,27]
[null,"Nevada",0,"0",0,"0"]
[null,"New Hampshire",78.139442098613557,43,1.3344411722399291E-3,43]
[null,"New Jersey",1692.3028013087967,11,2.6043716416716226E-2,21]
[null,"New Mexico",598.56953153782524,41,1.5066476950166942E-2,41]
[null,"New York",3406.8557702828793,1,5.1608615680646126E-2,1]
[null,"North Carolina",1214.6094803168871,24,2.7652824985071177E-2,15]
[null,"North Dakota",484.9554136766568,42,9.2340673500297642E-3,42]
[null,"Ohio",1237.8549924158604,21,2.6471535111335771E-2,20]
[null,"Oklahoma",887.06993364608957,35,2.0301296106453232E-2,36]
[null,"Oregon",2123.3393258448459,7,4.3947028356631848E-2,2]
[null,"Pennsylvania",1415.7841911699797,13,2.6587129772459379E-2,19]
[null,"Rhode Island",1255.946638293771,20,2.3916494376038017E-2,30]
[null,"South Carolina",871.74823117150618,36,2.0902788749545473E-2,35]
[null,"South Dakota",0,"0",0,"0"]
[null,"Tennessee",36.403046769677793,44,8.1232265001695441E-4,44]
[null,"Texas",0,"0",0,"0"]
[null,"Utah",1265.6847045393285,19,2.913498709458907E-2,13]
[null,"Vermont",1312.275969876257,17,2.5384408044143023E-2,23]
[null,"Virginia",1659.2508474600195,12,2.9958998436184849E-2,12]
[null,"Washington",0,"0",0,"0"]
[null,"West Virginia",1081.0733966970961,31,2.7577742934741887E-2,16]
[null,"Wisconsin",1403.6321896557602,14,2.8576563918164384E-2,14]
[null,"Wyoming",0,"0",0,"0"]
[]
[null,"U.S. Average",1193.8104390470696,null,2.3025892893094185E-2]
[null,"44 State Avg.",1480.8158510706617,null,2.8256096674069565E-2]
[null,"Source:  Census Bureau - Fiscal Year data, includes Wash. D.C."]
[null,{"$f":"'Individual Income Tax tables'!B63","v":"Reflects revised BEA State Personal Incomes as of October 2020 and Census population estimates as of October 2020"}]
[]
[null,"Per capita calculations use the latest US Census mid-year population estimates for July 1"]
[null,"of the fiscal year.  Percent of income calculations use the latest US BEA state personal"]
[null,"income estimates for the calendar year that includes the first half of the fiscal year."]

{"sheet":"17 Individual Income Tax - S&L","index":5,"n_rows":66,"n_cols":6,"rows_kept":66,"cut":false,"hidden":true,"merged":[]}
[]
[null,"Individual Income Tax - State and Local"]
[null,null,"FY",2017]
[]
[null,null,"Per Capita",null,"% of Income"]
[null,"State","Amount","Rank","Amount","Rank"]
[null,"Alabama",769.06857461484151,37,1.9496447663560637E-2,35]
[null,"Alaska",0,"0",0,"0"]
[null,"Arizona",586.54405276087141,41,1.4589093264001714E-2,41]
[null,"Arkansas",922.17555795818214,33,2.2921807530050138E-2,30]
[null,"California",2139.2267850065514,6,3.7033042269658895E-2,5]
[null,"Colorado",1210.2758698726007,16,2.3366492402370251E-2,28]
[null,"Connecticut",2227.4924250629042,4,3.1815239193120431E-2,9]
[null,"Delaware",1234.2669438339171,15,2.5484012274016112E-2,21]
[null,"District of Columbia",2818.0458939770274,2,3.6688480547364156E-2,6]
[null,"Florida",0,"0",0,"0"]
[null,"Georgia",1054.5000014408765,27,2.484172068462601E-2,23]
[null,"Hawaii",1471.2238827346105,11,2.8687999671448909E-2,11]
[null,"Idaho",966.54450825660842,31,2.4326548314685767E-2,24]
[null,"Illinois",1037.4010042235486,28,1.9726750651282796E-2,34]
[null,"Indiana",928.32496104731717,32,2.1333069180627297E-2,32]
[null,"Iowa",1196.4161003326383,18,2.578686767785154E-2,18]
[null,"Kansas",800.69948341503027,35,1.6883593545548192E-2,37]
[null,"Kentucky",1313.611399852839,14,3.3148449486525074E-2,7]
[null,"Louisiana",631.60284848069603,39,1.4827390526358118E-2,40]
[null,"Maine",1150.046605305512,24,2.5715937230880583E-2,19]
[null,"Maryland",2390.8945215931026,3,4.065491053760989E-2,3]
[null,"Massachusetts",2146.4620850583015,5,3.2831476507897223E-2,8]
[null,"Michigan",1005.6705458295173,29,2.2580857011375004E-2,31]
[null,"MINNESOTA",1968.334941243894,8,3.7372464077090349E-2,4]
[null,"Mississippi",601.92403572348758,40,1.6877180769169425E-2,38]
[null,"Missouri",1073.2219032631533,26,2.4293964663388828E-2,25]
[null,"Montana",1119.2191410399419,25,2.5706978012984886E-2,20]
[null,"Nebraska",1163.1250760067999,23,2.3570015071789314E-2,27]
[null,"Nevada",0,"0",0,"0"]
[null,"New Hampshire",48.537686083866468,43,8.6301810483243734E-4,43]
[null,"New Jersey",1570.8828684855425,9,2.5038695918052873E-2,22]
[null,"New Mexico",640.01254431623909,38,1.6401144236246806E-2,39]
[null,"New York",2877.6518445630154,1,4.6762033441193888E-2,1]
[null,"North Carolina",1177.0605517034917,20,2.7798154967121985E-2,14]
[null,"North Dakota",423.2205917805606,42,8.1706986497545007E-3,42]
[null,"Ohio",1208.128202819124,17,2.6771118170836748E-2,15]
[null,"Oklahoma",794.28924054947504,36,1.8986607354584666E-2,36]
[null,"Oregon",2022.1989200277535,7,4.3977585126449739E-2,2]
[null,"Pennsylvania",1339.8601039863413,13,2.5867856847912946E-2,17]
[null,"Rhode Island",1173.590685752122,21,2.314446798255938E-2,29]
[null,"South Carolina",824.94620880622188,34,2.0594117097248267E-2,33]
[null,"South Dakota",0,"0",0,"0"]
[null,"Tennessee",37.261065654225142,44,8.6217992936372164E-4,44]
[null,"Texas",0,"0",0,"0"]
[null,"Utah",1167.7361996387021,22,2.8092956898571456E-2,13]
[null,"Vermont",1191.058134618095,19,2.3648592781046272E-2,26]
[null,"Virginia",1542.2405417466614,10,2.8852503478665477E-2,10]
[null,"Washington",0,"0",0,"0"]
[null,"West Virginia",998.27298123724552,30,2.6702498354892704E-2,16]
[null,"Wisconsin",1345.8191153099401,12,2.8360786520248052E-2,12]
[null,"Wyoming",0,"0",0,"0"]
[]
[null,"U.S. Average",1081.6678092251975,null,2.1763804927393788E-2]
[null,"44 State Avg.",1339.4187072016655,null,2.6599714675730551E-2]
[null,"Source:  Census Bureau - Fiscal Year data, includes Wash. D.C."]
[null,{"$f":"'Individual Income Tax tables'!B63","v":"Reflects revised BEA State Personal Incomes as of October 2020 and Census population estimates as of October 2020"}]
[]
[null,"Per capita calculations use the latest US Census mid-year population estimates for July 1"]
[null,"of the fiscal year.  Percent of income calculations use the latest US BEA state personal"]
[null,"income estimates for the calendar year that includes the first half of the fiscal year."]

{"sheet":"16 Individual Income Tax - S&L","index":6,"n_rows":66,"n_cols":6,"rows_kept":66,"cut":false,"hidden":true,"merged":[]}
[]
[null,"Individual Income Tax - State and Local"]
[null,null,"FY",2016]
[]
[null,null,"Per Capita",null,"% of Income"]
[null,"State","Amount","Rank","Amount","Rank"]
[null,"Alabama",742.57396841972195,37,1.9286717251747985E-2,35]
[null,"Alaska",0,"0",0,"0"]
[null,"Arizona",571.29816749147494,41,1.4652237186155289E-2,40]
[null,"Arkansas",930.12596934868463,32,2.3926808580920542E-2,25]
[null,"California",2059.5547817221232,6,3.7157022107903483E-2,6]
[null,"Colorado",1170.4916926265507,19,2.2825141856439135E-2,31]
[null,"Connecticut",2111.7187539295282,5,3.0718610703046434E-2,9]
[null,"Delaware",1232.5139904932071,15,2.5991220158090474E-2,19]
[null,"District of Columbia",2778.810763572807,2,3.7448195859594441E-2,5]
[null,"Florida",0,"0",0,"0"]
[null,"Georgia",1013.0785152458139,28,2.4688796130969977E-2,22]
[null,"Hawaii",1481.7747994720276,10,3.0091406274440659E-2,10]
[null,"Idaho",903.92232594344387,33,2.3185786486371145E-2,30]
[null,"Illinois",1076.3731206967859,26,2.078368805963364E-2,33]
[null,"Indiana",985.83414338228204,30,2.3379558241561012E-2,28]
[null,"Iowa",1167.5051128988741,21,2.5359353597003795E-2,21]
[null,"Kansas",767.23607588871221,35,1.6275529498689507E-2,39]
[null,"Kentucky",1270.7694893616349,14,3.2721746284260861E-2,8]
[null,"Louisiana",612.72429762206309,39,1.4326714071583188E-2,41]
[null,"Maine",1165.4438660928217,22,2.6762605687004334E-2,16]
[null,"Maryland",2283.3575810382949,3,4.0173020306174825E-2,3]
[null,"Massachusetts",2114.0176518622411,4,3.3436702044342119E-2,7]
[null,"Michigan",984.49168951827244,31,2.2723853388045008E-2,32]
[null,"MINNESOTA",1943.1061505675211,7,3.7692513277897986E-2,4]
[null,"Mississippi",602.36730071766613,40,1.7160865988069738E-2,38]
[null,"Missouri",1053.6334996549317,27,2.4654292266685526E-2,23]
[null,"Montana",1134.6757450308062,24,2.6324526855189049E-2,17]
[null,"Nebraska",1177.7589242802967,17,2.3516115007673814E-2,27]
[null,"Nevada",0,"0",0,"0"]
[null,"New Hampshire",65.535436126918526,43,1.1980525670706797E-3,43]
[null,"New Jersey",1504.9825815852944,9,2.462366568726267E-2,24]
[null,"New Mexico",673.65176326901553,38,1.7632952777374766E-2,36]
[null,"New York",2958.1388756276287,1,4.9545415591488763E-2,1]
[null,"North Carolina",1185.7179891182934,16,2.8681294028015503E-2,11]
[null,"North Dakota",465.46510718456744,42,8.6848282327101119E-3,42]
[null,"Ohio",1145.0446553387224,23,2.5823747748858362E-2,20]
[null,"Oklahoma",763.18978783829664,36,1.7359453000008108E-2,37]
[null,"Oregon",1879.5587040536695,8,4.2481141826172804E-2,2]
[null,"Pennsylvania",1323.2508089700989,12,2.6323112508025704E-2,18]
[null,"Rhode Island",1169.4610444221394,20,2.3321862890476136E-2,29]
[null,"South Carolina",780.3869723802926,34,2.006092923301854E-2,34]
[null,"South Dakota",0,"0",0,"0"]
[null,"Tennessee",48.751160833292822,44,1.1481556435072279E-3,44]
[null,"Texas",0,"0",0,"0"]
[null,"Utah",1109.091100314105,25,2.7688174248665043E-2,14]
[null,"Vermont",1170.517154017356,18,2.365054834685976E-2,26]
[null,"Virginia",1455.0082713644815,11,2.7761656190445294E-2,13]
[null,"Washington",0,"0",0,"0"]
[null,"West Virginia",1008.0734971153987,29,2.7248315905557846E-2,15]
[null,"Wisconsin",1296.8526706759344,13,2.7910571954756599E-2,12]
[null,"Wyoming",0,"0",0,"0"]
[]
[null,"U.S. Average",1164.7504717394588,null,2.3950246065751316E-2]
[null,"44 State Avg.",1435.6980048418943,null,2.9213171341559496E-2]
[null,"Source:  Census Bureau - Fiscal Year data, includes Wash. D.C."]
[null,{"$f":"'Individual Income Tax tables'!B63","v":"Reflects revised BEA State Personal Incomes as of October 2020 and Census population estimates as of October 2020"}]
[]
[null,"Per capita calculations use the latest US Census mid-year population estimates for July 1"]
[null,"of the fiscal year.  Percent of income calculations use the latest US BEA state personal"]
[null,"income estimates for the calendar year that includes the first half of the fiscal year."]

{"sheet":"15 Individual Income Tax - S&L","index":7,"n_rows":66,"n_cols":6,"rows_kept":66,"cut":false,"hidden":true,"merged":[]}
[]
[null,"Individual Income Tax - State and Local"]
[null,null,"FY",2015]
[]
[null,null,"Per Capita",null,"% of Income"]
[null,"State","Amount","Rank","Amount","Rank"]
[null,"Alabama",710.49698836783102,38,1.9296026692624174E-2,35]
[null,"Alaska",0,"0",0,"0"]
[null,"Arizona",552.88711313971737,42,1.4708394466225596E-2,41]
[null,"Arkansas",895.32521896232925,33,2.3642944523419335E-2,32]
[null,"California",1996.5329095490827,6,3.9238938433703546E-2,5]
[null,"Colorado",1171.8247312490064,19,2.3857187234328978E-2,31]
[null,"Connecticut",2276.6792381009623,3,3.4224647322189911E-2,8]
[null,"Delaware",1269.0722555812001,13,2.840869011810588E-2,15]
[null,"District of Columbia",2777.4164010845266,2,4.0480650145324447E-2,4]
[null,"Florida",0,"0",0,"0"]
[null,"Georgia",948.91862664260009,30,2.4520808448074399E-2,26]
[null,"Hawaii",1393.7370295585845,11,3.0064320736741645E-2,10]
[null,"Idaho",896.34783705324116,32,2.433749914601252E-2,27]
[null,"Illinois",1237.2690201017724,14,2.5308904725559057E-2,23]
[null,"Indiana",975.85421949851423,29,2.4169830735973744E-2,28]
[null,"Iowa",1146.6666538398761,23,2.5962058682451487E-2,21]
[null,"Kansas",779.41791368884662,35,1.6774273537893659E-2,39]
[null,"Kentucky",1215.3344020667305,16,3.2914762383724004E-2,9]
[null,"Louisiana",638.61469755915539,40,1.5276971151436742E-2,40]
[null,"Maine",1154.6505576572147,20,2.7995662628901061E-2,18]
[null,"Maryland",2202.5918909915258,4,4.0968454829103398E-2,3]
[null,"Massachusetts",2133.0436758776341,5,3.6207594378885759E-2,7]
[null,"Michigan",938.41021075460492,31,2.2988728838849039E-2,33]
[null,"MINNESOTA",1891.2268626676425,7,3.8617842043649916E-2,6]
[null,"Mississippi",597.4072261486881,41,1.7420067388457194E-2,38]
[null,"Missouri",1026.4082837118617,28,2.5008579159399941E-2,24]
[null,"Montana",1147.970907803722,22,2.8324928714867435E-2,16]
[null,"Nebraska",1182.7337232858249,18,2.4588406301977062E-2,25]
[null,"Nevada",0,"0",0,"0"]
[null,"New Hampshire",72.201748094552883,43,1.3793899057177993E-3,43]
[null,"New Jersey",1478.7947010273772,9,2.5759054433117726E-2,22]
[null,"New Mexico",663.34240038727069,39,1.8033644043361986E-2,37]
[null,"New York",2785.2194446336539,1,4.9752509398734331E-2,1]
[null,"North Carolina",1115.1071972371403,25,2.8493759801334013E-2,13]
[null,"North Dakota",710.88640395093648,37,1.248199757737797E-2,42]
[null,"Ohio",1187.0566421075939,17,2.8159403561058376E-2,17]
[null,"Oklahoma",832.99076697214616,34,1.8562214383842111E-2,36]
[null,"Oregon",1819.7633931916973,8,4.4079717298196486E-2,2]
[null,"Pennsylvania",1277.2842409421535,12,2.66237467019192E-2,20]
[null,"Rhode Island",1151.0082241390414,21,2.40898694318088E-2,29]
[null,"South Carolina",764.8153072618619,36,2.0936695491263209E-2,34]
[null,"South Dakota",0,"0",0,"0"]
[null,"Tennessee",45.85170131484756,44,1.1506817430258188E-3,44]
[null,"Texas",0,"0",0,"0"]
[null,"Utah",1057.8913919549523,26,2.8482873278365257E-2,14]
[null,"Vermont",1135.8864930219149,24,2.4017226606432011E-2,30]
[null,"Virginia",1422.7652090706003,10,2.853476946921946E-2,12]
[null,"Washington",0,"0",0,"0"]
[null,"West Virginia",1050.3813798160311,27,2.9258722662168467E-2,11]
[null,"Wisconsin",1227.3545490910708,15,2.771440987729655E-2,19]
[null,"Wyoming",0,"0",0,"0"]
[]
[null,"U.S. Average",1145.8377578231821,null,2.4836265649107299E-2]
[null,"44 State Avg.",1408.8709029267993,null,3.0321173972899771E-2]
[null,"Source:  Census Bureau - Fiscal Year data, includes Wash. D.C."]
[null,{"$f":"'Individual Income Tax tables'!B63","v":"Reflects revised BEA State Personal Incomes as of October 2020 and Census population estimates as of October 2020"}]
[]
[null,"Per capita calculations use the latest US Census mid-year population estimates for July 1"]
[null,"of the fiscal year.  Percent of income calculations use the latest US BEA state personal"]
[null,"income estimates for the calendar year that includes the first half of the fiscal year."]

{"sheet":"14 Individual Income Tax - S&L","index":8,"n_rows":66,"n_cols":6,"rows_kept":66,"cut":false,"hidden":true,"merged":[]}
[]
[null,"Individual Income Tax - State and Local"]
[null,null,"FY",2014]
[]
[null,null,"Per Capita",null,"% of Income"]
[null,"State","Amount","Rank","Amount","Rank"]
[null,"Alabama",682.72927853280896,37,1.9136560654689733E-2,35]
[null,"Alaska",0,"0",0,"0"]
[null,"Arizona",515.24056647082818,42,1.429676892253506E-2,41]
[null,"Arkansas",877.06005435954967,31,2.4441182543490068E-2,24]
[null,"California",1757.865437667929,7,3.651839260946349E-2,6]
[null,"Colorado",1057.7251063995238,22,2.2941411301397679E-2,31]
[null,"Connecticut",2163.9412083890493,3,3.3703830082474455E-2,8]
[null,"Delaware",1172.4288409622782,15,2.7021722342928475E-2,18]
[null,"District of Columbia",2548.0428828309346,2,3.8873705629131339E-2,4]
[null,"Florida",0,"0",0,"0"]
[null,"Georgia",888.80407318916366,30,2.4155810833480677E-2,26]
[null,"Hawaii",1232.3664577021625,12,2.7800827522742957E-2,11]
[null,"Idaho",819.1299588866334,34,2.3238073167380767E-2,30]
[null,"Illinois",1293.343469429753,11,2.7700789869012397E-2,12]
[null,"Indiana",916.39840472656533,29,2.3501394853861629E-2,29]
[null,"Iowa",1065.7200863569528,20,2.4804422606781423E-2,22]
[null,"Kansas",866.92856354505818,32,1.8943839949424366E-2,36]
[null,"Kentucky",1130.2312659908994,16,3.1852581086436717E-2,9]
[null,"Louisiana",592.45935781474566,40,1.4841946245871481E-2,40]
[null,"Maine",1062.6661225998878,21,2.6820678978487014E-2,19]
[null,"Maryland",2099.8693712980503,4,4.0114476981528306E-2,3]
[null,"Massachusetts",1962.4289861007055,5,3.4539449959440416E-2,7]
[null,"Michigan",840.54960145796088,33,2.1471483365118137E-2,33]
[null,"MINNESOTA",1764.833785644116,6,3.7587250312033554E-2,5]
[null,"Mississippi",557.19288865124986,41,1.6729739420991707E-2,39]
[null,"Missouri",939.45467114782707,28,2.3643553952284475E-2,27]
[null,"Montana",1039.4909602128137,24,2.6532321473136108E-2,20]
[null,"Nebraska",1129.1867453067148,17,2.477943282950899E-2,23]
[null,"Nevada",0,"0",0,"0"]
[null,"New Hampshire",69.797545499769328,43,1.3586399800356408E-3,43]
[null,"New Jersey",1341.5878608865141,9,2.4236228317731964E-2,25]
[null,"New Mexico",622.88912657751428,39,1.7904948786188341E-2,38]
[null,"New York",2703.445163086571,1,4.9721738397311387E-2,1]
[null,"North Carolina",1045.9132958118555,23,2.7920942253416729E-2,10]
[null,"North Dakota",673.77389499178275,38,1.2371513783487045E-2,42]
[null,"Ohio",1122.8551729419908,18,2.7655819226119333E-2,14]
[null,"Oklahoma",763.92746974273882,35,1.8013724806998605E-2,37]
[null,"Oregon",1675.6124868365382,8,4.2858770980114431E-2,2]
[null,"Pennsylvania",1220.7360659986482,13,2.6487068378658527E-2,21]
[null,"Rhode Island",1032.172255519308,25,2.2316280689460826E-2,32]
[null,"South Carolina",708.82916393113283,36,2.0339779843211687E-2,34]
[null,"South Dakota",0,"0",0,"0"]
[null,"Tennessee",36.551767447766224,44,9.4893895689609055E-4,44]
[null,"Texas",0,"0",0,"0"]
[null,"Utah",982.34979788132318,26,2.7611218724362407E-2,15]
[null,"Vermont",1076.9652814106898,19,2.3615894010088203E-2,28]
[null,"Virginia",1307.827640749987,10,2.7149399181319131E-2,17]
[null,"Washington",0,"0",0,"0"]
[null,"West Virginia",957.77797733747218,27,2.7574307683911781E-2,16]
[null,"Wisconsin",1179.7193896821968,14,2.7684408802382161E-2,13]
[null,"Wyoming",0,"0",0,"0"]
[]
[null,"U.S. Average",1070.8563696646988,null,2.4247400376431527E-2]
[null,"44 State Avg.",1313.7286055396339,null,2.9476528723576097E-2]
[null,"Source:  Census Bureau - Fiscal Year data, includes Wash. D.C."]
[null,{"$f":"'Individual Income Tax tables'!B63","v":"Reflects revised BEA State Personal Incomes as of October 2020 and Census population estimates as of October 2020"}]
[]
[null,"Per capita calculations use the latest US Census mid-year population estimates for July 1"]
[null,"of the fiscal year.  Percent of income calculations use the latest US BEA state personal"]
[null,"income estimates for the calendar year that includes the first half of the fiscal year."]

{"sheet":"13 Individual Income Tax - S&L","index":9,"n_rows":66,"n_cols":6,"rows_kept":66,"cut":false,"hidden":true,"merged":[]}
[]
[null,"Individual Income Tax - State and Local"]
[null,null,"FY",2013]
[]
[null,null,"Per Capita",null,"% of Income"]
[null,"State","Amount","Rank","Amount","Rank"]
[null,"Alabama",686.53065821100893,38,1.9103005194732584E-2,36]
[null,"Alaska",0,"0",0,"0"]
[null,"Arizona",512.4129083086367,42,1.4087135476271193E-2,42]
[null,"Arkansas",895.74561090644659,31,2.4754830361371622E-2,26]
[null,"California",1739.1778358212375,6,3.6863907852892633E-2,4]
[null,"Colorado",1048.8230990990171,23,2.294877694143807E-2,32]
[null,"Connecticut",2171.6942327964666,3,3.4642259814325588E-2,5]
[null,"Delaware",1282.8174761415373,12,2.893309976114683E-2,13]
[null,"District of Columbia",2526.2478061397296,2,3.7462862452102341E-2,8]
[null,"Florida",0,"0",0,"0"]
[null,"Georgia",877.96352562292066,33,2.3739507721003368E-2,28]
[null,"Hawaii",1232.0848402678942,15,2.8002699795585801E-2,15]
[null,"Idaho",801.44718607873949,35,2.3247849142023748E-2,31]
[null,"Illinois",1283.1032508429289,11,2.7887502460061348E-2,16]
[null,"Indiana",940.89126610717756,30,2.4893296619402216E-2,24]
[null,"Iowa",1144.8497909595164,18,2.6483083996040938E-2,22]
[null,"Kansas",1022.269167389269,26,2.3449543870869213E-2,30]
[null,"Kentucky",1110.8477890189838,21,3.1123371268463519E-2,10]
[null,"Louisiana",592.10984959236009,40,1.4682478028848161E-2,41]
[null,"Maine",1152.5657408536265,17,2.9117183743912117E-2,14]
[null,"Maryland",2061.4402867905201,4,3.9129645575220279E-2,3]
[null,"Massachusetts",1919.2959705223429,5,3.4088492762412187E-2,7]
[null,"Michigan",866.16421423309077,34,2.2445064658978806E-2,33]
[null,"MINNESOTA",1651.2659898707527,7,3.5174436775282529E-2,6]
[null,"Mississippi",586.90674883382542,41,1.7745779245746759E-2,38]
[null,"Missouri",941.59529216169949,29,2.3667878493006403E-2,29]
[null,"Montana",1030.6564852987276,25,2.660048070159932E-2,20]
[null,"Nebraska",1124.3214037340181,19,2.4851778412506149E-2,25]
[null,"Nevada",0,"0",0,"0"]
[null,"New Hampshire",74.869580995871956,43,1.4827330483239331E-3,43]
[null,"New Jersey",1359.3907032637192,9,2.473987024870896E-2,23]
[null,"New Mexico",594.63843326672713,39,1.6728627792699256E-2,39]
[null,"New York",2550.0865571697818,1,4.7805898089790931E-2,1]
[null,"North Carolina",1124.1930267762755,20,2.937275431869147E-2,12]
[null,"North Dakota",886.87526429398611,32,1.6512219831537101E-2,40]
[null,"Ohio",1267.5083769492351,13,3.1487087679218859E-2,9]
[null,"Oklahoma",756.89292975952435,36,1.8390222782348586E-2,37]
[null,"Oregon",1593.7345183208886,8,4.1085463901512236E-2,2]
[null,"Pennsylvania",1201.0589245416918,16,2.6262368366822691E-2,21]
[null,"Rhode Island",1034.3218825746351,24,2.244911316590377E-2,34]
[null,"South Carolina",704.10389183344535,37,2.004869439004173E-2,35]
[null,"South Dakota",0,"0",0,"0"]
[null,"Tennessee",40.461320817163447,44,1.0403990355142086E-3,44]
[null,"Texas",0,"0",0,"0"]
[null,"Utah",982.23051054091616,27,2.7751583893213021E-2,17]
[null,"Vermont",1057.2418114933291,22,2.3910327589522769E-2,27]
[null,"Virginia",1318.4597009509698,10,2.697542256022735E-2,19]
[null,"Washington",0,"0",0,"0"]
[null,"West Virginia",969.21831531286011,28,2.7349988008138294E-2,18]
[null,"Wisconsin",1258.3785963392984,14,2.9731801437067717E-2,11]
[null,"Wyoming",0,"0",0,"0"]
[]
[null,"U.S. Average",1069.6655104719996,null,2.4342611107135571E-2]
[null,"44 State Avg.",1309.8601027348145,null,2.9612451782400948E-2]
[null,"Source:  Census Bureau - Fiscal Year data, includes Wash. D.C."]
[null,{"$f":"'Individual Income Tax tables'!B63","v":"Reflects revised BEA State Personal Incomes as of October 2020 and Census population estimates as of October 2020"}]
[]
[null,"Per capita calculations use the latest US Census mid-year population estimates for July 1"]
[null,"of the fiscal year.  Percent of income calculations use the latest US BEA state personal"]
[null,"income estimates for the calendar year that includes the first half of the fiscal year."]

{"sheet":"12 Individual Income Tax - S&L","index":10,"n_rows":66,"n_cols":6,"rows_kept":66,"cut":false,"hidden":true,"merged":[]}
[]
[null,"Individual Income Tax - State and Local"]
[null,null,"FY",2012]
[]
[null,null,"Per Capita",null,"% of Income"]
[null,"State","Amount","Rank","Amount","Rank"]
[null,"Alabama",647.49467877358575,37,1.9E-2,37]
[null,"Alaska",0,0,0,0]
[null,"Arizona",472.1166344333555,42,1.2999999999999999E-2,41]
[null,"Arkansas",814.34236797503581,32,2.4E-2,23]
[null,"California",1445.878586206584,8,3.3000000000000002E-2,7]
[null,"Colorado",939.11394870034678,26,2.1999999999999999E-2,33]
[null,"Connecticut",2051.2327534317819,3,3.5999999999999997E-2,4]
[null,"Delaware",1361.4626119971781,9,3.2000000000000001E-2,9]
[null,"District of Columbia",2346.2859373376859,2,3.2000000000000001E-2,8]
[null,"Florida",0,0,0,0]
[null,"Georgia",820.99892928145505,31,2.3E-2,30]
[null,"Hawaii",1106.3482979461326,16,2.5999999999999999E-2,18]
[null,"Idaho",760.18876045754109,33,2.3E-2,31]
[null,"Illinois",1204.8239840306537,12,2.7E-2,16]
[null,"Indiana",932.58627685586566,27,2.5999999999999999E-2,19]
[null,"Iowa",1016.2521663271183,21,2.4E-2,25]
[null,"Kansas",1002.5312850689174,22,2.4E-2,24]
[null,"Kentucky",1058.1682340912507,19,3.1E-2,10]
[null,"Louisiana",537.52827088613526,40,1.4E-2,40]
[null,"Maine",1085.0620970315031,17,2.8000000000000001E-2,14]
[null,"Maryland",1948.4097074391334,4,3.7999999999999999E-2,3]
[null,"Massachusetts",1795.6192604742123,5,3.3000000000000002E-2,5]
[null,"Michigan",743.07018423103989,34,0.02,34]
[null,"MINNESOTA",1484.6517284915014,7,3.3000000000000002E-2,6]
[null,"Mississippi",502.82584085260885,41,1.6E-2,39]
[null,"Missouri",904.96323273146584,28,2.4E-2,26]
[null,"Montana",895.56158888611424,29,2.4E-2,22]
[null,"Nebraska",990.5014782003833,23,2.3E-2,29]
[null,"Nevada",0,0,0,0]
[null,"New Hampshire",61.720472259199191,43,1E-3,43]
[null,"New Jersey",1253.921371221039,10,2.4E-2,27]
[null,"New Mexico",551.83826492043329,39,1.6E-2,38]
[null,"New York",2422.2156383994047,1,4.7E-2,1]
[null,"North Carolina",1065.3302173043435,18,2.9000000000000001E-2,12]
[null,"North Dakota",615.90282870426404,38,1.2999999999999999E-2,42]
[null,"Ohio",1162.4801123774573,14,0.03,11]
[null,"Oklahoma",726.71798755212262,35,1.9E-2,36]
[null,"Oregon",1494.059665942119,6,0.04,2]
[null,"Pennsylvania",1120.527865918712,15,2.5999999999999999E-2,20]
[null,"Rhode Island",1026.9937181262133,20,2.3E-2,28]
[null,"South Carolina",655.92254403992422,36,1.9E-2,35]
[null,"South Dakota",0,0,0,0]
[null,"Tennessee",28.232030856317333,44,1E-3,44]
[null,"Texas",0,0,0,0]
[null,"Utah",863.51499102173659,30,2.5999999999999999E-2,21]
[null,"Vermont",955.3829993071497,24,2.1999999999999999E-2,32]
[null,"Virginia",1246.8792465716811,11,2.7E-2,17]
[null,"Washington",0,0,0,0]
[null,"West Virginia",945.83961604992351,25,2.8000000000000001E-2,15]
[null,"Wisconsin",1180.9117455891305,13,2.9000000000000001E-2,13]
[null,"Wyoming",0,0,0,0]
[]
[null,"U.S. Average",978.45320444840706,null,2.3E-2]
[null,"44 State Avg.",1196.4799153687106,null,2.8000000000000001E-2]
[null,"Source:  Census Bureau - Fiscal Year data, includes Wash. D.C."]
[null,{"$f":"'Individual Income Tax tables'!B63","v":"Reflects revised BEA State Personal Incomes as of October 2020 and Census population estimates as of October 2020"}]
[]
[null,"Per capita calculations use the latest US Census mid-year population estimates for July 1"]
[null,"of the fiscal year.  Percent of income calculations use the latest US BEA state personal"]
[null,"income estimates for the calendar year that includes the first half of the fiscal year."]

{"sheet":"11 Individual Income Tax - S&L","index":11,"n_rows":66,"n_cols":6,"rows_kept":66,"cut":false,"hidden":true,"merged":[]}
[]
[null,"Individual Income Tax - State and Local"]
[null,null,"FY",2011]
[]
[null,null,"Per Capita",null,"% of Income"]
[null,"State","Amount","Rank","Amount","Rank"]
[null,"Alabama",604.75,38,1.7999999999999999E-2,36]
[null,"Alaska",0,0,0,0]
[null,"Arizona",442.79,42,1.2999999999999999E-2,42]
[null,"Arkansas",772.61,32,2.4E-2,22]
[null,"California",1340.32,9,3.2000000000000001E-2,8]
[null,"Colorado",887.47,25,2.1999999999999999E-2,32]
[null,"Connecticut",1803.67,4,3.3000000000000002E-2,7]
[null,"Delaware",1353.82,8,3.3000000000000002E-2,5]
[null,"District of Columbia",2117.87,2,3.1E-2,11]
[null,"Florida",0,0,0,0]
[null,"Georgia",780.52,31,2.3E-2,27]
[null,"Hawaii",905.06,23,2.1999999999999999E-2,31]
[null,"Idaho",738.28,33,2.3E-2,26]
[null,"Illinois",872.88,27,2.1000000000000001E-2,33]
[null,"Indiana",951.9,20,2.8000000000000001E-2,16]
[null,"Iowa",960.65,19,2.5000000000000001E-2,20]
[null,"Kansas",938.3,21,2.4E-2,21]
[null,"Kentucky",1030.8399999999999,16,3.1E-2,9]
[null,"Louisiana",525.48,40,1.4E-2,41]
[null,"Maine",1069.58,15,2.9000000000000001E-2,14]
[null,"Maryland",1815.44,3,3.6999999999999998E-2,3]
[null,"Massachusetts",1755.28,5,3.4000000000000002E-2,4]
[null,"Michigan",688.41,34,0.02,34]
[null,"MINNESOTA",1399.29,7,3.3000000000000002E-2,6]
[null,"Mississippi",469.39,41,1.4999999999999999E-2,39]
[null,"Missouri",804.99,30,2.1999999999999999E-2,30]
[null,"Montana",814.53,29,2.4E-2,23]
[null,"Nebraska",934.49,22,2.4E-2,25]
[null,"Nevada",0,0,0,0]
[null,"New Hampshire",63.34,43,1E-3,43]
[null,"New Jersey",1201.73,10,2.4E-2,24]
[null,"New Mexico",527.70000000000005,39,1.6E-2,38]
[null,"New York",2283.14,1,4.5999999999999999E-2,1]
[null,"North Carolina",1022.63,17,2.9000000000000001E-2,13]
[null,"North Dakota",632.53,35,1.4999999999999999E-2,40]
[null,"Ohio",1134.56,12,3.1E-2,10]
[null,"Oklahoma",630.37,36,1.7999999999999999E-2,37]
[null,"Oregon",1420.23,6,0.04,2]
[null,"Pennsylvania",1093.29,14,2.5999999999999999E-2,18]
[null,"Rhode Island",967.23,18,2.1999999999999999E-2,28]
[null,"South Carolina",622.19000000000005,37,1.9E-2,35]
[null,"South Dakota",0,0,0,0]
[null,"Tennessee",29.61,44,1E-3,44]
[null,"Texas",0,0,0,0]
[null,"Utah",816.61,28,2.5999999999999999E-2,19]
[null,"Vermont",887.36,26,2.1999999999999999E-2,29]
[null,"Virginia",1175.98,11,2.5999999999999999E-2,17]
[null,"Washington",0,0,0,0]
[null,"West Virginia",898.1,24,2.8000000000000001E-2,15]
[null,"Wisconsin",1125.97,13,2.9000000000000001E-2,12]
[null,"Wyoming",0,0,0,0]
[]
[null,"U.S. Average",914.47,null,2.3E-2]
[null,"44 State Avg.",1116.46,null,2.8000000000000001E-2]
[null,"Source:  Census Bureau - Fiscal Year data, includes Wash. D.C."]
[null,{"$f":"'Individual Income Tax tables'!B63","v":"Reflects revised BEA State Personal Incomes as of October 2020 and Census population estimates as of October 2020"}]
[]
[null,"Per capita calculations use the latest US Census mid-year population estimates for July 1"]
[null,"of the fiscal year.  Percent of income calculations use the latest US BEA state personal"]
[null,"income estimates for the calendar year that includes the first half of the fiscal year."]

{"sheet":"10 Individual Income Tax - S&L","index":12,"n_rows":66,"n_cols":6,"rows_kept":66,"cut":false,"hidden":true,"merged":[]}
[]
[null,"Individual Income Tax - State and Local"]
[null,null,"FY",2010]
[]
[null,null,"Per Capita",null,"% of Income"]
[null,"State","Amount","Rank","Amount","Rank"]
[null,"Alabama",563.67999999999995,37,1.7000000000000001E-2,36]
[null,"Alaska",0,0,0,0]
[null,"Arizona",376.91,42,1.0999999999999999E-2,42]
[null,"Arkansas",715.45,31,2.3E-2,24]
[null,"California",1222.6400000000001,7,0.03,7]
[null,"Colorado",810.14,25,0.02,31]
[null,"Connecticut",1612.93,4,0.03,5]
[null,"Delaware",1008.26,15,2.5000000000000001E-2,17]
[null,"District of Columbia",1830.02,2,2.7E-2,11]
[null,"Florida",0,0,0,0]
[null,"Georgia",722.24,29,2.1000000000000001E-2,28]
[null,"Hawaii",1119.8599999999999,10,2.7E-2,12]
[null,"Idaho",680.4,32,2.1999999999999999E-2,25]
[null,"Illinois",662.75,33,1.6E-2,37]
[null,"Indiana",833.4,22,2.5000000000000001E-2,18]
[null,"Iowa",900.41,20,2.3E-2,23]
[null,"Kansas",941.36,19,2.5000000000000001E-2,20]
[null,"Kentucky",964.16,17,0.03,6]
[null,"Louisiana",503.18,38,1.4E-2,40]
[null,"Maine",981.76,16,2.7E-2,13]
[null,"Maryland",1728.14,3,3.5000000000000003E-2,3]
[null,"Massachusetts",1543.14,5,3.1E-2,4]
[null,"Michigan",594.32000000000005,34,1.7000000000000001E-2,34]
[null,"MINNESOTA",1216.05,8,0.03,8]
[null,"Mississippi",455.51,40,1.4999999999999999E-2,38]
[null,"Missouri",769.46,27,2.1000000000000001E-2,27]
[null,"Montana",721.5,30,2.1999999999999999E-2,26]
[null,"Nebraska",827.91,23,2.1000000000000001E-2,29]
[null,"Nevada",0,0,0,0]
[null,"New Hampshire",62.55,43,1E-3,43]
[null,"New Jersey",1172.6099999999999,9,2.3E-2,22]
[null,"New Mexico",463.3,39,1.4E-2,39]
[null,"New York",2190.46,1,4.5999999999999999E-2,1]
[null,"North Carolina",955.5,18,2.8000000000000001E-2,10]
[null,"North Dakota",450.45,41,1.0999999999999999E-2,41]
[null,"Ohio",1042.8499999999999,13,2.9000000000000001E-2,9]
[null,"Oklahoma",591.78,35,1.7000000000000001E-2,35]
[null,"Oregon",1288.74,6,3.5999999999999997E-2,2]
[null,"Pennsylvania",1051.54,12,2.5999999999999999E-2,16]
[null,"Rhode Island",864.08,21,2.1000000000000001E-2,30]
[null,"South Carolina",576.6,36,1.7999999999999999E-2,33]
[null,"South Dakota",0,0,0,0]
[null,"Tennessee",27.13,44,1E-3,44]
[null,"Texas",0,0,0,0]
[null,"Utah",758.4,28,2.4E-2,21]
[null,"Vermont",781.43,26,0.02,32]
[null,"Virginia",1079.05,11,2.5000000000000001E-2,19]
[null,"Washington",0,0,0,0]
[null,"West Virginia",820.86,24,2.5999999999999999E-2,15]
[null,"Wisconsin",1018,14,2.7E-2,14]
[null,"Wyoming",0,0,0,0]
[]
[null,"U.S. Average",841.55,null,2.1999999999999999E-2]
[null,"44 State Avg.",1026.0899999999999,null,2.5999999999999999E-2]
[null,"Source:  Census Bureau - Fiscal Year data, includes Wash. D.C."]
[null,{"$f":"'Individual Income Tax tables'!B63","v":"Reflects revised BEA State Personal Incomes as of October 2020 and Census population estimates as of October 2020"}]
[]
[null,"Per capita calculations use the latest US Census mid-year population estimates for July 1"]
[null,"of the fiscal year.  Percent of income calculations use the latest US BEA state personal"]
[null,"income estimates for the calendar year that includes the first half of the fiscal year."]

{"sheet":"09 Individual Income Tax - S&L","index":13,"n_rows":66,"n_cols":6,"rows_kept":66,"cut":false,"hidden":true,"merged":[]}
[]
[null,"Individual Income Tax - State and Local"]
[null,null,"FY",2009]
[]
[null,null,"Per Capita",null,"% of Income"]
[null,"State","Amount","Rank","Amount","Rank"]
[null,"Alabama",593.73,38,1.7999999999999999E-2,36]
[null,"Alaska",0,0,0,0]
[null,"Arizona",390.52,42,1.0999999999999999E-2,42]
[null,"Arkansas",774.87,31,2.4E-2,22]
[null,"California",1200.05,9,2.8000000000000001E-2,11]
[null,"Colorado",876.35,24,2.1000000000000001E-2,32]
[null,"Connecticut",1594.32,5,2.8000000000000001E-2,9]
[null,"Delaware",1092.05,12,2.5999999999999999E-2,15]
[null,"District of Columbia",1877.51,3,2.8000000000000001E-2,12]
[null,"Florida",0,0,0,0]
[null,"Georgia",793.67,30,2.3E-2,27]
[null,"Hawaii",1033.5999999999999,16,2.4E-2,21]
[null,"Idaho",760.51,32,2.3E-2,26]
[null,"Illinois",714.35,33,1.7000000000000001E-2,38]
[null,"Indiana",890.97,23,2.5000000000000001E-2,18]
[null,"Iowa",930.21,20,2.4E-2,25]
[null,"Kansas",970.03,19,2.4E-2,23]
[null,"Kentucky",1012.59,18,3.1E-2,5]
[null,"Louisiana",654.63,35,1.7999999999999999E-2,37]
[null,"Maine",1039.75,15,2.8000000000000001E-2,10]
[null,"Maryland",1893.43,2,3.7999999999999999E-2,2]
[null,"Massachusetts",1607.48,4,3.2000000000000001E-2,4]
[null,"Michigan",628.88,36,1.7999999999999999E-2,35]
[null,"MINNESOTA",1319.38,7,3.1E-2,6]
[null,"Mississippi",503.25,40,1.6E-2,39]
[null,"Missouri",847.48,28,2.3E-2,28]
[null,"Montana",848.42,27,2.4E-2,20]
[null,"Nebraska",891.73,22,2.1999999999999999E-2,29]
[null,"Nevada",0,0,0,0]
[null,"New Hampshire",74.13,43,2E-3,43]
[null,"New Jersey",1224.6400000000001,8,2.4E-2,24]
[null,"New Mexico",476.94,41,1.4E-2,40]
[null,"New York",2277.39,1,4.7E-2,1]
[null,"North Carolina",1019.13,17,2.9000000000000001E-2,8]
[null,"North Dakota",572.26,39,1.4E-2,41]
[null,"Ohio",1103.1099999999999,11,0.03,7]
[null,"Oklahoma",690.14,34,1.7999999999999999E-2,34]
[null,"Oregon",1349.97,6,3.6999999999999998E-2,3]
[null,"Pennsylvania",1075.23,13,2.5999999999999999E-2,17]
[null,"Rhode Island",912.34,21,2.1999999999999999E-2,30]
[null,"South Carolina",616.55999999999995,37,1.9E-2,33]
[null,"South Dakota",0,0,0,0]
[null,"Tennessee",35.21,44,1E-3,44]
[null,"Texas",0,0,0,0]
[null,"Utah",833.03,29,2.5000000000000001E-2,19]
[null,"Vermont",857.1,25,2.1000000000000001E-2,31]
[null,"Virginia",1166.4100000000001,10,2.5999999999999999E-2,16]
[null,"Washington",0,0,0,0]
[null,"West Virginia",855.82,26,2.7E-2,14]
[null,"Wisconsin",1055.95,14,2.7E-2,13]
[null,"Wyoming",0,0,0,0]
[]
[null,"U.S. Average",882.27,null,2.1999999999999999E-2]
[null,"44 State Avg.",1073.47,null,2.5999999999999999E-2]
[null,"Source:  Census Bureau - Fiscal Year data, includes Wash. D.C."]
[null,{"$f":"'Individual Income Tax tables'!B63","v":"Reflects revised BEA State Personal Incomes as of October 2020 and Census population estimates as of October 2020"}]
[]
[null,"Per capita calculations use the latest US Census mid-year population estimates for July 1"]
[null,"of the fiscal year.  Percent of income calculations use the latest US BEA state personal"]
[null,"income estimates for the calendar year that includes the first half of the fiscal year."]

{"sheet":"08 Individual Income Tax - S&L","index":14,"n_rows":66,"n_cols":6,"rows_kept":66,"cut":false,"hidden":true,"merged":[]}
[]
[null,"Individual Income Tax - State and Local"]
[null,null,"FY",2008]
[]
[null,null,"Per Capita",null,"% of Income"]
[null,"State","Amount","Rank","Amount","Rank"]
[null,"Alabama",681.6,38,2.1000000000000001E-2,36]
[null,"Alaska",0,0,0,0]
[null,"Arizona",524.45000000000005,41,1.4999999999999999E-2,41]
[null,"Arkansas",817.67,32,2.5999999999999999E-2,27]
[null,"California",1523.93,6,3.5999999999999997E-2,7]
[null,"Colorado",1026.9000000000001,21,2.5000000000000001E-2,32]
[null,"Connecticut",1956.06,4,3.5000000000000003E-2,8]
[null,"Delaware",1213.94,12,0.03,14]
[null,"District of Columbia",2296.0100000000002,2,3.6999999999999998E-2,5]
[null,"Florida",0,0,0,0]
[null,"Georgia",912.11,28,2.7E-2,25]
[null,"Hawaii",1199.8900000000001,13,2.9000000000000001E-2,17]
[null,"Idaho",941.74,27,2.9000000000000001E-2,18]
[null,"Illinois",803.55,33,1.9E-2,38]
[null,"Indiana",943.25,26,2.8000000000000001E-2,23]
[null,"Iowa",979.13,23,2.7E-2,26]
[null,"Kansas",1053.5899999999999,19,2.8000000000000001E-2,22]
[null,"Kentucky",1057.1500000000001,18,3.4000000000000002E-2,11]
[null,"Louisiana",712.05,37,0.02,37]
[null,"Maine",1184.25,15,3.3000000000000002E-2,12]
[null,"Maryland",1976.94,3,4.1000000000000002E-2,2]
[null,"Massachusetts",1909.68,5,3.9E-2,3]
[null,"Michigan",763.98,35,2.1999999999999999E-2,35]
[null,"MINNESOTA",1486.89,7,3.5999999999999997E-2,6]
[null,"Mississippi",527.54,40,1.7999999999999999E-2,40]
[null,"Missouri",910,29,2.5999999999999999E-2,29]
[null,"Montana",898.79,30,2.7E-2,24]
[null,"Nebraska",968.68,24,2.5000000000000001E-2,31]
[null,"Nevada",0,0,0,0]
[null,"New Hampshire",89.22,43,2E-3,43]
[null,"New Jersey",1455.03,8,2.9000000000000001E-2,19]
[null,"New Mexico",603.19000000000005,39,1.9E-2,39]
[null,"New York",2386.1999999999998,1,0.05,1]
[null,"North Carolina",1188.9000000000001,14,3.4000000000000002E-2,10]
[null,"North Dakota",494.6,42,1.2999999999999999E-2,42]
[null,"Ohio",1221.6600000000001,11,3.4000000000000002E-2,9]
[null,"Oklahoma",764.94,34,2.1999999999999999E-2,34]
[null,"Oregon",1315.2,9,3.6999999999999998E-2,4]
[null,"Pennsylvania",1140.1300000000001,17,2.9000000000000001E-2,20]
[null,"Rhode Island",1036.26,20,2.5000000000000001E-2,30]
[null,"South Carolina",738.97,36,2.3E-2,33]
[null,"South Dakota",0,0,0,0]
[null,"Tennessee",46.63,44,1E-3,44]
[null,"Texas",0,0,0,0]
[null,"Utah",950.79,25,0.03,16]
[null,"Vermont",1003.17,22,2.5999999999999999E-2,28]
[null,"Virginia",1297.53,10,0.03,15]
[null,"Washington",0,0,0,0]
[null,"West Virginia",836.83,31,2.8000000000000001E-2,21]
[null,"Wisconsin",1149.1300000000001,16,3.1E-2,13]
[null,"Wyoming",0,0,0,0]
[]
[null,"U.S. Average",1001.73,null,2.5000000000000001E-2]
[null,"44 State Avg.",1217.47,null,3.1E-2]
[null,"Source:  Census Bureau - Fiscal Year data, includes Wash. D.C."]
[null,{"$f":"'Individual Income Tax tables'!B63","v":"Reflects revised BEA State Personal Incomes as of October 2020 and Census population estimates as of October 2020"}]
[]
[null,"Per capita calculations use the latest US Census mid-year population estimates for July 1"]
[null,"of the fiscal year.  Percent of income calculations use the latest US BEA state personal"]
[null,"income estimates for the calendar year that includes the first half of the fiscal year."]

{"sheet":"07 Individual Income Tax - S&L","index":15,"n_rows":66,"n_cols":6,"rows_kept":66,"cut":false,"hidden":true,"merged":[]}
[]
[null,"Individual Income Tax - State and Local"]
[null,null,"FY",2007]
[]
[null,null,"Per Capita",null,"% of Income"]
[null,"State","Amount","Rank","Amount","Rank"]
[null,"Alabama",679.12,38,2.1999999999999999E-2,36]
[null,"Alaska",0,0,0,0]
[null,"Arizona",589,40,1.7999999999999999E-2,40]
[null,"Arkansas",762.95,32,2.5999999999999999E-2,28]
[null,"California",1471.82,7,3.5999999999999997E-2,6]
[null,"Colorado",990.33,19,2.5000000000000001E-2,32]
[null,"Connecticut",1815.92,4,3.4000000000000002E-2,10]
[null,"Delaware",1240.9000000000001,11,3.1E-2,17]
[null,"District of Columbia",2239.1999999999998,1,3.7999999999999999E-2,4]
[null,"Florida",0,0,0,0]
[null,"Georgia",922.97,26,2.8000000000000001E-2,21]
[null,"Hawaii",1222.01,12,3.1E-2,14]
[null,"Idaho",938.11,23,0.03,18]
[null,"Illinois",736.22,34,1.9E-2,39]
[null,"Indiana",895.84,28,2.7E-2,24]
[null,"Iowa",920.35,27,2.7E-2,25]
[null,"Kansas",989.56,20,2.8000000000000001E-2,23]
[null,"Kentucky",949.55,22,3.1E-2,16]
[null,"Louisiana",734.48,35,2.3E-2,35]
[null,"Maine",1115.3800000000001,16,3.3000000000000002E-2,11]
[null,"Maryland",1908.76,3,4.1000000000000002E-2,3]
[null,"Massachusetts",1753.99,5,3.6999999999999998E-2,5]
[null,"Michigan",687.61,37,0.02,37]
[null,"MINNESOTA",1392.9,8,3.5000000000000003E-2,7]
[null,"Mississippi",479.79,42,1.7000000000000001E-2,41]
[null,"Missouri",866.07,30,2.5000000000000001E-2,30]
[null,"Montana",870.14,29,2.8000000000000001E-2,22]
[null,"Nebraska",932.76,25,2.5999999999999999E-2,29]
[null,"Nevada",0,0,0,0]
[null,"New Hampshire",81.569999999999993,43,2E-3,43]
[null,"New Jersey",1357.94,9,2.8000000000000001E-2,20]
[null,"New Mexico",598.30999999999995,39,0.02,38]
[null,"New York",2196.5700000000002,2,0.05,1]
[null,"North Carolina",1168.23,14,3.5000000000000003E-2,8]
[null,"North Dakota",496.54,41,1.4999999999999999E-2,42]
[null,"Ohio",1194.3699999999999,13,3.5000000000000003E-2,9]
[null,"Oklahoma",768.19,31,2.3E-2,34]
[null,"Oregon",1503.33,6,4.3999999999999997E-2,2]
[null,"Pennsylvania",1088.17,17,2.9000000000000001E-2,19]
[null,"Rhode Island",1029,18,2.5999999999999999E-2,27]
[null,"South Carolina",732.21,36,2.4E-2,33]
[null,"South Dakota",0,0,0,0]
[null,"Tennessee",40.36,44,1E-3,44]
[null,"Texas",0,0,0,0]
[null,"Utah",961.41,21,3.2000000000000001E-2,12]
[null,"Vermont",936.71,24,2.5000000000000001E-2,31]
[null,"Virginia",1326.31,10,3.2000000000000001E-2,13]
[null,"Washington",0,0,0,0]
[null,"West Virginia",751.17,33,2.5999999999999999E-2,26]
[null,"Wisconsin",1130.69,15,3.1E-2,15]
[null,"Wyoming",0,0,0,0]
[]
[null,"U.S. Average",962.52,null,2.5999999999999999E-2]
[null,"44 State Avg.",1168.46,null,3.1E-2]
[null,"Source:  Census Bureau - Fiscal Year data, includes Wash. D.C."]
[null,{"$f":"'Individual Income Tax tables'!B63","v":"Reflects revised BEA State Personal Incomes as of October 2020 and Census population estimates as of October 2020"}]
[]
[null,"Per capita calculations use the latest US Census mid-year population estimates for July 1"]
[null,"of the fiscal year.  Percent of income calculations use the latest US BEA state personal"]
[null,"income estimates for the calendar year that includes the first half of the fiscal year."]

{"sheet":"06 Individual Income Tax - S&L","index":16,"n_rows":66,"n_cols":6,"rows_kept":66,"cut":false,"hidden":true,"merged":[]}
[]
[null,"Individual Income Tax - State and Local"]
[null,null,"FY",2006]
[]
[null,null,"Per Capita",null,"% of Income"]
[null,"State","Amount","Rank","Amount","Rank"]
[null,"Alabama",625.63,37,2.1000000000000001E-2,35]
[null,"Alaska",0,0,0,0]
[null,"Arizona",525.39,40,1.7000000000000001E-2,40]
[null,"Arkansas",715.01,33,2.5999999999999999E-2,27]
[null,"California",1423.6,7,3.6999999999999998E-2,5]
[null,"Colorado",896.05,20,2.4E-2,33]
[null,"Connecticut",1657.78,4,3.4000000000000002E-2,9]
[null,"Delaware",1262.04,9,3.3000000000000002E-2,12]
[null,"District of Columbia",2110.33,1,3.9E-2,4]
[null,"Florida",0,0,0,0]
[null,"Georgia",861.77,25,2.7E-2,21]
[null,"Hawaii",1215.71,11,3.4000000000000002E-2,11]
[null,"Idaho",834.85,28,2.9000000000000001E-2,18]
[null,"Illinois",678.97,34,1.7999999999999999E-2,39]
[null,"Indiana",840.96,26,2.7E-2,24]
[null,"Iowa",837.57,27,2.5000000000000001E-2,29]
[null,"Kansas",871.68,24,2.5999999999999999E-2,25]
[null,"Kentucky",929.5,19,3.2000000000000001E-2,14]
[null,"Louisiana",589.84,38,1.9E-2,38]
[null,"Maine",1041.04,16,3.2000000000000001E-2,13]
[null,"Maryland",1754.63,3,0.04,3]
[null,"Massachusetts",1621.22,5,3.6999999999999998E-2,6]
[null,"Michigan",664.41,35,0.02,36]
[null,"MINNESOTA",1333.04,8,3.5999999999999997E-2,8]
[null,"Mississippi",433.09,41,1.6E-2,41]
[null,"Missouri",822.49,29,2.5000000000000001E-2,28]
[null,"Montana",812.6,30,2.8000000000000001E-2,19]
[null,"Nebraska",877.64,22,2.5000000000000001E-2,30]
[null,"Nevada",0,0,0,0]
[null,"New Hampshire",61.69,43,2E-3,43]
[null,"New Jersey",1218.33,10,2.7E-2,22]
[null,"New Mexico",578.58000000000004,39,0.02,37]
[null,"New York",1994.77,2,4.9000000000000002E-2,1]
[null,"North Carolina",1067.7,14,3.4000000000000002E-2,10]
[null,"North Dakota",432.86,42,1.4E-2,42]
[null,"Ohio",1177.25,13,3.5999999999999997E-2,7]
[null,"Oklahoma",770.99,31,2.5000000000000001E-2,32]
[null,"Oregon",1505.73,6,4.7E-2,2]
[null,"Pennsylvania",988.39,17,2.8000000000000001E-2,20]
[null,"Rhode Island",961.6,18,2.5999999999999999E-2,26]
[null,"South Carolina",628.49,36,2.1999999999999999E-2,34]
[null,"South Dakota",0,0,0,0]
[null,"Tennessee",31.66,44,1E-3,44]
[null,"Texas",0,0,0,0]
[null,"Utah",881.47,21,3.1E-2,15]
[null,"Vermont",874.23,23,2.5000000000000001E-2,31]
[null,"Virginia",1186.49,12,0.03,17]
[null,"Washington",0,0,0,0]
[null,"West Virginia",718.07,32,2.7E-2,23]
[null,"Wisconsin",1060.0999999999999,15,3.1E-2,16]
[null,"Wyoming",0,0,0,0]
[]
[null,"U.S. Average",899.78,null,2.5000000000000001E-2]
[null,"44 State Avg.",1090.8499999999999,null,3.1E-2]
[null,"Source:  Census Bureau - Fiscal Year data, includes Wash. D.C."]
[null,{"$f":"'Individual Income Tax tables'!B63","v":"Reflects revised BEA State Personal Incomes as of October 2020 and Census population estimates as of October 2020"}]
[]
[null,"Per capita calculations use the latest US Census mid-year population estimates for July 1"]
[null,"of the fiscal year.  Percent of income calculations use the latest US BEA state personal"]
[null,"income estimates for the calendar year that includes the first half of the fiscal year."]

{"sheet":"05 Individual Income Tax - S&L","index":17,"n_rows":66,"n_cols":6,"rows_kept":66,"cut":false,"hidden":true,"merged":[]}
[]
[null,"Individual Income Tax - State and Local"]
[null,null,"FY",2005]
[]
[null,null,"Per Capita",null,"% of Income"]
[null,"State","Amount","Rank","Amount","Rank"]
[null,"Alabama",581.89,37,0.02,37]
[null,"Alaska",0,0,0,0]
[null,"Arizona",476.74,40,1.7000000000000001E-2,40]
[null,"Arkansas",675.4,32,2.5000000000000001E-2,24]
[null,"California",1201.05,8,3.3000000000000002E-2,9]
[null,"Colorado",809.04,20,2.3E-2,34]
[null,"Connecticut",1447.47,5,3.1E-2,13]
[null,"Delaware",1109.95,10,0.03,14]
[null,"District of Columbia",1972.24,1,3.9E-2,4]
[null,"Florida",0,0,0,0]
[null,"Georgia",805.31,22,2.7E-2,20]
[null,"Hawaii",1091.1199999999999,13,3.2000000000000001E-2,10]
[null,"Idaho",729.74,30,2.5999999999999999E-2,22]
[null,"Illinois",626.21,36,1.7000000000000001E-2,39]
[null,"Indiana",769.47,26,2.5000000000000001E-2,26]
[null,"Iowa",784.18,24,2.4E-2,27]
[null,"Kansas",758.55,28,2.4E-2,30]
[null,"Kentucky",906.73,19,3.3000000000000002E-2,8]
[null,"Louisiana",531.99,39,1.9E-2,38]
[null,"Maine",990.56,14,3.1E-2,12]
[null,"Maryland",1639.66,3,3.9E-2,3]
[null,"Massachusetts",1501.66,4,3.5000000000000003E-2,6]
[null,"Michigan",650.63,33,0.02,36]
[null,"MINNESOTA",1241.77,7,3.4000000000000002E-2,7]
[null,"Mississippi",404.83,41,1.6E-2,41]
[null,"Missouri",743.72,29,2.4E-2,31]
[null,"Montana",763.15,27,2.7E-2,18]
[null,"Nebraska",795.73,23,2.4E-2,32]
[null,"Nevada",0,0,0,0]
[null,"New Hampshire",52.01,43,1E-3,43]
[null,"New Jersey",1106.25,11,2.5999999999999999E-2,23]
[null,"New Mexico",566.65,38,2.1000000000000001E-2,35]
[null,"New York",1802.49,2,4.5999999999999999E-2,1]
[null,"North Carolina",972.1,16,3.2000000000000001E-2,11]
[null,"North Dakota",380.9,42,1.2999999999999999E-2,42]
[null,"Ohio",1139.77,9,3.5999999999999997E-2,5]
[null,"Oklahoma",698.77,31,2.4E-2,28]
[null,"Oregon",1334.81,6,4.2999999999999997E-2,2]
[null,"Pennsylvania",922.97,18,2.7E-2,19]
[null,"Rhode Island",937.14,17,2.5999999999999999E-2,21]
[null,"South Carolina",632.37,35,2.3E-2,33]
[null,"South Dakota",0,0,0,0]
[null,"Tennessee",25.91,44,1E-3,44]
[null,"Texas",0,0,0,0]
[null,"Utah",770.79,25,2.9000000000000001E-2,17]
[null,"Vermont",808.75,21,2.4E-2,29]
[null,"Virginia",1104.24,12,0.03,16]
[null,"Washington",0,0,0,0]
[null,"West Virginia",649.69000000000005,34,2.5000000000000001E-2,25]
[null,"Wisconsin",986.22,15,0.03,15]
[null,"Wyoming",0,0,0,0]
[]
[null,"U.S. Average",819.17,null,2.4E-2]
[null,"44 State Avg.",990.72,null,2.9000000000000001E-2]
[null,"Source:  Census Bureau - Fiscal Year data, includes Wash. D.C."]
[null,{"$f":"'Individual Income Tax tables'!B63","v":"Reflects revised BEA State Personal Incomes as of October 2020 and Census population estimates as of October 2020"}]
[]
[null,"Per capita calculations use the latest US Census mid-year population estimates for July 1"]
[null,"of the fiscal year.  Percent of income calculations use the latest US BEA state personal"]
[null,"income estimates for the calendar year that includes the first half of the fiscal year."]

{"sheet":"04 Individual Income Tax - S&L","index":18,"n_rows":66,"n_cols":6,"rows_kept":66,"cut":false,"hidden":true,"merged":[]}
[]
[null,"Individual Income Tax - State and Local"]
[null,null,"FY",2004]
[]
[null,null,"Per Capita",null,"% of Income"]
[null,"State","Amount","Rank","Amount","Rank"]
[null,"Alabama",519.54,38,1.9E-2,37]
[null,"Alaska",0,0,0,0]
[null,"Arizona",402.1,40,1.4999999999999999E-2,41]
[null,"Arkansas",614.73,33,2.4E-2,23]
[null,"California",1023.64,9,2.9000000000000001E-2,13]
[null,"Colorado",742.2,21,2.1000000000000001E-2,33]
[null,"Connecticut",1243.17,5,2.8000000000000001E-2,15]
[null,"Delaware",1001.63,10,2.9000000000000001E-2,14]
[null,"District of Columbia",1809.97,1,3.7999999999999999E-2,4]
[null,"Florida",0,0,0,0]
[null,"Georgia",766.29,20,2.5999999999999999E-2,18]
[null,"Hawaii",933.29,13,2.9000000000000001E-2,11]
[null,"Idaho",652.28,31,2.5000000000000001E-2,22]
[null,"Illinois",570.84,36,1.7000000000000001E-2,39]
[null,"Indiana",680.97,28,2.3E-2,27]
[null,"Iowa",683.57,27,2.3E-2,28]
[null,"Kansas",701.46,23,2.3E-2,29]
[null,"Kentucky",874.98,16,3.3000000000000002E-2,7]
[null,"Louisiana",488.28,39,1.7999999999999999E-2,38]
[null,"Maine",886.98,14,2.9000000000000001E-2,12]
[null,"Maryland",1495.05,3,3.7999999999999999E-2,3]
[null,"Massachusetts",1368.77,4,3.4000000000000002E-2,6]
[null,"Michigan",630.57000000000005,32,0.02,36]
[null,"MINNESOTA",1124.08,7,3.2000000000000001E-2,8]
[null,"Mississippi",367.88,41,1.4999999999999999E-2,40]
[null,"Missouri",700.45,24,2.3E-2,26]
[null,"Montana",654.05999999999995,30,2.5000000000000001E-2,21]
[null,"Nebraska",713.24,22,2.1999999999999999E-2,30]
[null,"Nevada",0,0,0,0]
[null,"New Hampshire",42.37,43,1E-3,43]
[null,"New Jersey",859.4,17,2.1000000000000001E-2,34]
[null,"New Mexico",532.41999999999996,37,0.02,35]
[null,"New York",1593.18,2,4.2999999999999997E-2,1]
[null,"North Carolina",880.4,15,3.1E-2,9]
[null,"North Dakota",336.29,42,1.0999999999999999E-2,42]
[null,"Ohio",1062.7,8,3.5000000000000003E-2,5]
[null,"Oklahoma",659.88,29,2.4E-2,24]
[null,"Oregon",1223.1300000000001,6,4.1000000000000002E-2,2]
[null,"Pennsylvania",832.32,19,2.5000000000000001E-2,19]
[null,"Rhode Island",839.95,18,2.5000000000000001E-2,20]
[null,"South Carolina",580.47,35,2.1999999999999999E-2,31]
[null,"South Dakota",0,0,0,0]
[null,"Tennessee",23.66,44,1E-3,44]
[null,"Texas",0,0,0,0]
[null,"Utah",693.77,26,2.7E-2,17]
[null,"Vermont",695.33,25,2.1999999999999999E-2,32]
[null,"Virginia",993.73,11,2.8000000000000001E-2,16]
[null,"Washington",0,0,0,0]
[null,"West Virginia",592.36,34,2.4E-2,25]
[null,"Wisconsin",952.79,12,0.03,10]
[null,"Wyoming",0,0,0,0]
[]
[null,"U.S. Average",734.41,null,2.3E-2]
[null,"44 State Avg.",886.39,null,2.7E-2]
[null,"Source:  Census Bureau - Fiscal Year data, includes Wash. D.C."]
[null,{"$f":"'Individual Income Tax tables'!B63","v":"Reflects revised BEA State Personal Incomes as of October 2020 and Census population estimates as of October 2020"}]
[]
[null,"Per capita calculations use the latest US Census mid-year population estimates for July 1"]
[null,"of the fiscal year.  Percent of income calculations use the latest US BEA state personal"]
[null,"income estimates for the calendar year that includes the first half of the fiscal year."]